I20260630 12:19:22.128170  2212 consensus_queue.cc:260] T ae0590c79d3b4c898d7ac443da6e526f P a35d6b3fe01c4a71a7ce235a33178cb5 [NON_LEADER]: Queue going to NON_LEADER mode. State: All replicated index: 0, Majority replicated index: 0, Committed index: 0, Last appended: 0.0, Last appended by leader: 0, Current term: 0, Majority size: -1, State: 0, Mode: NON_LEADER, active raft config: opid_index: -1 OBSOLETE_local: false peers { permanent_uuid: "a35d6b3fe01c4a71a7ce235a33178cb5" member_type: VOTER last_known_addr { host: "127.29.83.129" port: 37657 } } peers { permanent_uuid: "7c405e21a04042edbfb9a2329056b224" member_type: VOTER last_known_addr { host: "127.29.83.130" port: 45609 } } peers { permanent_uuid: "020aadd2caae4ed2a95cebb102d60c93" member_type: VOTER last_known_addr { host: "127.29.83.131" port: 42229 } }
I20260630 12:19:22.135329  2164 tablet_service.cc:1917] Received RequestConsensusVote() RPC: tablet_id: "2c2b7400876047abb15a69916cb3b4b6" candidate_uuid: "a35d6b3fe01c4a71a7ce235a33178cb5" candidate_term: 1 candidate_status { last_received { term: 0 index: 0 } } ignore_live_leader: false dest_uuid: "020aadd2caae4ed2a95cebb102d60c93" is_pre_election: true
I20260630 12:19:22.137487  2164 raft_consensus.cc:2468] T 2c2b7400876047abb15a69916cb3b4b6 P 020aadd2caae4ed2a95cebb102d60c93 [term 0 FOLLOWER]: Leader pre-election vote request: Granting yes vote for candidate a35d6b3fe01c4a71a7ce235a33178cb5 in term 0.
I20260630 12:19:22.136008  2090 tablet_service.cc:1917] Received RequestConsensusVote() RPC: tablet_id: "2c2b7400876047abb15a69916cb3b4b6" candidate_uuid: "a35d6b3fe01c4a71a7ce235a33178cb5" candidate_term: 1 candidate_status { last_received { term: 0 index: 0 } } ignore_live_leader: false dest_uuid: "7c405e21a04042edbfb9a2329056b224" is_pre_election: true
I20260630 12:19:22.133335  2211 tablet_bootstrap.cc:654] T 559738899f3c443fbf8a9e45e1680e38 P 020aadd2caae4ed2a95cebb102d60c93: Neither blocks nor log segments found. Creating new log.
I20260630 12:19:22.138628  1980 leader_election.cc:304] T 2c2b7400876047abb15a69916cb3b4b6 P a35d6b3fe01c4a71a7ce235a33178cb5 [CANDIDATE]: Term 1 pre-election: Election decided. Result: candidate won. Election summary: received 2 responses out of 3 voters: 2 yes votes; 0 no votes. yes voters: 020aadd2caae4ed2a95cebb102d60c93, a35d6b3fe01c4a71a7ce235a33178cb5; no voters: 
W20260630 12:19:22.139562  1980 leader_election.cc:343] T 2c2b7400876047abb15a69916cb3b4b6 P a35d6b3fe01c4a71a7ce235a33178cb5 [CANDIDATE]: Term 1 pre-election: Tablet error from VoteRequest() call to peer 7c405e21a04042edbfb9a2329056b224 (127.29.83.130:45609): Illegal state: must be running to vote when last-logged opid is not known
I20260630 12:19:22.140511  2244 raft_consensus.cc:2804] T 2c2b7400876047abb15a69916cb3b4b6 P a35d6b3fe01c4a71a7ce235a33178cb5 [term 0 FOLLOWER]: Leader pre-election won for term 1
I20260630 12:19:22.140990  2244 raft_consensus.cc:493] T 2c2b7400876047abb15a69916cb3b4b6 P a35d6b3fe01c4a71a7ce235a33178cb5 [term 0 FOLLOWER]: Starting leader election (no leader contacted us within the election timeout)
I20260630 12:19:22.141386  2244 raft_consensus.cc:3060] T 2c2b7400876047abb15a69916cb3b4b6 P a35d6b3fe01c4a71a7ce235a33178cb5 [term 0 FOLLOWER]: Advancing to term 1
I20260630 12:19:22.141784  2212 ts_tablet_manager.cc:1434] T ae0590c79d3b4c898d7ac443da6e526f P a35d6b3fe01c4a71a7ce235a33178cb5: Time spent starting tablet: real 0.032s	user 0.005s	sys 0.001s
I20260630 12:19:22.142200  2209 tablet_bootstrap.cc:492] T 0596e9e74ff74c5d950d725844e650c8 P 7c405e21a04042edbfb9a2329056b224: No bootstrap required, opened a new log
I20260630 12:19:22.142666  2014 raft_consensus.cc:2468] T 0596e9e74ff74c5d950d725844e650c8 P a35d6b3fe01c4a71a7ce235a33178cb5 [term 1 FOLLOWER]: Leader election vote request: Granting yes vote for candidate 020aadd2caae4ed2a95cebb102d60c93 in term 1.
I20260630 12:19:22.143009  2209 ts_tablet_manager.cc:1403] T 0596e9e74ff74c5d950d725844e650c8 P 7c405e21a04042edbfb9a2329056b224: Time spent bootstrapping tablet: real 0.042s	user 0.015s	sys 0.000s
I20260630 12:19:22.143838  2128 leader_election.cc:304] T 0596e9e74ff74c5d950d725844e650c8 P 020aadd2caae4ed2a95cebb102d60c93 [CANDIDATE]: Term 1 election: Election decided. Result: candidate won. Election summary: received 3 responses out of 3 voters: 2 yes votes; 1 no votes. yes voters: 020aadd2caae4ed2a95cebb102d60c93, a35d6b3fe01c4a71a7ce235a33178cb5; no voters: 7c405e21a04042edbfb9a2329056b224
I20260630 12:19:22.144913  2252 raft_consensus.cc:2804] T 0596e9e74ff74c5d950d725844e650c8 P 020aadd2caae4ed2a95cebb102d60c93 [term 1 FOLLOWER]: Leader election won for term 1
I20260630 12:19:22.145357  2252 raft_consensus.cc:697] T 0596e9e74ff74c5d950d725844e650c8 P 020aadd2caae4ed2a95cebb102d60c93 [term 1 LEADER]: Becoming Leader. State: Replica: 020aadd2caae4ed2a95cebb102d60c93, State: Running, Role: LEADER
I20260630 12:19:22.145788  2209 raft_consensus.cc:359] T 0596e9e74ff74c5d950d725844e650c8 P 7c405e21a04042edbfb9a2329056b224 [term 0 FOLLOWER]: Replica starting. Triggering 0 pending ops. Active config: opid_index: -1 OBSOLETE_local: false peers { permanent_uuid: "a35d6b3fe01c4a71a7ce235a33178cb5" member_type: VOTER last_known_addr { host: "127.29.83.129" port: 37657 } } peers { permanent_uuid: "7c405e21a04042edbfb9a2329056b224" member_type: VOTER last_known_addr { host: "127.29.83.130" port: 45609 } } peers { permanent_uuid: "020aadd2caae4ed2a95cebb102d60c93" member_type: VOTER last_known_addr { host: "127.29.83.131" port: 42229 } }
I20260630 12:19:22.146524  2209 raft_consensus.cc:385] T 0596e9e74ff74c5d950d725844e650c8 P 7c405e21a04042edbfb9a2329056b224 [term 0 FOLLOWER]: Consensus starting up: Expiring failure detector timer to make a prompt election more likely
I20260630 12:19:22.146111  2252 consensus_queue.cc:237] T 0596e9e74ff74c5d950d725844e650c8 P 020aadd2caae4ed2a95cebb102d60c93 [LEADER]: Queue going to LEADER mode. State: All replicated index: 0, Majority replicated index: 0, Committed index: 0, Last appended: 0.0, Last appended by leader: 0, Current term: 1, Majority size: 2, State: 0, Mode: LEADER, active raft config: opid_index: -1 OBSOLETE_local: false peers { permanent_uuid: "a35d6b3fe01c4a71a7ce235a33178cb5" member_type: VOTER last_known_addr { host: "127.29.83.129" port: 37657 } } peers { permanent_uuid: "7c405e21a04042edbfb9a2329056b224" member_type: VOTER last_known_addr { host: "127.29.83.130" port: 45609 } } peers { permanent_uuid: "020aadd2caae4ed2a95cebb102d60c93" member_type: VOTER last_known_addr { host: "127.29.83.131" port: 42229 } }
I20260630 12:19:22.146844  2209 raft_consensus.cc:740] T 0596e9e74ff74c5d950d725844e650c8 P 7c405e21a04042edbfb9a2329056b224 [term 0 FOLLOWER]: Becoming Follower/Learner. State: Replica: 7c405e21a04042edbfb9a2329056b224, State: Initialized, Role: FOLLOWER
I20260630 12:19:22.147650  2209 consensus_queue.cc:260] T 0596e9e74ff74c5d950d725844e650c8 P 7c405e21a04042edbfb9a2329056b224 [NON_LEADER]: Queue going to NON_LEADER mode. State: All replicated index: 0, Majority replicated index: 0, Committed index: 0, Last appended: 0.0, Last appended by leader: 0, Current term: 0, Majority size: -1, State: 0, Mode: NON_LEADER, active raft config: opid_index: -1 OBSOLETE_local: false peers { permanent_uuid: "a35d6b3fe01c4a71a7ce235a33178cb5" member_type: VOTER last_known_addr { host: "127.29.83.129" port: 37657 } } peers { permanent_uuid: "7c405e21a04042edbfb9a2329056b224" member_type: VOTER last_known_addr { host: "127.29.83.130" port: 45609 } } peers { permanent_uuid: "020aadd2caae4ed2a95cebb102d60c93" member_type: VOTER last_known_addr { host: "127.29.83.131" port: 42229 } }
I20260630 12:19:22.150349  2212 tablet_bootstrap.cc:492] T 267f14511f5f43bd9a76bba176b498a8 P a35d6b3fe01c4a71a7ce235a33178cb5: Bootstrap starting.
I20260630 12:19:22.151170  2209 ts_tablet_manager.cc:1434] T 0596e9e74ff74c5d950d725844e650c8 P 7c405e21a04042edbfb9a2329056b224: Time spent starting tablet: real 0.008s	user 0.001s	sys 0.006s
I20260630 12:19:22.152426  2209 tablet_bootstrap.cc:492] T 6265fdb774a14d048fad32a85faa266c P 7c405e21a04042edbfb9a2329056b224: Bootstrap starting.
I20260630 12:19:22.159020  2209 tablet_bootstrap.cc:654] T 6265fdb774a14d048fad32a85faa266c P 7c405e21a04042edbfb9a2329056b224: Neither blocks nor log segments found. Creating new log.
I20260630 12:19:22.158746  2244 raft_consensus.cc:515] T 2c2b7400876047abb15a69916cb3b4b6 P a35d6b3fe01c4a71a7ce235a33178cb5 [term 1 FOLLOWER]: Starting leader election with config: opid_index: -1 OBSOLETE_local: false peers { permanent_uuid: "a35d6b3fe01c4a71a7ce235a33178cb5" member_type: VOTER last_known_addr { host: "127.29.83.129" port: 37657 } } peers { permanent_uuid: "7c405e21a04042edbfb9a2329056b224" member_type: VOTER last_known_addr { host: "127.29.83.130" port: 45609 } } peers { permanent_uuid: "020aadd2caae4ed2a95cebb102d60c93" member_type: VOTER last_known_addr { host: "127.29.83.131" port: 42229 } }
I20260630 12:19:22.140690  1911 catalog_manager.cc:5697] T e61fb59e79464f858d7bfc4cc620e79f P 020aadd2caae4ed2a95cebb102d60c93 reported cstate change: term changed from 0 to 1, leader changed from <none> to 020aadd2caae4ed2a95cebb102d60c93 (127.29.83.131). New cstate: current_term: 1 leader_uuid: "020aadd2caae4ed2a95cebb102d60c93" committed_config { opid_index: -1 OBSOLETE_local: false peers { permanent_uuid: "7c405e21a04042edbfb9a2329056b224" member_type: VOTER last_known_addr { host: "127.29.83.130" port: 45609 } health_report { overall_health: UNKNOWN } } peers { permanent_uuid: "020aadd2caae4ed2a95cebb102d60c93" member_type: VOTER last_known_addr { host: "127.29.83.131" port: 42229 } health_report { overall_health: HEALTHY } } peers { permanent_uuid: "a35d6b3fe01c4a71a7ce235a33178cb5" member_type: VOTER last_known_addr { host: "127.29.83.129" port: 37657 } health_report { overall_health: UNKNOWN } } }
I20260630 12:19:22.167220  2244 leader_election.cc:290] T 2c2b7400876047abb15a69916cb3b4b6 P a35d6b3fe01c4a71a7ce235a33178cb5 [CANDIDATE]: Term 1 election: Requested vote from peers 7c405e21a04042edbfb9a2329056b224 (127.29.83.130:45609), 020aadd2caae4ed2a95cebb102d60c93 (127.29.83.131:42229)
I20260630 12:19:22.167809  2212 tablet_bootstrap.cc:654] T 267f14511f5f43bd9a76bba176b498a8 P a35d6b3fe01c4a71a7ce235a33178cb5: Neither blocks nor log segments found. Creating new log.
I20260630 12:19:22.169672  2164 tablet_service.cc:1917] Received RequestConsensusVote() RPC: tablet_id: "2c2b7400876047abb15a69916cb3b4b6" candidate_uuid: "a35d6b3fe01c4a71a7ce235a33178cb5" candidate_term: 1 candidate_status { last_received { term: 0 index: 0 } } ignore_live_leader: false dest_uuid: "020aadd2caae4ed2a95cebb102d60c93"
I20260630 12:19:22.170992  2090 tablet_service.cc:1917] Received RequestConsensusVote() RPC: tablet_id: "2c2b7400876047abb15a69916cb3b4b6" candidate_uuid: "a35d6b3fe01c4a71a7ce235a33178cb5" candidate_term: 1 candidate_status { last_received { term: 0 index: 0 } } ignore_live_leader: false dest_uuid: "7c405e21a04042edbfb9a2329056b224"
I20260630 12:19:22.168098  2211 tablet_bootstrap.cc:492] T 559738899f3c443fbf8a9e45e1680e38 P 020aadd2caae4ed2a95cebb102d60c93: No bootstrap required, opened a new log
I20260630 12:19:22.172237  2211 ts_tablet_manager.cc:1403] T 559738899f3c443fbf8a9e45e1680e38 P 020aadd2caae4ed2a95cebb102d60c93: Time spent bootstrapping tablet: real 0.047s	user 0.006s	sys 0.025s
W20260630 12:19:22.172751  1980 leader_election.cc:343] T 2c2b7400876047abb15a69916cb3b4b6 P a35d6b3fe01c4a71a7ce235a33178cb5 [CANDIDATE]: Term 1 election: Tablet error from VoteRequest() call to peer 7c405e21a04042edbfb9a2329056b224 (127.29.83.130:45609): Illegal state: must be running to vote when last-logged opid is not known
I20260630 12:19:22.170439  2164 raft_consensus.cc:3060] T 2c2b7400876047abb15a69916cb3b4b6 P 020aadd2caae4ed2a95cebb102d60c93 [term 0 FOLLOWER]: Advancing to term 1
I20260630 12:19:22.174842  2211 raft_consensus.cc:359] T 559738899f3c443fbf8a9e45e1680e38 P 020aadd2caae4ed2a95cebb102d60c93 [term 0 FOLLOWER]: Replica starting. Triggering 0 pending ops. Active config: opid_index: -1 OBSOLETE_local: false peers { permanent_uuid: "a35d6b3fe01c4a71a7ce235a33178cb5" member_type: VOTER last_known_addr { host: "127.29.83.129" port: 37657 } } peers { permanent_uuid: "7c405e21a04042edbfb9a2329056b224" member_type: VOTER last_known_addr { host: "127.29.83.130" port: 45609 } } peers { permanent_uuid: "020aadd2caae4ed2a95cebb102d60c93" member_type: VOTER last_known_addr { host: "127.29.83.131" port: 42229 } }
I20260630 12:19:22.175593  2211 raft_consensus.cc:385] T 559738899f3c443fbf8a9e45e1680e38 P 020aadd2caae4ed2a95cebb102d60c93 [term 0 FOLLOWER]: Consensus starting up: Expiring failure detector timer to make a prompt election more likely
I20260630 12:19:22.175899  2211 raft_consensus.cc:740] T 559738899f3c443fbf8a9e45e1680e38 P 020aadd2caae4ed2a95cebb102d60c93 [term 0 FOLLOWER]: Becoming Follower/Learner. State: Replica: 020aadd2caae4ed2a95cebb102d60c93, State: Initialized, Role: FOLLOWER
I20260630 12:19:22.176661  2211 consensus_queue.cc:260] T 559738899f3c443fbf8a9e45e1680e38 P 020aadd2caae4ed2a95cebb102d60c93 [NON_LEADER]: Queue going to NON_LEADER mode. State: All replicated index: 0, Majority replicated index: 0, Committed index: 0, Last appended: 0.0, Last appended by leader: 0, Current term: 0, Majority size: -1, State: 0, Mode: NON_LEADER, active raft config: opid_index: -1 OBSOLETE_local: false peers { permanent_uuid: "a35d6b3fe01c4a71a7ce235a33178cb5" member_type: VOTER last_known_addr { host: "127.29.83.129" port: 37657 } } peers { permanent_uuid: "7c405e21a04042edbfb9a2329056b224" member_type: VOTER last_known_addr { host: "127.29.83.130" port: 45609 } } peers { permanent_uuid: "020aadd2caae4ed2a95cebb102d60c93" member_type: VOTER last_known_addr { host: "127.29.83.131" port: 42229 } }
I20260630 12:19:22.178663  2211 ts_tablet_manager.cc:1434] T 559738899f3c443fbf8a9e45e1680e38 P 020aadd2caae4ed2a95cebb102d60c93: Time spent starting tablet: real 0.006s	user 0.006s	sys 0.000s
I20260630 12:19:22.179492  2211 tablet_bootstrap.cc:492] T 6265fdb774a14d048fad32a85faa266c P 020aadd2caae4ed2a95cebb102d60c93: Bootstrap starting.
I20260630 12:19:22.183423  2164 raft_consensus.cc:2468] T 2c2b7400876047abb15a69916cb3b4b6 P 020aadd2caae4ed2a95cebb102d60c93 [term 1 FOLLOWER]: Leader election vote request: Granting yes vote for candidate a35d6b3fe01c4a71a7ce235a33178cb5 in term 1.
I20260630 12:19:22.184988  1980 leader_election.cc:304] T 2c2b7400876047abb15a69916cb3b4b6 P a35d6b3fe01c4a71a7ce235a33178cb5 [CANDIDATE]: Term 1 election: Election decided. Result: candidate won. Election summary: received 3 responses out of 3 voters: 2 yes votes; 1 no votes. yes voters: 020aadd2caae4ed2a95cebb102d60c93, a35d6b3fe01c4a71a7ce235a33178cb5; no voters: 7c405e21a04042edbfb9a2329056b224
I20260630 12:19:22.186408  2244 raft_consensus.cc:2804] T 2c2b7400876047abb15a69916cb3b4b6 P a35d6b3fe01c4a71a7ce235a33178cb5 [term 1 FOLLOWER]: Leader election won for term 1
I20260630 12:19:22.187031  2244 raft_consensus.cc:697] T 2c2b7400876047abb15a69916cb3b4b6 P a35d6b3fe01c4a71a7ce235a33178cb5 [term 1 LEADER]: Becoming Leader. State: Replica: a35d6b3fe01c4a71a7ce235a33178cb5, State: Running, Role: LEADER
I20260630 12:19:22.188015  2244 consensus_queue.cc:237] T 2c2b7400876047abb15a69916cb3b4b6 P a35d6b3fe01c4a71a7ce235a33178cb5 [LEADER]: Queue going to LEADER mode. State: All replicated index: 0, Majority replicated index: 0, Committed index: 0, Last appended: 0.0, Last appended by leader: 0, Current term: 1, Majority size: 2, State: 0, Mode: LEADER, active raft config: opid_index: -1 OBSOLETE_local: false peers { permanent_uuid: "a35d6b3fe01c4a71a7ce235a33178cb5" member_type: VOTER last_known_addr { host: "127.29.83.129" port: 37657 } } peers { permanent_uuid: "7c405e21a04042edbfb9a2329056b224" member_type: VOTER last_known_addr { host: "127.29.83.130" port: 45609 } } peers { permanent_uuid: "020aadd2caae4ed2a95cebb102d60c93" member_type: VOTER last_known_addr { host: "127.29.83.131" port: 42229 } }
I20260630 12:19:22.189648  2211 tablet_bootstrap.cc:654] T 6265fdb774a14d048fad32a85faa266c P 020aadd2caae4ed2a95cebb102d60c93: Neither blocks nor log segments found. Creating new log.
I20260630 12:19:22.193210  1910 catalog_manager.cc:5697] T 0596e9e74ff74c5d950d725844e650c8 P 020aadd2caae4ed2a95cebb102d60c93 reported cstate change: term changed from 0 to 1, leader changed from <none> to 020aadd2caae4ed2a95cebb102d60c93 (127.29.83.131). New cstate: current_term: 1 leader_uuid: "020aadd2caae4ed2a95cebb102d60c93" committed_config { opid_index: -1 OBSOLETE_local: false peers { permanent_uuid: "a35d6b3fe01c4a71a7ce235a33178cb5" member_type: VOTER last_known_addr { host: "127.29.83.129" port: 37657 } health_report { overall_health: UNKNOWN } } peers { permanent_uuid: "7c405e21a04042edbfb9a2329056b224" member_type: VOTER last_known_addr { host: "127.29.83.130" port: 45609 } health_report { overall_health: UNKNOWN } } peers { permanent_uuid: "020aadd2caae4ed2a95cebb102d60c93" member_type: VOTER last_known_addr { host: "127.29.83.131" port: 42229 } health_report { overall_health: HEALTHY } } }
I20260630 12:19:22.200934  2209 tablet_bootstrap.cc:492] T 6265fdb774a14d048fad32a85faa266c P 7c405e21a04042edbfb9a2329056b224: No bootstrap required, opened a new log
I20260630 12:19:22.201685  2209 ts_tablet_manager.cc:1403] T 6265fdb774a14d048fad32a85faa266c P 7c405e21a04042edbfb9a2329056b224: Time spent bootstrapping tablet: real 0.049s	user 0.016s	sys 0.020s
I20260630 12:19:22.204957  2212 tablet_bootstrap.cc:492] T 267f14511f5f43bd9a76bba176b498a8 P a35d6b3fe01c4a71a7ce235a33178cb5: No bootstrap required, opened a new log
I20260630 12:19:22.205375  2212 ts_tablet_manager.cc:1403] T 267f14511f5f43bd9a76bba176b498a8 P a35d6b3fe01c4a71a7ce235a33178cb5: Time spent bootstrapping tablet: real 0.055s	user 0.018s	sys 0.003s
I20260630 12:19:22.205317  2209 raft_consensus.cc:359] T 6265fdb774a14d048fad32a85faa266c P 7c405e21a04042edbfb9a2329056b224 [term 0 FOLLOWER]: Replica starting. Triggering 0 pending ops. Active config: opid_index: -1 OBSOLETE_local: false peers { permanent_uuid: "a35d6b3fe01c4a71a7ce235a33178cb5" member_type: VOTER last_known_addr { host: "127.29.83.129" port: 37657 } } peers { permanent_uuid: "7c405e21a04042edbfb9a2329056b224" member_type: VOTER last_known_addr { host: "127.29.83.130" port: 45609 } } peers { permanent_uuid: "020aadd2caae4ed2a95cebb102d60c93" member_type: VOTER last_known_addr { host: "127.29.83.131" port: 42229 } }
I20260630 12:19:22.206506  2209 raft_consensus.cc:385] T 6265fdb774a14d048fad32a85faa266c P 7c405e21a04042edbfb9a2329056b224 [term 0 FOLLOWER]: Consensus starting up: Expiring failure detector timer to make a prompt election more likely
I20260630 12:19:22.206880  2209 raft_consensus.cc:740] T 6265fdb774a14d048fad32a85faa266c P 7c405e21a04042edbfb9a2329056b224 [term 0 FOLLOWER]: Becoming Follower/Learner. State: Replica: 7c405e21a04042edbfb9a2329056b224, State: Initialized, Role: FOLLOWER
I20260630 12:19:22.207803  2209 consensus_queue.cc:260] T 6265fdb774a14d048fad32a85faa266c P 7c405e21a04042edbfb9a2329056b224 [NON_LEADER]: Queue going to NON_LEADER mode. State: All replicated index: 0, Majority replicated index: 0, Committed index: 0, Last appended: 0.0, Last appended by leader: 0, Current term: 0, Majority size: -1, State: 0, Mode: NON_LEADER, active raft config: opid_index: -1 OBSOLETE_local: false peers { permanent_uuid: "a35d6b3fe01c4a71a7ce235a33178cb5" member_type: VOTER last_known_addr { host: "127.29.83.129" port: 37657 } } peers { permanent_uuid: "7c405e21a04042edbfb9a2329056b224" member_type: VOTER last_known_addr { host: "127.29.83.130" port: 45609 } } peers { permanent_uuid: "020aadd2caae4ed2a95cebb102d60c93" member_type: VOTER last_known_addr { host: "127.29.83.131" port: 42229 } }
I20260630 12:19:22.208169  2212 raft_consensus.cc:359] T 267f14511f5f43bd9a76bba176b498a8 P a35d6b3fe01c4a71a7ce235a33178cb5 [term 0 FOLLOWER]: Replica starting. Triggering 0 pending ops. Active config: opid_index: -1 OBSOLETE_local: false peers { permanent_uuid: "a35d6b3fe01c4a71a7ce235a33178cb5" member_type: VOTER last_known_addr { host: "127.29.83.129" port: 37657 } } peers { permanent_uuid: "7c405e21a04042edbfb9a2329056b224" member_type: VOTER last_known_addr { host: "127.29.83.130" port: 45609 } } peers { permanent_uuid: "020aadd2caae4ed2a95cebb102d60c93" member_type: VOTER last_known_addr { host: "127.29.83.131" port: 42229 } }
I20260630 12:19:22.208909  2212 raft_consensus.cc:385] T 267f14511f5f43bd9a76bba176b498a8 P a35d6b3fe01c4a71a7ce235a33178cb5 [term 0 FOLLOWER]: Consensus starting up: Expiring failure detector timer to make a prompt election more likely
I20260630 12:19:22.209180  2212 raft_consensus.cc:740] T 267f14511f5f43bd9a76bba176b498a8 P a35d6b3fe01c4a71a7ce235a33178cb5 [term 0 FOLLOWER]: Becoming Follower/Learner. State: Replica: a35d6b3fe01c4a71a7ce235a33178cb5, State: Initialized, Role: FOLLOWER
I20260630 12:19:22.209848  2212 consensus_queue.cc:260] T 267f14511f5f43bd9a76bba176b498a8 P a35d6b3fe01c4a71a7ce235a33178cb5 [NON_LEADER]: Queue going to NON_LEADER mode. State: All replicated index: 0, Majority replicated index: 0, Committed index: 0, Last appended: 0.0, Last appended by leader: 0, Current term: 0, Majority size: -1, State: 0, Mode: NON_LEADER, active raft config: opid_index: -1 OBSOLETE_local: false peers { permanent_uuid: "a35d6b3fe01c4a71a7ce235a33178cb5" member_type: VOTER last_known_addr { host: "127.29.83.129" port: 37657 } } peers { permanent_uuid: "7c405e21a04042edbfb9a2329056b224" member_type: VOTER last_known_addr { host: "127.29.83.130" port: 45609 } } peers { permanent_uuid: "020aadd2caae4ed2a95cebb102d60c93" member_type: VOTER last_known_addr { host: "127.29.83.131" port: 42229 } }
I20260630 12:19:22.211292  2211 tablet_bootstrap.cc:492] T 6265fdb774a14d048fad32a85faa266c P 020aadd2caae4ed2a95cebb102d60c93: No bootstrap required, opened a new log
I20260630 12:19:22.211741  2211 ts_tablet_manager.cc:1403] T 6265fdb774a14d048fad32a85faa266c P 020aadd2caae4ed2a95cebb102d60c93: Time spent bootstrapping tablet: real 0.032s	user 0.003s	sys 0.015s
I20260630 12:19:22.211973  2212 ts_tablet_manager.cc:1434] T 267f14511f5f43bd9a76bba176b498a8 P a35d6b3fe01c4a71a7ce235a33178cb5: Time spent starting tablet: real 0.006s	user 0.007s	sys 0.000s
I20260630 12:19:22.212869  2212 tablet_bootstrap.cc:492] T 61bb736696d5401b9839573df8fdc8f2 P a35d6b3fe01c4a71a7ce235a33178cb5: Bootstrap starting.
I20260630 12:19:22.213369  2239 raft_consensus.cc:493] T 267f14511f5f43bd9a76bba176b498a8 P 7c405e21a04042edbfb9a2329056b224 [term 0 FOLLOWER]: Starting pre-election (no leader contacted us within the election timeout)
I20260630 12:19:22.213819  2239 raft_consensus.cc:515] T 267f14511f5f43bd9a76bba176b498a8 P 7c405e21a04042edbfb9a2329056b224 [term 0 FOLLOWER]: Starting pre-election with config: opid_index: -1 OBSOLETE_local: false peers { permanent_uuid: "a35d6b3fe01c4a71a7ce235a33178cb5" member_type: VOTER last_known_addr { host: "127.29.83.129" port: 37657 } } peers { permanent_uuid: "7c405e21a04042edbfb9a2329056b224" member_type: VOTER last_known_addr { host: "127.29.83.130" port: 45609 } } peers { permanent_uuid: "020aadd2caae4ed2a95cebb102d60c93" member_type: VOTER last_known_addr { host: "127.29.83.131" port: 42229 } }
I20260630 12:19:22.214218  2211 raft_consensus.cc:359] T 6265fdb774a14d048fad32a85faa266c P 020aadd2caae4ed2a95cebb102d60c93 [term 0 FOLLOWER]: Replica starting. Triggering 0 pending ops. Active config: opid_index: -1 OBSOLETE_local: false peers { permanent_uuid: "a35d6b3fe01c4a71a7ce235a33178cb5" member_type: VOTER last_known_addr { host: "127.29.83.129" port: 37657 } } peers { permanent_uuid: "7c405e21a04042edbfb9a2329056b224" member_type: VOTER last_known_addr { host: "127.29.83.130" port: 45609 } } peers { permanent_uuid: "020aadd2caae4ed2a95cebb102d60c93" member_type: VOTER last_known_addr { host: "127.29.83.131" port: 42229 } }
I20260630 12:19:22.214895  2211 raft_consensus.cc:385] T 6265fdb774a14d048fad32a85faa266c P 020aadd2caae4ed2a95cebb102d60c93 [term 0 FOLLOWER]: Consensus starting up: Expiring failure detector timer to make a prompt election more likely
I20260630 12:19:22.215152  2211 raft_consensus.cc:740] T 6265fdb774a14d048fad32a85faa266c P 020aadd2caae4ed2a95cebb102d60c93 [term 0 FOLLOWER]: Becoming Follower/Learner. State: Replica: 020aadd2caae4ed2a95cebb102d60c93, State: Initialized, Role: FOLLOWER
I20260630 12:19:22.215894  2211 consensus_queue.cc:260] T 6265fdb774a14d048fad32a85faa266c P 020aadd2caae4ed2a95cebb102d60c93 [NON_LEADER]: Queue going to NON_LEADER mode. State: All replicated index: 0, Majority replicated index: 0, Committed index: 0, Last appended: 0.0, Last appended by leader: 0, Current term: 0, Majority size: -1, State: 0, Mode: NON_LEADER, active raft config: opid_index: -1 OBSOLETE_local: false peers { permanent_uuid: "a35d6b3fe01c4a71a7ce235a33178cb5" member_type: VOTER last_known_addr { host: "127.29.83.129" port: 37657 } } peers { permanent_uuid: "7c405e21a04042edbfb9a2329056b224" member_type: VOTER last_known_addr { host: "127.29.83.130" port: 45609 } } peers { permanent_uuid: "020aadd2caae4ed2a95cebb102d60c93" member_type: VOTER last_known_addr { host: "127.29.83.131" port: 42229 } }
I20260630 12:19:22.216813  2014 tablet_service.cc:1917] Received RequestConsensusVote() RPC: tablet_id: "267f14511f5f43bd9a76bba176b498a8" candidate_uuid: "7c405e21a04042edbfb9a2329056b224" candidate_term: 1 candidate_status { last_received { term: 0 index: 0 } } ignore_live_leader: false dest_uuid: "a35d6b3fe01c4a71a7ce235a33178cb5" is_pre_election: true
I20260630 12:19:22.217101  2164 tablet_service.cc:1917] Received RequestConsensusVote() RPC: tablet_id: "267f14511f5f43bd9a76bba176b498a8" candidate_uuid: "7c405e21a04042edbfb9a2329056b224" candidate_term: 1 candidate_status { last_received { term: 0 index: 0 } } ignore_live_leader: false dest_uuid: "020aadd2caae4ed2a95cebb102d60c93" is_pre_election: true
I20260630 12:19:22.217468  2014 raft_consensus.cc:2468] T 267f14511f5f43bd9a76bba176b498a8 P a35d6b3fe01c4a71a7ce235a33178cb5 [term 0 FOLLOWER]: Leader pre-election vote request: Granting yes vote for candidate 7c405e21a04042edbfb9a2329056b224 in term 0.
W20260630 12:19:22.218495  2055 leader_election.cc:343] T 267f14511f5f43bd9a76bba176b498a8 P 7c405e21a04042edbfb9a2329056b224 [CANDIDATE]: Term 1 pre-election: Tablet error from VoteRequest() call to peer 020aadd2caae4ed2a95cebb102d60c93 (127.29.83.131:42229): Illegal state: must be running to vote when last-logged opid is not known
I20260630 12:19:22.218672  2212 tablet_bootstrap.cc:654] T 61bb736696d5401b9839573df8fdc8f2 P a35d6b3fe01c4a71a7ce235a33178cb5: Neither blocks nor log segments found. Creating new log.
I20260630 12:19:22.219085  2239 leader_election.cc:290] T 267f14511f5f43bd9a76bba176b498a8 P 7c405e21a04042edbfb9a2329056b224 [CANDIDATE]: Term 1 pre-election: Requested pre-vote from peers a35d6b3fe01c4a71a7ce235a33178cb5 (127.29.83.129:37657), 020aadd2caae4ed2a95cebb102d60c93 (127.29.83.131:42229)
I20260630 12:19:22.220697  2211 ts_tablet_manager.cc:1434] T 6265fdb774a14d048fad32a85faa266c P 020aadd2caae4ed2a95cebb102d60c93: Time spent starting tablet: real 0.009s	user 0.005s	sys 0.001s
I20260630 12:19:22.220885  2209 ts_tablet_manager.cc:1434] T 6265fdb774a14d048fad32a85faa266c P 7c405e21a04042edbfb9a2329056b224: Time spent starting tablet: real 0.019s	user 0.005s	sys 0.005s
I20260630 12:19:22.221606  2211 tablet_bootstrap.cc:492] T 267f14511f5f43bd9a76bba176b498a8 P 020aadd2caae4ed2a95cebb102d60c93: Bootstrap starting.
I20260630 12:19:22.221786  2209 tablet_bootstrap.cc:492] T 73bbaab3735247aab152034f514355a2 P 7c405e21a04042edbfb9a2329056b224: Bootstrap starting.
I20260630 12:19:22.227563  2211 tablet_bootstrap.cc:654] T 267f14511f5f43bd9a76bba176b498a8 P 020aadd2caae4ed2a95cebb102d60c93: Neither blocks nor log segments found. Creating new log.
I20260630 12:19:22.227831  2209 tablet_bootstrap.cc:654] T 73bbaab3735247aab152034f514355a2 P 7c405e21a04042edbfb9a2329056b224: Neither blocks nor log segments found. Creating new log.
I20260630 12:19:22.231102  1911 catalog_manager.cc:5697] T 2c2b7400876047abb15a69916cb3b4b6 P a35d6b3fe01c4a71a7ce235a33178cb5 reported cstate change: term changed from 0 to 1, leader changed from <none> to a35d6b3fe01c4a71a7ce235a33178cb5 (127.29.83.129). New cstate: current_term: 1 leader_uuid: "a35d6b3fe01c4a71a7ce235a33178cb5" committed_config { opid_index: -1 OBSOLETE_local: false peers { permanent_uuid: "a35d6b3fe01c4a71a7ce235a33178cb5" member_type: VOTER last_known_addr { host: "127.29.83.129" port: 37657 } health_report { overall_health: HEALTHY } } peers { permanent_uuid: "7c405e21a04042edbfb9a2329056b224" member_type: VOTER last_known_addr { host: "127.29.83.130" port: 45609 } health_report { overall_health: UNKNOWN } } peers { permanent_uuid: "020aadd2caae4ed2a95cebb102d60c93" member_type: VOTER last_known_addr { host: "127.29.83.131" port: 42229 } health_report { overall_health: UNKNOWN } } }
I20260630 12:19:22.222278  2054 leader_election.cc:304] T 267f14511f5f43bd9a76bba176b498a8 P 7c405e21a04042edbfb9a2329056b224 [CANDIDATE]: Term 1 pre-election: Election decided. Result: candidate won. Election summary: received 3 responses out of 3 voters: 2 yes votes; 1 no votes. yes voters: 7c405e21a04042edbfb9a2329056b224, a35d6b3fe01c4a71a7ce235a33178cb5; no voters: 020aadd2caae4ed2a95cebb102d60c93
I20260630 12:19:22.234187  2239 raft_consensus.cc:2804] T 267f14511f5f43bd9a76bba176b498a8 P 7c405e21a04042edbfb9a2329056b224 [term 0 FOLLOWER]: Leader pre-election won for term 1
I20260630 12:19:22.234650  2239 raft_consensus.cc:493] T 267f14511f5f43bd9a76bba176b498a8 P 7c405e21a04042edbfb9a2329056b224 [term 0 FOLLOWER]: Starting leader election (no leader contacted us within the election timeout)
I20260630 12:19:22.235059  2239 raft_consensus.cc:3060] T 267f14511f5f43bd9a76bba176b498a8 P 7c405e21a04042edbfb9a2329056b224 [term 0 FOLLOWER]: Advancing to term 1
I20260630 12:19:22.235347  2252 raft_consensus.cc:493] T ae0590c79d3b4c898d7ac443da6e526f P 020aadd2caae4ed2a95cebb102d60c93 [term 0 FOLLOWER]: Starting pre-election (no leader contacted us within the election timeout)
I20260630 12:19:22.235824  2252 raft_consensus.cc:515] T ae0590c79d3b4c898d7ac443da6e526f P 020aadd2caae4ed2a95cebb102d60c93 [term 0 FOLLOWER]: Starting pre-election with config: opid_index: -1 OBSOLETE_local: false peers { permanent_uuid: "a35d6b3fe01c4a71a7ce235a33178cb5" member_type: VOTER last_known_addr { host: "127.29.83.129" port: 37657 } } peers { permanent_uuid: "7c405e21a04042edbfb9a2329056b224" member_type: VOTER last_known_addr { host: "127.29.83.130" port: 45609 } } peers { permanent_uuid: "020aadd2caae4ed2a95cebb102d60c93" member_type: VOTER last_known_addr { host: "127.29.83.131" port: 42229 } }
I20260630 12:19:22.238566  2252 leader_election.cc:290] T ae0590c79d3b4c898d7ac443da6e526f P 020aadd2caae4ed2a95cebb102d60c93 [CANDIDATE]: Term 1 pre-election: Requested pre-vote from peers a35d6b3fe01c4a71a7ce235a33178cb5 (127.29.83.129:37657), 7c405e21a04042edbfb9a2329056b224 (127.29.83.130:45609)
I20260630 12:19:22.239073  2014 tablet_service.cc:1917] Received RequestConsensusVote() RPC: tablet_id: "ae0590c79d3b4c898d7ac443da6e526f" candidate_uuid: "020aadd2caae4ed2a95cebb102d60c93" candidate_term: 1 candidate_status { last_received { term: 0 index: 0 } } ignore_live_leader: false dest_uuid: "a35d6b3fe01c4a71a7ce235a33178cb5" is_pre_election: true
I20260630 12:19:22.239683  2014 raft_consensus.cc:2468] T ae0590c79d3b4c898d7ac443da6e526f P a35d6b3fe01c4a71a7ce235a33178cb5 [term 0 FOLLOWER]: Leader pre-election vote request: Granting yes vote for candidate 020aadd2caae4ed2a95cebb102d60c93 in term 0.
I20260630 12:19:22.239885  2209 tablet_bootstrap.cc:492] T 73bbaab3735247aab152034f514355a2 P 7c405e21a04042edbfb9a2329056b224: No bootstrap required, opened a new log
I20260630 12:19:22.240947  2128 leader_election.cc:304] T ae0590c79d3b4c898d7ac443da6e526f P 020aadd2caae4ed2a95cebb102d60c93 [CANDIDATE]: Term 1 pre-election: Election decided. Result: candidate won. Election summary: received 2 responses out of 3 voters: 2 yes votes; 0 no votes. yes voters: 020aadd2caae4ed2a95cebb102d60c93, a35d6b3fe01c4a71a7ce235a33178cb5; no voters: 
I20260630 12:19:22.241789  2252 raft_consensus.cc:2804] T ae0590c79d3b4c898d7ac443da6e526f P 020aadd2caae4ed2a95cebb102d60c93 [term 0 FOLLOWER]: Leader pre-election won for term 1
I20260630 12:19:22.242017  2211 tablet_bootstrap.cc:492] T 267f14511f5f43bd9a76bba176b498a8 P 020aadd2caae4ed2a95cebb102d60c93: No bootstrap required, opened a new log
I20260630 12:19:22.242146  2252 raft_consensus.cc:493] T ae0590c79d3b4c898d7ac443da6e526f P 020aadd2caae4ed2a95cebb102d60c93 [term 0 FOLLOWER]: Starting leader election (no leader contacted us within the election timeout)
I20260630 12:19:22.242455  2211 ts_tablet_manager.cc:1403] T 267f14511f5f43bd9a76bba176b498a8 P 020aadd2caae4ed2a95cebb102d60c93: Time spent bootstrapping tablet: real 0.021s	user 0.003s	sys 0.012s
I20260630 12:19:22.242501  2252 raft_consensus.cc:3060] T ae0590c79d3b4c898d7ac443da6e526f P 020aadd2caae4ed2a95cebb102d60c93 [term 0 FOLLOWER]: Advancing to term 1
I20260630 12:19:22.242614  2090 tablet_service.cc:1917] Received RequestConsensusVote() RPC: tablet_id: "ae0590c79d3b4c898d7ac443da6e526f" candidate_uuid: "020aadd2caae4ed2a95cebb102d60c93" candidate_term: 1 candidate_status { last_received { term: 0 index: 0 } } ignore_live_leader: false dest_uuid: "7c405e21a04042edbfb9a2329056b224" is_pre_election: true
W20260630 12:19:22.244441  2129 leader_election.cc:343] T ae0590c79d3b4c898d7ac443da6e526f P 020aadd2caae4ed2a95cebb102d60c93 [CANDIDATE]: Term 1 pre-election: Tablet error from VoteRequest() call to peer 7c405e21a04042edbfb9a2329056b224 (127.29.83.130:45609): Illegal state: must be running to vote when last-logged opid is not known
I20260630 12:19:22.245206  2211 raft_consensus.cc:359] T 267f14511f5f43bd9a76bba176b498a8 P 020aadd2caae4ed2a95cebb102d60c93 [term 0 FOLLOWER]: Replica starting. Triggering 0 pending ops. Active config: opid_index: -1 OBSOLETE_local: false peers { permanent_uuid: "a35d6b3fe01c4a71a7ce235a33178cb5" member_type: VOTER last_known_addr { host: "127.29.83.129" port: 37657 } } peers { permanent_uuid: "7c405e21a04042edbfb9a2329056b224" member_type: VOTER last_known_addr { host: "127.29.83.130" port: 45609 } } peers { permanent_uuid: "020aadd2caae4ed2a95cebb102d60c93" member_type: VOTER last_known_addr { host: "127.29.83.131" port: 42229 } }
I20260630 12:19:22.245838  2211 raft_consensus.cc:385] T 267f14511f5f43bd9a76bba176b498a8 P 020aadd2caae4ed2a95cebb102d60c93 [term 0 FOLLOWER]: Consensus starting up: Expiring failure detector timer to make a prompt election more likely
I20260630 12:19:22.246109  2211 raft_consensus.cc:740] T 267f14511f5f43bd9a76bba176b498a8 P 020aadd2caae4ed2a95cebb102d60c93 [term 0 FOLLOWER]: Becoming Follower/Learner. State: Replica: 020aadd2caae4ed2a95cebb102d60c93, State: Initialized, Role: FOLLOWER
I20260630 12:19:22.246883  2214 raft_consensus.cc:493] T 6265fdb774a14d048fad32a85faa266c P 020aadd2caae4ed2a95cebb102d60c93 [term 0 FOLLOWER]: Starting pre-election (no leader contacted us within the election timeout)
I20260630 12:19:22.247135  2211 consensus_queue.cc:260] T 267f14511f5f43bd9a76bba176b498a8 P 020aadd2caae4ed2a95cebb102d60c93 [NON_LEADER]: Queue going to NON_LEADER mode. State: All replicated index: 0, Majority replicated index: 0, Committed index: 0, Last appended: 0.0, Last appended by leader: 0, Current term: 0, Majority size: -1, State: 0, Mode: NON_LEADER, active raft config: opid_index: -1 OBSOLETE_local: false peers { permanent_uuid: "a35d6b3fe01c4a71a7ce235a33178cb5" member_type: VOTER last_known_addr { host: "127.29.83.129" port: 37657 } } peers { permanent_uuid: "7c405e21a04042edbfb9a2329056b224" member_type: VOTER last_known_addr { host: "127.29.83.130" port: 45609 } } peers { permanent_uuid: "020aadd2caae4ed2a95cebb102d60c93" member_type: VOTER last_known_addr { host: "127.29.83.131" port: 42229 } }
I20260630 12:19:22.247359  2214 raft_consensus.cc:515] T 6265fdb774a14d048fad32a85faa266c P 020aadd2caae4ed2a95cebb102d60c93 [term 0 FOLLOWER]: Starting pre-election with config: opid_index: -1 OBSOLETE_local: false peers { permanent_uuid: "a35d6b3fe01c4a71a7ce235a33178cb5" member_type: VOTER last_known_addr { host: "127.29.83.129" port: 37657 } } peers { permanent_uuid: "7c405e21a04042edbfb9a2329056b224" member_type: VOTER last_known_addr { host: "127.29.83.130" port: 45609 } } peers { permanent_uuid: "020aadd2caae4ed2a95cebb102d60c93" member_type: VOTER last_known_addr { host: "127.29.83.131" port: 42229 } }
I20260630 12:19:22.249099  2211 ts_tablet_manager.cc:1434] T 267f14511f5f43bd9a76bba176b498a8 P 020aadd2caae4ed2a95cebb102d60c93: Time spent starting tablet: real 0.006s	user 0.004s	sys 0.000s
I20260630 12:19:22.249473  2214 leader_election.cc:290] T 6265fdb774a14d048fad32a85faa266c P 020aadd2caae4ed2a95cebb102d60c93 [CANDIDATE]: Term 1 pre-election: Requested pre-vote from peers a35d6b3fe01c4a71a7ce235a33178cb5 (127.29.83.129:37657), 7c405e21a04042edbfb9a2329056b224 (127.29.83.130:45609)
I20260630 12:19:22.250110  2014 tablet_service.cc:1917] Received RequestConsensusVote() RPC: tablet_id: "6265fdb774a14d048fad32a85faa266c" candidate_uuid: "020aadd2caae4ed2a95cebb102d60c93" candidate_term: 1 candidate_status { last_received { term: 0 index: 0 } } ignore_live_leader: false dest_uuid: "a35d6b3fe01c4a71a7ce235a33178cb5" is_pre_election: true
I20260630 12:19:22.250214  2252 raft_consensus.cc:515] T ae0590c79d3b4c898d7ac443da6e526f P 020aadd2caae4ed2a95cebb102d60c93 [term 1 FOLLOWER]: Starting leader election with config: opid_index: -1 OBSOLETE_local: false peers { permanent_uuid: "a35d6b3fe01c4a71a7ce235a33178cb5" member_type: VOTER last_known_addr { host: "127.29.83.129" port: 37657 } } peers { permanent_uuid: "7c405e21a04042edbfb9a2329056b224" member_type: VOTER last_known_addr { host: "127.29.83.130" port: 45609 } } peers { permanent_uuid: "020aadd2caae4ed2a95cebb102d60c93" member_type: VOTER last_known_addr { host: "127.29.83.131" port: 42229 } }
I20260630 12:19:22.250799  2014 raft_consensus.cc:2468] T 6265fdb774a14d048fad32a85faa266c P a35d6b3fe01c4a71a7ce235a33178cb5 [term 0 FOLLOWER]: Leader pre-election vote request: Granting yes vote for candidate 020aadd2caae4ed2a95cebb102d60c93 in term 0.
I20260630 12:19:22.246889  2209 ts_tablet_manager.cc:1403] T 73bbaab3735247aab152034f514355a2 P 7c405e21a04042edbfb9a2329056b224: Time spent bootstrapping tablet: real 0.025s	user 0.013s	sys 0.005s
I20260630 12:19:22.252084  2128 leader_election.cc:304] T 6265fdb774a14d048fad32a85faa266c P 020aadd2caae4ed2a95cebb102d60c93 [CANDIDATE]: Term 1 pre-election: Election decided. Result: candidate won. Election summary: received 2 responses out of 3 voters: 2 yes votes; 0 no votes. yes voters: 020aadd2caae4ed2a95cebb102d60c93, a35d6b3fe01c4a71a7ce235a33178cb5; no voters: 
I20260630 12:19:22.253007  2253 raft_consensus.cc:2804] T 6265fdb774a14d048fad32a85faa266c P 020aadd2caae4ed2a95cebb102d60c93 [term 0 FOLLOWER]: Leader pre-election won for term 1
I20260630 12:19:22.253360  2253 raft_consensus.cc:493] T 6265fdb774a14d048fad32a85faa266c P 020aadd2caae4ed2a95cebb102d60c93 [term 0 FOLLOWER]: Starting leader election (no leader contacted us within the election timeout)
I20260630 12:19:22.253667  2253 raft_consensus.cc:3060] T 6265fdb774a14d048fad32a85faa266c P 020aadd2caae4ed2a95cebb102d60c93 [term 0 FOLLOWER]: Advancing to term 1
I20260630 12:19:22.254163  2209 raft_consensus.cc:359] T 73bbaab3735247aab152034f514355a2 P 7c405e21a04042edbfb9a2329056b224 [term 0 FOLLOWER]: Replica starting. Triggering 0 pending ops. Active config: opid_index: -1 OBSOLETE_local: false peers { permanent_uuid: "a35d6b3fe01c4a71a7ce235a33178cb5" member_type: VOTER last_known_addr { host: "127.29.83.129" port: 37657 } } peers { permanent_uuid: "7c405e21a04042edbfb9a2329056b224" member_type: VOTER last_known_addr { host: "127.29.83.130" port: 45609 } } peers { permanent_uuid: "020aadd2caae4ed2a95cebb102d60c93" member_type: VOTER last_known_addr { host: "127.29.83.131" port: 42229 } }
I20260630 12:19:22.254846  2209 raft_consensus.cc:385] T 73bbaab3735247aab152034f514355a2 P 7c405e21a04042edbfb9a2329056b224 [term 0 FOLLOWER]: Consensus starting up: Expiring failure detector timer to make a prompt election more likely
I20260630 12:19:22.255111  2209 raft_consensus.cc:740] T 73bbaab3735247aab152034f514355a2 P 7c405e21a04042edbfb9a2329056b224 [term 0 FOLLOWER]: Becoming Follower/Learner. State: Replica: 7c405e21a04042edbfb9a2329056b224, State: Initialized, Role: FOLLOWER
I20260630 12:19:22.255753  2209 consensus_queue.cc:260] T 73bbaab3735247aab152034f514355a2 P 7c405e21a04042edbfb9a2329056b224 [NON_LEADER]: Queue going to NON_LEADER mode. State: All replicated index: 0, Majority replicated index: 0, Committed index: 0, Last appended: 0.0, Last appended by leader: 0, Current term: 0, Majority size: -1, State: 0, Mode: NON_LEADER, active raft config: opid_index: -1 OBSOLETE_local: false peers { permanent_uuid: "a35d6b3fe01c4a71a7ce235a33178cb5" member_type: VOTER last_known_addr { host: "127.29.83.129" port: 37657 } } peers { permanent_uuid: "7c405e21a04042edbfb9a2329056b224" member_type: VOTER last_known_addr { host: "127.29.83.130" port: 45609 } } peers { permanent_uuid: "020aadd2caae4ed2a95cebb102d60c93" member_type: VOTER last_known_addr { host: "127.29.83.131" port: 42229 } }
I20260630 12:19:22.256865  2090 tablet_service.cc:1917] Received RequestConsensusVote() RPC: tablet_id: "6265fdb774a14d048fad32a85faa266c" candidate_uuid: "020aadd2caae4ed2a95cebb102d60c93" candidate_term: 1 candidate_status { last_received { term: 0 index: 0 } } ignore_live_leader: false dest_uuid: "7c405e21a04042edbfb9a2329056b224" is_pre_election: true
I20260630 12:19:22.257697  2090 raft_consensus.cc:2468] T 6265fdb774a14d048fad32a85faa266c P 7c405e21a04042edbfb9a2329056b224 [term 0 FOLLOWER]: Leader pre-election vote request: Granting yes vote for candidate 020aadd2caae4ed2a95cebb102d60c93 in term 0.
I20260630 12:19:22.257999  2209 ts_tablet_manager.cc:1434] T 73bbaab3735247aab152034f514355a2 P 7c405e21a04042edbfb9a2329056b224: Time spent starting tablet: real 0.006s	user 0.004s	sys 0.000s
I20260630 12:19:22.259011  2209 tablet_bootstrap.cc:492] T 2c2b7400876047abb15a69916cb3b4b6 P 7c405e21a04042edbfb9a2329056b224: Bootstrap starting.
I20260630 12:19:22.260824  2253 raft_consensus.cc:515] T 6265fdb774a14d048fad32a85faa266c P 020aadd2caae4ed2a95cebb102d60c93 [term 1 FOLLOWER]: Starting leader election with config: opid_index: -1 OBSOLETE_local: false peers { permanent_uuid: "a35d6b3fe01c4a71a7ce235a33178cb5" member_type: VOTER last_known_addr { host: "127.29.83.129" port: 37657 } } peers { permanent_uuid: "7c405e21a04042edbfb9a2329056b224" member_type: VOTER last_known_addr { host: "127.29.83.130" port: 45609 } } peers { permanent_uuid: "020aadd2caae4ed2a95cebb102d60c93" member_type: VOTER last_known_addr { host: "127.29.83.131" port: 42229 } }
I20260630 12:19:22.263562  2014 tablet_service.cc:1917] Received RequestConsensusVote() RPC: tablet_id: "6265fdb774a14d048fad32a85faa266c" candidate_uuid: "020aadd2caae4ed2a95cebb102d60c93" candidate_term: 1 candidate_status { last_received { term: 0 index: 0 } } ignore_live_leader: false dest_uuid: "a35d6b3fe01c4a71a7ce235a33178cb5"
I20260630 12:19:22.264078  2014 raft_consensus.cc:3060] T 6265fdb774a14d048fad32a85faa266c P a35d6b3fe01c4a71a7ce235a33178cb5 [term 0 FOLLOWER]: Advancing to term 1
I20260630 12:19:22.264181  2209 tablet_bootstrap.cc:654] T 2c2b7400876047abb15a69916cb3b4b6 P 7c405e21a04042edbfb9a2329056b224: Neither blocks nor log segments found. Creating new log.
I20260630 12:19:22.272581  2014 raft_consensus.cc:2468] T 6265fdb774a14d048fad32a85faa266c P a35d6b3fe01c4a71a7ce235a33178cb5 [term 1 FOLLOWER]: Leader election vote request: Granting yes vote for candidate 020aadd2caae4ed2a95cebb102d60c93 in term 1.
I20260630 12:19:22.274011  2128 leader_election.cc:304] T 6265fdb774a14d048fad32a85faa266c P 020aadd2caae4ed2a95cebb102d60c93 [CANDIDATE]: Term 1 election: Election decided. Result: candidate won. Election summary: received 2 responses out of 3 voters: 2 yes votes; 0 no votes. yes voters: 020aadd2caae4ed2a95cebb102d60c93, a35d6b3fe01c4a71a7ce235a33178cb5; no voters: 
I20260630 12:19:22.275029  2214 raft_consensus.cc:2804] T 6265fdb774a14d048fad32a85faa266c P 020aadd2caae4ed2a95cebb102d60c93 [term 1 FOLLOWER]: Leader election won for term 1
I20260630 12:19:22.282783  2015 tablet_service.cc:1917] Received RequestConsensusVote() RPC: tablet_id: "ae0590c79d3b4c898d7ac443da6e526f" candidate_uuid: "020aadd2caae4ed2a95cebb102d60c93" candidate_term: 1 candidate_status { last_received { term: 0 index: 0 } } ignore_live_leader: false dest_uuid: "a35d6b3fe01c4a71a7ce235a33178cb5"
I20260630 12:19:22.283548  2015 raft_consensus.cc:3060] T ae0590c79d3b4c898d7ac443da6e526f P a35d6b3fe01c4a71a7ce235a33178cb5 [term 0 FOLLOWER]: Advancing to term 1
I20260630 12:19:22.293385  2015 raft_consensus.cc:2468] T ae0590c79d3b4c898d7ac443da6e526f P a35d6b3fe01c4a71a7ce235a33178cb5 [term 1 FOLLOWER]: Leader election vote request: Granting yes vote for candidate 020aadd2caae4ed2a95cebb102d60c93 in term 1.
I20260630 12:19:22.294839  2128 leader_election.cc:304] T ae0590c79d3b4c898d7ac443da6e526f P 020aadd2caae4ed2a95cebb102d60c93 [CANDIDATE]: Term 1 election: Election decided. Result: candidate won. Election summary: received 2 responses out of 3 voters: 2 yes votes; 0 no votes. yes voters: 020aadd2caae4ed2a95cebb102d60c93, a35d6b3fe01c4a71a7ce235a33178cb5; no voters: 
I20260630 12:19:22.303000  2253 leader_election.cc:290] T 6265fdb774a14d048fad32a85faa266c P 020aadd2caae4ed2a95cebb102d60c93 [CANDIDATE]: Term 1 election: Requested vote from peers a35d6b3fe01c4a71a7ce235a33178cb5 (127.29.83.129:37657), 7c405e21a04042edbfb9a2329056b224 (127.29.83.130:45609)
I20260630 12:19:22.303918  2253 raft_consensus.cc:2804] T ae0590c79d3b4c898d7ac443da6e526f P 020aadd2caae4ed2a95cebb102d60c93 [term 1 FOLLOWER]: Leader election won for term 1
I20260630 12:19:22.304489  2253 raft_consensus.cc:697] T ae0590c79d3b4c898d7ac443da6e526f P 020aadd2caae4ed2a95cebb102d60c93 [term 1 LEADER]: Becoming Leader. State: Replica: 020aadd2caae4ed2a95cebb102d60c93, State: Running, Role: LEADER
I20260630 12:19:22.305505  2253 consensus_queue.cc:237] T ae0590c79d3b4c898d7ac443da6e526f P 020aadd2caae4ed2a95cebb102d60c93 [LEADER]: Queue going to LEADER mode. State: All replicated index: 0, Majority replicated index: 0, Committed index: 0, Last appended: 0.0, Last appended by leader: 0, Current term: 1, Majority size: 2, State: 0, Mode: LEADER, active raft config: opid_index: -1 OBSOLETE_local: false peers { permanent_uuid: "a35d6b3fe01c4a71a7ce235a33178cb5" member_type: VOTER last_known_addr { host: "127.29.83.129" port: 37657 } } peers { permanent_uuid: "7c405e21a04042edbfb9a2329056b224" member_type: VOTER last_known_addr { host: "127.29.83.130" port: 45609 } } peers { permanent_uuid: "020aadd2caae4ed2a95cebb102d60c93" member_type: VOTER last_known_addr { host: "127.29.83.131" port: 42229 } }
I20260630 12:19:22.307798  2252 leader_election.cc:290] T ae0590c79d3b4c898d7ac443da6e526f P 020aadd2caae4ed2a95cebb102d60c93 [CANDIDATE]: Term 1 election: Requested vote from peers a35d6b3fe01c4a71a7ce235a33178cb5 (127.29.83.129:37657), 7c405e21a04042edbfb9a2329056b224 (127.29.83.130:45609)
I20260630 12:19:22.314702  2268 raft_consensus.cc:493] T 61bb736696d5401b9839573df8fdc8f2 P 020aadd2caae4ed2a95cebb102d60c93 [term 0 FOLLOWER]: Starting pre-election (no leader contacted us within the election timeout)
I20260630 12:19:22.278246  2239 raft_consensus.cc:515] T 267f14511f5f43bd9a76bba176b498a8 P 7c405e21a04042edbfb9a2329056b224 [term 1 FOLLOWER]: Starting leader election with config: opid_index: -1 OBSOLETE_local: false peers { permanent_uuid: "a35d6b3fe01c4a71a7ce235a33178cb5" member_type: VOTER last_known_addr { host: "127.29.83.129" port: 37657 } } peers { permanent_uuid: "7c405e21a04042edbfb9a2329056b224" member_type: VOTER last_known_addr { host: "127.29.83.130" port: 45609 } } peers { permanent_uuid: "020aadd2caae4ed2a95cebb102d60c93" member_type: VOTER last_known_addr { host: "127.29.83.131" port: 42229 } }
I20260630 12:19:22.321074  2268 raft_consensus.cc:515] T 61bb736696d5401b9839573df8fdc8f2 P 020aadd2caae4ed2a95cebb102d60c93 [term 0 FOLLOWER]: Starting pre-election with config: opid_index: -1 OBSOLETE_local: false peers { permanent_uuid: "a35d6b3fe01c4a71a7ce235a33178cb5" member_type: VOTER last_known_addr { host: "127.29.83.129" port: 37657 } } peers { permanent_uuid: "7c405e21a04042edbfb9a2329056b224" member_type: VOTER last_known_addr { host: "127.29.83.130" port: 45609 } } peers { permanent_uuid: "020aadd2caae4ed2a95cebb102d60c93" member_type: VOTER last_known_addr { host: "127.29.83.131" port: 42229 } }
I20260630 12:19:22.323880  2212 tablet_bootstrap.cc:492] T 61bb736696d5401b9839573df8fdc8f2 P a35d6b3fe01c4a71a7ce235a33178cb5: No bootstrap required, opened a new log
I20260630 12:19:22.324132  2239 leader_election.cc:290] T 267f14511f5f43bd9a76bba176b498a8 P 7c405e21a04042edbfb9a2329056b224 [CANDIDATE]: Term 1 election: Requested vote from peers a35d6b3fe01c4a71a7ce235a33178cb5 (127.29.83.129:37657), 020aadd2caae4ed2a95cebb102d60c93 (127.29.83.131:42229)
I20260630 12:19:22.324352  2212 ts_tablet_manager.cc:1403] T 61bb736696d5401b9839573df8fdc8f2 P a35d6b3fe01c4a71a7ce235a33178cb5: Time spent bootstrapping tablet: real 0.112s	user 0.052s	sys 0.048s
