I20260630 12:18:41.889288  8219 consensus_queue.cc:1048] T 13402851d5fa455b8e96445f7f4465d9 P f71a42e595a44233a279753c139ae038 [LEADER]: Connected to new peer: Peer: permanent_uuid: "993c0c08d40b4ef5a00b06f75a9581c7" member_type: VOTER last_known_addr { host: "127.4.218.130" port: 39319 }, Status: LMP_MISMATCH, Last received: 0.0, Next index: 1, Last known committed idx: 0, Time since last communication: 0.000s
I20260630 12:18:41.895931  8219 consensus_queue.cc:1048] T 21d5bc865d7b4cd3b39edf19290625d8 P f71a42e595a44233a279753c139ae038 [LEADER]: Connected to new peer: Peer: permanent_uuid: "993c0c08d40b4ef5a00b06f75a9581c7" member_type: VOTER last_known_addr { host: "127.4.218.130" port: 39319 }, Status: LMP_MISMATCH, Last received: 0.0, Next index: 1, Last known committed idx: 0, Time since last communication: 0.000s
I20260630 12:18:41.900391  7968 tablet_service.cc:1511] Processing CreateTablet for tablet 1886c2da00f84772895d177ea7097b61 (DEFAULT_TABLE table=range_aware_rebalance_new_range [id=b715e3836b094890916a6c9413f4945f]), partition=HASH (key) PARTITION 1, RANGE (key) PARTITION 10 <= VALUES < 20
I20260630 12:18:41.901510  8183 raft_consensus.cc:493] T 381116f42da7485b9674dea22ebe6cce P 993c0c08d40b4ef5a00b06f75a9581c7 [term 0 FOLLOWER]: Starting pre-election (no leader contacted us within the election timeout)
I20260630 12:18:41.901726  7968 data_dirs.cc:400] Could only allocate 1 dirs of requested 3 for tablet 1886c2da00f84772895d177ea7097b61. 1 dirs total, 0 dirs full, 0 dirs failed
I20260630 12:18:41.902145  8183 raft_consensus.cc:515] T 381116f42da7485b9674dea22ebe6cce P 993c0c08d40b4ef5a00b06f75a9581c7 [term 0 FOLLOWER]: Starting pre-election with config: opid_index: -1 OBSOLETE_local: false peers { permanent_uuid: "f71a42e595a44233a279753c139ae038" member_type: VOTER last_known_addr { host: "127.4.218.129" port: 41143 } } peers { permanent_uuid: "993c0c08d40b4ef5a00b06f75a9581c7" member_type: VOTER last_known_addr { host: "127.4.218.130" port: 39319 } } peers { permanent_uuid: "f86d75875047495d8a59b749c995d110" member_type: VOTER last_known_addr { host: "127.4.218.131" port: 36487 } }
I20260630 12:18:41.904273  8183 leader_election.cc:290] T 381116f42da7485b9674dea22ebe6cce P 993c0c08d40b4ef5a00b06f75a9581c7 [CANDIDATE]: Term 1 pre-election: Requested pre-vote from peers f71a42e595a44233a279753c139ae038 (127.4.218.129:41143), f86d75875047495d8a59b749c995d110 (127.4.218.131:36487)
I20260630 12:18:41.908393  7983 tablet_service.cc:1917] Received RequestConsensusVote() RPC: tablet_id: "381116f42da7485b9674dea22ebe6cce" candidate_uuid: "993c0c08d40b4ef5a00b06f75a9581c7" candidate_term: 1 candidate_status { last_received { term: 0 index: 0 } } ignore_live_leader: false dest_uuid: "f71a42e595a44233a279753c139ae038" is_pre_election: true
I20260630 12:18:41.908538  8128 tablet_service.cc:1917] Received RequestConsensusVote() RPC: tablet_id: "381116f42da7485b9674dea22ebe6cce" candidate_uuid: "993c0c08d40b4ef5a00b06f75a9581c7" candidate_term: 1 candidate_status { last_received { term: 0 index: 0 } } ignore_live_leader: false dest_uuid: "f86d75875047495d8a59b749c995d110" is_pre_election: true
I20260630 12:18:41.909214  8128 raft_consensus.cc:2393] T 381116f42da7485b9674dea22ebe6cce P f86d75875047495d8a59b749c995d110 [term 1 FOLLOWER]: Leader pre-election vote request: Denying vote to candidate 993c0c08d40b4ef5a00b06f75a9581c7 in current term 1: Already voted for candidate f71a42e595a44233a279753c139ae038 in this term.
I20260630 12:18:41.911875  8022 leader_election.cc:304] T 381116f42da7485b9674dea22ebe6cce P 993c0c08d40b4ef5a00b06f75a9581c7 [CANDIDATE]: Term 1 pre-election: Election decided. Result: candidate lost. Election summary: received 3 responses out of 3 voters: 1 yes votes; 2 no votes. yes voters: 993c0c08d40b4ef5a00b06f75a9581c7; no voters: f71a42e595a44233a279753c139ae038, f86d75875047495d8a59b749c995d110
I20260630 12:18:41.913508  8216 raft_consensus.cc:3060] T 381116f42da7485b9674dea22ebe6cce P 993c0c08d40b4ef5a00b06f75a9581c7 [term 0 FOLLOWER]: Advancing to term 1
I20260630 12:18:41.914330  7983 raft_consensus.cc:3060] T 76ab957755c24c58ae416aa86f69b030 P f71a42e595a44233a279753c139ae038 [term 0 FOLLOWER]: Advancing to term 1
I20260630 12:18:41.926785  8216 raft_consensus.cc:2749] T 381116f42da7485b9674dea22ebe6cce P 993c0c08d40b4ef5a00b06f75a9581c7 [term 1 FOLLOWER]: Leader pre-election lost for term 1. Reason: could not achieve majority
I20260630 12:18:41.928937  8044 tablet_service.cc:1511] Processing CreateTablet for tablet 4f842d0bf56d4f1fb72a8896f745f0bc (DEFAULT_TABLE table=range_aware_rebalance_new_range [id=b715e3836b094890916a6c9413f4945f]), partition=HASH (key) PARTITION 2, RANGE (key) PARTITION 10 <= VALUES < 20
I20260630 12:18:41.929569  8121 tablet_service.cc:1511] Processing CreateTablet for tablet 4f842d0bf56d4f1fb72a8896f745f0bc (DEFAULT_TABLE table=range_aware_rebalance_new_range [id=b715e3836b094890916a6c9413f4945f]), partition=HASH (key) PARTITION 2, RANGE (key) PARTITION 10 <= VALUES < 20
I20260630 12:18:41.930249  8183 consensus_queue.cc:1048] T a64bcff47ffc420c8a50b2010416f66c P 993c0c08d40b4ef5a00b06f75a9581c7 [LEADER]: Connected to new peer: Peer: permanent_uuid: "f71a42e595a44233a279753c139ae038" member_type: VOTER last_known_addr { host: "127.4.218.129" port: 41143 }, Status: LMP_MISMATCH, Last received: 0.0, Next index: 1, Last known committed idx: 0, Time since last communication: 0.004s
I20260630 12:18:41.936798  8187 consensus_queue.cc:1048] T 13402851d5fa455b8e96445f7f4465d9 P f71a42e595a44233a279753c139ae038 [LEADER]: Connected to new peer: Peer: permanent_uuid: "f86d75875047495d8a59b749c995d110" member_type: VOTER last_known_addr { host: "127.4.218.131" port: 36487 }, Status: LMP_MISMATCH, Last received: 0.0, Next index: 1, Last known committed idx: 0, Time since last communication: 0.000s
I20260630 12:18:41.938566  8203 consensus_queue.cc:1048] T 76ab957755c24c58ae416aa86f69b030 P f86d75875047495d8a59b749c995d110 [LEADER]: Connected to new peer: Peer: permanent_uuid: "f71a42e595a44233a279753c139ae038" member_type: VOTER last_known_addr { host: "127.4.218.129" port: 41143 }, Status: LMP_MISMATCH, Last received: 0.0, Next index: 1, Last known committed idx: 0, Time since last communication: 0.000s
I20260630 12:18:41.940811  8187 consensus_queue.cc:1048] T 21d5bc865d7b4cd3b39edf19290625d8 P f71a42e595a44233a279753c139ae038 [LEADER]: Connected to new peer: Peer: permanent_uuid: "f86d75875047495d8a59b749c995d110" member_type: VOTER last_known_addr { host: "127.4.218.131" port: 36487 }, Status: LMP_MISMATCH, Last received: 0.0, Next index: 1, Last known committed idx: 0, Time since last communication: 0.000s
I20260630 12:18:41.940913  8121 data_dirs.cc:400] Could only allocate 1 dirs of requested 3 for tablet 4f842d0bf56d4f1fb72a8896f745f0bc. 1 dirs total, 0 dirs full, 0 dirs failed
I20260630 12:18:41.944185  8187 consensus_queue.cc:1048] T 381116f42da7485b9674dea22ebe6cce P f71a42e595a44233a279753c139ae038 [LEADER]: Connected to new peer: Peer: permanent_uuid: "993c0c08d40b4ef5a00b06f75a9581c7" member_type: VOTER last_known_addr { host: "127.4.218.130" port: 39319 }, Status: LMP_MISMATCH, Last received: 0.0, Next index: 1, Last known committed idx: 0, Time since last communication: 0.000s
I20260630 12:18:41.941166  8044 data_dirs.cc:400] Could only allocate 1 dirs of requested 3 for tablet 4f842d0bf56d4f1fb72a8896f745f0bc. 1 dirs total, 0 dirs full, 0 dirs failed
I20260630 12:18:41.961436  8324 tablet_bootstrap.cc:492] T 1886c2da00f84772895d177ea7097b61 P f86d75875047495d8a59b749c995d110: Bootstrap starting.
I20260630 12:18:41.986305  7966 tablet_service.cc:1511] Processing CreateTablet for tablet 0ba625a4806f4558a0fd0fddafa34c60 (DEFAULT_TABLE table=range_aware_rebalance_new_range [id=b715e3836b094890916a6c9413f4945f]), partition=HASH (key) PARTITION 3, RANGE (key) PARTITION 10 <= VALUES < 20
I20260630 12:18:41.988255  7966 data_dirs.cc:400] Could only allocate 1 dirs of requested 3 for tablet 0ba625a4806f4558a0fd0fddafa34c60. 1 dirs total, 0 dirs full, 0 dirs failed
I20260630 12:18:41.989936  8115 tablet_service.cc:1511] Processing CreateTablet for tablet 5c3e3e73fa664ff695659a1c38dbbd00 (DEFAULT_TABLE table=range_aware_rebalance_new_range [id=b715e3836b094890916a6c9413f4945f]), partition=HASH (key) PARTITION 4, RANGE (key) PARTITION 10 <= VALUES < 20
I20260630 12:18:41.990883  8115 data_dirs.cc:400] Could only allocate 1 dirs of requested 3 for tablet 5c3e3e73fa664ff695659a1c38dbbd00. 1 dirs total, 0 dirs full, 0 dirs failed
I20260630 12:18:41.993680  8325 tablet_bootstrap.cc:492] T d5334ab6790c4222b49a100703bc3074 P 993c0c08d40b4ef5a00b06f75a9581c7: Bootstrap starting.
I20260630 12:18:42.002332  7972 tablet_service.cc:1511] Processing CreateTablet for tablet 5c3e3e73fa664ff695659a1c38dbbd00 (DEFAULT_TABLE table=range_aware_rebalance_new_range [id=b715e3836b094890916a6c9413f4945f]), partition=HASH (key) PARTITION 4, RANGE (key) PARTITION 10 <= VALUES < 20
I20260630 12:18:42.007799  7972 data_dirs.cc:400] Could only allocate 1 dirs of requested 3 for tablet 5c3e3e73fa664ff695659a1c38dbbd00. 1 dirs total, 0 dirs full, 0 dirs failed
I20260630 12:18:42.018905  8117 tablet_service.cc:1511] Processing CreateTablet for tablet 329f3c828a36473fac175e0023a40d47 (DEFAULT_TABLE table=range_aware_rebalance_new_range [id=b715e3836b094890916a6c9413f4945f]), partition=HASH (key) PARTITION 5, RANGE (key) PARTITION 10 <= VALUES < 20
I20260630 12:18:42.020413  8117 data_dirs.cc:400] Could only allocate 1 dirs of requested 3 for tablet 329f3c828a36473fac175e0023a40d47. 1 dirs total, 0 dirs full, 0 dirs failed
I20260630 12:18:42.023653  8325 tablet_bootstrap.cc:654] T d5334ab6790c4222b49a100703bc3074 P 993c0c08d40b4ef5a00b06f75a9581c7: Neither blocks nor log segments found. Creating new log.
I20260630 12:18:42.035939  8041 tablet_service.cc:1511] Processing CreateTablet for tablet 0ba625a4806f4558a0fd0fddafa34c60 (DEFAULT_TABLE table=range_aware_rebalance_new_range [id=b715e3836b094890916a6c9413f4945f]), partition=HASH (key) PARTITION 3, RANGE (key) PARTITION 10 <= VALUES < 20
I20260630 12:18:42.041188  8041 data_dirs.cc:400] Could only allocate 1 dirs of requested 3 for tablet 0ba625a4806f4558a0fd0fddafa34c60. 1 dirs total, 0 dirs full, 0 dirs failed
I20260630 12:18:42.047644  7973 tablet_service.cc:1511] Processing CreateTablet for tablet 71604ece447942ad82e025689432d9e7 (DEFAULT_TABLE table=range_aware_rebalance_new_range [id=b715e3836b094890916a6c9413f4945f]), partition=HASH (key) PARTITION 6, RANGE (key) PARTITION 10 <= VALUES < 20
I20260630 12:18:42.047920  8042 tablet_service.cc:1511] Processing CreateTablet for tablet 329f3c828a36473fac175e0023a40d47 (DEFAULT_TABLE table=range_aware_rebalance_new_range [id=b715e3836b094890916a6c9413f4945f]), partition=HASH (key) PARTITION 5, RANGE (key) PARTITION 10 <= VALUES < 20
I20260630 12:18:42.049108  8042 data_dirs.cc:400] Could only allocate 1 dirs of requested 3 for tablet 329f3c828a36473fac175e0023a40d47. 1 dirs total, 0 dirs full, 0 dirs failed
I20260630 12:18:42.049449  8215 consensus_queue.cc:1048] T 76ab957755c24c58ae416aa86f69b030 P f86d75875047495d8a59b749c995d110 [LEADER]: Connected to new peer: Peer: permanent_uuid: "993c0c08d40b4ef5a00b06f75a9581c7" member_type: VOTER last_known_addr { host: "127.4.218.130" port: 39319 }, Status: LMP_MISMATCH, Last received: 0.0, Next index: 1, Last known committed idx: 0, Time since last communication: 0.000s
I20260630 12:18:42.050506  7973 data_dirs.cc:400] Could only allocate 1 dirs of requested 3 for tablet 71604ece447942ad82e025689432d9e7. 1 dirs total, 0 dirs full, 0 dirs failed
I20260630 12:18:42.051623  8187 consensus_queue.cc:1048] T 381116f42da7485b9674dea22ebe6cce P f71a42e595a44233a279753c139ae038 [LEADER]: Connected to new peer: Peer: permanent_uuid: "f86d75875047495d8a59b749c995d110" member_type: VOTER last_known_addr { host: "127.4.218.131" port: 36487 }, Status: LMP_MISMATCH, Last received: 0.0, Next index: 1, Last known committed idx: 0, Time since last communication: 0.000s
I20260630 12:18:42.062044  8324 tablet_bootstrap.cc:654] T 1886c2da00f84772895d177ea7097b61 P f86d75875047495d8a59b749c995d110: Neither blocks nor log segments found. Creating new log.
I20260630 12:18:42.071041  8217 consensus_queue.cc:1048] T a64bcff47ffc420c8a50b2010416f66c P 993c0c08d40b4ef5a00b06f75a9581c7 [LEADER]: Connected to new peer: Peer: permanent_uuid: "f86d75875047495d8a59b749c995d110" member_type: VOTER last_known_addr { host: "127.4.218.131" port: 36487 }, Status: LMP_MISMATCH, Last received: 0.0, Next index: 1, Last known committed idx: 0, Time since last communication: 0.000s
I20260630 12:18:42.074977  8048 tablet_service.cc:1511] Processing CreateTablet for tablet 71604ece447942ad82e025689432d9e7 (DEFAULT_TABLE table=range_aware_rebalance_new_range [id=b715e3836b094890916a6c9413f4945f]), partition=HASH (key) PARTITION 6, RANGE (key) PARTITION 10 <= VALUES < 20
I20260630 12:18:42.076567  8048 data_dirs.cc:400] Could only allocate 1 dirs of requested 3 for tablet 71604ece447942ad82e025689432d9e7. 1 dirs total, 0 dirs full, 0 dirs failed
I20260630 12:18:42.104521  8183 consensus_queue.cc:1048] T c9017dd9b6844c9d9e211db39469ca2f P 993c0c08d40b4ef5a00b06f75a9581c7 [LEADER]: Connected to new peer: Peer: permanent_uuid: "f86d75875047495d8a59b749c995d110" member_type: VOTER last_known_addr { host: "127.4.218.131" port: 36487 }, Status: LMP_MISMATCH, Last received: 0.0, Next index: 1, Last known committed idx: 0, Time since last communication: 0.000s
I20260630 12:18:42.106966  8329 tablet_bootstrap.cc:492] T 1886c2da00f84772895d177ea7097b61 P f71a42e595a44233a279753c139ae038: Bootstrap starting.
W20260630 12:18:42.141999  8327 log.cc:927] Time spent T 381116f42da7485b9674dea22ebe6cce P 993c0c08d40b4ef5a00b06f75a9581c7: Append to log took a long time: real 0.083s	user 0.001s	sys 0.000s
I20260630 12:18:42.144143  8117 tablet_service.cc:1511] Processing CreateTablet for tablet 69e3ef89a5f44ad4a8aa0099d9ca89e8 (DEFAULT_TABLE table=range_aware_rebalance_new_range [id=b715e3836b094890916a6c9413f4945f]), partition=HASH (key) PARTITION 7, RANGE (key) PARTITION 10 <= VALUES < 20
I20260630 12:18:42.145563  8117 data_dirs.cc:400] Could only allocate 1 dirs of requested 3 for tablet 69e3ef89a5f44ad4a8aa0099d9ca89e8. 1 dirs total, 0 dirs full, 0 dirs failed
I20260630 12:18:42.157622  7968 tablet_service.cc:1511] Processing CreateTablet for tablet 69e3ef89a5f44ad4a8aa0099d9ca89e8 (DEFAULT_TABLE table=range_aware_rebalance_new_range [id=b715e3836b094890916a6c9413f4945f]), partition=HASH (key) PARTITION 7, RANGE (key) PARTITION 10 <= VALUES < 20
I20260630 12:18:42.158962  7968 data_dirs.cc:400] Could only allocate 1 dirs of requested 3 for tablet 69e3ef89a5f44ad4a8aa0099d9ca89e8. 1 dirs total, 0 dirs full, 0 dirs failed
I20260630 12:18:42.166452  8325 tablet_bootstrap.cc:492] T d5334ab6790c4222b49a100703bc3074 P 993c0c08d40b4ef5a00b06f75a9581c7: No bootstrap required, opened a new log
I20260630 12:18:42.166981  8325 ts_tablet_manager.cc:1403] T d5334ab6790c4222b49a100703bc3074 P 993c0c08d40b4ef5a00b06f75a9581c7: Time spent bootstrapping tablet: real 0.174s	user 0.032s	sys 0.013s
W20260630 12:18:42.189827  7929 auto_rebalancer.cc:298] Could not retrieve cluster info: Service unavailable: Tablet not running
I20260630 12:18:42.192665  8325 raft_consensus.cc:359] T d5334ab6790c4222b49a100703bc3074 P 993c0c08d40b4ef5a00b06f75a9581c7 [term 0 FOLLOWER]: Replica starting. Triggering 0 pending ops. Active config: opid_index: -1 OBSOLETE_local: false peers { permanent_uuid: "f71a42e595a44233a279753c139ae038" member_type: VOTER last_known_addr { host: "127.4.218.129" port: 41143 } } peers { permanent_uuid: "9001b926602d4137a19d66a2121b0e19" member_type: VOTER last_known_addr { host: "127.4.218.132" port: 45071 } } peers { permanent_uuid: "993c0c08d40b4ef5a00b06f75a9581c7" member_type: VOTER last_known_addr { host: "127.4.218.130" port: 39319 } }
I20260630 12:18:42.197219  8325 raft_consensus.cc:385] T d5334ab6790c4222b49a100703bc3074 P 993c0c08d40b4ef5a00b06f75a9581c7 [term 0 FOLLOWER]: Consensus starting up: Expiring failure detector timer to make a prompt election more likely
I20260630 12:18:42.197588  8325 raft_consensus.cc:740] T d5334ab6790c4222b49a100703bc3074 P 993c0c08d40b4ef5a00b06f75a9581c7 [term 0 FOLLOWER]: Becoming Follower/Learner. State: Replica: 993c0c08d40b4ef5a00b06f75a9581c7, State: Initialized, Role: FOLLOWER
I20260630 12:18:42.198349  8325 consensus_queue.cc:260] T d5334ab6790c4222b49a100703bc3074 P 993c0c08d40b4ef5a00b06f75a9581c7 [NON_LEADER]: Queue going to NON_LEADER mode. State: All replicated index: 0, Majority replicated index: 0, Committed index: 0, Last appended: 0.0, Last appended by leader: 0, Current term: 0, Majority size: -1, State: 0, Mode: NON_LEADER, active raft config: opid_index: -1 OBSOLETE_local: false peers { permanent_uuid: "f71a42e595a44233a279753c139ae038" member_type: VOTER last_known_addr { host: "127.4.218.129" port: 41143 } } peers { permanent_uuid: "9001b926602d4137a19d66a2121b0e19" member_type: VOTER last_known_addr { host: "127.4.218.132" port: 45071 } } peers { permanent_uuid: "993c0c08d40b4ef5a00b06f75a9581c7" member_type: VOTER last_known_addr { host: "127.4.218.130" port: 39319 } }
I20260630 12:18:42.200834  8325 ts_tablet_manager.cc:1434] T d5334ab6790c4222b49a100703bc3074 P 993c0c08d40b4ef5a00b06f75a9581c7: Time spent starting tablet: real 0.034s	user 0.007s	sys 0.001s
I20260630 12:18:42.201839  8325 tablet_bootstrap.cc:492] T 0ba625a4806f4558a0fd0fddafa34c60 P 993c0c08d40b4ef5a00b06f75a9581c7: Bootstrap starting.
I20260630 12:18:42.204937  8329 tablet_bootstrap.cc:654] T 1886c2da00f84772895d177ea7097b61 P f71a42e595a44233a279753c139ae038: Neither blocks nor log segments found. Creating new log.
I20260630 12:18:42.212261  8273 tablet_service.cc:1511] Processing CreateTablet for tablet d5334ab6790c4222b49a100703bc3074 (DEFAULT_TABLE table=range_aware_rebalance_new_range [id=b715e3836b094890916a6c9413f4945f]), partition=HASH (key) PARTITION 0, RANGE (key) PARTITION 10 <= VALUES < 20
I20260630 12:18:42.214304  8273 data_dirs.cc:400] Could only allocate 1 dirs of requested 3 for tablet d5334ab6790c4222b49a100703bc3074. 1 dirs total, 0 dirs full, 0 dirs failed
I20260630 12:18:42.214787  8269 tablet_service.cc:1511] Processing CreateTablet for tablet 5c3e3e73fa664ff695659a1c38dbbd00 (DEFAULT_TABLE table=range_aware_rebalance_new_range [id=b715e3836b094890916a6c9413f4945f]), partition=HASH (key) PARTITION 4, RANGE (key) PARTITION 10 <= VALUES < 20
I20260630 12:18:42.216153  8324 tablet_bootstrap.cc:492] T 1886c2da00f84772895d177ea7097b61 P f86d75875047495d8a59b749c995d110: No bootstrap required, opened a new log
I20260630 12:18:42.216522  8269 data_dirs.cc:400] Could only allocate 1 dirs of requested 3 for tablet 5c3e3e73fa664ff695659a1c38dbbd00. 1 dirs total, 0 dirs full, 0 dirs failed
I20260630 12:18:42.217585  8324 ts_tablet_manager.cc:1403] T 1886c2da00f84772895d177ea7097b61 P f86d75875047495d8a59b749c995d110: Time spent bootstrapping tablet: real 0.265s	user 0.019s	sys 0.035s
I20260630 12:18:42.219753  8271 tablet_service.cc:1511] Processing CreateTablet for tablet 4f842d0bf56d4f1fb72a8896f745f0bc (DEFAULT_TABLE table=range_aware_rebalance_new_range [id=b715e3836b094890916a6c9413f4945f]), partition=HASH (key) PARTITION 2, RANGE (key) PARTITION 10 <= VALUES < 20
I20260630 12:18:42.219915  8268 tablet_service.cc:1511] Processing CreateTablet for tablet 329f3c828a36473fac175e0023a40d47 (DEFAULT_TABLE table=range_aware_rebalance_new_range [id=b715e3836b094890916a6c9413f4945f]), partition=HASH (key) PARTITION 5, RANGE (key) PARTITION 10 <= VALUES < 20
I20260630 12:18:42.219990  8270 tablet_service.cc:1511] Processing CreateTablet for tablet 0ba625a4806f4558a0fd0fddafa34c60 (DEFAULT_TABLE table=range_aware_rebalance_new_range [id=b715e3836b094890916a6c9413f4945f]), partition=HASH (key) PARTITION 3, RANGE (key) PARTITION 10 <= VALUES < 20
I20260630 12:18:42.225476  8267 tablet_service.cc:1511] Processing CreateTablet for tablet 71604ece447942ad82e025689432d9e7 (DEFAULT_TABLE table=range_aware_rebalance_new_range [id=b715e3836b094890916a6c9413f4945f]), partition=HASH (key) PARTITION 6, RANGE (key) PARTITION 10 <= VALUES < 20
I20260630 12:18:42.227763  8324 raft_consensus.cc:359] T 1886c2da00f84772895d177ea7097b61 P f86d75875047495d8a59b749c995d110 [term 0 FOLLOWER]: Replica starting. Triggering 0 pending ops. Active config: opid_index: -1 OBSOLETE_local: false peers { permanent_uuid: "9001b926602d4137a19d66a2121b0e19" member_type: VOTER last_known_addr { host: "127.4.218.132" port: 45071 } } peers { permanent_uuid: "f86d75875047495d8a59b749c995d110" member_type: VOTER last_known_addr { host: "127.4.218.131" port: 36487 } } peers { permanent_uuid: "f71a42e595a44233a279753c139ae038" member_type: VOTER last_known_addr { host: "127.4.218.129" port: 41143 } }
I20260630 12:18:42.228507  8324 raft_consensus.cc:385] T 1886c2da00f84772895d177ea7097b61 P f86d75875047495d8a59b749c995d110 [term 0 FOLLOWER]: Consensus starting up: Expiring failure detector timer to make a prompt election more likely
I20260630 12:18:42.228832  8324 raft_consensus.cc:740] T 1886c2da00f84772895d177ea7097b61 P f86d75875047495d8a59b749c995d110 [term 0 FOLLOWER]: Becoming Follower/Learner. State: Replica: f86d75875047495d8a59b749c995d110, State: Initialized, Role: FOLLOWER
I20260630 12:18:42.229592  8324 consensus_queue.cc:260] T 1886c2da00f84772895d177ea7097b61 P f86d75875047495d8a59b749c995d110 [NON_LEADER]: Queue going to NON_LEADER mode. State: All replicated index: 0, Majority replicated index: 0, Committed index: 0, Last appended: 0.0, Last appended by leader: 0, Current term: 0, Majority size: -1, State: 0, Mode: NON_LEADER, active raft config: opid_index: -1 OBSOLETE_local: false peers { permanent_uuid: "9001b926602d4137a19d66a2121b0e19" member_type: VOTER last_known_addr { host: "127.4.218.132" port: 45071 } } peers { permanent_uuid: "f86d75875047495d8a59b749c995d110" member_type: VOTER last_known_addr { host: "127.4.218.131" port: 36487 } } peers { permanent_uuid: "f71a42e595a44233a279753c139ae038" member_type: VOTER last_known_addr { host: "127.4.218.129" port: 41143 } }
I20260630 12:18:42.230840  8266 tablet_service.cc:1511] Processing CreateTablet for tablet 69e3ef89a5f44ad4a8aa0099d9ca89e8 (DEFAULT_TABLE table=range_aware_rebalance_new_range [id=b715e3836b094890916a6c9413f4945f]), partition=HASH (key) PARTITION 7, RANGE (key) PARTITION 10 <= VALUES < 20
I20260630 12:18:42.223790  8272 tablet_service.cc:1511] Processing CreateTablet for tablet 1886c2da00f84772895d177ea7097b61 (DEFAULT_TABLE table=range_aware_rebalance_new_range [id=b715e3836b094890916a6c9413f4945f]), partition=HASH (key) PARTITION 1, RANGE (key) PARTITION 10 <= VALUES < 20
I20260630 12:18:42.234026  8324 ts_tablet_manager.cc:1434] T 1886c2da00f84772895d177ea7097b61 P f86d75875047495d8a59b749c995d110: Time spent starting tablet: real 0.010s	user 0.006s	sys 0.000s
I20260630 12:18:42.235337  8324 tablet_bootstrap.cc:492] T 4f842d0bf56d4f1fb72a8896f745f0bc P f86d75875047495d8a59b749c995d110: Bootstrap starting.
I20260630 12:18:42.240518  8268 data_dirs.cc:400] Could only allocate 1 dirs of requested 3 for tablet 329f3c828a36473fac175e0023a40d47. 1 dirs total, 0 dirs full, 0 dirs failed
I20260630 12:18:42.242939  8272 data_dirs.cc:400] Could only allocate 1 dirs of requested 3 for tablet 1886c2da00f84772895d177ea7097b61. 1 dirs total, 0 dirs full, 0 dirs failed
I20260630 12:18:42.243996  8270 data_dirs.cc:400] Could only allocate 1 dirs of requested 3 for tablet 0ba625a4806f4558a0fd0fddafa34c60. 1 dirs total, 0 dirs full, 0 dirs failed
I20260630 12:18:42.244861  8271 data_dirs.cc:400] Could only allocate 1 dirs of requested 3 for tablet 4f842d0bf56d4f1fb72a8896f745f0bc. 1 dirs total, 0 dirs full, 0 dirs failed
I20260630 12:18:42.246184  8267 data_dirs.cc:400] Could only allocate 1 dirs of requested 3 for tablet 71604ece447942ad82e025689432d9e7. 1 dirs total, 0 dirs full, 0 dirs failed
I20260630 12:18:42.248143  8266 data_dirs.cc:400] Could only allocate 1 dirs of requested 3 for tablet 69e3ef89a5f44ad4a8aa0099d9ca89e8. 1 dirs total, 0 dirs full, 0 dirs failed
I20260630 12:18:42.247771  8329 tablet_bootstrap.cc:492] T 1886c2da00f84772895d177ea7097b61 P f71a42e595a44233a279753c139ae038: No bootstrap required, opened a new log
I20260630 12:18:42.249379  8329 ts_tablet_manager.cc:1403] T 1886c2da00f84772895d177ea7097b61 P f71a42e595a44233a279753c139ae038: Time spent bootstrapping tablet: real 0.143s	user 0.009s	sys 0.012s
I20260630 12:18:42.251153  8325 tablet_bootstrap.cc:654] T 0ba625a4806f4558a0fd0fddafa34c60 P 993c0c08d40b4ef5a00b06f75a9581c7: Neither blocks nor log segments found. Creating new log.
I20260630 12:18:42.255936  8329 raft_consensus.cc:359] T 1886c2da00f84772895d177ea7097b61 P f71a42e595a44233a279753c139ae038 [term 0 FOLLOWER]: Replica starting. Triggering 0 pending ops. Active config: opid_index: -1 OBSOLETE_local: false peers { permanent_uuid: "9001b926602d4137a19d66a2121b0e19" member_type: VOTER last_known_addr { host: "127.4.218.132" port: 45071 } } peers { permanent_uuid: "f86d75875047495d8a59b749c995d110" member_type: VOTER last_known_addr { host: "127.4.218.131" port: 36487 } } peers { permanent_uuid: "f71a42e595a44233a279753c139ae038" member_type: VOTER last_known_addr { host: "127.4.218.129" port: 41143 } }
I20260630 12:18:42.258163  8329 raft_consensus.cc:385] T 1886c2da00f84772895d177ea7097b61 P f71a42e595a44233a279753c139ae038 [term 0 FOLLOWER]: Consensus starting up: Expiring failure detector timer to make a prompt election more likely
I20260630 12:18:42.258720  8329 raft_consensus.cc:740] T 1886c2da00f84772895d177ea7097b61 P f71a42e595a44233a279753c139ae038 [term 0 FOLLOWER]: Becoming Follower/Learner. State: Replica: f71a42e595a44233a279753c139ae038, State: Initialized, Role: FOLLOWER
I20260630 12:18:42.259618  8329 consensus_queue.cc:260] T 1886c2da00f84772895d177ea7097b61 P f71a42e595a44233a279753c139ae038 [NON_LEADER]: Queue going to NON_LEADER mode. State: All replicated index: 0, Majority replicated index: 0, Committed index: 0, Last appended: 0.0, Last appended by leader: 0, Current term: 0, Majority size: -1, State: 0, Mode: NON_LEADER, active raft config: opid_index: -1 OBSOLETE_local: false peers { permanent_uuid: "9001b926602d4137a19d66a2121b0e19" member_type: VOTER last_known_addr { host: "127.4.218.132" port: 45071 } } peers { permanent_uuid: "f86d75875047495d8a59b749c995d110" member_type: VOTER last_known_addr { host: "127.4.218.131" port: 36487 } } peers { permanent_uuid: "f71a42e595a44233a279753c139ae038" member_type: VOTER last_known_addr { host: "127.4.218.129" port: 41143 } }
I20260630 12:18:42.262054  8329 ts_tablet_manager.cc:1434] T 1886c2da00f84772895d177ea7097b61 P f71a42e595a44233a279753c139ae038: Time spent starting tablet: real 0.012s	user 0.004s	sys 0.003s
I20260630 12:18:42.264307  8329 tablet_bootstrap.cc:492] T d5334ab6790c4222b49a100703bc3074 P f71a42e595a44233a279753c139ae038: Bootstrap starting.
I20260630 12:18:42.274894  8329 tablet_bootstrap.cc:654] T d5334ab6790c4222b49a100703bc3074 P f71a42e595a44233a279753c139ae038: Neither blocks nor log segments found. Creating new log.
I20260630 12:18:42.282425  8324 tablet_bootstrap.cc:654] T 4f842d0bf56d4f1fb72a8896f745f0bc P f86d75875047495d8a59b749c995d110: Neither blocks nor log segments found. Creating new log.
I20260630 12:18:42.304872  8325 tablet_bootstrap.cc:492] T 0ba625a4806f4558a0fd0fddafa34c60 P 993c0c08d40b4ef5a00b06f75a9581c7: No bootstrap required, opened a new log
I20260630 12:18:42.305408  8325 ts_tablet_manager.cc:1403] T 0ba625a4806f4558a0fd0fddafa34c60 P 993c0c08d40b4ef5a00b06f75a9581c7: Time spent bootstrapping tablet: real 0.104s	user 0.013s	sys 0.003s
I20260630 12:18:42.307066  8339 tablet_bootstrap.cc:492] T 1886c2da00f84772895d177ea7097b61 P 9001b926602d4137a19d66a2121b0e19: Bootstrap starting.
I20260630 12:18:42.308375  8324 tablet_bootstrap.cc:492] T 4f842d0bf56d4f1fb72a8896f745f0bc P f86d75875047495d8a59b749c995d110: No bootstrap required, opened a new log
I20260630 12:18:42.308918  8324 ts_tablet_manager.cc:1403] T 4f842d0bf56d4f1fb72a8896f745f0bc P f86d75875047495d8a59b749c995d110: Time spent bootstrapping tablet: real 0.074s	user 0.012s	sys 0.002s
I20260630 12:18:42.309635  8329 tablet_bootstrap.cc:492] T d5334ab6790c4222b49a100703bc3074 P f71a42e595a44233a279753c139ae038: No bootstrap required, opened a new log
I20260630 12:18:42.309425  8325 raft_consensus.cc:359] T 0ba625a4806f4558a0fd0fddafa34c60 P 993c0c08d40b4ef5a00b06f75a9581c7 [term 0 FOLLOWER]: Replica starting. Triggering 0 pending ops. Active config: opid_index: -1 OBSOLETE_local: false peers { permanent_uuid: "9001b926602d4137a19d66a2121b0e19" member_type: VOTER last_known_addr { host: "127.4.218.132" port: 45071 } } peers { permanent_uuid: "f71a42e595a44233a279753c139ae038" member_type: VOTER last_known_addr { host: "127.4.218.129" port: 41143 } } peers { permanent_uuid: "993c0c08d40b4ef5a00b06f75a9581c7" member_type: VOTER last_known_addr { host: "127.4.218.130" port: 39319 } }
I20260630 12:18:42.310247  8325 raft_consensus.cc:385] T 0ba625a4806f4558a0fd0fddafa34c60 P 993c0c08d40b4ef5a00b06f75a9581c7 [term 0 FOLLOWER]: Consensus starting up: Expiring failure detector timer to make a prompt election more likely
I20260630 12:18:42.310699  8325 raft_consensus.cc:740] T 0ba625a4806f4558a0fd0fddafa34c60 P 993c0c08d40b4ef5a00b06f75a9581c7 [term 0 FOLLOWER]: Becoming Follower/Learner. State: Replica: 993c0c08d40b4ef5a00b06f75a9581c7, State: Initialized, Role: FOLLOWER
I20260630 12:18:42.311407  8325 consensus_queue.cc:260] T 0ba625a4806f4558a0fd0fddafa34c60 P 993c0c08d40b4ef5a00b06f75a9581c7 [NON_LEADER]: Queue going to NON_LEADER mode. State: All replicated index: 0, Majority replicated index: 0, Committed index: 0, Last appended: 0.0, Last appended by leader: 0, Current term: 0, Majority size: -1, State: 0, Mode: NON_LEADER, active raft config: opid_index: -1 OBSOLETE_local: false peers { permanent_uuid: "9001b926602d4137a19d66a2121b0e19" member_type: VOTER last_known_addr { host: "127.4.218.132" port: 45071 } } peers { permanent_uuid: "f71a42e595a44233a279753c139ae038" member_type: VOTER last_known_addr { host: "127.4.218.129" port: 41143 } } peers { permanent_uuid: "993c0c08d40b4ef5a00b06f75a9581c7" member_type: VOTER last_known_addr { host: "127.4.218.130" port: 39319 } }
I20260630 12:18:42.311663  8324 raft_consensus.cc:359] T 4f842d0bf56d4f1fb72a8896f745f0bc P f86d75875047495d8a59b749c995d110 [term 0 FOLLOWER]: Replica starting. Triggering 0 pending ops. Active config: opid_index: -1 OBSOLETE_local: false peers { permanent_uuid: "9001b926602d4137a19d66a2121b0e19" member_type: VOTER last_known_addr { host: "127.4.218.132" port: 45071 } } peers { permanent_uuid: "993c0c08d40b4ef5a00b06f75a9581c7" member_type: VOTER last_known_addr { host: "127.4.218.130" port: 39319 } } peers { permanent_uuid: "f86d75875047495d8a59b749c995d110" member_type: VOTER last_known_addr { host: "127.4.218.131" port: 36487 } }
I20260630 12:18:42.312251  8324 raft_consensus.cc:385] T 4f842d0bf56d4f1fb72a8896f745f0bc P f86d75875047495d8a59b749c995d110 [term 0 FOLLOWER]: Consensus starting up: Expiring failure detector timer to make a prompt election more likely
I20260630 12:18:42.312539  8324 raft_consensus.cc:740] T 4f842d0bf56d4f1fb72a8896f745f0bc P f86d75875047495d8a59b749c995d110 [term 0 FOLLOWER]: Becoming Follower/Learner. State: Replica: f86d75875047495d8a59b749c995d110, State: Initialized, Role: FOLLOWER
I20260630 12:18:42.313620  8325 ts_tablet_manager.cc:1434] T 0ba625a4806f4558a0fd0fddafa34c60 P 993c0c08d40b4ef5a00b06f75a9581c7: Time spent starting tablet: real 0.008s	user 0.004s	sys 0.004s
I20260630 12:18:42.313251  8324 consensus_queue.cc:260] T 4f842d0bf56d4f1fb72a8896f745f0bc P f86d75875047495d8a59b749c995d110 [NON_LEADER]: Queue going to NON_LEADER mode. State: All replicated index: 0, Majority replicated index: 0, Committed index: 0, Last appended: 0.0, Last appended by leader: 0, Current term: 0, Majority size: -1, State: 0, Mode: NON_LEADER, active raft config: opid_index: -1 OBSOLETE_local: false peers { permanent_uuid: "9001b926602d4137a19d66a2121b0e19" member_type: VOTER last_known_addr { host: "127.4.218.132" port: 45071 } } peers { permanent_uuid: "993c0c08d40b4ef5a00b06f75a9581c7" member_type: VOTER last_known_addr { host: "127.4.218.130" port: 39319 } } peers { permanent_uuid: "f86d75875047495d8a59b749c995d110" member_type: VOTER last_known_addr { host: "127.4.218.131" port: 36487 } }
I20260630 12:18:42.314427  8325 tablet_bootstrap.cc:492] T 71604ece447942ad82e025689432d9e7 P 993c0c08d40b4ef5a00b06f75a9581c7: Bootstrap starting.
I20260630 12:18:42.315452  8324 ts_tablet_manager.cc:1434] T 4f842d0bf56d4f1fb72a8896f745f0bc P f86d75875047495d8a59b749c995d110: Time spent starting tablet: real 0.006s	user 0.004s	sys 0.000s
I20260630 12:18:42.316344  8324 tablet_bootstrap.cc:492] T 329f3c828a36473fac175e0023a40d47 P f86d75875047495d8a59b749c995d110: Bootstrap starting.
I20260630 12:18:42.310276  8329 ts_tablet_manager.cc:1403] T d5334ab6790c4222b49a100703bc3074 P f71a42e595a44233a279753c139ae038: Time spent bootstrapping tablet: real 0.046s	user 0.005s	sys 0.009s
I20260630 12:18:42.322235  8325 tablet_bootstrap.cc:654] T 71604ece447942ad82e025689432d9e7 P 993c0c08d40b4ef5a00b06f75a9581c7: Neither blocks nor log segments found. Creating new log.
I20260630 12:18:42.322012  8329 raft_consensus.cc:359] T d5334ab6790c4222b49a100703bc3074 P f71a42e595a44233a279753c139ae038 [term 0 FOLLOWER]: Replica starting. Triggering 0 pending ops. Active config: opid_index: -1 OBSOLETE_local: false peers { permanent_uuid: "f71a42e595a44233a279753c139ae038" member_type: VOTER last_known_addr { host: "127.4.218.129" port: 41143 } } peers { permanent_uuid: "9001b926602d4137a19d66a2121b0e19" member_type: VOTER last_known_addr { host: "127.4.218.132" port: 45071 } } peers { permanent_uuid: "993c0c08d40b4ef5a00b06f75a9581c7" member_type: VOTER last_known_addr { host: "127.4.218.130" port: 39319 } }
I20260630 12:18:42.322690  8329 raft_consensus.cc:385] T d5334ab6790c4222b49a100703bc3074 P f71a42e595a44233a279753c139ae038 [term 0 FOLLOWER]: Consensus starting up: Expiring failure detector timer to make a prompt election more likely
I20260630 12:18:42.322845  8324 tablet_bootstrap.cc:654] T 329f3c828a36473fac175e0023a40d47 P f86d75875047495d8a59b749c995d110: Neither blocks nor log segments found. Creating new log.
I20260630 12:18:42.328240  8339 tablet_bootstrap.cc:654] T 1886c2da00f84772895d177ea7097b61 P 9001b926602d4137a19d66a2121b0e19: Neither blocks nor log segments found. Creating new log.
I20260630 12:18:42.331349  8329 raft_consensus.cc:740] T d5334ab6790c4222b49a100703bc3074 P f71a42e595a44233a279753c139ae038 [term 0 FOLLOWER]: Becoming Follower/Learner. State: Replica: f71a42e595a44233a279753c139ae038, State: Initialized, Role: FOLLOWER
I20260630 12:18:42.332267  8329 consensus_queue.cc:260] T d5334ab6790c4222b49a100703bc3074 P f71a42e595a44233a279753c139ae038 [NON_LEADER]: Queue going to NON_LEADER mode. State: All replicated index: 0, Majority replicated index: 0, Committed index: 0, Last appended: 0.0, Last appended by leader: 0, Current term: 0, Majority size: -1, State: 0, Mode: NON_LEADER, active raft config: opid_index: -1 OBSOLETE_local: false peers { permanent_uuid: "f71a42e595a44233a279753c139ae038" member_type: VOTER last_known_addr { host: "127.4.218.129" port: 41143 } } peers { permanent_uuid: "9001b926602d4137a19d66a2121b0e19" member_type: VOTER last_known_addr { host: "127.4.218.132" port: 45071 } } peers { permanent_uuid: "993c0c08d40b4ef5a00b06f75a9581c7" member_type: VOTER last_known_addr { host: "127.4.218.130" port: 39319 } }
I20260630 12:18:42.335021  8329 ts_tablet_manager.cc:1434] T d5334ab6790c4222b49a100703bc3074 P f71a42e595a44233a279753c139ae038: Time spent starting tablet: real 0.018s	user 0.006s	sys 0.000s
I20260630 12:18:42.336299  8329 tablet_bootstrap.cc:492] T 0ba625a4806f4558a0fd0fddafa34c60 P f71a42e595a44233a279753c139ae038: Bootstrap starting.
I20260630 12:18:42.341825  8329 tablet_bootstrap.cc:654] T 0ba625a4806f4558a0fd0fddafa34c60 P f71a42e595a44233a279753c139ae038: Neither blocks nor log segments found. Creating new log.
I20260630 12:18:42.356097  8219 raft_consensus.cc:493] T 1886c2da00f84772895d177ea7097b61 P f71a42e595a44233a279753c139ae038 [term 0 FOLLOWER]: Starting pre-election (no leader contacted us within the election timeout)
I20260630 12:18:42.356644  8219 raft_consensus.cc:515] T 1886c2da00f84772895d177ea7097b61 P f71a42e595a44233a279753c139ae038 [term 0 FOLLOWER]: Starting pre-election with config: opid_index: -1 OBSOLETE_local: false peers { permanent_uuid: "9001b926602d4137a19d66a2121b0e19" member_type: VOTER last_known_addr { host: "127.4.218.132" port: 45071 } } peers { permanent_uuid: "f86d75875047495d8a59b749c995d110" member_type: VOTER last_known_addr { host: "127.4.218.131" port: 36487 } } peers { permanent_uuid: "f71a42e595a44233a279753c139ae038" member_type: VOTER last_known_addr { host: "127.4.218.129" port: 41143 } }
I20260630 12:18:42.363124  8129 tablet_service.cc:1917] Received RequestConsensusVote() RPC: tablet_id: "1886c2da00f84772895d177ea7097b61" candidate_uuid: "f71a42e595a44233a279753c139ae038" candidate_term: 1 candidate_status { last_received { term: 0 index: 0 } } ignore_live_leader: false dest_uuid: "f86d75875047495d8a59b749c995d110" is_pre_election: true
I20260630 12:18:42.363858  8129 raft_consensus.cc:2468] T 1886c2da00f84772895d177ea7097b61 P f86d75875047495d8a59b749c995d110 [term 0 FOLLOWER]: Leader pre-election vote request: Granting yes vote for candidate f71a42e595a44233a279753c139ae038 in term 0.
I20260630 12:18:42.365381  7947 leader_election.cc:304] T 1886c2da00f84772895d177ea7097b61 P f71a42e595a44233a279753c139ae038 [CANDIDATE]: Term 1 pre-election: Election decided. Result: candidate won. Election summary: received 2 responses out of 3 voters: 2 yes votes; 0 no votes. yes voters: f71a42e595a44233a279753c139ae038, f86d75875047495d8a59b749c995d110; no voters: 
I20260630 12:18:42.366757  8222 raft_consensus.cc:2804] T 1886c2da00f84772895d177ea7097b61 P f71a42e595a44233a279753c139ae038 [term 0 FOLLOWER]: Leader pre-election won for term 1
I20260630 12:18:42.367156  8222 raft_consensus.cc:493] T 1886c2da00f84772895d177ea7097b61 P f71a42e595a44233a279753c139ae038 [term 0 FOLLOWER]: Starting leader election (no leader contacted us within the election timeout)
I20260630 12:18:42.367467  8222 raft_consensus.cc:3060] T 1886c2da00f84772895d177ea7097b61 P f71a42e595a44233a279753c139ae038 [term 0 FOLLOWER]: Advancing to term 1
I20260630 12:18:42.377274  8183 raft_consensus.cc:493] T 0ba625a4806f4558a0fd0fddafa34c60 P 993c0c08d40b4ef5a00b06f75a9581c7 [term 0 FOLLOWER]: Starting pre-election (no leader contacted us within the election timeout)
I20260630 12:18:42.377818  8183 raft_consensus.cc:515] T 0ba625a4806f4558a0fd0fddafa34c60 P 993c0c08d40b4ef5a00b06f75a9581c7 [term 0 FOLLOWER]: Starting pre-election with config: opid_index: -1 OBSOLETE_local: false peers { permanent_uuid: "9001b926602d4137a19d66a2121b0e19" member_type: VOTER last_known_addr { host: "127.4.218.132" port: 45071 } } peers { permanent_uuid: "f71a42e595a44233a279753c139ae038" member_type: VOTER last_known_addr { host: "127.4.218.129" port: 41143 } } peers { permanent_uuid: "993c0c08d40b4ef5a00b06f75a9581c7" member_type: VOTER last_known_addr { host: "127.4.218.130" port: 39319 } }
I20260630 12:18:42.383059  8183 leader_election.cc:290] T 0ba625a4806f4558a0fd0fddafa34c60 P 993c0c08d40b4ef5a00b06f75a9581c7 [CANDIDATE]: Term 1 pre-election: Requested pre-vote from peers 9001b926602d4137a19d66a2121b0e19 (127.4.218.132:45071), f71a42e595a44233a279753c139ae038 (127.4.218.129:41143)
I20260630 12:18:42.386190  7983 tablet_service.cc:1917] Received RequestConsensusVote() RPC: tablet_id: "0ba625a4806f4558a0fd0fddafa34c60" candidate_uuid: "993c0c08d40b4ef5a00b06f75a9581c7" candidate_term: 1 candidate_status { last_received { term: 0 index: 0 } } ignore_live_leader: false dest_uuid: "f71a42e595a44233a279753c139ae038" is_pre_election: true
W20260630 12:18:42.388039  8022 leader_election.cc:343] T 0ba625a4806f4558a0fd0fddafa34c60 P 993c0c08d40b4ef5a00b06f75a9581c7 [CANDIDATE]: Term 1 pre-election: Tablet error from VoteRequest() call to peer f71a42e595a44233a279753c139ae038 (127.4.218.129:41143): Illegal state: must be running to vote when last-logged opid is not known
I20260630 12:18:42.374419  8219 leader_election.cc:290] T 1886c2da00f84772895d177ea7097b61 P f71a42e595a44233a279753c139ae038 [CANDIDATE]: Term 1 pre-election: Requested pre-vote from peers 9001b926602d4137a19d66a2121b0e19 (127.4.218.132:45071), f86d75875047495d8a59b749c995d110 (127.4.218.131:36487)
I20260630 12:18:42.393839  8222 raft_consensus.cc:515] T 1886c2da00f84772895d177ea7097b61 P f71a42e595a44233a279753c139ae038 [term 1 FOLLOWER]: Starting leader election with config: opid_index: -1 OBSOLETE_local: false peers { permanent_uuid: "9001b926602d4137a19d66a2121b0e19" member_type: VOTER last_known_addr { host: "127.4.218.132" port: 45071 } } peers { permanent_uuid: "f86d75875047495d8a59b749c995d110" member_type: VOTER last_known_addr { host: "127.4.218.131" port: 36487 } } peers { permanent_uuid: "f71a42e595a44233a279753c139ae038" member_type: VOTER last_known_addr { host: "127.4.218.129" port: 41143 } }
I20260630 12:18:42.395140  8339 tablet_bootstrap.cc:492] T 1886c2da00f84772895d177ea7097b61 P 9001b926602d4137a19d66a2121b0e19: No bootstrap required, opened a new log
I20260630 12:18:42.395841  8339 ts_tablet_manager.cc:1403] T 1886c2da00f84772895d177ea7097b61 P 9001b926602d4137a19d66a2121b0e19: Time spent bootstrapping tablet: real 0.099s	user 0.000s	sys 0.013s
I20260630 12:18:42.398082  8129 tablet_service.cc:1917] Received RequestConsensusVote() RPC: tablet_id: "1886c2da00f84772895d177ea7097b61" candidate_uuid: "f71a42e595a44233a279753c139ae038" candidate_term: 1 candidate_status { last_received { term: 0 index: 0 } } ignore_live_leader: false dest_uuid: "f86d75875047495d8a59b749c995d110"
I20260630 12:18:42.398669  8129 raft_consensus.cc:3060] T 1886c2da00f84772895d177ea7097b61 P f86d75875047495d8a59b749c995d110 [term 0 FOLLOWER]: Advancing to term 1
I20260630 12:18:42.398799  8339 raft_consensus.cc:359] T 1886c2da00f84772895d177ea7097b61 P 9001b926602d4137a19d66a2121b0e19 [term 0 FOLLOWER]: Replica starting. Triggering 0 pending ops. Active config: opid_index: -1 OBSOLETE_local: false peers { permanent_uuid: "9001b926602d4137a19d66a2121b0e19" member_type: VOTER last_known_addr { host: "127.4.218.132" port: 45071 } } peers { permanent_uuid: "f86d75875047495d8a59b749c995d110" member_type: VOTER last_known_addr { host: "127.4.218.131" port: 36487 } } peers { permanent_uuid: "f71a42e595a44233a279753c139ae038" member_type: VOTER last_known_addr { host: "127.4.218.129" port: 41143 } }
I20260630 12:18:42.399523  8339 raft_consensus.cc:385] T 1886c2da00f84772895d177ea7097b61 P 9001b926602d4137a19d66a2121b0e19 [term 0 FOLLOWER]: Consensus starting up: Expiring failure detector timer to make a prompt election more likely
I20260630 12:18:42.399799  8339 raft_consensus.cc:740] T 1886c2da00f84772895d177ea7097b61 P 9001b926602d4137a19d66a2121b0e19 [term 0 FOLLOWER]: Becoming Follower/Learner. State: Replica: 9001b926602d4137a19d66a2121b0e19, State: Initialized, Role: FOLLOWER
I20260630 12:18:42.400703  8339 consensus_queue.cc:260] T 1886c2da00f84772895d177ea7097b61 P 9001b926602d4137a19d66a2121b0e19 [NON_LEADER]: Queue going to NON_LEADER mode. State: All replicated index: 0, Majority replicated index: 0, Committed index: 0, Last appended: 0.0, Last appended by leader: 0, Current term: 0, Majority size: -1, State: 0, Mode: NON_LEADER, active raft config: opid_index: -1 OBSOLETE_local: false peers { permanent_uuid: "9001b926602d4137a19d66a2121b0e19" member_type: VOTER last_known_addr { host: "127.4.218.132" port: 45071 } } peers { permanent_uuid: "f86d75875047495d8a59b749c995d110" member_type: VOTER last_known_addr { host: "127.4.218.131" port: 36487 } } peers { permanent_uuid: "f71a42e595a44233a279753c139ae038" member_type: VOTER last_known_addr { host: "127.4.218.129" port: 41143 } }
I20260630 12:18:42.403488  8222 leader_election.cc:290] T 1886c2da00f84772895d177ea7097b61 P f71a42e595a44233a279753c139ae038 [CANDIDATE]: Term 1 election: Requested vote from peers 9001b926602d4137a19d66a2121b0e19 (127.4.218.132:45071), f86d75875047495d8a59b749c995d110 (127.4.218.131:36487)
I20260630 12:18:42.412021  8325 tablet_bootstrap.cc:492] T 71604ece447942ad82e025689432d9e7 P 993c0c08d40b4ef5a00b06f75a9581c7: No bootstrap required, opened a new log
I20260630 12:18:42.412333  8324 tablet_bootstrap.cc:492] T 329f3c828a36473fac175e0023a40d47 P f86d75875047495d8a59b749c995d110: No bootstrap required, opened a new log
I20260630 12:18:42.412577  8325 ts_tablet_manager.cc:1403] T 71604ece447942ad82e025689432d9e7 P 993c0c08d40b4ef5a00b06f75a9581c7: Time spent bootstrapping tablet: real 0.098s	user 0.012s	sys 0.010s
I20260630 12:18:42.412807  8324 ts_tablet_manager.cc:1403] T 329f3c828a36473fac175e0023a40d47 P f86d75875047495d8a59b749c995d110: Time spent bootstrapping tablet: real 0.097s	user 0.048s	sys 0.023s
I20260630 12:18:42.408087  8129 raft_consensus.cc:2468] T 1886c2da00f84772895d177ea7097b61 P f86d75875047495d8a59b749c995d110 [term 1 FOLLOWER]: Leader election vote request: Granting yes vote for candidate f71a42e595a44233a279753c139ae038 in term 1.
I20260630 12:18:42.416366  7947 leader_election.cc:304] T 1886c2da00f84772895d177ea7097b61 P f71a42e595a44233a279753c139ae038 [CANDIDATE]: Term 1 election: Election decided. Result: candidate won. Election summary: received 2 responses out of 3 voters: 2 yes votes; 0 no votes. yes voters: f71a42e595a44233a279753c139ae038, f86d75875047495d8a59b749c995d110; no voters: 
I20260630 12:18:42.417424  8222 raft_consensus.cc:2804] T 1886c2da00f84772895d177ea7097b61 P f71a42e595a44233a279753c139ae038 [term 1 FOLLOWER]: Leader election won for term 1
I20260630 12:18:42.418334  8329 tablet_bootstrap.cc:492] T 0ba625a4806f4558a0fd0fddafa34c60 P f71a42e595a44233a279753c139ae038: No bootstrap required, opened a new log
I20260630 12:18:42.418834  8329 ts_tablet_manager.cc:1403] T 0ba625a4806f4558a0fd0fddafa34c60 P f71a42e595a44233a279753c139ae038: Time spent bootstrapping tablet: real 0.083s	user 0.018s	sys 0.032s
I20260630 12:18:42.420176  8339 ts_tablet_manager.cc:1434] T 1886c2da00f84772895d177ea7097b61 P 9001b926602d4137a19d66a2121b0e19: Time spent starting tablet: real 0.024s	user 0.018s	sys 0.005s
I20260630 12:18:42.418845  8222 raft_consensus.cc:697] T 1886c2da00f84772895d177ea7097b61 P f71a42e595a44233a279753c139ae038 [term 1 LEADER]: Becoming Leader. State: Replica: f71a42e595a44233a279753c139ae038, State: Running, Role: LEADER
I20260630 12:18:42.421238  8339 tablet_bootstrap.cc:492] T 0ba625a4806f4558a0fd0fddafa34c60 P 9001b926602d4137a19d66a2121b0e19: Bootstrap starting.
I20260630 12:18:42.416455  8325 raft_consensus.cc:359] T 71604ece447942ad82e025689432d9e7 P 993c0c08d40b4ef5a00b06f75a9581c7 [term 0 FOLLOWER]: Replica starting. Triggering 0 pending ops. Active config: opid_index: -1 OBSOLETE_local: false peers { permanent_uuid: "9001b926602d4137a19d66a2121b0e19" member_type: VOTER last_known_addr { host: "127.4.218.132" port: 45071 } } peers { permanent_uuid: "f71a42e595a44233a279753c139ae038" member_type: VOTER last_known_addr { host: "127.4.218.129" port: 41143 } } peers { permanent_uuid: "993c0c08d40b4ef5a00b06f75a9581c7" member_type: VOTER last_known_addr { host: "127.4.218.130" port: 39319 } }
I20260630 12:18:42.421550  8309 heartbeater.cc:499] Master 127.4.218.190:39009 was elected leader, sending a full tablet report...
I20260630 12:18:42.421761  8325 raft_consensus.cc:385] T 71604ece447942ad82e025689432d9e7 P 993c0c08d40b4ef5a00b06f75a9581c7 [term 0 FOLLOWER]: Consensus starting up: Expiring failure detector timer to make a prompt election more likely
I20260630 12:18:42.422096  8325 raft_consensus.cc:740] T 71604ece447942ad82e025689432d9e7 P 993c0c08d40b4ef5a00b06f75a9581c7 [term 0 FOLLOWER]: Becoming Follower/Learner. State: Replica: 993c0c08d40b4ef5a00b06f75a9581c7, State: Initialized, Role: FOLLOWER
I20260630 12:18:42.421885  8222 consensus_queue.cc:237] T 1886c2da00f84772895d177ea7097b61 P f71a42e595a44233a279753c139ae038 [LEADER]: Queue going to LEADER mode. State: All replicated index: 0, Majority replicated index: 0, Committed index: 0, Last appended: 0.0, Last appended by leader: 0, Current term: 1, Majority size: 2, State: 0, Mode: LEADER, active raft config: opid_index: -1 OBSOLETE_local: false peers { permanent_uuid: "9001b926602d4137a19d66a2121b0e19" member_type: VOTER last_known_addr { host: "127.4.218.132" port: 45071 } } peers { permanent_uuid: "f86d75875047495d8a59b749c995d110" member_type: VOTER last_known_addr { host: "127.4.218.131" port: 36487 } } peers { permanent_uuid: "f71a42e595a44233a279753c139ae038" member_type: VOTER last_known_addr { host: "127.4.218.129" port: 41143 } }
I20260630 12:18:42.422858  8325 consensus_queue.cc:260] T 71604ece447942ad82e025689432d9e7 P 993c0c08d40b4ef5a00b06f75a9581c7 [NON_LEADER]: Queue going to NON_LEADER mode. State: All replicated index: 0, Majority replicated index: 0, Committed index: 0, Last appended: 0.0, Last appended by leader: 0, Current term: 0, Majority size: -1, State: 0, Mode: NON_LEADER, active raft config: opid_index: -1 OBSOLETE_local: false peers { permanent_uuid: "9001b926602d4137a19d66a2121b0e19" member_type: VOTER last_known_addr { host: "127.4.218.132" port: 45071 } } peers { permanent_uuid: "f71a42e595a44233a279753c139ae038" member_type: VOTER last_known_addr { host: "127.4.218.129" port: 41143 } } peers { permanent_uuid: "993c0c08d40b4ef5a00b06f75a9581c7" member_type: VOTER last_known_addr { host: "127.4.218.130" port: 39319 } }
