I20260630 12:17:17.711694  3855 catalog_manager.cc:1531] Initializing Kudu internal certificate authority...
I20260630 12:17:17.716343  3817 sys_catalog.cc:455] T 00000000000000000000000000000000 P f34709874e35457e88b6f15c5e01b2ab [sys.catalog]: SysCatalogTable state changed. Reason: Replicated consensus-only round. Latest consensus state: current_term: 1 leader_uuid: "c9ccae62e81540fd96115328a69c89cf" committed_config { opid_index: -1 OBSOLETE_local: false peers { permanent_uuid: "f34709874e35457e88b6f15c5e01b2ab" member_type: VOTER last_known_addr { host: "127.3.134.254" port: 36815 } } peers { permanent_uuid: "c9ccae62e81540fd96115328a69c89cf" member_type: VOTER last_known_addr { host: "127.3.134.253" port: 33673 } } peers { permanent_uuid: "e4c026ac83bf42c19c9b66e4db62f239" member_type: VOTER last_known_addr { host: "127.3.134.252" port: 39137 } } }
I20260630 12:17:17.717141  3817 sys_catalog.cc:458] T 00000000000000000000000000000000 P f34709874e35457e88b6f15c5e01b2ab [sys.catalog]: This master's current role is: FOLLOWER
I20260630 12:17:17.719506  3818 sys_catalog.cc:455] T 00000000000000000000000000000000 P e4c026ac83bf42c19c9b66e4db62f239 [sys.catalog]: SysCatalogTable state changed. Reason: Replicated consensus-only round. Latest consensus state: current_term: 1 leader_uuid: "c9ccae62e81540fd96115328a69c89cf" committed_config { opid_index: -1 OBSOLETE_local: false peers { permanent_uuid: "f34709874e35457e88b6f15c5e01b2ab" member_type: VOTER last_known_addr { host: "127.3.134.254" port: 36815 } } peers { permanent_uuid: "c9ccae62e81540fd96115328a69c89cf" member_type: VOTER last_known_addr { host: "127.3.134.253" port: 33673 } } peers { permanent_uuid: "e4c026ac83bf42c19c9b66e4db62f239" member_type: VOTER last_known_addr { host: "127.3.134.252" port: 39137 } } }
I20260630 12:17:17.720155  3818 sys_catalog.cc:458] T 00000000000000000000000000000000 P e4c026ac83bf42c19c9b66e4db62f239 [sys.catalog]: This master's current role is: FOLLOWER
I20260630 12:17:17.742707  3611 rpc_server.cc:225] running with OpenSSL 1.1.1  11 Sep 2018
I20260630 12:17:17.744657  3611 kserver.cc:163] Server-wide thread pool size limit: 3276
I20260630 12:17:17.748674  3855 catalog_manager.cc:1406] Generated new certificate authority record
I20260630 12:17:17.750970  3855 catalog_manager.cc:1540] Loading token signing keys...
I20260630 12:17:17.753252  3611 txn_system_client.cc:432] TxnSystemClient initialization is disabled...
I20260630 12:17:17.758816  3611 ts_tablet_manager.cc:585] Loaded tablet metadata (0 total tablets, 0 live tablets)
I20260630 12:17:17.759133  3611 ts_tablet_manager.cc:531] Time spent load tablet metadata: real 0.000s	user 0.000s	sys 0.000s
I20260630 12:17:17.759440  3611 ts_tablet_manager.cc:616] Registered 0 tablets
I20260630 12:17:17.759681  3611 ts_tablet_manager.cc:595] Time spent register tablets: real 0.000s	user 0.001s	sys 0.000s
I20260630 12:17:17.786230  3855 catalog_manager.cc:6070] T 00000000000000000000000000000000 P c9ccae62e81540fd96115328a69c89cf: Generated new TSK 0
I20260630 12:17:17.787464  3855 catalog_manager.cc:1550] Initializing in-progress tserver states...
I20260630 12:17:17.873710  3611 rpc_server.cc:307] RPC server started. Bound to: 127.3.134.193:35639
I20260630 12:17:17.873865  3935 acceptor_pool.cc:272] collecting diagnostics on the listening RPC socket 127.3.134.193:35639 every 8 connection(s)
I20260630 12:17:17.900805  3937 heartbeater.cc:344] Connected to a master server at 127.3.134.253:33673
I20260630 12:17:17.901340  3937 heartbeater.cc:461] Registering TS with master...
I20260630 12:17:17.902710  3937 heartbeater.cc:507] Master 127.3.134.253:33673 requested a full tablet report, sending...
I20260630 12:17:17.904245  3936 heartbeater.cc:344] Connected to a master server at 127.3.134.252:39137
I20260630 12:17:17.904808  3936 heartbeater.cc:461] Registering TS with master...
I20260630 12:17:17.906370  3936 heartbeater.cc:507] Master 127.3.134.252:39137 requested a full tablet report, sending...
I20260630 12:17:17.906692  3708 ts_manager.cc:194] Registered new tserver with Master: 6fa87640198646a38c4e419e9b2d8761 (127.3.134.193:35639)
I20260630 12:17:17.910125  3708 master_service.cc:502] Signed X509 certificate for tserver {username='slave'} at 127.0.0.1:60372
I20260630 12:17:17.911176  3773 ts_manager.cc:194] Registered new tserver with Master: 6fa87640198646a38c4e419e9b2d8761 (127.3.134.193:35639)
I20260630 12:17:17.917620  3611 file_cache.cc:492] Constructed file cache file cache with capacity 419430
I20260630 12:17:17.927076  3940 heartbeater.cc:344] Connected to a master server at 127.3.134.254:36815
I20260630 12:17:17.927556  3940 heartbeater.cc:461] Registering TS with master...
I20260630 12:17:17.928625  3940 heartbeater.cc:507] Master 127.3.134.254:36815 requested a full tablet report, sending...
W20260630 12:17:17.930189  3942 instance_detector.cc:116] could not retrieve AWS instance metadata: Network error: curl error: HTTP response code said error: The requested URL returned error: 404
I20260630 12:17:17.933939  3643 ts_manager.cc:194] Registered new tserver with Master: 6fa87640198646a38c4e419e9b2d8761 (127.3.134.193:35639)
W20260630 12:17:17.935405  3943 instance_detector.cc:116] could not retrieve Azure instance metadata: Network error: curl error: HTTP response code said error: The requested URL returned error: 404
W20260630 12:17:17.938771  3945 instance_detector.cc:116] could not retrieve OpenStack instance metadata: Network error: curl error: HTTP response code said error: The requested URL returned error: 404
I20260630 12:17:17.938814  3611 server_base.cc:1061] running on GCE node
I20260630 12:17:17.940140  3611 hybrid_clock.cc:584] initializing the hybrid clock with 'system_unsync' time source
W20260630 12:17:17.940398  3611 system_unsync_time.cc:38] NTP support is disabled. Clock error bounds will not be accurate. This configuration is not suitable for distributed clusters.
I20260630 12:17:17.940622  3611 hybrid_clock.cc:648] HybridClock initialized: now 1782821837940602 us; error 0 us; skew 500 ppm
I20260630 12:17:17.941313  3611 server_base.cc:861] Flag tcmalloc_max_total_thread_cache_bytes is not working since tcmalloc is not enabled.
I20260630 12:17:17.944558  3611 webserver.cc:533] Webserver started at http://127.3.134.194:36743/ using document root <none> and password file <none>
I20260630 12:17:17.945111  3611 fs_manager.cc:362] Metadata directory not provided
I20260630 12:17:17.945348  3611 fs_manager.cc:368] Using write-ahead log directory (fs_wal_dir) as metadata directory
I20260630 12:17:17.945641  3611 server_base.cc:909] This appears to be a new deployment of Kudu; creating new FS layout
I20260630 12:17:17.946789  3611 fs_manager.cc:1068] Generated new instance metadata in path /tmp/dist-test-taskdiK44k/test-tmp/auto_rebalancer-test.0.AutoRebalancerTest.OnlyLeaderDoesAutoRebalancing.1782821835430576-3611-0/minicluster-data/ts-1-root/instance:
uuid: "7a470023e4684d718beb234f36e60efb"
format_stamp: "Formatted at 2026-06-30 12:17:17 on dist-test-slave-6hhb"
I20260630 12:17:17.951903  3611 fs_manager.cc:696] Time spent creating directory manager: real 0.004s	user 0.006s	sys 0.000s
I20260630 12:17:17.955907  3950 log_block_manager.cc:4031] Time spent loading block containers with low live blocks: real 0.000s	user 0.000s	sys 0.000s
I20260630 12:17:17.956941  3611 fs_manager.cc:730] Time spent opening block manager: real 0.003s	user 0.000s	sys 0.004s
I20260630 12:17:17.957285  3611 fs_manager.cc:647] Opened local filesystem: /tmp/dist-test-taskdiK44k/test-tmp/auto_rebalancer-test.0.AutoRebalancerTest.OnlyLeaderDoesAutoRebalancing.1782821835430576-3611-0/minicluster-data/ts-1-root
uuid: "7a470023e4684d718beb234f36e60efb"
format_stamp: "Formatted at 2026-06-30 12:17:17 on dist-test-slave-6hhb"
I20260630 12:17:17.957583  3611 fs_report.cc:389] FS layout report
--------------------
wal directory: /tmp/dist-test-taskdiK44k/test-tmp/auto_rebalancer-test.0.AutoRebalancerTest.OnlyLeaderDoesAutoRebalancing.1782821835430576-3611-0/minicluster-data/ts-1-root
metadata directory: /tmp/dist-test-taskdiK44k/test-tmp/auto_rebalancer-test.0.AutoRebalancerTest.OnlyLeaderDoesAutoRebalancing.1782821835430576-3611-0/minicluster-data/ts-1-root
1 data directories: /tmp/dist-test-taskdiK44k/test-tmp/auto_rebalancer-test.0.AutoRebalancerTest.OnlyLeaderDoesAutoRebalancing.1782821835430576-3611-0/minicluster-data/ts-1-root/data
Total live blocks: 0
Total live bytes: 0
Total live bytes (after alignment): 0
Total number of LBM containers: 0 (0 full)
Did not check for missing blocks
Did not check for orphaned blocks
Total full LBM containers with extra space: 0 (0 repaired)
Total full LBM container extra space in bytes: 0 (0 repaired)
Total incomplete LBM containers: 0 (0 repaired)
Total LBM partial records: 0 (0 repaired)
Total corrupted LBM metadata records in RocksDB: 0 (0 repaired)
I20260630 12:17:17.974277  3611 rpc_server.cc:225] running with OpenSSL 1.1.1  11 Sep 2018
I20260630 12:17:17.975989  3611 kserver.cc:163] Server-wide thread pool size limit: 3276
I20260630 12:17:17.977496  3611 txn_system_client.cc:432] TxnSystemClient initialization is disabled...
I20260630 12:17:17.980088  3611 ts_tablet_manager.cc:585] Loaded tablet metadata (0 total tablets, 0 live tablets)
I20260630 12:17:17.980278  3611 ts_tablet_manager.cc:531] Time spent load tablet metadata: real 0.000s	user 0.000s	sys 0.000s
I20260630 12:17:17.980465  3611 ts_tablet_manager.cc:616] Registered 0 tablets
I20260630 12:17:17.980603  3611 ts_tablet_manager.cc:595] Time spent register tablets: real 0.000s	user 0.000s	sys 0.000s
I20260630 12:17:18.085237  3611 rpc_server.cc:307] RPC server started. Bound to: 127.3.134.194:44469
I20260630 12:17:18.085327  4012 acceptor_pool.cc:272] collecting diagnostics on the listening RPC socket 127.3.134.194:44469 every 8 connection(s)
I20260630 12:17:18.116686  4013 heartbeater.cc:344] Connected to a master server at 127.3.134.252:39137
I20260630 12:17:18.117137  4013 heartbeater.cc:461] Registering TS with master...
I20260630 12:17:18.118045  4013 heartbeater.cc:507] Master 127.3.134.252:39137 requested a full tablet report, sending...
I20260630 12:17:18.121058  3773 ts_manager.cc:194] Registered new tserver with Master: 7a470023e4684d718beb234f36e60efb (127.3.134.194:44469)
I20260630 12:17:18.131852  3611 file_cache.cc:492] Constructed file cache file cache with capacity 419430
I20260630 12:17:18.133076  4015 heartbeater.cc:344] Connected to a master server at 127.3.134.254:36815
I20260630 12:17:18.133498  4015 heartbeater.cc:461] Registering TS with master...
I20260630 12:17:18.134423  4015 heartbeater.cc:507] Master 127.3.134.254:36815 requested a full tablet report, sending...
I20260630 12:17:18.137224  3643 ts_manager.cc:194] Registered new tserver with Master: 7a470023e4684d718beb234f36e60efb (127.3.134.194:44469)
I20260630 12:17:18.139420  4014 heartbeater.cc:344] Connected to a master server at 127.3.134.253:33673
I20260630 12:17:18.139945  4014 heartbeater.cc:461] Registering TS with master...
W20260630 12:17:18.140965  4020 instance_detector.cc:116] could not retrieve AWS instance metadata: Network error: curl error: HTTP response code said error: The requested URL returned error: 404
I20260630 12:17:18.141222  4014 heartbeater.cc:507] Master 127.3.134.253:33673 requested a full tablet report, sending...
I20260630 12:17:18.144932  3708 ts_manager.cc:194] Registered new tserver with Master: 7a470023e4684d718beb234f36e60efb (127.3.134.194:44469)
W20260630 12:17:18.145203  4021 instance_detector.cc:116] could not retrieve Azure instance metadata: Network error: curl error: HTTP response code said error: The requested URL returned error: 404
I20260630 12:17:18.147047  3708 master_service.cc:502] Signed X509 certificate for tserver {username='slave'} at 127.0.0.1:60382
W20260630 12:17:18.153765  4023 instance_detector.cc:116] could not retrieve OpenStack instance metadata: Network error: curl error: HTTP response code said error: The requested URL returned error: 404
I20260630 12:17:18.154374  3611 server_base.cc:1061] running on GCE node
I20260630 12:17:18.155555  3611 hybrid_clock.cc:584] initializing the hybrid clock with 'system_unsync' time source
W20260630 12:17:18.155880  3611 system_unsync_time.cc:38] NTP support is disabled. Clock error bounds will not be accurate. This configuration is not suitable for distributed clusters.
I20260630 12:17:18.156131  3611 hybrid_clock.cc:648] HybridClock initialized: now 1782821838156111 us; error 0 us; skew 500 ppm
I20260630 12:17:18.156901  3611 server_base.cc:861] Flag tcmalloc_max_total_thread_cache_bytes is not working since tcmalloc is not enabled.
I20260630 12:17:18.160187  3611 webserver.cc:533] Webserver started at http://127.3.134.195:37655/ using document root <none> and password file <none>
I20260630 12:17:18.160835  3611 fs_manager.cc:362] Metadata directory not provided
I20260630 12:17:18.161087  3611 fs_manager.cc:368] Using write-ahead log directory (fs_wal_dir) as metadata directory
I20260630 12:17:18.161406  3611 server_base.cc:909] This appears to be a new deployment of Kudu; creating new FS layout
I20260630 12:17:18.162784  3611 fs_manager.cc:1068] Generated new instance metadata in path /tmp/dist-test-taskdiK44k/test-tmp/auto_rebalancer-test.0.AutoRebalancerTest.OnlyLeaderDoesAutoRebalancing.1782821835430576-3611-0/minicluster-data/ts-2-root/instance:
uuid: "4646e84a03004b54a19ce11f3c3d7bdd"
format_stamp: "Formatted at 2026-06-30 12:17:18 on dist-test-slave-6hhb"
I20260630 12:17:18.168743  3611 fs_manager.cc:696] Time spent creating directory manager: real 0.005s	user 0.000s	sys 0.008s
I20260630 12:17:18.173166  4028 log_block_manager.cc:4031] Time spent loading block containers with low live blocks: real 0.000s	user 0.000s	sys 0.000s
I20260630 12:17:18.174207  3611 fs_manager.cc:730] Time spent opening block manager: real 0.003s	user 0.001s	sys 0.003s
I20260630 12:17:18.174593  3611 fs_manager.cc:647] Opened local filesystem: /tmp/dist-test-taskdiK44k/test-tmp/auto_rebalancer-test.0.AutoRebalancerTest.OnlyLeaderDoesAutoRebalancing.1782821835430576-3611-0/minicluster-data/ts-2-root
uuid: "4646e84a03004b54a19ce11f3c3d7bdd"
format_stamp: "Formatted at 2026-06-30 12:17:18 on dist-test-slave-6hhb"
I20260630 12:17:18.174943  3611 fs_report.cc:389] FS layout report
--------------------
wal directory: /tmp/dist-test-taskdiK44k/test-tmp/auto_rebalancer-test.0.AutoRebalancerTest.OnlyLeaderDoesAutoRebalancing.1782821835430576-3611-0/minicluster-data/ts-2-root
metadata directory: /tmp/dist-test-taskdiK44k/test-tmp/auto_rebalancer-test.0.AutoRebalancerTest.OnlyLeaderDoesAutoRebalancing.1782821835430576-3611-0/minicluster-data/ts-2-root
1 data directories: /tmp/dist-test-taskdiK44k/test-tmp/auto_rebalancer-test.0.AutoRebalancerTest.OnlyLeaderDoesAutoRebalancing.1782821835430576-3611-0/minicluster-data/ts-2-root/data
Total live blocks: 0
Total live bytes: 0
Total live bytes (after alignment): 0
Total number of LBM containers: 0 (0 full)
Did not check for missing blocks
Did not check for orphaned blocks
Total full LBM containers with extra space: 0 (0 repaired)
Total full LBM container extra space in bytes: 0 (0 repaired)
Total incomplete LBM containers: 0 (0 repaired)
Total LBM partial records: 0 (0 repaired)
Total corrupted LBM metadata records in RocksDB: 0 (0 repaired)
I20260630 12:17:18.198879  3611 rpc_server.cc:225] running with OpenSSL 1.1.1  11 Sep 2018
I20260630 12:17:18.200600  3611 kserver.cc:163] Server-wide thread pool size limit: 3276
I20260630 12:17:18.202279  3611 txn_system_client.cc:432] TxnSystemClient initialization is disabled...
I20260630 12:17:18.206122  3611 ts_tablet_manager.cc:585] Loaded tablet metadata (0 total tablets, 0 live tablets)
I20260630 12:17:18.206398  3611 ts_tablet_manager.cc:531] Time spent load tablet metadata: real 0.000s	user 0.000s	sys 0.000s
I20260630 12:17:18.206701  3611 ts_tablet_manager.cc:616] Registered 0 tablets
I20260630 12:17:18.206916  3611 ts_tablet_manager.cc:595] Time spent register tablets: real 0.000s	user 0.000s	sys 0.000s
I20260630 12:17:18.295012  3611 rpc_server.cc:307] RPC server started. Bound to: 127.3.134.195:36989
I20260630 12:17:18.295131  4090 acceptor_pool.cc:272] collecting diagnostics on the listening RPC socket 127.3.134.195:36989 every 8 connection(s)
I20260630 12:17:18.321280  4091 heartbeater.cc:344] Connected to a master server at 127.3.134.252:39137
I20260630 12:17:18.321839  4091 heartbeater.cc:461] Registering TS with master...
I20260630 12:17:18.322826  4091 heartbeater.cc:507] Master 127.3.134.252:39137 requested a full tablet report, sending...
I20260630 12:17:18.329082  3773 ts_manager.cc:194] Registered new tserver with Master: 4646e84a03004b54a19ce11f3c3d7bdd (127.3.134.195:36989)
I20260630 12:17:18.336692  4092 heartbeater.cc:344] Connected to a master server at 127.3.134.253:33673
I20260630 12:17:18.337147  4092 heartbeater.cc:461] Registering TS with master...
I20260630 12:17:18.338382  4092 heartbeater.cc:507] Master 127.3.134.253:33673 requested a full tablet report, sending...
I20260630 12:17:18.341073  3708 ts_manager.cc:194] Registered new tserver with Master: 4646e84a03004b54a19ce11f3c3d7bdd (127.3.134.195:36989)
I20260630 12:17:18.342823  3708 master_service.cc:502] Signed X509 certificate for tserver {username='slave'} at 127.0.0.1:60398
I20260630 12:17:18.344376  4094 heartbeater.cc:344] Connected to a master server at 127.3.134.254:36815
I20260630 12:17:18.344782  4094 heartbeater.cc:461] Registering TS with master...
I20260630 12:17:18.345927  4094 heartbeater.cc:507] Master 127.3.134.254:36815 requested a full tablet report, sending...
I20260630 12:17:18.348655  3643 ts_manager.cc:194] Registered new tserver with Master: 4646e84a03004b54a19ce11f3c3d7bdd (127.3.134.195:36989)
I20260630 12:17:18.349591  3611 internal_mini_cluster.cc:371] 3 TS(s) registered with all masters after 0.021243809s
I20260630 12:17:18.618435  3844 catalog_manager.cc:1295] Loaded cluster ID: f2666aa83ec4498493995ac94adaf8ff
I20260630 12:17:18.618760  3844 catalog_manager.cc:1588] T 00000000000000000000000000000000 P f34709874e35457e88b6f15c5e01b2ab: loading cluster ID for follower catalog manager: success
I20260630 12:17:18.623585  3844 catalog_manager.cc:1610] T 00000000000000000000000000000000 P f34709874e35457e88b6f15c5e01b2ab: acquiring CA information for follower catalog manager: success
I20260630 12:17:18.627749  3844 catalog_manager.cc:1638] T 00000000000000000000000000000000 P f34709874e35457e88b6f15c5e01b2ab: importing token verification keys for follower catalog manager: success; most recent TSK sequence number 0
I20260630 12:17:18.640681  3852 catalog_manager.cc:1295] Loaded cluster ID: f2666aa83ec4498493995ac94adaf8ff
I20260630 12:17:18.641028  3852 catalog_manager.cc:1588] T 00000000000000000000000000000000 P e4c026ac83bf42c19c9b66e4db62f239: loading cluster ID for follower catalog manager: success
I20260630 12:17:18.648131  3852 catalog_manager.cc:1610] T 00000000000000000000000000000000 P e4c026ac83bf42c19c9b66e4db62f239: acquiring CA information for follower catalog manager: success
I20260630 12:17:18.653587  3852 catalog_manager.cc:1638] T 00000000000000000000000000000000 P e4c026ac83bf42c19c9b66e4db62f239: importing token verification keys for follower catalog manager: success; most recent TSK sequence number 0
I20260630 12:17:18.914853  3937 heartbeater.cc:499] Master 127.3.134.253:33673 was elected leader, sending a full tablet report...
I20260630 12:17:19.150841  4014 heartbeater.cc:499] Master 127.3.134.253:33673 was elected leader, sending a full tablet report...
I20260630 12:17:19.345778  4092 heartbeater.cc:499] Master 127.3.134.253:33673 was elected leader, sending a full tablet report...
I20260630 12:17:19.623708  3851 auto_leader_rebalancer.cc:515] All tables' leader rebalancing finished this round
I20260630 12:17:19.737931  3708 catalog_manager.cc:2283] Servicing CreateTable request from {username='slave'} at 127.0.0.1:60412:
name: "test-workload"
schema {
  columns {
    name: "key"
    type: INT32
    is_key: true
    is_nullable: false
    encoding: AUTO_ENCODING
    compression: DEFAULT_COMPRESSION
    cfile_block_size: 0
    immutable: false
  }
  columns {
    name: "int_val"
    type: INT32
    is_key: false
    is_nullable: false
    encoding: AUTO_ENCODING
    compression: DEFAULT_COMPRESSION
    cfile_block_size: 0
    immutable: false
  }
  columns {
    name: "string_val"
    type: STRING
    is_key: false
    is_nullable: true
    encoding: AUTO_ENCODING
    compression: DEFAULT_COMPRESSION
    cfile_block_size: 0
    immutable: false
  }
}
num_replicas: 1
split_rows_range_bounds {
  rows: "\004\001\000\377\377\377\037\004\001\000\376\377\377?\004\001\000\375\377\377_""\004\001\000\377\377\377\037\004\001\000\376\377\377?\004\001\000\375\377\377_"
  indirect_data: """"
}
partition_schema {
  range_schema {
    columns {
      name: "key"
    }
  }
}
I20260630 12:17:19.836455  4056 tablet_service.cc:1511] Processing CreateTablet for tablet 702408ad6c134b9191770754c9a7eebb (DEFAULT_TABLE table=test-workload [id=d5a339276fa04203a957da9af48c9d5a]), partition=RANGE (key) PARTITION VALUES < 536870911
I20260630 12:17:19.838882  4056 data_dirs.cc:400] Could only allocate 1 dirs of requested 3 for tablet 702408ad6c134b9191770754c9a7eebb. 1 dirs total, 0 dirs full, 0 dirs failed
I20260630 12:17:19.840409  3901 tablet_service.cc:1511] Processing CreateTablet for tablet b823b7b7893c46dfac15afc9b2c0e8a7 (DEFAULT_TABLE table=test-workload [id=d5a339276fa04203a957da9af48c9d5a]), partition=RANGE (key) PARTITION 1073741822 <= VALUES < 1610612733
I20260630 12:17:19.841012  3900 tablet_service.cc:1511] Processing CreateTablet for tablet fb228627a6bb497d9efa479a9313700e (DEFAULT_TABLE table=test-workload [id=d5a339276fa04203a957da9af48c9d5a]), partition=RANGE (key) PARTITION 1610612733 <= VALUES
I20260630 12:17:19.842082  3901 data_dirs.cc:400] Could only allocate 1 dirs of requested 3 for tablet b823b7b7893c46dfac15afc9b2c0e8a7. 1 dirs total, 0 dirs full, 0 dirs failed
I20260630 12:17:19.842432  3978 tablet_service.cc:1511] Processing CreateTablet for tablet 72bebe099c174fb3976047cfe4bf57c2 (DEFAULT_TABLE table=test-workload [id=d5a339276fa04203a957da9af48c9d5a]), partition=RANGE (key) PARTITION 536870911 <= VALUES < 1073741822
I20260630 12:17:19.844110  3978 data_dirs.cc:400] Could only allocate 1 dirs of requested 3 for tablet 72bebe099c174fb3976047cfe4bf57c2. 1 dirs total, 0 dirs full, 0 dirs failed
I20260630 12:17:19.846221  3900 data_dirs.cc:400] Could only allocate 1 dirs of requested 3 for tablet fb228627a6bb497d9efa479a9313700e. 1 dirs total, 0 dirs full, 0 dirs failed
I20260630 12:17:19.865720  4125 tablet_bootstrap.cc:492] T 702408ad6c134b9191770754c9a7eebb P 4646e84a03004b54a19ce11f3c3d7bdd: Bootstrap starting.
I20260630 12:17:19.869742  4127 tablet_bootstrap.cc:492] T 72bebe099c174fb3976047cfe4bf57c2 P 7a470023e4684d718beb234f36e60efb: Bootstrap starting.
I20260630 12:17:19.871675  4126 tablet_bootstrap.cc:492] T b823b7b7893c46dfac15afc9b2c0e8a7 P 6fa87640198646a38c4e419e9b2d8761: Bootstrap starting.
I20260630 12:17:19.876442  4127 tablet_bootstrap.cc:654] T 72bebe099c174fb3976047cfe4bf57c2 P 7a470023e4684d718beb234f36e60efb: Neither blocks nor log segments found. Creating new log.
I20260630 12:17:19.876602  4125 tablet_bootstrap.cc:654] T 702408ad6c134b9191770754c9a7eebb P 4646e84a03004b54a19ce11f3c3d7bdd: Neither blocks nor log segments found. Creating new log.
I20260630 12:17:19.880373  4126 tablet_bootstrap.cc:654] T b823b7b7893c46dfac15afc9b2c0e8a7 P 6fa87640198646a38c4e419e9b2d8761: Neither blocks nor log segments found. Creating new log.
I20260630 12:17:19.885278  4127 tablet_bootstrap.cc:492] T 72bebe099c174fb3976047cfe4bf57c2 P 7a470023e4684d718beb234f36e60efb: No bootstrap required, opened a new log
I20260630 12:17:19.886417  4127 ts_tablet_manager.cc:1403] T 72bebe099c174fb3976047cfe4bf57c2 P 7a470023e4684d718beb234f36e60efb: Time spent bootstrapping tablet: real 0.017s	user 0.009s	sys 0.006s
I20260630 12:17:19.886591  4125 tablet_bootstrap.cc:492] T 702408ad6c134b9191770754c9a7eebb P 4646e84a03004b54a19ce11f3c3d7bdd: No bootstrap required, opened a new log
I20260630 12:17:19.887156  4125 ts_tablet_manager.cc:1403] T 702408ad6c134b9191770754c9a7eebb P 4646e84a03004b54a19ce11f3c3d7bdd: Time spent bootstrapping tablet: real 0.022s	user 0.010s	sys 0.007s
I20260630 12:17:19.888136  4126 tablet_bootstrap.cc:492] T b823b7b7893c46dfac15afc9b2c0e8a7 P 6fa87640198646a38c4e419e9b2d8761: No bootstrap required, opened a new log
I20260630 12:17:19.888742  4126 ts_tablet_manager.cc:1403] T b823b7b7893c46dfac15afc9b2c0e8a7 P 6fa87640198646a38c4e419e9b2d8761: Time spent bootstrapping tablet: real 0.018s	user 0.008s	sys 0.008s
I20260630 12:17:19.889111  4127 raft_consensus.cc:359] T 72bebe099c174fb3976047cfe4bf57c2 P 7a470023e4684d718beb234f36e60efb [term 0 FOLLOWER]: Replica starting. Triggering 0 pending ops. Active config: opid_index: -1 OBSOLETE_local: true peers { permanent_uuid: "7a470023e4684d718beb234f36e60efb" member_type: VOTER last_known_addr { host: "127.3.134.194" port: 44469 } }
I20260630 12:17:19.889626  4127 raft_consensus.cc:385] T 72bebe099c174fb3976047cfe4bf57c2 P 7a470023e4684d718beb234f36e60efb [term 0 FOLLOWER]: Consensus starting up: Expiring failure detector timer to make a prompt election more likely
I20260630 12:17:19.889883  4127 raft_consensus.cc:740] T 72bebe099c174fb3976047cfe4bf57c2 P 7a470023e4684d718beb234f36e60efb [term 0 FOLLOWER]: Becoming Follower/Learner. State: Replica: 7a470023e4684d718beb234f36e60efb, State: Initialized, Role: FOLLOWER
I20260630 12:17:19.890561  4127 consensus_queue.cc:260] T 72bebe099c174fb3976047cfe4bf57c2 P 7a470023e4684d718beb234f36e60efb [NON_LEADER]: Queue going to NON_LEADER mode. State: All replicated index: 0, Majority replicated index: 0, Committed index: 0, Last appended: 0.0, Last appended by leader: 0, Current term: 0, Majority size: -1, State: 0, Mode: NON_LEADER, active raft config: opid_index: -1 OBSOLETE_local: true peers { permanent_uuid: "7a470023e4684d718beb234f36e60efb" member_type: VOTER last_known_addr { host: "127.3.134.194" port: 44469 } }
I20260630 12:17:19.890568  4125 raft_consensus.cc:359] T 702408ad6c134b9191770754c9a7eebb P 4646e84a03004b54a19ce11f3c3d7bdd [term 0 FOLLOWER]: Replica starting. Triggering 0 pending ops. Active config: opid_index: -1 OBSOLETE_local: true peers { permanent_uuid: "4646e84a03004b54a19ce11f3c3d7bdd" member_type: VOTER last_known_addr { host: "127.3.134.195" port: 36989 } }
I20260630 12:17:19.891160  4127 raft_consensus.cc:399] T 72bebe099c174fb3976047cfe4bf57c2 P 7a470023e4684d718beb234f36e60efb [term 0 FOLLOWER]: Only one voter in the Raft config. Triggering election immediately
I20260630 12:17:19.891307  4125 raft_consensus.cc:385] T 702408ad6c134b9191770754c9a7eebb P 4646e84a03004b54a19ce11f3c3d7bdd [term 0 FOLLOWER]: Consensus starting up: Expiring failure detector timer to make a prompt election more likely
I20260630 12:17:19.891563  4127 raft_consensus.cc:493] T 72bebe099c174fb3976047cfe4bf57c2 P 7a470023e4684d718beb234f36e60efb [term 0 FOLLOWER]: Starting leader election (initial election of a single-replica configuration)
I20260630 12:17:19.891775  4125 raft_consensus.cc:740] T 702408ad6c134b9191770754c9a7eebb P 4646e84a03004b54a19ce11f3c3d7bdd [term 0 FOLLOWER]: Becoming Follower/Learner. State: Replica: 4646e84a03004b54a19ce11f3c3d7bdd, State: Initialized, Role: FOLLOWER
I20260630 12:17:19.892048  4127 raft_consensus.cc:3060] T 72bebe099c174fb3976047cfe4bf57c2 P 7a470023e4684d718beb234f36e60efb [term 0 FOLLOWER]: Advancing to term 1
I20260630 12:17:19.891731  4126 raft_consensus.cc:359] T b823b7b7893c46dfac15afc9b2c0e8a7 P 6fa87640198646a38c4e419e9b2d8761 [term 0 FOLLOWER]: Replica starting. Triggering 0 pending ops. Active config: opid_index: -1 OBSOLETE_local: true peers { permanent_uuid: "6fa87640198646a38c4e419e9b2d8761" member_type: VOTER last_known_addr { host: "127.3.134.193" port: 35639 } }
I20260630 12:17:19.892612  4126 raft_consensus.cc:385] T b823b7b7893c46dfac15afc9b2c0e8a7 P 6fa87640198646a38c4e419e9b2d8761 [term 0 FOLLOWER]: Consensus starting up: Expiring failure detector timer to make a prompt election more likely
I20260630 12:17:19.892982  4126 raft_consensus.cc:740] T b823b7b7893c46dfac15afc9b2c0e8a7 P 6fa87640198646a38c4e419e9b2d8761 [term 0 FOLLOWER]: Becoming Follower/Learner. State: Replica: 6fa87640198646a38c4e419e9b2d8761, State: Initialized, Role: FOLLOWER
I20260630 12:17:19.892809  4125 consensus_queue.cc:260] T 702408ad6c134b9191770754c9a7eebb P 4646e84a03004b54a19ce11f3c3d7bdd [NON_LEADER]: Queue going to NON_LEADER mode. State: All replicated index: 0, Majority replicated index: 0, Committed index: 0, Last appended: 0.0, Last appended by leader: 0, Current term: 0, Majority size: -1, State: 0, Mode: NON_LEADER, active raft config: opid_index: -1 OBSOLETE_local: true peers { permanent_uuid: "4646e84a03004b54a19ce11f3c3d7bdd" member_type: VOTER last_known_addr { host: "127.3.134.195" port: 36989 } }
I20260630 12:17:19.893682  4125 raft_consensus.cc:399] T 702408ad6c134b9191770754c9a7eebb P 4646e84a03004b54a19ce11f3c3d7bdd [term 0 FOLLOWER]: Only one voter in the Raft config. Triggering election immediately
I20260630 12:17:19.894093  4125 raft_consensus.cc:493] T 702408ad6c134b9191770754c9a7eebb P 4646e84a03004b54a19ce11f3c3d7bdd [term 0 FOLLOWER]: Starting leader election (initial election of a single-replica configuration)
I20260630 12:17:19.893901  4126 consensus_queue.cc:260] T b823b7b7893c46dfac15afc9b2c0e8a7 P 6fa87640198646a38c4e419e9b2d8761 [NON_LEADER]: Queue going to NON_LEADER mode. State: All replicated index: 0, Majority replicated index: 0, Committed index: 0, Last appended: 0.0, Last appended by leader: 0, Current term: 0, Majority size: -1, State: 0, Mode: NON_LEADER, active raft config: opid_index: -1 OBSOLETE_local: true peers { permanent_uuid: "6fa87640198646a38c4e419e9b2d8761" member_type: VOTER last_known_addr { host: "127.3.134.193" port: 35639 } }
I20260630 12:17:19.894688  4126 raft_consensus.cc:399] T b823b7b7893c46dfac15afc9b2c0e8a7 P 6fa87640198646a38c4e419e9b2d8761 [term 0 FOLLOWER]: Only one voter in the Raft config. Triggering election immediately
I20260630 12:17:19.894513  4125 raft_consensus.cc:3060] T 702408ad6c134b9191770754c9a7eebb P 4646e84a03004b54a19ce11f3c3d7bdd [term 0 FOLLOWER]: Advancing to term 1
I20260630 12:17:19.895187  4126 raft_consensus.cc:493] T b823b7b7893c46dfac15afc9b2c0e8a7 P 6fa87640198646a38c4e419e9b2d8761 [term 0 FOLLOWER]: Starting leader election (initial election of a single-replica configuration)
I20260630 12:17:19.895740  4126 raft_consensus.cc:3060] T b823b7b7893c46dfac15afc9b2c0e8a7 P 6fa87640198646a38c4e419e9b2d8761 [term 0 FOLLOWER]: Advancing to term 1
I20260630 12:17:19.899821  4127 raft_consensus.cc:515] T 72bebe099c174fb3976047cfe4bf57c2 P 7a470023e4684d718beb234f36e60efb [term 1 FOLLOWER]: Starting leader election with config: opid_index: -1 OBSOLETE_local: true peers { permanent_uuid: "7a470023e4684d718beb234f36e60efb" member_type: VOTER last_known_addr { host: "127.3.134.194" port: 44469 } }
I20260630 12:17:19.900491  4127 leader_election.cc:304] T 72bebe099c174fb3976047cfe4bf57c2 P 7a470023e4684d718beb234f36e60efb [CANDIDATE]: Term 1 election: Election decided. Result: candidate won. Election summary: received 1 responses out of 1 voters: 1 yes votes; 0 no votes. yes voters: 7a470023e4684d718beb234f36e60efb; no voters: 
I20260630 12:17:19.902590  4125 raft_consensus.cc:515] T 702408ad6c134b9191770754c9a7eebb P 4646e84a03004b54a19ce11f3c3d7bdd [term 1 FOLLOWER]: Starting leader election with config: opid_index: -1 OBSOLETE_local: true peers { permanent_uuid: "4646e84a03004b54a19ce11f3c3d7bdd" member_type: VOTER last_known_addr { host: "127.3.134.195" port: 36989 } }
I20260630 12:17:19.903074  4127 leader_election.cc:290] T 72bebe099c174fb3976047cfe4bf57c2 P 7a470023e4684d718beb234f36e60efb [CANDIDATE]: Term 1 election: Requested vote from peers 
I20260630 12:17:19.903334  4126 raft_consensus.cc:515] T b823b7b7893c46dfac15afc9b2c0e8a7 P 6fa87640198646a38c4e419e9b2d8761 [term 1 FOLLOWER]: Starting leader election with config: opid_index: -1 OBSOLETE_local: true peers { permanent_uuid: "6fa87640198646a38c4e419e9b2d8761" member_type: VOTER last_known_addr { host: "127.3.134.193" port: 35639 } }
I20260630 12:17:19.903473  4125 leader_election.cc:304] T 702408ad6c134b9191770754c9a7eebb P 4646e84a03004b54a19ce11f3c3d7bdd [CANDIDATE]: Term 1 election: Election decided. Result: candidate won. Election summary: received 1 responses out of 1 voters: 1 yes votes; 0 no votes. yes voters: 4646e84a03004b54a19ce11f3c3d7bdd; no voters: 
I20260630 12:17:19.903566  4131 raft_consensus.cc:2804] T 72bebe099c174fb3976047cfe4bf57c2 P 7a470023e4684d718beb234f36e60efb [term 1 FOLLOWER]: Leader election won for term 1
I20260630 12:17:19.904258  4126 leader_election.cc:304] T b823b7b7893c46dfac15afc9b2c0e8a7 P 6fa87640198646a38c4e419e9b2d8761 [CANDIDATE]: Term 1 election: Election decided. Result: candidate won. Election summary: received 1 responses out of 1 voters: 1 yes votes; 0 no votes. yes voters: 6fa87640198646a38c4e419e9b2d8761; no voters: 
I20260630 12:17:19.914729  4133 raft_consensus.cc:2804] T 702408ad6c134b9191770754c9a7eebb P 4646e84a03004b54a19ce11f3c3d7bdd [term 1 FOLLOWER]: Leader election won for term 1
I20260630 12:17:19.914865  4131 raft_consensus.cc:697] T 72bebe099c174fb3976047cfe4bf57c2 P 7a470023e4684d718beb234f36e60efb [term 1 LEADER]: Becoming Leader. State: Replica: 7a470023e4684d718beb234f36e60efb, State: Running, Role: LEADER
I20260630 12:17:19.915926  4131 consensus_queue.cc:237] T 72bebe099c174fb3976047cfe4bf57c2 P 7a470023e4684d718beb234f36e60efb [LEADER]: Queue going to LEADER mode. State: All replicated index: 0, Majority replicated index: 0, Committed index: 0, Last appended: 0.0, Last appended by leader: 0, Current term: 1, Majority size: 1, State: 0, Mode: LEADER, active raft config: opid_index: -1 OBSOLETE_local: true peers { permanent_uuid: "7a470023e4684d718beb234f36e60efb" member_type: VOTER last_known_addr { host: "127.3.134.194" port: 44469 } }
I20260630 12:17:19.919405  4127 ts_tablet_manager.cc:1434] T 72bebe099c174fb3976047cfe4bf57c2 P 7a470023e4684d718beb234f36e60efb: Time spent starting tablet: real 0.033s	user 0.017s	sys 0.011s
I20260630 12:17:19.916878  4125 leader_election.cc:290] T 702408ad6c134b9191770754c9a7eebb P 4646e84a03004b54a19ce11f3c3d7bdd [CANDIDATE]: Term 1 election: Requested vote from peers 
I20260630 12:17:19.928046  4126 leader_election.cc:290] T b823b7b7893c46dfac15afc9b2c0e8a7 P 6fa87640198646a38c4e419e9b2d8761 [CANDIDATE]: Term 1 election: Requested vote from peers 
I20260630 12:17:19.928580  4134 raft_consensus.cc:2804] T b823b7b7893c46dfac15afc9b2c0e8a7 P 6fa87640198646a38c4e419e9b2d8761 [term 1 FOLLOWER]: Leader election won for term 1
I20260630 12:17:19.931018  4133 raft_consensus.cc:697] T 702408ad6c134b9191770754c9a7eebb P 4646e84a03004b54a19ce11f3c3d7bdd [term 1 LEADER]: Becoming Leader. State: Replica: 4646e84a03004b54a19ce11f3c3d7bdd, State: Running, Role: LEADER
I20260630 12:17:19.931862  4133 consensus_queue.cc:237] T 702408ad6c134b9191770754c9a7eebb P 4646e84a03004b54a19ce11f3c3d7bdd [LEADER]: Queue going to LEADER mode. State: All replicated index: 0, Majority replicated index: 0, Committed index: 0, Last appended: 0.0, Last appended by leader: 0, Current term: 1, Majority size: 1, State: 0, Mode: LEADER, active raft config: opid_index: -1 OBSOLETE_local: true peers { permanent_uuid: "4646e84a03004b54a19ce11f3c3d7bdd" member_type: VOTER last_known_addr { host: "127.3.134.195" port: 36989 } }
I20260630 12:17:19.946353  4134 raft_consensus.cc:697] T b823b7b7893c46dfac15afc9b2c0e8a7 P 6fa87640198646a38c4e419e9b2d8761 [term 1 LEADER]: Becoming Leader. State: Replica: 6fa87640198646a38c4e419e9b2d8761, State: Running, Role: LEADER
I20260630 12:17:19.942917  3708 catalog_manager.cc:5697] T 72bebe099c174fb3976047cfe4bf57c2 P 7a470023e4684d718beb234f36e60efb reported cstate change: term changed from 0 to 1, leader changed from <none> to 7a470023e4684d718beb234f36e60efb (127.3.134.194). New cstate: current_term: 1 leader_uuid: "7a470023e4684d718beb234f36e60efb" committed_config { opid_index: -1 OBSOLETE_local: true peers { permanent_uuid: "7a470023e4684d718beb234f36e60efb" member_type: VOTER last_known_addr { host: "127.3.134.194" port: 44469 } health_report { overall_health: HEALTHY } } }
I20260630 12:17:19.956719  4134 consensus_queue.cc:237] T b823b7b7893c46dfac15afc9b2c0e8a7 P 6fa87640198646a38c4e419e9b2d8761 [LEADER]: Queue going to LEADER mode. State: All replicated index: 0, Majority replicated index: 0, Committed index: 0, Last appended: 0.0, Last appended by leader: 0, Current term: 1, Majority size: 1, State: 0, Mode: LEADER, active raft config: opid_index: -1 OBSOLETE_local: true peers { permanent_uuid: "6fa87640198646a38c4e419e9b2d8761" member_type: VOTER last_known_addr { host: "127.3.134.193" port: 35639 } }
I20260630 12:17:19.973059  4125 ts_tablet_manager.cc:1434] T 702408ad6c134b9191770754c9a7eebb P 4646e84a03004b54a19ce11f3c3d7bdd: Time spent starting tablet: real 0.086s	user 0.020s	sys 0.018s
I20260630 12:17:20.039479  3708 catalog_manager.cc:5697] T 702408ad6c134b9191770754c9a7eebb P 4646e84a03004b54a19ce11f3c3d7bdd reported cstate change: term changed from 0 to 1, leader changed from <none> to 4646e84a03004b54a19ce11f3c3d7bdd (127.3.134.195). New cstate: current_term: 1 leader_uuid: "4646e84a03004b54a19ce11f3c3d7bdd" committed_config { opid_index: -1 OBSOLETE_local: true peers { permanent_uuid: "4646e84a03004b54a19ce11f3c3d7bdd" member_type: VOTER last_known_addr { host: "127.3.134.195" port: 36989 } health_report { overall_health: HEALTHY } } }
I20260630 12:17:20.079154  4126 ts_tablet_manager.cc:1434] T b823b7b7893c46dfac15afc9b2c0e8a7 P 6fa87640198646a38c4e419e9b2d8761: Time spent starting tablet: real 0.190s	user 0.066s	sys 0.107s
I20260630 12:17:20.084204  4126 tablet_bootstrap.cc:492] T fb228627a6bb497d9efa479a9313700e P 6fa87640198646a38c4e419e9b2d8761: Bootstrap starting.
I20260630 12:17:20.097195  4126 tablet_bootstrap.cc:654] T fb228627a6bb497d9efa479a9313700e P 6fa87640198646a38c4e419e9b2d8761: Neither blocks nor log segments found. Creating new log.
I20260630 12:17:20.107265  3706 catalog_manager.cc:5697] T b823b7b7893c46dfac15afc9b2c0e8a7 P 6fa87640198646a38c4e419e9b2d8761 reported cstate change: term changed from 0 to 1, leader changed from <none> to 6fa87640198646a38c4e419e9b2d8761 (127.3.134.193). New cstate: current_term: 1 leader_uuid: "6fa87640198646a38c4e419e9b2d8761" committed_config { opid_index: -1 OBSOLETE_local: true peers { permanent_uuid: "6fa87640198646a38c4e419e9b2d8761" member_type: VOTER last_known_addr { host: "127.3.134.193" port: 35639 } health_report { overall_health: HEALTHY } } }
I20260630 12:17:20.147225  4126 tablet_bootstrap.cc:492] T fb228627a6bb497d9efa479a9313700e P 6fa87640198646a38c4e419e9b2d8761: No bootstrap required, opened a new log
I20260630 12:17:20.147821  4126 ts_tablet_manager.cc:1403] T fb228627a6bb497d9efa479a9313700e P 6fa87640198646a38c4e419e9b2d8761: Time spent bootstrapping tablet: real 0.065s	user 0.021s	sys 0.010s
I20260630 12:17:20.150691  4126 raft_consensus.cc:359] T fb228627a6bb497d9efa479a9313700e P 6fa87640198646a38c4e419e9b2d8761 [term 0 FOLLOWER]: Replica starting. Triggering 0 pending ops. Active config: opid_index: -1 OBSOLETE_local: true peers { permanent_uuid: "6fa87640198646a38c4e419e9b2d8761" member_type: VOTER last_known_addr { host: "127.3.134.193" port: 35639 } }
I20260630 12:17:20.151298  4126 raft_consensus.cc:385] T fb228627a6bb497d9efa479a9313700e P 6fa87640198646a38c4e419e9b2d8761 [term 0 FOLLOWER]: Consensus starting up: Expiring failure detector timer to make a prompt election more likely
I20260630 12:17:20.151597  4126 raft_consensus.cc:740] T fb228627a6bb497d9efa479a9313700e P 6fa87640198646a38c4e419e9b2d8761 [term 0 FOLLOWER]: Becoming Follower/Learner. State: Replica: 6fa87640198646a38c4e419e9b2d8761, State: Initialized, Role: FOLLOWER
I20260630 12:17:20.152326  4126 consensus_queue.cc:260] T fb228627a6bb497d9efa479a9313700e P 6fa87640198646a38c4e419e9b2d8761 [NON_LEADER]: Queue going to NON_LEADER mode. State: All replicated index: 0, Majority replicated index: 0, Committed index: 0, Last appended: 0.0, Last appended by leader: 0, Current term: 0, Majority size: -1, State: 0, Mode: NON_LEADER, active raft config: opid_index: -1 OBSOLETE_local: true peers { permanent_uuid: "6fa87640198646a38c4e419e9b2d8761" member_type: VOTER last_known_addr { host: "127.3.134.193" port: 35639 } }
I20260630 12:17:20.152951  4126 raft_consensus.cc:399] T fb228627a6bb497d9efa479a9313700e P 6fa87640198646a38c4e419e9b2d8761 [term 0 FOLLOWER]: Only one voter in the Raft config. Triggering election immediately
I20260630 12:17:20.153276  4126 raft_consensus.cc:493] T fb228627a6bb497d9efa479a9313700e P 6fa87640198646a38c4e419e9b2d8761 [term 0 FOLLOWER]: Starting leader election (initial election of a single-replica configuration)
I20260630 12:17:20.153614  4126 raft_consensus.cc:3060] T fb228627a6bb497d9efa479a9313700e P 6fa87640198646a38c4e419e9b2d8761 [term 0 FOLLOWER]: Advancing to term 1
I20260630 12:17:20.160326  4126 raft_consensus.cc:515] T fb228627a6bb497d9efa479a9313700e P 6fa87640198646a38c4e419e9b2d8761 [term 1 FOLLOWER]: Starting leader election with config: opid_index: -1 OBSOLETE_local: true peers { permanent_uuid: "6fa87640198646a38c4e419e9b2d8761" member_type: VOTER last_known_addr { host: "127.3.134.193" port: 35639 } }
I20260630 12:17:20.161239  4126 leader_election.cc:304] T fb228627a6bb497d9efa479a9313700e P 6fa87640198646a38c4e419e9b2d8761 [CANDIDATE]: Term 1 election: Election decided. Result: candidate won. Election summary: received 1 responses out of 1 voters: 1 yes votes; 0 no votes. yes voters: 6fa87640198646a38c4e419e9b2d8761; no voters: 
I20260630 12:17:20.162135  4139 raft_consensus.cc:2804] T fb228627a6bb497d9efa479a9313700e P 6fa87640198646a38c4e419e9b2d8761 [term 1 FOLLOWER]: Leader election won for term 1
I20260630 12:17:20.162657  4139 raft_consensus.cc:697] T fb228627a6bb497d9efa479a9313700e P 6fa87640198646a38c4e419e9b2d8761 [term 1 LEADER]: Becoming Leader. State: Replica: 6fa87640198646a38c4e419e9b2d8761, State: Running, Role: LEADER
I20260630 12:17:20.163352  4139 consensus_queue.cc:237] T fb228627a6bb497d9efa479a9313700e P 6fa87640198646a38c4e419e9b2d8761 [LEADER]: Queue going to LEADER mode. State: All replicated index: 0, Majority replicated index: 0, Committed index: 0, Last appended: 0.0, Last appended by leader: 0, Current term: 1, Majority size: 1, State: 0, Mode: LEADER, active raft config: opid_index: -1 OBSOLETE_local: true peers { permanent_uuid: "6fa87640198646a38c4e419e9b2d8761" member_type: VOTER last_known_addr { host: "127.3.134.193" port: 35639 } }
I20260630 12:17:20.167776  4126 leader_election.cc:290] T fb228627a6bb497d9efa479a9313700e P 6fa87640198646a38c4e419e9b2d8761 [CANDIDATE]: Term 1 election: Requested vote from peers 
I20260630 12:17:20.171312  4126 ts_tablet_manager.cc:1434] T fb228627a6bb497d9efa479a9313700e P 6fa87640198646a38c4e419e9b2d8761: Time spent starting tablet: real 0.023s	user 0.006s	sys 0.009s
I20260630 12:17:20.191710  3706 catalog_manager.cc:5697] T fb228627a6bb497d9efa479a9313700e P 6fa87640198646a38c4e419e9b2d8761 reported cstate change: term changed from 0 to 1, leader changed from <none> to 6fa87640198646a38c4e419e9b2d8761 (127.3.134.193). New cstate: current_term: 1 leader_uuid: "6fa87640198646a38c4e419e9b2d8761" committed_config { opid_index: -1 OBSOLETE_local: true peers { permanent_uuid: "6fa87640198646a38c4e419e9b2d8761" member_type: VOTER last_known_addr { host: "127.3.134.193" port: 35639 } health_report { overall_health: HEALTHY } } }
I20260630 12:17:21.625294  3851 auto_leader_rebalancer.cc:141] leader rebalance for table test-workload
I20260630 12:17:21.628403  3851 auto_leader_rebalancer.cc:515] All tables' leader rebalancing finished this round
I20260630 12:17:22.264153  3611 tablet_server.cc:179] TabletServer@127.3.134.193:0 shutting down...
I20260630 12:17:22.286756  3611 ts_tablet_manager.cc:1507] Shutting down tablet manager...
I20260630 12:17:22.287746  3611 tablet_replica.cc:333] T fb228627a6bb497d9efa479a9313700e P 6fa87640198646a38c4e419e9b2d8761: stopping tablet replica
I20260630 12:17:22.288439  3611 raft_consensus.cc:2243] T fb228627a6bb497d9efa479a9313700e P 6fa87640198646a38c4e419e9b2d8761 [term 1 LEADER]: Raft consensus shutting down.
I20260630 12:17:22.289000  3611 raft_consensus.cc:2272] T fb228627a6bb497d9efa479a9313700e P 6fa87640198646a38c4e419e9b2d8761 [term 1 FOLLOWER]: Raft consensus is shut down!
I20260630 12:17:22.291469  3611 tablet_replica.cc:333] T b823b7b7893c46dfac15afc9b2c0e8a7 P 6fa87640198646a38c4e419e9b2d8761: stopping tablet replica
I20260630 12:17:22.291991  3611 raft_consensus.cc:2243] T b823b7b7893c46dfac15afc9b2c0e8a7 P 6fa87640198646a38c4e419e9b2d8761 [term 1 LEADER]: Raft consensus shutting down.
I20260630 12:17:22.292395  3611 raft_consensus.cc:2272] T b823b7b7893c46dfac15afc9b2c0e8a7 P 6fa87640198646a38c4e419e9b2d8761 [term 1 FOLLOWER]: Raft consensus is shut down!
I20260630 12:17:22.376797  3611 tablet_server.cc:196] TabletServer@127.3.134.193:0 shutdown complete.
I20260630 12:17:22.387315  3611 tablet_server.cc:179] TabletServer@127.3.134.194:0 shutting down...
I20260630 12:17:22.407522  3611 ts_tablet_manager.cc:1507] Shutting down tablet manager...
I20260630 12:17:22.408514  3611 tablet_replica.cc:333] T 72bebe099c174fb3976047cfe4bf57c2 P 7a470023e4684d718beb234f36e60efb: stopping tablet replica
I20260630 12:17:22.409029  3611 raft_consensus.cc:2243] T 72bebe099c174fb3976047cfe4bf57c2 P 7a470023e4684d718beb234f36e60efb [term 1 LEADER]: Raft consensus shutting down.
I20260630 12:17:22.409420  3611 raft_consensus.cc:2272] T 72bebe099c174fb3976047cfe4bf57c2 P 7a470023e4684d718beb234f36e60efb [term 1 FOLLOWER]: Raft consensus is shut down!
I20260630 12:17:22.429648  3611 tablet_server.cc:196] TabletServer@127.3.134.194:0 shutdown complete.
I20260630 12:17:22.437534  3611 tablet_server.cc:179] TabletServer@127.3.134.195:0 shutting down...
I20260630 12:17:22.456898  3611 ts_tablet_manager.cc:1507] Shutting down tablet manager...
I20260630 12:17:22.457511  3611 tablet_replica.cc:333] T 702408ad6c134b9191770754c9a7eebb P 4646e84a03004b54a19ce11f3c3d7bdd: stopping tablet replica
I20260630 12:17:22.458989  3611 raft_consensus.cc:2243] T 702408ad6c134b9191770754c9a7eebb P 4646e84a03004b54a19ce11f3c3d7bdd [term 1 LEADER]: Raft consensus shutting down.
I20260630 12:17:22.459821  3611 raft_consensus.cc:2272] T 702408ad6c134b9191770754c9a7eebb P 4646e84a03004b54a19ce11f3c3d7bdd [term 1 FOLLOWER]: Raft consensus is shut down!
I20260630 12:17:22.479269  3611 tablet_server.cc:196] TabletServer@127.3.134.195:0 shutdown complete.
I20260630 12:17:22.487782  3611 master.cc:562] Master@127.3.134.254:36815 shutting down...
W20260630 12:17:22.558555  3692 proxy.cc:239] Call had error, refreshing address and retrying: Remote error: Service unavailable: service kudu.consensus.ConsensusService not registered on Master [suppressed 5 similar messages]
I20260630 12:17:22.593618  3611 raft_consensus.cc:2243] T 00000000000000000000000000000000 P f34709874e35457e88b6f15c5e01b2ab [term 1 FOLLOWER]: Raft consensus shutting down.
I20260630 12:17:22.594647  3611 raft_consensus.cc:2272] T 00000000000000000000000000000000 P f34709874e35457e88b6f15c5e01b2ab [term 1 FOLLOWER]: Raft consensus is shut down!
I20260630 12:17:22.595104  3611 tablet_replica.cc:333] T 00000000000000000000000000000000 P f34709874e35457e88b6f15c5e01b2ab: stopping tablet replica
W20260630 12:17:22.595999  3692 consensus_peers.cc:597] T 00000000000000000000000000000000 P c9ccae62e81540fd96115328a69c89cf -> Peer f34709874e35457e88b6f15c5e01b2ab (127.3.134.254:36815): Couldn't send request to peer f34709874e35457e88b6f15c5e01b2ab. Status: Remote error: Service unavailable: service kudu.consensus.ConsensusService not registered on Master. This is attempt 1: this message will repeat every 5th retry.
I20260630 12:17:22.614972  3611 master.cc:584] Master@127.3.134.254:36815 shutdown complete.
I20260630 12:17:22.627930  3611 master.cc:562] Master@127.3.134.253:33673 shutting down...
I20260630 12:17:22.642310  3611 raft_consensus.cc:2243] T 00000000000000000000000000000000 P c9ccae62e81540fd96115328a69c89cf [term 1 LEADER]: Raft consensus shutting down.
I20260630 12:17:22.643210  3611 raft_consensus.cc:2272] T 00000000000000000000000000000000 P c9ccae62e81540fd96115328a69c89cf [term 1 FOLLOWER]: Raft consensus is shut down!
I20260630 12:17:22.643512  3611 tablet_replica.cc:333] T 00000000000000000000000000000000 P c9ccae62e81540fd96115328a69c89cf: stopping tablet replica
I20260630 12:17:22.714778  3611 master.cc:584] Master@127.3.134.253:33673 shutdown complete.
I20260630 12:17:22.726969  3611 master.cc:562] Master@127.3.134.252:39137 shutting down...
I20260630 12:17:22.740829  3611 raft_consensus.cc:2243] T 00000000000000000000000000000000 P e4c026ac83bf42c19c9b66e4db62f239 [term 1 FOLLOWER]: Raft consensus shutting down.
I20260630 12:17:22.741549  3611 raft_consensus.cc:2272] T 00000000000000000000000000000000 P e4c026ac83bf42c19c9b66e4db62f239 [term 1 FOLLOWER]: Raft consensus is shut down!
I20260630 12:17:22.741901  3611 tablet_replica.cc:333] T 00000000000000000000000000000000 P e4c026ac83bf42c19c9b66e4db62f239: stopping tablet replica
I20260630 12:17:22.759985  3611 master.cc:584] Master@127.3.134.252:39137 shutdown complete.
[       OK ] AutoRebalancerTest.OnlyLeaderDoesAutoRebalancing (7170 ms)
[ RUN      ] AutoRebalancerTest.AutoRebalancingTurnOffAndOn
I20260630 12:17:22.790314  3611 internal_mini_cluster.cc:156] Creating distributed mini masters. Addrs: 127.3.134.254:45803
