I20260630 12:17:41.906240 16883 leader_election.cc:304] T b98008ee80004aa9888ea8954f1ae5ad P 46a3f8e6c27e486b8266f87cc316ff05 [CANDIDATE]: Term 1 election: Election decided. Result: candidate won. Election summary: received 2 responses out of 3 voters: 2 yes votes; 0 no votes. yes voters: 18f755d10a9a456790d4cd8a76dd59b7, 46a3f8e6c27e486b8266f87cc316ff05; no voters: 
I20260630 12:17:41.906661 17079 tablet_service.cc:1917] Received RequestConsensusVote() RPC: tablet_id: "fce20dedc69244a487e9e32233aa4266" candidate_uuid: "1826a768aae4402da19bb51a1ed0a78d" candidate_term: 1 candidate_status { last_received { term: 0 index: 0 } } ignore_live_leader: false dest_uuid: "205ec67a10ab4380802b91afdc374fe1" is_pre_election: true
I20260630 12:17:41.906637 17124 raft_consensus.cc:515] T 9849ec4dd065479aad195b910fc817e8 P 205ec67a10ab4380802b91afdc374fe1 [term 1 FOLLOWER]: Starting leader election with config: opid_index: -1 OBSOLETE_local: false peers { permanent_uuid: "205ec67a10ab4380802b91afdc374fe1" member_type: VOTER last_known_addr { host: "127.13.118.68" port: 33191 } } peers { permanent_uuid: "1826a768aae4402da19bb51a1ed0a78d" member_type: VOTER last_known_addr { host: "127.13.118.66" port: 35249 } } peers { permanent_uuid: "46a3f8e6c27e486b8266f87cc316ff05" member_type: VOTER last_known_addr { host: "127.13.118.67" port: 34501 } }
I20260630 12:17:41.907548 17079 raft_consensus.cc:2468] T fce20dedc69244a487e9e32233aa4266 P 205ec67a10ab4380802b91afdc374fe1 [term 0 FOLLOWER]: Leader pre-election vote request: Granting yes vote for candidate 1826a768aae4402da19bb51a1ed0a78d in term 0.
I20260630 12:17:41.907160 16988 raft_consensus.cc:2804] T b98008ee80004aa9888ea8954f1ae5ad P 46a3f8e6c27e486b8266f87cc316ff05 [term 1 FOLLOWER]: Leader election won for term 1
I20260630 12:17:41.910509 16988 raft_consensus.cc:697] T b98008ee80004aa9888ea8954f1ae5ad P 46a3f8e6c27e486b8266f87cc316ff05 [term 1 LEADER]: Becoming Leader. State: Replica: 46a3f8e6c27e486b8266f87cc316ff05, State: Running, Role: LEADER
I20260630 12:17:41.910697 17078 tablet_service.cc:1917] Received RequestConsensusVote() RPC: tablet_id: "eae5b9f1f79d432fa3d3cd4c67b9b31d" candidate_uuid: "18f755d10a9a456790d4cd8a76dd59b7" candidate_term: 1 candidate_status { last_received { term: 0 index: 0 } } ignore_live_leader: false dest_uuid: "205ec67a10ab4380802b91afdc374fe1"
I20260630 12:17:41.911408 16840 tablet_service.cc:1917] Received RequestConsensusVote() RPC: tablet_id: "9849ec4dd065479aad195b910fc817e8" candidate_uuid: "205ec67a10ab4380802b91afdc374fe1" candidate_term: 1 candidate_status { last_received { term: 0 index: 0 } } ignore_live_leader: false dest_uuid: "1826a768aae4402da19bb51a1ed0a78d"
I20260630 12:17:41.911473 16988 consensus_queue.cc:237] T b98008ee80004aa9888ea8954f1ae5ad P 46a3f8e6c27e486b8266f87cc316ff05 [LEADER]: Queue going to LEADER mode. State: All replicated index: 0, Majority replicated index: 0, Committed index: 0, Last appended: 0.0, Last appended by leader: 0, Current term: 1, Majority size: 2, State: 0, Mode: LEADER, active raft config: opid_index: -1 OBSOLETE_local: false peers { permanent_uuid: "205ec67a10ab4380802b91afdc374fe1" member_type: VOTER last_known_addr { host: "127.13.118.68" port: 33191 } } peers { permanent_uuid: "18f755d10a9a456790d4cd8a76dd59b7" member_type: VOTER last_known_addr { host: "127.13.118.65" port: 40807 } } peers { permanent_uuid: "46a3f8e6c27e486b8266f87cc316ff05" member_type: VOTER last_known_addr { host: "127.13.118.67" port: 34501 } }
I20260630 12:17:41.912117 16840 raft_consensus.cc:3060] T 9849ec4dd065479aad195b910fc817e8 P 1826a768aae4402da19bb51a1ed0a78d [term 0 FOLLOWER]: Advancing to term 1
W20260630 12:17:41.912261 16733 leader_election.cc:343] T eae5b9f1f79d432fa3d3cd4c67b9b31d P 18f755d10a9a456790d4cd8a76dd59b7 [CANDIDATE]: Term 1 election: Tablet error from VoteRequest() call to peer 205ec67a10ab4380802b91afdc374fe1 (127.13.118.68:33191): Illegal state: must be running to vote when last-logged opid is not known
I20260630 12:17:41.909468 16980 leader_election.cc:290] T b98008ee80004aa9888ea8954f1ae5ad P 46a3f8e6c27e486b8266f87cc316ff05 [CANDIDATE]: Term 1 election: Requested vote from peers 205ec67a10ab4380802b91afdc374fe1 (127.13.118.68:33191), 18f755d10a9a456790d4cd8a76dd59b7 (127.13.118.65:40807)
I20260630 12:17:41.918769 17056 consensus_queue.cc:237] T db784c50fd9b48ca888c4bd098fc2b9a P 1826a768aae4402da19bb51a1ed0a78d [LEADER]: Queue going to LEADER mode. State: All replicated index: 0, Majority replicated index: 0, Committed index: 0, Last appended: 0.0, Last appended by leader: 0, Current term: 1, Majority size: 2, State: 0, Mode: LEADER, active raft config: opid_index: -1 OBSOLETE_local: false peers { permanent_uuid: "1826a768aae4402da19bb51a1ed0a78d" member_type: VOTER last_known_addr { host: "127.13.118.66" port: 35249 } } peers { permanent_uuid: "205ec67a10ab4380802b91afdc374fe1" member_type: VOTER last_known_addr { host: "127.13.118.68" port: 33191 } } peers { permanent_uuid: "18f755d10a9a456790d4cd8a76dd59b7" member_type: VOTER last_known_addr { host: "127.13.118.65" port: 40807 } }
I20260630 12:17:41.919315 16808 leader_election.cc:304] T fce20dedc69244a487e9e32233aa4266 P 1826a768aae4402da19bb51a1ed0a78d [CANDIDATE]: Term 1 pre-election: Election decided. Result: candidate won. Election summary: received 2 responses out of 3 voters: 2 yes votes; 0 no votes. yes voters: 1826a768aae4402da19bb51a1ed0a78d, 205ec67a10ab4380802b91afdc374fe1; no voters: 
I20260630 12:17:41.916886 16768 tablet_service.cc:1917] Received RequestConsensusVote() RPC: tablet_id: "fce20dedc69244a487e9e32233aa4266" candidate_uuid: "1826a768aae4402da19bb51a1ed0a78d" candidate_term: 1 candidate_status { last_received { term: 0 index: 0 } } ignore_live_leader: false dest_uuid: "18f755d10a9a456790d4cd8a76dd59b7" is_pre_election: true
I20260630 12:17:41.920053 17079 tablet_service.cc:1917] Received RequestConsensusVote() RPC: tablet_id: "b98008ee80004aa9888ea8954f1ae5ad" candidate_uuid: "46a3f8e6c27e486b8266f87cc316ff05" candidate_term: 1 candidate_status { last_received { term: 0 index: 0 } } ignore_live_leader: false dest_uuid: "205ec67a10ab4380802b91afdc374fe1" is_pre_election: true
I20260630 12:17:41.921684 16768 raft_consensus.cc:2468] T fce20dedc69244a487e9e32233aa4266 P 18f755d10a9a456790d4cd8a76dd59b7 [term 0 FOLLOWER]: Leader pre-election vote request: Granting yes vote for candidate 1826a768aae4402da19bb51a1ed0a78d in term 0.
I20260630 12:17:41.921765 17124 leader_election.cc:290] T 9849ec4dd065479aad195b910fc817e8 P 205ec67a10ab4380802b91afdc374fe1 [CANDIDATE]: Term 1 election: Requested vote from peers 1826a768aae4402da19bb51a1ed0a78d (127.13.118.66:35249), 46a3f8e6c27e486b8266f87cc316ff05 (127.13.118.67:34501)
I20260630 12:17:41.922418 17079 tablet_service.cc:1917] Received RequestConsensusVote() RPC: tablet_id: "b98008ee80004aa9888ea8954f1ae5ad" candidate_uuid: "46a3f8e6c27e486b8266f87cc316ff05" candidate_term: 1 candidate_status { last_received { term: 0 index: 0 } } ignore_live_leader: false dest_uuid: "205ec67a10ab4380802b91afdc374fe1"
I20260630 12:17:41.924904 16915 tablet_service.cc:1917] Received RequestConsensusVote() RPC: tablet_id: "eae5b9f1f79d432fa3d3cd4c67b9b31d" candidate_uuid: "18f755d10a9a456790d4cd8a76dd59b7" candidate_term: 1 candidate_status { last_received { term: 0 index: 0 } } ignore_live_leader: false dest_uuid: "46a3f8e6c27e486b8266f87cc316ff05"
I20260630 12:17:41.925662 16915 raft_consensus.cc:3060] T eae5b9f1f79d432fa3d3cd4c67b9b31d P 46a3f8e6c27e486b8266f87cc316ff05 [term 0 FOLLOWER]: Advancing to term 1
I20260630 12:17:41.937081 17008 raft_consensus.cc:493] T 62953605a6414dfb955856af93b3c951 P 18f755d10a9a456790d4cd8a76dd59b7 [term 0 FOLLOWER]: Starting pre-election (no leader contacted us within the election timeout)
I20260630 12:17:41.933673 17059 raft_consensus.cc:2804] T fce20dedc69244a487e9e32233aa4266 P 1826a768aae4402da19bb51a1ed0a78d [term 0 FOLLOWER]: Leader pre-election won for term 1
I20260630 12:17:41.938114 17059 raft_consensus.cc:493] T fce20dedc69244a487e9e32233aa4266 P 1826a768aae4402da19bb51a1ed0a78d [term 0 FOLLOWER]: Starting leader election (no leader contacted us within the election timeout)
I20260630 12:17:41.937935 17008 raft_consensus.cc:515] T 62953605a6414dfb955856af93b3c951 P 18f755d10a9a456790d4cd8a76dd59b7 [term 0 FOLLOWER]: Starting pre-election with config: opid_index: -1 OBSOLETE_local: false peers { permanent_uuid: "46a3f8e6c27e486b8266f87cc316ff05" member_type: VOTER last_known_addr { host: "127.13.118.67" port: 34501 } } peers { permanent_uuid: "205ec67a10ab4380802b91afdc374fe1" member_type: VOTER last_known_addr { host: "127.13.118.68" port: 33191 } } peers { permanent_uuid: "18f755d10a9a456790d4cd8a76dd59b7" member_type: VOTER last_known_addr { host: "127.13.118.65" port: 40807 } }
I20260630 12:17:41.938791 17059 raft_consensus.cc:3060] T fce20dedc69244a487e9e32233aa4266 P 1826a768aae4402da19bb51a1ed0a78d [term 0 FOLLOWER]: Advancing to term 1
I20260630 12:17:41.946457 17008 leader_election.cc:290] T 62953605a6414dfb955856af93b3c951 P 18f755d10a9a456790d4cd8a76dd59b7 [CANDIDATE]: Term 1 pre-election: Requested pre-vote from peers 46a3f8e6c27e486b8266f87cc316ff05 (127.13.118.67:34501), 205ec67a10ab4380802b91afdc374fe1 (127.13.118.68:33191)
I20260630 12:17:41.947842 17079 tablet_service.cc:1917] Received RequestConsensusVote() RPC: tablet_id: "62953605a6414dfb955856af93b3c951" candidate_uuid: "18f755d10a9a456790d4cd8a76dd59b7" candidate_term: 1 candidate_status { last_received { term: 0 index: 0 } } ignore_live_leader: false dest_uuid: "205ec67a10ab4380802b91afdc374fe1" is_pre_election: true
W20260630 12:17:41.949856 16733 leader_election.cc:343] T 62953605a6414dfb955856af93b3c951 P 18f755d10a9a456790d4cd8a76dd59b7 [CANDIDATE]: Term 1 pre-election: Tablet error from VoteRequest() call to peer 205ec67a10ab4380802b91afdc374fe1 (127.13.118.68:33191): Illegal state: must be running to vote when last-logged opid is not known
I20260630 12:17:41.950567 16915 raft_consensus.cc:2468] T eae5b9f1f79d432fa3d3cd4c67b9b31d P 46a3f8e6c27e486b8266f87cc316ff05 [term 1 FOLLOWER]: Leader election vote request: Granting yes vote for candidate 18f755d10a9a456790d4cd8a76dd59b7 in term 1.
W20260630 12:17:41.924907 16882 leader_election.cc:343] T b98008ee80004aa9888ea8954f1ae5ad P 46a3f8e6c27e486b8266f87cc316ff05 [CANDIDATE]: Term 1 pre-election: Tablet error from VoteRequest() call to peer 205ec67a10ab4380802b91afdc374fe1 (127.13.118.68:33191): Illegal state: must be running to vote when last-logged opid is not known
W20260630 12:17:41.962149 16882 leader_election.cc:343] T b98008ee80004aa9888ea8954f1ae5ad P 46a3f8e6c27e486b8266f87cc316ff05 [CANDIDATE]: Term 1 election: Tablet error from VoteRequest() call to peer 205ec67a10ab4380802b91afdc374fe1 (127.13.118.68:33191): Illegal state: must be running to vote when last-logged opid is not known
I20260630 12:17:41.964597 16915 tablet_service.cc:1917] Received RequestConsensusVote() RPC: tablet_id: "62953605a6414dfb955856af93b3c951" candidate_uuid: "18f755d10a9a456790d4cd8a76dd59b7" candidate_term: 1 candidate_status { last_received { term: 0 index: 0 } } ignore_live_leader: false dest_uuid: "46a3f8e6c27e486b8266f87cc316ff05" is_pre_election: true
I20260630 12:17:41.957365 16840 raft_consensus.cc:2468] T 9849ec4dd065479aad195b910fc817e8 P 1826a768aae4402da19bb51a1ed0a78d [term 1 FOLLOWER]: Leader election vote request: Granting yes vote for candidate 205ec67a10ab4380802b91afdc374fe1 in term 1.
I20260630 12:17:41.965474 16915 raft_consensus.cc:2468] T 62953605a6414dfb955856af93b3c951 P 46a3f8e6c27e486b8266f87cc316ff05 [term 0 FOLLOWER]: Leader pre-election vote request: Granting yes vote for candidate 18f755d10a9a456790d4cd8a76dd59b7 in term 0.
I20260630 12:17:41.966436 17034 leader_election.cc:304] T 9849ec4dd065479aad195b910fc817e8 P 205ec67a10ab4380802b91afdc374fe1 [CANDIDATE]: Term 1 election: Election decided. Result: candidate won. Election summary: received 2 responses out of 3 voters: 2 yes votes; 0 no votes. yes voters: 1826a768aae4402da19bb51a1ed0a78d, 205ec67a10ab4380802b91afdc374fe1; no voters: 
I20260630 12:17:41.967523 17118 ts_tablet_manager.cc:1434] T fce20dedc69244a487e9e32233aa4266 P 205ec67a10ab4380802b91afdc374fe1: Time spent starting tablet: real 0.141s	user 0.036s	sys 0.035s
I20260630 12:17:41.968652 17118 tablet_bootstrap.cc:492] T db784c50fd9b48ca888c4bd098fc2b9a P 205ec67a10ab4380802b91afdc374fe1: Bootstrap starting.
I20260630 12:17:41.970502 17059 raft_consensus.cc:515] T fce20dedc69244a487e9e32233aa4266 P 1826a768aae4402da19bb51a1ed0a78d [term 1 FOLLOWER]: Starting leader election with config: opid_index: -1 OBSOLETE_local: false peers { permanent_uuid: "205ec67a10ab4380802b91afdc374fe1" member_type: VOTER last_known_addr { host: "127.13.118.68" port: 33191 } } peers { permanent_uuid: "18f755d10a9a456790d4cd8a76dd59b7" member_type: VOTER last_known_addr { host: "127.13.118.65" port: 40807 } } peers { permanent_uuid: "1826a768aae4402da19bb51a1ed0a78d" member_type: VOTER last_known_addr { host: "127.13.118.66" port: 35249 } }
I20260630 12:17:41.972529 17152 raft_consensus.cc:2804] T 9849ec4dd065479aad195b910fc817e8 P 205ec67a10ab4380802b91afdc374fe1 [term 1 FOLLOWER]: Leader election won for term 1
I20260630 12:17:41.973490 17152 raft_consensus.cc:697] T 9849ec4dd065479aad195b910fc817e8 P 205ec67a10ab4380802b91afdc374fe1 [term 1 LEADER]: Becoming Leader. State: Replica: 205ec67a10ab4380802b91afdc374fe1, State: Running, Role: LEADER
I20260630 12:17:41.973897 17059 leader_election.cc:290] T fce20dedc69244a487e9e32233aa4266 P 1826a768aae4402da19bb51a1ed0a78d [CANDIDATE]: Term 1 election: Requested vote from peers 205ec67a10ab4380802b91afdc374fe1 (127.13.118.68:33191), 18f755d10a9a456790d4cd8a76dd59b7 (127.13.118.65:40807)
I20260630 12:17:41.974470 17152 consensus_queue.cc:237] T 9849ec4dd065479aad195b910fc817e8 P 205ec67a10ab4380802b91afdc374fe1 [LEADER]: Queue going to LEADER mode. State: All replicated index: 0, Majority replicated index: 0, Committed index: 0, Last appended: 0.0, Last appended by leader: 0, Current term: 1, Majority size: 2, State: 0, Mode: LEADER, active raft config: opid_index: -1 OBSOLETE_local: false peers { permanent_uuid: "205ec67a10ab4380802b91afdc374fe1" member_type: VOTER last_known_addr { host: "127.13.118.68" port: 33191 } } peers { permanent_uuid: "1826a768aae4402da19bb51a1ed0a78d" member_type: VOTER last_known_addr { host: "127.13.118.66" port: 35249 } } peers { permanent_uuid: "46a3f8e6c27e486b8266f87cc316ff05" member_type: VOTER last_known_addr { host: "127.13.118.67" port: 34501 } }
I20260630 12:17:41.977134 17079 tablet_service.cc:1917] Received RequestConsensusVote() RPC: tablet_id: "fce20dedc69244a487e9e32233aa4266" candidate_uuid: "1826a768aae4402da19bb51a1ed0a78d" candidate_term: 1 candidate_status { last_received { term: 0 index: 0 } } ignore_live_leader: false dest_uuid: "205ec67a10ab4380802b91afdc374fe1"
I20260630 12:17:41.977730 17079 raft_consensus.cc:3060] T fce20dedc69244a487e9e32233aa4266 P 205ec67a10ab4380802b91afdc374fe1 [term 0 FOLLOWER]: Advancing to term 1
I20260630 12:17:41.989370 16768 tablet_service.cc:1917] Received RequestConsensusVote() RPC: tablet_id: "fce20dedc69244a487e9e32233aa4266" candidate_uuid: "1826a768aae4402da19bb51a1ed0a78d" candidate_term: 1 candidate_status { last_received { term: 0 index: 0 } } ignore_live_leader: false dest_uuid: "18f755d10a9a456790d4cd8a76dd59b7"
I20260630 12:17:41.991212 16768 raft_consensus.cc:3060] T fce20dedc69244a487e9e32233aa4266 P 18f755d10a9a456790d4cd8a76dd59b7 [term 0 FOLLOWER]: Advancing to term 1
I20260630 12:17:41.991986 16731 leader_election.cc:304] T eae5b9f1f79d432fa3d3cd4c67b9b31d P 18f755d10a9a456790d4cd8a76dd59b7 [CANDIDATE]: Term 1 election: Election decided. Result: candidate won. Election summary: received 3 responses out of 3 voters: 2 yes votes; 1 no votes. yes voters: 18f755d10a9a456790d4cd8a76dd59b7, 46a3f8e6c27e486b8266f87cc316ff05; no voters: 205ec67a10ab4380802b91afdc374fe1
I20260630 12:17:41.992846 17010 raft_consensus.cc:2804] T eae5b9f1f79d432fa3d3cd4c67b9b31d P 18f755d10a9a456790d4cd8a76dd59b7 [term 1 FOLLOWER]: Leader election won for term 1
I20260630 12:17:41.993330 17010 raft_consensus.cc:697] T eae5b9f1f79d432fa3d3cd4c67b9b31d P 18f755d10a9a456790d4cd8a76dd59b7 [term 1 LEADER]: Becoming Leader. State: Replica: 18f755d10a9a456790d4cd8a76dd59b7, State: Running, Role: LEADER
I20260630 12:17:41.994118 17010 consensus_queue.cc:237] T eae5b9f1f79d432fa3d3cd4c67b9b31d P 18f755d10a9a456790d4cd8a76dd59b7 [LEADER]: Queue going to LEADER mode. State: All replicated index: 0, Majority replicated index: 0, Committed index: 0, Last appended: 0.0, Last appended by leader: 0, Current term: 1, Majority size: 2, State: 0, Mode: LEADER, active raft config: opid_index: -1 OBSOLETE_local: false peers { permanent_uuid: "46a3f8e6c27e486b8266f87cc316ff05" member_type: VOTER last_known_addr { host: "127.13.118.67" port: 34501 } } peers { permanent_uuid: "18f755d10a9a456790d4cd8a76dd59b7" member_type: VOTER last_known_addr { host: "127.13.118.65" port: 40807 } } peers { permanent_uuid: "205ec67a10ab4380802b91afdc374fe1" member_type: VOTER last_known_addr { host: "127.13.118.68" port: 33191 } }
I20260630 12:17:41.994537 16663 catalog_manager.cc:5697] T db784c50fd9b48ca888c4bd098fc2b9a P 1826a768aae4402da19bb51a1ed0a78d reported cstate change: term changed from 0 to 1, leader changed from <none> to 1826a768aae4402da19bb51a1ed0a78d (127.13.118.66). New cstate: current_term: 1 leader_uuid: "1826a768aae4402da19bb51a1ed0a78d" committed_config { opid_index: -1 OBSOLETE_local: false peers { permanent_uuid: "1826a768aae4402da19bb51a1ed0a78d" member_type: VOTER last_known_addr { host: "127.13.118.66" port: 35249 } health_report { overall_health: HEALTHY } } peers { permanent_uuid: "205ec67a10ab4380802b91afdc374fe1" member_type: VOTER last_known_addr { host: "127.13.118.68" port: 33191 } health_report { overall_health: UNKNOWN } } peers { permanent_uuid: "18f755d10a9a456790d4cd8a76dd59b7" member_type: VOTER last_known_addr { host: "127.13.118.65" port: 40807 } health_report { overall_health: UNKNOWN } } }
I20260630 12:17:41.995602 16731 leader_election.cc:304] T 62953605a6414dfb955856af93b3c951 P 18f755d10a9a456790d4cd8a76dd59b7 [CANDIDATE]: Term 1 pre-election: Election decided. Result: candidate won. Election summary: received 3 responses out of 3 voters: 2 yes votes; 1 no votes. yes voters: 18f755d10a9a456790d4cd8a76dd59b7, 46a3f8e6c27e486b8266f87cc316ff05; no voters: 205ec67a10ab4380802b91afdc374fe1
I20260630 12:17:42.007777 16664 catalog_manager.cc:5697] T b98008ee80004aa9888ea8954f1ae5ad P 46a3f8e6c27e486b8266f87cc316ff05 reported cstate change: term changed from 0 to 1, leader changed from <none> to 46a3f8e6c27e486b8266f87cc316ff05 (127.13.118.67). New cstate: current_term: 1 leader_uuid: "46a3f8e6c27e486b8266f87cc316ff05" committed_config { opid_index: -1 OBSOLETE_local: false peers { permanent_uuid: "205ec67a10ab4380802b91afdc374fe1" member_type: VOTER last_known_addr { host: "127.13.118.68" port: 33191 } health_report { overall_health: UNKNOWN } } peers { permanent_uuid: "18f755d10a9a456790d4cd8a76dd59b7" member_type: VOTER last_known_addr { host: "127.13.118.65" port: 40807 } health_report { overall_health: UNKNOWN } } peers { permanent_uuid: "46a3f8e6c27e486b8266f87cc316ff05" member_type: VOTER last_known_addr { host: "127.13.118.67" port: 34501 } health_report { overall_health: HEALTHY } } }
I20260630 12:17:42.011507 17079 raft_consensus.cc:2468] T fce20dedc69244a487e9e32233aa4266 P 205ec67a10ab4380802b91afdc374fe1 [term 1 FOLLOWER]: Leader election vote request: Granting yes vote for candidate 1826a768aae4402da19bb51a1ed0a78d in term 1.
I20260630 12:17:42.002755 17118 tablet_bootstrap.cc:654] T db784c50fd9b48ca888c4bd098fc2b9a P 205ec67a10ab4380802b91afdc374fe1: Neither blocks nor log segments found. Creating new log.
I20260630 12:17:42.014253 16808 leader_election.cc:304] T fce20dedc69244a487e9e32233aa4266 P 1826a768aae4402da19bb51a1ed0a78d [CANDIDATE]: Term 1 election: Election decided. Result: candidate won. Election summary: received 2 responses out of 3 voters: 2 yes votes; 0 no votes. yes voters: 1826a768aae4402da19bb51a1ed0a78d, 205ec67a10ab4380802b91afdc374fe1; no voters: 
I20260630 12:17:42.014994 17156 raft_consensus.cc:2804] T 62953605a6414dfb955856af93b3c951 P 18f755d10a9a456790d4cd8a76dd59b7 [term 0 FOLLOWER]: Leader pre-election won for term 1
I20260630 12:17:42.003070 16768 raft_consensus.cc:2468] T fce20dedc69244a487e9e32233aa4266 P 18f755d10a9a456790d4cd8a76dd59b7 [term 1 FOLLOWER]: Leader election vote request: Granting yes vote for candidate 1826a768aae4402da19bb51a1ed0a78d in term 1.
I20260630 12:17:42.015314 17056 raft_consensus.cc:2804] T fce20dedc69244a487e9e32233aa4266 P 1826a768aae4402da19bb51a1ed0a78d [term 1 FOLLOWER]: Leader election won for term 1
I20260630 12:17:42.015489 17156 raft_consensus.cc:493] T 62953605a6414dfb955856af93b3c951 P 18f755d10a9a456790d4cd8a76dd59b7 [term 0 FOLLOWER]: Starting leader election (no leader contacted us within the election timeout)
I20260630 12:17:42.015931 17056 raft_consensus.cc:697] T fce20dedc69244a487e9e32233aa4266 P 1826a768aae4402da19bb51a1ed0a78d [term 1 LEADER]: Becoming Leader. State: Replica: 1826a768aae4402da19bb51a1ed0a78d, State: Running, Role: LEADER
I20260630 12:17:42.015981 17156 raft_consensus.cc:3060] T 62953605a6414dfb955856af93b3c951 P 18f755d10a9a456790d4cd8a76dd59b7 [term 0 FOLLOWER]: Advancing to term 1
I20260630 12:17:42.017072 17056 consensus_queue.cc:237] T fce20dedc69244a487e9e32233aa4266 P 1826a768aae4402da19bb51a1ed0a78d [LEADER]: Queue going to LEADER mode. State: All replicated index: 0, Majority replicated index: 0, Committed index: 0, Last appended: 0.0, Last appended by leader: 0, Current term: 1, Majority size: 2, State: 0, Mode: LEADER, active raft config: opid_index: -1 OBSOLETE_local: false peers { permanent_uuid: "205ec67a10ab4380802b91afdc374fe1" member_type: VOTER last_known_addr { host: "127.13.118.68" port: 33191 } } peers { permanent_uuid: "18f755d10a9a456790d4cd8a76dd59b7" member_type: VOTER last_known_addr { host: "127.13.118.65" port: 40807 } } peers { permanent_uuid: "1826a768aae4402da19bb51a1ed0a78d" member_type: VOTER last_known_addr { host: "127.13.118.66" port: 35249 } }
I20260630 12:17:42.019336 16988 consensus_queue.cc:1048] T 6122d750d7884bd4ac635ffc452c6b72 P 46a3f8e6c27e486b8266f87cc316ff05 [LEADER]: Connected to new peer: Peer: permanent_uuid: "1826a768aae4402da19bb51a1ed0a78d" member_type: VOTER last_known_addr { host: "127.13.118.66" port: 35249 }, Status: LMP_MISMATCH, Last received: 0.0, Next index: 1, Last known committed idx: 0, Time since last communication: 0.001s
I20260630 12:17:42.030994 16665 catalog_manager.cc:5697] T eae5b9f1f79d432fa3d3cd4c67b9b31d P 18f755d10a9a456790d4cd8a76dd59b7 reported cstate change: term changed from 0 to 1, leader changed from <none> to 18f755d10a9a456790d4cd8a76dd59b7 (127.13.118.65). New cstate: current_term: 1 leader_uuid: "18f755d10a9a456790d4cd8a76dd59b7" committed_config { opid_index: -1 OBSOLETE_local: false peers { permanent_uuid: "46a3f8e6c27e486b8266f87cc316ff05" member_type: VOTER last_known_addr { host: "127.13.118.67" port: 34501 } health_report { overall_health: UNKNOWN } } peers { permanent_uuid: "18f755d10a9a456790d4cd8a76dd59b7" member_type: VOTER last_known_addr { host: "127.13.118.65" port: 40807 } health_report { overall_health: HEALTHY } } peers { permanent_uuid: "205ec67a10ab4380802b91afdc374fe1" member_type: VOTER last_known_addr { host: "127.13.118.68" port: 33191 } health_report { overall_health: UNKNOWN } } }
I20260630 12:17:42.033002 16663 catalog_manager.cc:5697] T 9849ec4dd065479aad195b910fc817e8 P 205ec67a10ab4380802b91afdc374fe1 reported cstate change: term changed from 0 to 1, leader changed from <none> to 205ec67a10ab4380802b91afdc374fe1 (127.13.118.68). New cstate: current_term: 1 leader_uuid: "205ec67a10ab4380802b91afdc374fe1" committed_config { opid_index: -1 OBSOLETE_local: false peers { permanent_uuid: "205ec67a10ab4380802b91afdc374fe1" member_type: VOTER last_known_addr { host: "127.13.118.68" port: 33191 } health_report { overall_health: HEALTHY } } peers { permanent_uuid: "1826a768aae4402da19bb51a1ed0a78d" member_type: VOTER last_known_addr { host: "127.13.118.66" port: 35249 } health_report { overall_health: UNKNOWN } } peers { permanent_uuid: "46a3f8e6c27e486b8266f87cc316ff05" member_type: VOTER last_known_addr { host: "127.13.118.67" port: 34501 } health_report { overall_health: UNKNOWN } } }
I20260630 12:17:42.038245 16915 tablet_service.cc:1917] Received RequestConsensusVote() RPC: tablet_id: "9849ec4dd065479aad195b910fc817e8" candidate_uuid: "205ec67a10ab4380802b91afdc374fe1" candidate_term: 1 candidate_status { last_received { term: 0 index: 0 } } ignore_live_leader: false dest_uuid: "46a3f8e6c27e486b8266f87cc316ff05" is_pre_election: true
I20260630 12:17:42.038678 16916 tablet_service.cc:1917] Received RequestConsensusVote() RPC: tablet_id: "9849ec4dd065479aad195b910fc817e8" candidate_uuid: "205ec67a10ab4380802b91afdc374fe1" candidate_term: 1 candidate_status { last_received { term: 0 index: 0 } } ignore_live_leader: false dest_uuid: "46a3f8e6c27e486b8266f87cc316ff05"
I20260630 12:17:42.039016 16915 raft_consensus.cc:2468] T 9849ec4dd065479aad195b910fc817e8 P 46a3f8e6c27e486b8266f87cc316ff05 [term 0 FOLLOWER]: Leader pre-election vote request: Granting yes vote for candidate 205ec67a10ab4380802b91afdc374fe1 in term 0.
I20260630 12:17:42.041682 16666 catalog_manager.cc:5697] T fce20dedc69244a487e9e32233aa4266 P 1826a768aae4402da19bb51a1ed0a78d reported cstate change: term changed from 0 to 1, leader changed from <none> to 1826a768aae4402da19bb51a1ed0a78d (127.13.118.66). New cstate: current_term: 1 leader_uuid: "1826a768aae4402da19bb51a1ed0a78d" committed_config { opid_index: -1 OBSOLETE_local: false peers { permanent_uuid: "205ec67a10ab4380802b91afdc374fe1" member_type: VOTER last_known_addr { host: "127.13.118.68" port: 33191 } health_report { overall_health: UNKNOWN } } peers { permanent_uuid: "18f755d10a9a456790d4cd8a76dd59b7" member_type: VOTER last_known_addr { host: "127.13.118.65" port: 40807 } health_report { overall_health: UNKNOWN } } peers { permanent_uuid: "1826a768aae4402da19bb51a1ed0a78d" member_type: VOTER last_known_addr { host: "127.13.118.66" port: 35249 } health_report { overall_health: HEALTHY } } }
I20260630 12:17:42.043671 17156 raft_consensus.cc:515] T 62953605a6414dfb955856af93b3c951 P 18f755d10a9a456790d4cd8a76dd59b7 [term 1 FOLLOWER]: Starting leader election with config: opid_index: -1 OBSOLETE_local: false peers { permanent_uuid: "46a3f8e6c27e486b8266f87cc316ff05" member_type: VOTER last_known_addr { host: "127.13.118.67" port: 34501 } } peers { permanent_uuid: "205ec67a10ab4380802b91afdc374fe1" member_type: VOTER last_known_addr { host: "127.13.118.68" port: 33191 } } peers { permanent_uuid: "18f755d10a9a456790d4cd8a76dd59b7" member_type: VOTER last_known_addr { host: "127.13.118.65" port: 40807 } }
I20260630 12:17:42.047596 17079 tablet_service.cc:1917] Received RequestConsensusVote() RPC: tablet_id: "62953605a6414dfb955856af93b3c951" candidate_uuid: "18f755d10a9a456790d4cd8a76dd59b7" candidate_term: 1 candidate_status { last_received { term: 0 index: 0 } } ignore_live_leader: false dest_uuid: "205ec67a10ab4380802b91afdc374fe1"
I20260630 12:17:42.048528 16915 tablet_service.cc:1917] Received RequestConsensusVote() RPC: tablet_id: "62953605a6414dfb955856af93b3c951" candidate_uuid: "18f755d10a9a456790d4cd8a76dd59b7" candidate_term: 1 candidate_status { last_received { term: 0 index: 0 } } ignore_live_leader: false dest_uuid: "46a3f8e6c27e486b8266f87cc316ff05"
W20260630 12:17:42.048933 16733 leader_election.cc:343] T 62953605a6414dfb955856af93b3c951 P 18f755d10a9a456790d4cd8a76dd59b7 [CANDIDATE]: Term 1 election: Tablet error from VoteRequest() call to peer 205ec67a10ab4380802b91afdc374fe1 (127.13.118.68:33191): Illegal state: must be running to vote when last-logged opid is not known
I20260630 12:17:42.049387 16915 raft_consensus.cc:3060] T 62953605a6414dfb955856af93b3c951 P 46a3f8e6c27e486b8266f87cc316ff05 [term 0 FOLLOWER]: Advancing to term 1
I20260630 12:17:42.050004 17156 leader_election.cc:290] T 62953605a6414dfb955856af93b3c951 P 18f755d10a9a456790d4cd8a76dd59b7 [CANDIDATE]: Term 1 election: Requested vote from peers 46a3f8e6c27e486b8266f87cc316ff05 (127.13.118.67:34501), 205ec67a10ab4380802b91afdc374fe1 (127.13.118.68:33191)
I20260630 12:17:42.052098 17118 tablet_bootstrap.cc:492] T db784c50fd9b48ca888c4bd098fc2b9a P 205ec67a10ab4380802b91afdc374fe1: No bootstrap required, opened a new log
I20260630 12:17:42.052707 17118 ts_tablet_manager.cc:1403] T db784c50fd9b48ca888c4bd098fc2b9a P 205ec67a10ab4380802b91afdc374fe1: Time spent bootstrapping tablet: real 0.084s	user 0.013s	sys 0.003s
I20260630 12:17:42.055896 17118 raft_consensus.cc:359] T db784c50fd9b48ca888c4bd098fc2b9a P 205ec67a10ab4380802b91afdc374fe1 [term 0 FOLLOWER]: Replica starting. Triggering 0 pending ops. Active config: opid_index: -1 OBSOLETE_local: false peers { permanent_uuid: "1826a768aae4402da19bb51a1ed0a78d" member_type: VOTER last_known_addr { host: "127.13.118.66" port: 35249 } } peers { permanent_uuid: "205ec67a10ab4380802b91afdc374fe1" member_type: VOTER last_known_addr { host: "127.13.118.68" port: 33191 } } peers { permanent_uuid: "18f755d10a9a456790d4cd8a76dd59b7" member_type: VOTER last_known_addr { host: "127.13.118.65" port: 40807 } }
I20260630 12:17:42.056691 17118 raft_consensus.cc:385] T db784c50fd9b48ca888c4bd098fc2b9a P 205ec67a10ab4380802b91afdc374fe1 [term 0 FOLLOWER]: Consensus starting up: Expiring failure detector timer to make a prompt election more likely
I20260630 12:17:42.057008 17118 raft_consensus.cc:740] T db784c50fd9b48ca888c4bd098fc2b9a P 205ec67a10ab4380802b91afdc374fe1 [term 0 FOLLOWER]: Becoming Follower/Learner. State: Replica: 205ec67a10ab4380802b91afdc374fe1, State: Initialized, Role: FOLLOWER
I20260630 12:17:42.058658 17118 consensus_queue.cc:260] T db784c50fd9b48ca888c4bd098fc2b9a P 205ec67a10ab4380802b91afdc374fe1 [NON_LEADER]: Queue going to NON_LEADER mode. State: All replicated index: 0, Majority replicated index: 0, Committed index: 0, Last appended: 0.0, Last appended by leader: 0, Current term: 0, Majority size: -1, State: 0, Mode: NON_LEADER, active raft config: opid_index: -1 OBSOLETE_local: false peers { permanent_uuid: "1826a768aae4402da19bb51a1ed0a78d" member_type: VOTER last_known_addr { host: "127.13.118.66" port: 35249 } } peers { permanent_uuid: "205ec67a10ab4380802b91afdc374fe1" member_type: VOTER last_known_addr { host: "127.13.118.68" port: 33191 } } peers { permanent_uuid: "18f755d10a9a456790d4cd8a76dd59b7" member_type: VOTER last_known_addr { host: "127.13.118.65" port: 40807 } }
I20260630 12:17:42.061223 17118 ts_tablet_manager.cc:1434] T db784c50fd9b48ca888c4bd098fc2b9a P 205ec67a10ab4380802b91afdc374fe1: Time spent starting tablet: real 0.008s	user 0.005s	sys 0.003s
I20260630 12:17:42.062302 17118 tablet_bootstrap.cc:492] T 62953605a6414dfb955856af93b3c951 P 205ec67a10ab4380802b91afdc374fe1: Bootstrap starting.
I20260630 12:17:42.063551 16915 raft_consensus.cc:2468] T 62953605a6414dfb955856af93b3c951 P 46a3f8e6c27e486b8266f87cc316ff05 [term 1 FOLLOWER]: Leader election vote request: Granting yes vote for candidate 18f755d10a9a456790d4cd8a76dd59b7 in term 1.
I20260630 12:17:42.065171 16731 leader_election.cc:304] T 62953605a6414dfb955856af93b3c951 P 18f755d10a9a456790d4cd8a76dd59b7 [CANDIDATE]: Term 1 election: Election decided. Result: candidate won. Election summary: received 3 responses out of 3 voters: 2 yes votes; 1 no votes. yes voters: 18f755d10a9a456790d4cd8a76dd59b7, 46a3f8e6c27e486b8266f87cc316ff05; no voters: 205ec67a10ab4380802b91afdc374fe1
I20260630 12:17:42.067248 17156 raft_consensus.cc:2804] T 62953605a6414dfb955856af93b3c951 P 18f755d10a9a456790d4cd8a76dd59b7 [term 1 FOLLOWER]: Leader election won for term 1
I20260630 12:17:42.068210 17156 raft_consensus.cc:697] T 62953605a6414dfb955856af93b3c951 P 18f755d10a9a456790d4cd8a76dd59b7 [term 1 LEADER]: Becoming Leader. State: Replica: 18f755d10a9a456790d4cd8a76dd59b7, State: Running, Role: LEADER
I20260630 12:17:42.069132 17156 consensus_queue.cc:237] T 62953605a6414dfb955856af93b3c951 P 18f755d10a9a456790d4cd8a76dd59b7 [LEADER]: Queue going to LEADER mode. State: All replicated index: 0, Majority replicated index: 0, Committed index: 0, Last appended: 0.0, Last appended by leader: 0, Current term: 1, Majority size: 2, State: 0, Mode: LEADER, active raft config: opid_index: -1 OBSOLETE_local: false peers { permanent_uuid: "46a3f8e6c27e486b8266f87cc316ff05" member_type: VOTER last_known_addr { host: "127.13.118.67" port: 34501 } } peers { permanent_uuid: "205ec67a10ab4380802b91afdc374fe1" member_type: VOTER last_known_addr { host: "127.13.118.68" port: 33191 } } peers { permanent_uuid: "18f755d10a9a456790d4cd8a76dd59b7" member_type: VOTER last_known_addr { host: "127.13.118.65" port: 40807 } }
I20260630 12:17:42.077113 16988 consensus_queue.cc:1048] T 6122d750d7884bd4ac635ffc452c6b72 P 46a3f8e6c27e486b8266f87cc316ff05 [LEADER]: Connected to new peer: Peer: permanent_uuid: "205ec67a10ab4380802b91afdc374fe1" member_type: VOTER last_known_addr { host: "127.13.118.68" port: 33191 }, Status: LMP_MISMATCH, Last received: 0.0, Next index: 1, Last known committed idx: 0, Time since last communication: 0.001s
I20260630 12:17:42.082232 17118 tablet_bootstrap.cc:654] T 62953605a6414dfb955856af93b3c951 P 205ec67a10ab4380802b91afdc374fe1: Neither blocks nor log segments found. Creating new log.
I20260630 12:17:42.105387 17010 consensus_queue.cc:1048] T 2ee30f63ef1c431c9a845409b910c4f5 P 18f755d10a9a456790d4cd8a76dd59b7 [LEADER]: Connected to new peer: Peer: permanent_uuid: "205ec67a10ab4380802b91afdc374fe1" member_type: VOTER last_known_addr { host: "127.13.118.68" port: 33191 }, Status: LMP_MISMATCH, Last received: 0.0, Next index: 1, Last known committed idx: 0, Time since last communication: 0.000s
I20260630 12:17:42.107463 17118 tablet_bootstrap.cc:492] T 62953605a6414dfb955856af93b3c951 P 205ec67a10ab4380802b91afdc374fe1: No bootstrap required, opened a new log
I20260630 12:17:42.108070 17118 ts_tablet_manager.cc:1403] T 62953605a6414dfb955856af93b3c951 P 205ec67a10ab4380802b91afdc374fe1: Time spent bootstrapping tablet: real 0.046s	user 0.024s	sys 0.007s
I20260630 12:17:42.111179 17118 raft_consensus.cc:359] T 62953605a6414dfb955856af93b3c951 P 205ec67a10ab4380802b91afdc374fe1 [term 0 FOLLOWER]: Replica starting. Triggering 0 pending ops. Active config: opid_index: -1 OBSOLETE_local: false peers { permanent_uuid: "46a3f8e6c27e486b8266f87cc316ff05" member_type: VOTER last_known_addr { host: "127.13.118.67" port: 34501 } } peers { permanent_uuid: "205ec67a10ab4380802b91afdc374fe1" member_type: VOTER last_known_addr { host: "127.13.118.68" port: 33191 } } peers { permanent_uuid: "18f755d10a9a456790d4cd8a76dd59b7" member_type: VOTER last_known_addr { host: "127.13.118.65" port: 40807 } }
I20260630 12:17:42.112008 17118 raft_consensus.cc:385] T 62953605a6414dfb955856af93b3c951 P 205ec67a10ab4380802b91afdc374fe1 [term 0 FOLLOWER]: Consensus starting up: Expiring failure detector timer to make a prompt election more likely
I20260630 12:17:42.112334 17118 raft_consensus.cc:740] T 62953605a6414dfb955856af93b3c951 P 205ec67a10ab4380802b91afdc374fe1 [term 0 FOLLOWER]: Becoming Follower/Learner. State: Replica: 205ec67a10ab4380802b91afdc374fe1, State: Initialized, Role: FOLLOWER
I20260630 12:17:42.113072 17118 consensus_queue.cc:260] T 62953605a6414dfb955856af93b3c951 P 205ec67a10ab4380802b91afdc374fe1 [NON_LEADER]: Queue going to NON_LEADER mode. State: All replicated index: 0, Majority replicated index: 0, Committed index: 0, Last appended: 0.0, Last appended by leader: 0, Current term: 0, Majority size: -1, State: 0, Mode: NON_LEADER, active raft config: opid_index: -1 OBSOLETE_local: false peers { permanent_uuid: "46a3f8e6c27e486b8266f87cc316ff05" member_type: VOTER last_known_addr { host: "127.13.118.67" port: 34501 } } peers { permanent_uuid: "205ec67a10ab4380802b91afdc374fe1" member_type: VOTER last_known_addr { host: "127.13.118.68" port: 33191 } } peers { permanent_uuid: "18f755d10a9a456790d4cd8a76dd59b7" member_type: VOTER last_known_addr { host: "127.13.118.65" port: 40807 } }
I20260630 12:17:42.115597 17118 ts_tablet_manager.cc:1434] T 62953605a6414dfb955856af93b3c951 P 205ec67a10ab4380802b91afdc374fe1: Time spent starting tablet: real 0.007s	user 0.008s	sys 0.000s
I20260630 12:17:42.116644 17118 tablet_bootstrap.cc:492] T b98008ee80004aa9888ea8954f1ae5ad P 205ec67a10ab4380802b91afdc374fe1: Bootstrap starting.
I20260630 12:17:42.115993 16666 catalog_manager.cc:5697] T 62953605a6414dfb955856af93b3c951 P 18f755d10a9a456790d4cd8a76dd59b7 reported cstate change: term changed from 0 to 1, leader changed from <none> to 18f755d10a9a456790d4cd8a76dd59b7 (127.13.118.65). New cstate: current_term: 1 leader_uuid: "18f755d10a9a456790d4cd8a76dd59b7" committed_config { opid_index: -1 OBSOLETE_local: false peers { permanent_uuid: "46a3f8e6c27e486b8266f87cc316ff05" member_type: VOTER last_known_addr { host: "127.13.118.67" port: 34501 } health_report { overall_health: UNKNOWN } } peers { permanent_uuid: "205ec67a10ab4380802b91afdc374fe1" member_type: VOTER last_known_addr { host: "127.13.118.68" port: 33191 } health_report { overall_health: UNKNOWN } } peers { permanent_uuid: "18f755d10a9a456790d4cd8a76dd59b7" member_type: VOTER last_known_addr { host: "127.13.118.65" port: 40807 } health_report { overall_health: HEALTHY } } }
I20260630 12:17:42.123248 17118 tablet_bootstrap.cc:654] T b98008ee80004aa9888ea8954f1ae5ad P 205ec67a10ab4380802b91afdc374fe1: Neither blocks nor log segments found. Creating new log.
I20260630 12:17:42.133069 17152 raft_consensus.cc:493] T 62953605a6414dfb955856af93b3c951 P 205ec67a10ab4380802b91afdc374fe1 [term 0 FOLLOWER]: Starting pre-election (no leader contacted us within the election timeout)
I20260630 12:17:42.133627 17152 raft_consensus.cc:515] T 62953605a6414dfb955856af93b3c951 P 205ec67a10ab4380802b91afdc374fe1 [term 0 FOLLOWER]: Starting pre-election with config: opid_index: -1 OBSOLETE_local: false peers { permanent_uuid: "46a3f8e6c27e486b8266f87cc316ff05" member_type: VOTER last_known_addr { host: "127.13.118.67" port: 34501 } } peers { permanent_uuid: "205ec67a10ab4380802b91afdc374fe1" member_type: VOTER last_known_addr { host: "127.13.118.68" port: 33191 } } peers { permanent_uuid: "18f755d10a9a456790d4cd8a76dd59b7" member_type: VOTER last_known_addr { host: "127.13.118.65" port: 40807 } }
I20260630 12:17:42.134675 16719 auto_leader_rebalancer.cc:141] leader rebalance for table range_aware_rebalance_new_range
I20260630 12:17:42.135907 17152 leader_election.cc:290] T 62953605a6414dfb955856af93b3c951 P 205ec67a10ab4380802b91afdc374fe1 [CANDIDATE]: Term 1 pre-election: Requested pre-vote from peers 46a3f8e6c27e486b8266f87cc316ff05 (127.13.118.67:34501), 18f755d10a9a456790d4cd8a76dd59b7 (127.13.118.65:40807)
I20260630 12:17:42.138098 16768 tablet_service.cc:1917] Received RequestConsensusVote() RPC: tablet_id: "62953605a6414dfb955856af93b3c951" candidate_uuid: "205ec67a10ab4380802b91afdc374fe1" candidate_term: 1 candidate_status { last_received { term: 0 index: 0 } } ignore_live_leader: false dest_uuid: "18f755d10a9a456790d4cd8a76dd59b7" is_pre_election: true
I20260630 12:17:42.140496 16915 tablet_service.cc:1917] Received RequestConsensusVote() RPC: tablet_id: "62953605a6414dfb955856af93b3c951" candidate_uuid: "205ec67a10ab4380802b91afdc374fe1" candidate_term: 1 candidate_status { last_received { term: 0 index: 0 } } ignore_live_leader: false dest_uuid: "46a3f8e6c27e486b8266f87cc316ff05" is_pre_election: true
I20260630 12:17:42.141348 16915 raft_consensus.cc:2393] T 62953605a6414dfb955856af93b3c951 P 46a3f8e6c27e486b8266f87cc316ff05 [term 1 FOLLOWER]: Leader pre-election vote request: Denying vote to candidate 205ec67a10ab4380802b91afdc374fe1 in current term 1: Already voted for candidate 18f755d10a9a456790d4cd8a76dd59b7 in this term.
I20260630 12:17:42.144745 17034 leader_election.cc:304] T 62953605a6414dfb955856af93b3c951 P 205ec67a10ab4380802b91afdc374fe1 [CANDIDATE]: Term 1 pre-election: Election decided. Result: candidate lost. Election summary: received 3 responses out of 3 voters: 1 yes votes; 2 no votes. yes voters: 205ec67a10ab4380802b91afdc374fe1; no voters: 18f755d10a9a456790d4cd8a76dd59b7, 46a3f8e6c27e486b8266f87cc316ff05
I20260630 12:17:42.147519 17118 tablet_bootstrap.cc:492] T b98008ee80004aa9888ea8954f1ae5ad P 205ec67a10ab4380802b91afdc374fe1: No bootstrap required, opened a new log
I20260630 12:17:42.148597 17118 ts_tablet_manager.cc:1403] T b98008ee80004aa9888ea8954f1ae5ad P 205ec67a10ab4380802b91afdc374fe1: Time spent bootstrapping tablet: real 0.032s	user 0.018s	sys 0.003s
I20260630 12:17:42.152634 17124 raft_consensus.cc:3060] T 62953605a6414dfb955856af93b3c951 P 205ec67a10ab4380802b91afdc374fe1 [term 0 FOLLOWER]: Advancing to term 1
I20260630 12:17:42.157513 17010 consensus_queue.cc:1048] T 2ee30f63ef1c431c9a845409b910c4f5 P 18f755d10a9a456790d4cd8a76dd59b7 [LEADER]: Connected to new peer: Peer: permanent_uuid: "1826a768aae4402da19bb51a1ed0a78d" member_type: VOTER last_known_addr { host: "127.13.118.66" port: 35249 }, Status: LMP_MISMATCH, Last received: 0.0, Next index: 1, Last known committed idx: 0, Time since last communication: 0.000s
I20260630 12:17:42.159952 17124 raft_consensus.cc:2749] T 62953605a6414dfb955856af93b3c951 P 205ec67a10ab4380802b91afdc374fe1 [term 1 FOLLOWER]: Leader pre-election lost for term 1. Reason: could not achieve majority
I20260630 12:17:42.157279 17118 raft_consensus.cc:359] T b98008ee80004aa9888ea8954f1ae5ad P 205ec67a10ab4380802b91afdc374fe1 [term 0 FOLLOWER]: Replica starting. Triggering 0 pending ops. Active config: opid_index: -1 OBSOLETE_local: false peers { permanent_uuid: "205ec67a10ab4380802b91afdc374fe1" member_type: VOTER last_known_addr { host: "127.13.118.68" port: 33191 } } peers { permanent_uuid: "18f755d10a9a456790d4cd8a76dd59b7" member_type: VOTER last_known_addr { host: "127.13.118.65" port: 40807 } } peers { permanent_uuid: "46a3f8e6c27e486b8266f87cc316ff05" member_type: VOTER last_known_addr { host: "127.13.118.67" port: 34501 } }
I20260630 12:17:42.175531 17118 raft_consensus.cc:385] T b98008ee80004aa9888ea8954f1ae5ad P 205ec67a10ab4380802b91afdc374fe1 [term 0 FOLLOWER]: Consensus starting up: Expiring failure detector timer to make a prompt election more likely
I20260630 12:17:42.176046 17118 raft_consensus.cc:740] T b98008ee80004aa9888ea8954f1ae5ad P 205ec67a10ab4380802b91afdc374fe1 [term 0 FOLLOWER]: Becoming Follower/Learner. State: Replica: 205ec67a10ab4380802b91afdc374fe1, State: Initialized, Role: FOLLOWER
I20260630 12:17:42.177167 17118 consensus_queue.cc:260] T b98008ee80004aa9888ea8954f1ae5ad P 205ec67a10ab4380802b91afdc374fe1 [NON_LEADER]: Queue going to NON_LEADER mode. State: All replicated index: 0, Majority replicated index: 0, Committed index: 0, Last appended: 0.0, Last appended by leader: 0, Current term: 0, Majority size: -1, State: 0, Mode: NON_LEADER, active raft config: opid_index: -1 OBSOLETE_local: false peers { permanent_uuid: "205ec67a10ab4380802b91afdc374fe1" member_type: VOTER last_known_addr { host: "127.13.118.68" port: 33191 } } peers { permanent_uuid: "18f755d10a9a456790d4cd8a76dd59b7" member_type: VOTER last_known_addr { host: "127.13.118.65" port: 40807 } } peers { permanent_uuid: "46a3f8e6c27e486b8266f87cc316ff05" member_type: VOTER last_known_addr { host: "127.13.118.67" port: 34501 } }
I20260630 12:17:42.179996 17118 ts_tablet_manager.cc:1434] T b98008ee80004aa9888ea8954f1ae5ad P 205ec67a10ab4380802b91afdc374fe1: Time spent starting tablet: real 0.031s	user 0.005s	sys 0.002s
I20260630 12:17:42.181074 17118 tablet_bootstrap.cc:492] T eae5b9f1f79d432fa3d3cd4c67b9b31d P 205ec67a10ab4380802b91afdc374fe1: Bootstrap starting.
I20260630 12:17:42.192384 17118 tablet_bootstrap.cc:654] T eae5b9f1f79d432fa3d3cd4c67b9b31d P 205ec67a10ab4380802b91afdc374fe1: Neither blocks nor log segments found. Creating new log.
I20260630 12:17:42.215435 17118 tablet_bootstrap.cc:492] T eae5b9f1f79d432fa3d3cd4c67b9b31d P 205ec67a10ab4380802b91afdc374fe1: No bootstrap required, opened a new log
I20260630 12:17:42.215935 17118 ts_tablet_manager.cc:1403] T eae5b9f1f79d432fa3d3cd4c67b9b31d P 205ec67a10ab4380802b91afdc374fe1: Time spent bootstrapping tablet: real 0.035s	user 0.012s	sys 0.010s
I20260630 12:17:42.216775 16768 tablet_service.cc:2072] Received LeaderStepDown RPC: tablet_id: "49753e481c8445868939c54fd1b644b8"
dest_uuid: "18f755d10a9a456790d4cd8a76dd59b7"
mode: GRACEFUL
new_leader_uuid: "1826a768aae4402da19bb51a1ed0a78d"
 from {username='slave'} at 127.0.0.1:58664
I20260630 12:17:42.217530 16768 raft_consensus.cc:606] T 49753e481c8445868939c54fd1b644b8 P 18f755d10a9a456790d4cd8a76dd59b7 [term 1 LEADER]: Received request to transfer leadership to TS 1826a768aae4402da19bb51a1ed0a78d
I20260630 12:17:42.218665 17118 raft_consensus.cc:359] T eae5b9f1f79d432fa3d3cd4c67b9b31d P 205ec67a10ab4380802b91afdc374fe1 [term 0 FOLLOWER]: Replica starting. Triggering 0 pending ops. Active config: opid_index: -1 OBSOLETE_local: false peers { permanent_uuid: "46a3f8e6c27e486b8266f87cc316ff05" member_type: VOTER last_known_addr { host: "127.13.118.67" port: 34501 } } peers { permanent_uuid: "18f755d10a9a456790d4cd8a76dd59b7" member_type: VOTER last_known_addr { host: "127.13.118.65" port: 40807 } } peers { permanent_uuid: "205ec67a10ab4380802b91afdc374fe1" member_type: VOTER last_known_addr { host: "127.13.118.68" port: 33191 } }
I20260630 12:17:42.219470 17118 raft_consensus.cc:385] T eae5b9f1f79d432fa3d3cd4c67b9b31d P 205ec67a10ab4380802b91afdc374fe1 [term 0 FOLLOWER]: Consensus starting up: Expiring failure detector timer to make a prompt election more likely
I20260630 12:17:42.219797 17118 raft_consensus.cc:740] T eae5b9f1f79d432fa3d3cd4c67b9b31d P 205ec67a10ab4380802b91afdc374fe1 [term 0 FOLLOWER]: Becoming Follower/Learner. State: Replica: 205ec67a10ab4380802b91afdc374fe1, State: Initialized, Role: FOLLOWER
I20260630 12:17:42.220502 17118 consensus_queue.cc:260] T eae5b9f1f79d432fa3d3cd4c67b9b31d P 205ec67a10ab4380802b91afdc374fe1 [NON_LEADER]: Queue going to NON_LEADER mode. State: All replicated index: 0, Majority replicated index: 0, Committed index: 0, Last appended: 0.0, Last appended by leader: 0, Current term: 0, Majority size: -1, State: 0, Mode: NON_LEADER, active raft config: opid_index: -1 OBSOLETE_local: false peers { permanent_uuid: "46a3f8e6c27e486b8266f87cc316ff05" member_type: VOTER last_known_addr { host: "127.13.118.67" port: 34501 } } peers { permanent_uuid: "18f755d10a9a456790d4cd8a76dd59b7" member_type: VOTER last_known_addr { host: "127.13.118.65" port: 40807 } } peers { permanent_uuid: "205ec67a10ab4380802b91afdc374fe1" member_type: VOTER last_known_addr { host: "127.13.118.68" port: 33191 } }
I20260630 12:17:42.221225 16768 tablet_service.cc:2072] Received LeaderStepDown RPC: tablet_id: "62953605a6414dfb955856af93b3c951"
dest_uuid: "18f755d10a9a456790d4cd8a76dd59b7"
mode: GRACEFUL
new_leader_uuid: "205ec67a10ab4380802b91afdc374fe1"
 from {username='slave'} at 127.0.0.1:58664
I20260630 12:17:42.222801 17118 ts_tablet_manager.cc:1434] T eae5b9f1f79d432fa3d3cd4c67b9b31d P 205ec67a10ab4380802b91afdc374fe1: Time spent starting tablet: real 0.007s	user 0.006s	sys 0.000s
I20260630 12:17:42.221880 16768 raft_consensus.cc:606] T 62953605a6414dfb955856af93b3c951 P 18f755d10a9a456790d4cd8a76dd59b7 [term 1 LEADER]: Received request to transfer leadership to TS 205ec67a10ab4380802b91afdc374fe1
I20260630 12:17:42.225557 16840 consensus_queue.cc:237] T 67cb56e531624628a1f879c56c652b15 P 1826a768aae4402da19bb51a1ed0a78d [LEADER]: Queue going to LEADER mode. State: All replicated index: 0, Majority replicated index: 1, Committed index: 1, Last appended: 1.1, Last appended by leader: 0, Current term: 1, Majority size: 2, State: 0, Mode: LEADER, active raft config: opid_index: 2 OBSOLETE_local: false peers { permanent_uuid: "18f755d10a9a456790d4cd8a76dd59b7" member_type: VOTER last_known_addr { host: "127.13.118.65" port: 40807 } attrs { replace: true } } peers { permanent_uuid: "1826a768aae4402da19bb51a1ed0a78d" member_type: VOTER last_known_addr { host: "127.13.118.66" port: 35249 } } peers { permanent_uuid: "46a3f8e6c27e486b8266f87cc316ff05" member_type: VOTER last_known_addr { host: "127.13.118.67" port: 34501 } } peers { permanent_uuid: "205ec67a10ab4380802b91afdc374fe1" member_type: NON_VOTER last_known_addr { host: "127.13.118.68" port: 33191 } attrs { promote: true } }
W20260630 12:17:42.236301 16808 consensus_peers.cc:597] T 67cb56e531624628a1f879c56c652b15 P 1826a768aae4402da19bb51a1ed0a78d -> Peer 205ec67a10ab4380802b91afdc374fe1 (127.13.118.68:33191): Couldn't send request to peer 205ec67a10ab4380802b91afdc374fe1. Error code: TABLET_NOT_FOUND (6). Status: Not found: Tablet not found: 67cb56e531624628a1f879c56c652b15. This is attempt 1: this message will repeat every 5th retry.
I20260630 12:17:42.240365 16768 raft_consensus.cc:1275] T 67cb56e531624628a1f879c56c652b15 P 18f755d10a9a456790d4cd8a76dd59b7 [term 1 FOLLOWER]: Refusing update from remote peer 1826a768aae4402da19bb51a1ed0a78d: Log matching property violated. Preceding OpId in replica: term: 1 index: 1. Preceding OpId from leader: term: 1 index: 2. (index mismatch)
I20260630 12:17:42.240540 16915 raft_consensus.cc:1275] T 67cb56e531624628a1f879c56c652b15 P 46a3f8e6c27e486b8266f87cc316ff05 [term 1 FOLLOWER]: Refusing update from remote peer 1826a768aae4402da19bb51a1ed0a78d: Log matching property violated. Preceding OpId in replica: term: 1 index: 1. Preceding OpId from leader: term: 1 index: 2. (index mismatch)
