I20260630 12:16:31.057964 24664 catalog_manager.cc:1588] T 00000000000000000000000000000000 P 3be9dc9b793142c790a709759425d53c: loading cluster ID for follower catalog manager: success
I20260630 12:16:31.062510 24664 catalog_manager.cc:1610] T 00000000000000000000000000000000 P 3be9dc9b793142c790a709759425d53c: acquiring CA information for follower catalog manager: success
I20260630 12:16:31.065866 24664 catalog_manager.cc:1638] T 00000000000000000000000000000000 P 3be9dc9b793142c790a709759425d53c: importing token verification keys for follower catalog manager: success; most recent TSK sequence number 0
I20260630 12:16:31.337617 24586 master_service.cc:502] Signed X509 certificate for tserver {username='slave'} at 127.0.0.1:43128
I20260630 12:16:31.470973 24827 heartbeater.cc:499] Master 127.22.196.124:36699 was elected leader, sending a full tablet report...
I20260630 12:16:31.588224 24905 heartbeater.cc:499] Master 127.22.196.124:36699 was elected leader, sending a full tablet report...
I20260630 12:16:32.017998 24645 auto_leader_rebalancer.cc:515] All tables' leader rebalancing finished this round
I20260630 12:16:32.207046 24586 catalog_manager.cc:2283] Servicing CreateTable request from {username='slave'} at 127.0.0.1:43154:
name: "test-workload"
schema {
  columns {
    name: "key"
    type: INT32
    is_key: true
    is_nullable: false
    encoding: AUTO_ENCODING
    compression: DEFAULT_COMPRESSION
    cfile_block_size: 0
    immutable: false
  }
  columns {
    name: "int_val"
    type: INT32
    is_key: false
    is_nullable: false
    encoding: AUTO_ENCODING
    compression: DEFAULT_COMPRESSION
    cfile_block_size: 0
    immutable: false
  }
  columns {
    name: "string_val"
    type: STRING
    is_key: false
    is_nullable: true
    encoding: AUTO_ENCODING
    compression: DEFAULT_COMPRESSION
    cfile_block_size: 0
    immutable: false
  }
}
num_replicas: 1
split_rows_range_bounds {
  rows: "\004\001\000\252\252\252*\004\001\000TUUU""\004\001\000\252\252\252*\004\001\000TUUU"
  indirect_data: """"
}
partition_schema {
  range_schema {
    columns {
      name: "key"
    }
  }
}
I20260630 12:16:32.286371 24792 tablet_service.cc:1511] Processing CreateTablet for tablet ae87bb7b7a014dddb2da3008a008c01e (DEFAULT_TABLE table=test-workload [id=ad517c41eafc4339ba612723b465c5c3]), partition=RANGE (key) PARTITION VALUES < 715827882
I20260630 12:16:32.287923 24792 data_dirs.cc:400] Could only allocate 1 dirs of requested 3 for tablet ae87bb7b7a014dddb2da3008a008c01e. 1 dirs total, 0 dirs full, 0 dirs failed
I20260630 12:16:32.293891 24705 tablet_service.cc:1511] Processing CreateTablet for tablet f33e9305cedc4bcc8bdaec90954462d2 (DEFAULT_TABLE table=test-workload [id=ad517c41eafc4339ba612723b465c5c3]), partition=RANGE (key) PARTITION 715827882 <= VALUES < 1431655764
I20260630 12:16:32.295423 24705 data_dirs.cc:400] Could only allocate 1 dirs of requested 3 for tablet f33e9305cedc4bcc8bdaec90954462d2. 1 dirs total, 0 dirs full, 0 dirs failed
I20260630 12:16:32.298833 24870 tablet_service.cc:1511] Processing CreateTablet for tablet 7cdc51a81edd4a99b239025e574d2c93 (DEFAULT_TABLE table=test-workload [id=ad517c41eafc4339ba612723b465c5c3]), partition=RANGE (key) PARTITION 1431655764 <= VALUES
I20260630 12:16:32.300288 24870 data_dirs.cc:400] Could only allocate 1 dirs of requested 3 for tablet 7cdc51a81edd4a99b239025e574d2c93. 1 dirs total, 0 dirs full, 0 dirs failed
I20260630 12:16:32.303965 24940 tablet_bootstrap.cc:492] T ae87bb7b7a014dddb2da3008a008c01e P 60b24f67dda44ac2baa98c27393b1cf6: Bootstrap starting.
I20260630 12:16:32.311981 24940 tablet_bootstrap.cc:654] T ae87bb7b7a014dddb2da3008a008c01e P 60b24f67dda44ac2baa98c27393b1cf6: Neither blocks nor log segments found. Creating new log.
I20260630 12:16:32.315420 24942 tablet_bootstrap.cc:492] T f33e9305cedc4bcc8bdaec90954462d2 P 8da49bfac809470ba53df4513de333bf: Bootstrap starting.
I20260630 12:16:32.316076 24941 tablet_bootstrap.cc:492] T 7cdc51a81edd4a99b239025e574d2c93 P 10c53ab3539e4443a0702191f89c25aa: Bootstrap starting.
I20260630 12:16:32.319444 24940 tablet_bootstrap.cc:492] T ae87bb7b7a014dddb2da3008a008c01e P 60b24f67dda44ac2baa98c27393b1cf6: No bootstrap required, opened a new log
I20260630 12:16:32.320050 24940 ts_tablet_manager.cc:1403] T ae87bb7b7a014dddb2da3008a008c01e P 60b24f67dda44ac2baa98c27393b1cf6: Time spent bootstrapping tablet: real 0.016s	user 0.009s	sys 0.005s
I20260630 12:16:32.321398 24942 tablet_bootstrap.cc:654] T f33e9305cedc4bcc8bdaec90954462d2 P 8da49bfac809470ba53df4513de333bf: Neither blocks nor log segments found. Creating new log.
I20260630 12:16:32.322780 24941 tablet_bootstrap.cc:654] T 7cdc51a81edd4a99b239025e574d2c93 P 10c53ab3539e4443a0702191f89c25aa: Neither blocks nor log segments found. Creating new log.
I20260630 12:16:32.323145 24940 raft_consensus.cc:359] T ae87bb7b7a014dddb2da3008a008c01e P 60b24f67dda44ac2baa98c27393b1cf6 [term 0 FOLLOWER]: Replica starting. Triggering 0 pending ops. Active config: opid_index: -1 OBSOLETE_local: true peers { permanent_uuid: "60b24f67dda44ac2baa98c27393b1cf6" member_type: VOTER last_known_addr { host: "127.22.196.66" port: 39425 } }
I20260630 12:16:32.323751 24940 raft_consensus.cc:385] T ae87bb7b7a014dddb2da3008a008c01e P 60b24f67dda44ac2baa98c27393b1cf6 [term 0 FOLLOWER]: Consensus starting up: Expiring failure detector timer to make a prompt election more likely
I20260630 12:16:32.324136 24940 raft_consensus.cc:740] T ae87bb7b7a014dddb2da3008a008c01e P 60b24f67dda44ac2baa98c27393b1cf6 [term 0 FOLLOWER]: Becoming Follower/Learner. State: Replica: 60b24f67dda44ac2baa98c27393b1cf6, State: Initialized, Role: FOLLOWER
I20260630 12:16:32.324934 24940 consensus_queue.cc:260] T ae87bb7b7a014dddb2da3008a008c01e P 60b24f67dda44ac2baa98c27393b1cf6 [NON_LEADER]: Queue going to NON_LEADER mode. State: All replicated index: 0, Majority replicated index: 0, Committed index: 0, Last appended: 0.0, Last appended by leader: 0, Current term: 0, Majority size: -1, State: 0, Mode: NON_LEADER, active raft config: opid_index: -1 OBSOLETE_local: true peers { permanent_uuid: "60b24f67dda44ac2baa98c27393b1cf6" member_type: VOTER last_known_addr { host: "127.22.196.66" port: 39425 } }
I20260630 12:16:32.325765 24940 raft_consensus.cc:399] T ae87bb7b7a014dddb2da3008a008c01e P 60b24f67dda44ac2baa98c27393b1cf6 [term 0 FOLLOWER]: Only one voter in the Raft config. Triggering election immediately
I20260630 12:16:32.326236 24940 raft_consensus.cc:493] T ae87bb7b7a014dddb2da3008a008c01e P 60b24f67dda44ac2baa98c27393b1cf6 [term 0 FOLLOWER]: Starting leader election (initial election of a single-replica configuration)
I20260630 12:16:32.326700 24940 raft_consensus.cc:3060] T ae87bb7b7a014dddb2da3008a008c01e P 60b24f67dda44ac2baa98c27393b1cf6 [term 0 FOLLOWER]: Advancing to term 1
I20260630 12:16:32.327289 24942 tablet_bootstrap.cc:492] T f33e9305cedc4bcc8bdaec90954462d2 P 8da49bfac809470ba53df4513de333bf: No bootstrap required, opened a new log
I20260630 12:16:32.327852 24942 ts_tablet_manager.cc:1403] T f33e9305cedc4bcc8bdaec90954462d2 P 8da49bfac809470ba53df4513de333bf: Time spent bootstrapping tablet: real 0.013s	user 0.010s	sys 0.000s
I20260630 12:16:32.331048 24941 tablet_bootstrap.cc:492] T 7cdc51a81edd4a99b239025e574d2c93 P 10c53ab3539e4443a0702191f89c25aa: No bootstrap required, opened a new log
I20260630 12:16:32.330925 24942 raft_consensus.cc:359] T f33e9305cedc4bcc8bdaec90954462d2 P 8da49bfac809470ba53df4513de333bf [term 0 FOLLOWER]: Replica starting. Triggering 0 pending ops. Active config: opid_index: -1 OBSOLETE_local: true peers { permanent_uuid: "8da49bfac809470ba53df4513de333bf" member_type: VOTER last_known_addr { host: "127.22.196.65" port: 39807 } }
I20260630 12:16:32.331650 24941 ts_tablet_manager.cc:1403] T 7cdc51a81edd4a99b239025e574d2c93 P 10c53ab3539e4443a0702191f89c25aa: Time spent bootstrapping tablet: real 0.017s	user 0.006s	sys 0.005s
I20260630 12:16:32.331622 24942 raft_consensus.cc:385] T f33e9305cedc4bcc8bdaec90954462d2 P 8da49bfac809470ba53df4513de333bf [term 0 FOLLOWER]: Consensus starting up: Expiring failure detector timer to make a prompt election more likely
I20260630 12:16:32.332346 24942 raft_consensus.cc:740] T f33e9305cedc4bcc8bdaec90954462d2 P 8da49bfac809470ba53df4513de333bf [term 0 FOLLOWER]: Becoming Follower/Learner. State: Replica: 8da49bfac809470ba53df4513de333bf, State: Initialized, Role: FOLLOWER
I20260630 12:16:32.333150 24942 consensus_queue.cc:260] T f33e9305cedc4bcc8bdaec90954462d2 P 8da49bfac809470ba53df4513de333bf [NON_LEADER]: Queue going to NON_LEADER mode. State: All replicated index: 0, Majority replicated index: 0, Committed index: 0, Last appended: 0.0, Last appended by leader: 0, Current term: 0, Majority size: -1, State: 0, Mode: NON_LEADER, active raft config: opid_index: -1 OBSOLETE_local: true peers { permanent_uuid: "8da49bfac809470ba53df4513de333bf" member_type: VOTER last_known_addr { host: "127.22.196.65" port: 39807 } }
I20260630 12:16:32.333928 24942 raft_consensus.cc:399] T f33e9305cedc4bcc8bdaec90954462d2 P 8da49bfac809470ba53df4513de333bf [term 0 FOLLOWER]: Only one voter in the Raft config. Triggering election immediately
I20260630 12:16:32.334254 24942 raft_consensus.cc:493] T f33e9305cedc4bcc8bdaec90954462d2 P 8da49bfac809470ba53df4513de333bf [term 0 FOLLOWER]: Starting leader election (initial election of a single-replica configuration)
I20260630 12:16:32.334709 24942 raft_consensus.cc:3060] T f33e9305cedc4bcc8bdaec90954462d2 P 8da49bfac809470ba53df4513de333bf [term 0 FOLLOWER]: Advancing to term 1
I20260630 12:16:32.335498 24940 raft_consensus.cc:515] T ae87bb7b7a014dddb2da3008a008c01e P 60b24f67dda44ac2baa98c27393b1cf6 [term 1 FOLLOWER]: Starting leader election with config: opid_index: -1 OBSOLETE_local: true peers { permanent_uuid: "60b24f67dda44ac2baa98c27393b1cf6" member_type: VOTER last_known_addr { host: "127.22.196.66" port: 39425 } }
I20260630 12:16:32.336269 24940 leader_election.cc:304] T ae87bb7b7a014dddb2da3008a008c01e P 60b24f67dda44ac2baa98c27393b1cf6 [CANDIDATE]: Term 1 election: Election decided. Result: candidate won. Election summary: received 1 responses out of 1 voters: 1 yes votes; 0 no votes. yes voters: 60b24f67dda44ac2baa98c27393b1cf6; no voters: 
I20260630 12:16:32.337813 24940 leader_election.cc:290] T ae87bb7b7a014dddb2da3008a008c01e P 60b24f67dda44ac2baa98c27393b1cf6 [CANDIDATE]: Term 1 election: Requested vote from peers 
I20260630 12:16:32.334789 24941 raft_consensus.cc:359] T 7cdc51a81edd4a99b239025e574d2c93 P 10c53ab3539e4443a0702191f89c25aa [term 0 FOLLOWER]: Replica starting. Triggering 0 pending ops. Active config: opid_index: -1 OBSOLETE_local: true peers { permanent_uuid: "10c53ab3539e4443a0702191f89c25aa" member_type: VOTER last_known_addr { host: "127.22.196.67" port: 44255 } }
I20260630 12:16:32.338384 24946 raft_consensus.cc:2804] T ae87bb7b7a014dddb2da3008a008c01e P 60b24f67dda44ac2baa98c27393b1cf6 [term 1 FOLLOWER]: Leader election won for term 1
I20260630 12:16:32.338460 24941 raft_consensus.cc:385] T 7cdc51a81edd4a99b239025e574d2c93 P 10c53ab3539e4443a0702191f89c25aa [term 0 FOLLOWER]: Consensus starting up: Expiring failure detector timer to make a prompt election more likely
I20260630 12:16:32.339052 24941 raft_consensus.cc:740] T 7cdc51a81edd4a99b239025e574d2c93 P 10c53ab3539e4443a0702191f89c25aa [term 0 FOLLOWER]: Becoming Follower/Learner. State: Replica: 10c53ab3539e4443a0702191f89c25aa, State: Initialized, Role: FOLLOWER
I20260630 12:16:32.339943 24941 consensus_queue.cc:260] T 7cdc51a81edd4a99b239025e574d2c93 P 10c53ab3539e4443a0702191f89c25aa [NON_LEADER]: Queue going to NON_LEADER mode. State: All replicated index: 0, Majority replicated index: 0, Committed index: 0, Last appended: 0.0, Last appended by leader: 0, Current term: 0, Majority size: -1, State: 0, Mode: NON_LEADER, active raft config: opid_index: -1 OBSOLETE_local: true peers { permanent_uuid: "10c53ab3539e4443a0702191f89c25aa" member_type: VOTER last_known_addr { host: "127.22.196.67" port: 44255 } }
I20260630 12:16:32.340545 24940 ts_tablet_manager.cc:1434] T ae87bb7b7a014dddb2da3008a008c01e P 60b24f67dda44ac2baa98c27393b1cf6: Time spent starting tablet: real 0.020s	user 0.017s	sys 0.002s
I20260630 12:16:32.340766 24941 raft_consensus.cc:399] T 7cdc51a81edd4a99b239025e574d2c93 P 10c53ab3539e4443a0702191f89c25aa [term 0 FOLLOWER]: Only one voter in the Raft config. Triggering election immediately
I20260630 12:16:32.341187 24941 raft_consensus.cc:493] T 7cdc51a81edd4a99b239025e574d2c93 P 10c53ab3539e4443a0702191f89c25aa [term 0 FOLLOWER]: Starting leader election (initial election of a single-replica configuration)
I20260630 12:16:32.341557 24941 raft_consensus.cc:3060] T 7cdc51a81edd4a99b239025e574d2c93 P 10c53ab3539e4443a0702191f89c25aa [term 0 FOLLOWER]: Advancing to term 1
I20260630 12:16:32.341653 24749 heartbeater.cc:499] Master 127.22.196.124:36699 was elected leader, sending a full tablet report...
I20260630 12:16:32.342803 24946 raft_consensus.cc:697] T ae87bb7b7a014dddb2da3008a008c01e P 60b24f67dda44ac2baa98c27393b1cf6 [term 1 LEADER]: Becoming Leader. State: Replica: 60b24f67dda44ac2baa98c27393b1cf6, State: Running, Role: LEADER
I20260630 12:16:32.342883 24942 raft_consensus.cc:515] T f33e9305cedc4bcc8bdaec90954462d2 P 8da49bfac809470ba53df4513de333bf [term 1 FOLLOWER]: Starting leader election with config: opid_index: -1 OBSOLETE_local: true peers { permanent_uuid: "8da49bfac809470ba53df4513de333bf" member_type: VOTER last_known_addr { host: "127.22.196.65" port: 39807 } }
I20260630 12:16:32.343719 24942 leader_election.cc:304] T f33e9305cedc4bcc8bdaec90954462d2 P 8da49bfac809470ba53df4513de333bf [CANDIDATE]: Term 1 election: Election decided. Result: candidate won. Election summary: received 1 responses out of 1 voters: 1 yes votes; 0 no votes. yes voters: 8da49bfac809470ba53df4513de333bf; no voters: 
I20260630 12:16:32.343719 24946 consensus_queue.cc:237] T ae87bb7b7a014dddb2da3008a008c01e P 60b24f67dda44ac2baa98c27393b1cf6 [LEADER]: Queue going to LEADER mode. State: All replicated index: 0, Majority replicated index: 0, Committed index: 0, Last appended: 0.0, Last appended by leader: 0, Current term: 1, Majority size: 1, State: 0, Mode: LEADER, active raft config: opid_index: -1 OBSOLETE_local: true peers { permanent_uuid: "60b24f67dda44ac2baa98c27393b1cf6" member_type: VOTER last_known_addr { host: "127.22.196.66" port: 39425 } }
I20260630 12:16:32.351363 24941 raft_consensus.cc:515] T 7cdc51a81edd4a99b239025e574d2c93 P 10c53ab3539e4443a0702191f89c25aa [term 1 FOLLOWER]: Starting leader election with config: opid_index: -1 OBSOLETE_local: true peers { permanent_uuid: "10c53ab3539e4443a0702191f89c25aa" member_type: VOTER last_known_addr { host: "127.22.196.67" port: 44255 } }
I20260630 12:16:32.352270 24941 leader_election.cc:304] T 7cdc51a81edd4a99b239025e574d2c93 P 10c53ab3539e4443a0702191f89c25aa [CANDIDATE]: Term 1 election: Election decided. Result: candidate won. Election summary: received 1 responses out of 1 voters: 1 yes votes; 0 no votes. yes voters: 10c53ab3539e4443a0702191f89c25aa; no voters: 
I20260630 12:16:32.357081 24942 leader_election.cc:290] T f33e9305cedc4bcc8bdaec90954462d2 P 8da49bfac809470ba53df4513de333bf [CANDIDATE]: Term 1 election: Requested vote from peers 
I20260630 12:16:32.357370 24941 leader_election.cc:290] T 7cdc51a81edd4a99b239025e574d2c93 P 10c53ab3539e4443a0702191f89c25aa [CANDIDATE]: Term 1 election: Requested vote from peers 
I20260630 12:16:32.369874 24950 raft_consensus.cc:2804] T 7cdc51a81edd4a99b239025e574d2c93 P 10c53ab3539e4443a0702191f89c25aa [term 1 FOLLOWER]: Leader election won for term 1
I20260630 12:16:32.371534 24948 raft_consensus.cc:2804] T f33e9305cedc4bcc8bdaec90954462d2 P 8da49bfac809470ba53df4513de333bf [term 1 FOLLOWER]: Leader election won for term 1
I20260630 12:16:32.367995 24586 catalog_manager.cc:5697] T ae87bb7b7a014dddb2da3008a008c01e P 60b24f67dda44ac2baa98c27393b1cf6 reported cstate change: term changed from 0 to 1, leader changed from <none> to 60b24f67dda44ac2baa98c27393b1cf6 (127.22.196.66). New cstate: current_term: 1 leader_uuid: "60b24f67dda44ac2baa98c27393b1cf6" committed_config { opid_index: -1 OBSOLETE_local: true peers { permanent_uuid: "60b24f67dda44ac2baa98c27393b1cf6" member_type: VOTER last_known_addr { host: "127.22.196.66" port: 39425 } health_report { overall_health: HEALTHY } } }
I20260630 12:16:32.387202 24950 raft_consensus.cc:697] T 7cdc51a81edd4a99b239025e574d2c93 P 10c53ab3539e4443a0702191f89c25aa [term 1 LEADER]: Becoming Leader. State: Replica: 10c53ab3539e4443a0702191f89c25aa, State: Running, Role: LEADER
I20260630 12:16:32.391768 24950 consensus_queue.cc:237] T 7cdc51a81edd4a99b239025e574d2c93 P 10c53ab3539e4443a0702191f89c25aa [LEADER]: Queue going to LEADER mode. State: All replicated index: 0, Majority replicated index: 0, Committed index: 0, Last appended: 0.0, Last appended by leader: 0, Current term: 1, Majority size: 1, State: 0, Mode: LEADER, active raft config: opid_index: -1 OBSOLETE_local: true peers { permanent_uuid: "10c53ab3539e4443a0702191f89c25aa" member_type: VOTER last_known_addr { host: "127.22.196.67" port: 44255 } }
I20260630 12:16:32.397100 24941 ts_tablet_manager.cc:1434] T 7cdc51a81edd4a99b239025e574d2c93 P 10c53ab3539e4443a0702191f89c25aa: Time spent starting tablet: real 0.065s	user 0.013s	sys 0.035s
I20260630 12:16:32.401842 24942 ts_tablet_manager.cc:1434] T f33e9305cedc4bcc8bdaec90954462d2 P 8da49bfac809470ba53df4513de333bf: Time spent starting tablet: real 0.074s	user 0.025s	sys 0.012s
I20260630 12:16:32.395009 24948 raft_consensus.cc:697] T f33e9305cedc4bcc8bdaec90954462d2 P 8da49bfac809470ba53df4513de333bf [term 1 LEADER]: Becoming Leader. State: Replica: 8da49bfac809470ba53df4513de333bf, State: Running, Role: LEADER
I20260630 12:16:32.421977 24948 consensus_queue.cc:237] T f33e9305cedc4bcc8bdaec90954462d2 P 8da49bfac809470ba53df4513de333bf [LEADER]: Queue going to LEADER mode. State: All replicated index: 0, Majority replicated index: 0, Committed index: 0, Last appended: 0.0, Last appended by leader: 0, Current term: 1, Majority size: 1, State: 0, Mode: LEADER, active raft config: opid_index: -1 OBSOLETE_local: true peers { permanent_uuid: "8da49bfac809470ba53df4513de333bf" member_type: VOTER last_known_addr { host: "127.22.196.65" port: 39807 } }
I20260630 12:16:32.450636 24583 catalog_manager.cc:5697] T f33e9305cedc4bcc8bdaec90954462d2 P 8da49bfac809470ba53df4513de333bf reported cstate change: term changed from 0 to 1, leader changed from <none> to 8da49bfac809470ba53df4513de333bf (127.22.196.65). New cstate: current_term: 1 leader_uuid: "8da49bfac809470ba53df4513de333bf" committed_config { opid_index: -1 OBSOLETE_local: true peers { permanent_uuid: "8da49bfac809470ba53df4513de333bf" member_type: VOTER last_known_addr { host: "127.22.196.65" port: 39807 } health_report { overall_health: HEALTHY } } }
I20260630 12:16:32.450675 24585 catalog_manager.cc:5697] T 7cdc51a81edd4a99b239025e574d2c93 P 10c53ab3539e4443a0702191f89c25aa reported cstate change: term changed from 0 to 1, leader changed from <none> to 10c53ab3539e4443a0702191f89c25aa (127.22.196.67). New cstate: current_term: 1 leader_uuid: "10c53ab3539e4443a0702191f89c25aa" committed_config { opid_index: -1 OBSOLETE_local: true peers { permanent_uuid: "10c53ab3539e4443a0702191f89c25aa" member_type: VOTER last_known_addr { host: "127.22.196.67" port: 44255 } health_report { overall_health: HEALTHY } } }
I20260630 12:16:34.019104 24645 auto_leader_rebalancer.cc:141] leader rebalance for table test-workload
I20260630 12:16:34.021140 24645 auto_leader_rebalancer.cc:515] All tables' leader rebalancing finished this round
I20260630 12:16:34.492938 23313 master.cc:562] Master@127.22.196.124:36699 shutting down...
I20260630 12:16:34.514424 23313 raft_consensus.cc:2243] T 00000000000000000000000000000000 P f1fdda262515447ca84932d0736bb421 [term 1 LEADER]: Raft consensus shutting down.
I20260630 12:16:34.515249 23313 raft_consensus.cc:2272] T 00000000000000000000000000000000 P f1fdda262515447ca84932d0736bb421 [term 1 FOLLOWER]: Raft consensus is shut down!
I20260630 12:16:34.515581 23313 tablet_replica.cc:333] T 00000000000000000000000000000000 P f1fdda262515447ca84932d0736bb421: stopping tablet replica
I20260630 12:16:34.536602 23313 master.cc:584] Master@127.22.196.124:36699 shutdown complete.
W20260630 12:16:35.449674 24749 heartbeater.cc:646] Failed to heartbeat to 127.22.196.124:36699 (0 consecutive failures): Network error: Failed to send heartbeat to master: Client connection negotiation failed: client connection to 127.22.196.124:36699: connect: Connection refused (error 111)
I20260630 12:16:35.599574 24964 raft_consensus.cc:493] T 00000000000000000000000000000000 P 603d3174ed7a40f5aaf07e1745070407 [term 1 FOLLOWER]: Starting pre-election (detected failure of leader f1fdda262515447ca84932d0736bb421)
I20260630 12:16:35.600129 24964 raft_consensus.cc:515] T 00000000000000000000000000000000 P 603d3174ed7a40f5aaf07e1745070407 [term 1 FOLLOWER]: Starting pre-election with config: opid_index: -1 OBSOLETE_local: false peers { permanent_uuid: "3be9dc9b793142c790a709759425d53c" member_type: VOTER last_known_addr { host: "127.22.196.126" port: 42741 } } peers { permanent_uuid: "603d3174ed7a40f5aaf07e1745070407" member_type: VOTER last_known_addr { host: "127.22.196.125" port: 39429 } } peers { permanent_uuid: "f1fdda262515447ca84932d0736bb421" member_type: VOTER last_known_addr { host: "127.22.196.124" port: 36699 } }
I20260630 12:16:35.601936 24964 leader_election.cc:290] T 00000000000000000000000000000000 P 603d3174ed7a40f5aaf07e1745070407 [CANDIDATE]: Term 2 pre-election: Requested pre-vote from peers 3be9dc9b793142c790a709759425d53c (127.22.196.126:42741), f1fdda262515447ca84932d0736bb421 (127.22.196.124:36699)
I20260630 12:16:35.602902 24466 tablet_service.cc:1917] Received RequestConsensusVote() RPC: tablet_id: "00000000000000000000000000000000" candidate_uuid: "603d3174ed7a40f5aaf07e1745070407" candidate_term: 2 candidate_status { last_received { term: 1 index: 9 } } ignore_live_leader: false dest_uuid: "3be9dc9b793142c790a709759425d53c" is_pre_election: true
W20260630 12:16:35.605012 24506 proxy.cc:239] Call had error, refreshing address and retrying: Network error: Client connection negotiation failed: client connection to 127.22.196.124:36699: connect: Connection refused (error 111) [suppressed 12 similar messages]
W20260630 12:16:35.608318 24506 leader_election.cc:336] T 00000000000000000000000000000000 P 603d3174ed7a40f5aaf07e1745070407 [CANDIDATE]: Term 2 pre-election: RPC error from VoteRequest() call to peer f1fdda262515447ca84932d0736bb421 (127.22.196.124:36699): Network error: Client connection negotiation failed: client connection to 127.22.196.124:36699: connect: Connection refused (error 111)
I20260630 12:16:35.608719 24506 leader_election.cc:304] T 00000000000000000000000000000000 P 603d3174ed7a40f5aaf07e1745070407 [CANDIDATE]: Term 2 pre-election: Election decided. Result: candidate lost. Election summary: received 3 responses out of 3 voters: 1 yes votes; 2 no votes. yes voters: 603d3174ed7a40f5aaf07e1745070407; no voters: 3be9dc9b793142c790a709759425d53c, f1fdda262515447ca84932d0736bb421
I20260630 12:16:35.609411 24964 raft_consensus.cc:2749] T 00000000000000000000000000000000 P 603d3174ed7a40f5aaf07e1745070407 [term 1 FOLLOWER]: Leader pre-election lost for term 2. Reason: could not achieve majority
I20260630 12:16:35.930637 24967 raft_consensus.cc:493] T 00000000000000000000000000000000 P 3be9dc9b793142c790a709759425d53c [term 1 FOLLOWER]: Starting pre-election (detected failure of leader f1fdda262515447ca84932d0736bb421)
I20260630 12:16:35.931121 24967 raft_consensus.cc:515] T 00000000000000000000000000000000 P 3be9dc9b793142c790a709759425d53c [term 1 FOLLOWER]: Starting pre-election with config: opid_index: -1 OBSOLETE_local: false peers { permanent_uuid: "3be9dc9b793142c790a709759425d53c" member_type: VOTER last_known_addr { host: "127.22.196.126" port: 42741 } } peers { permanent_uuid: "603d3174ed7a40f5aaf07e1745070407" member_type: VOTER last_known_addr { host: "127.22.196.125" port: 39429 } } peers { permanent_uuid: "f1fdda262515447ca84932d0736bb421" member_type: VOTER last_known_addr { host: "127.22.196.124" port: 36699 } }
I20260630 12:16:35.932960 24967 leader_election.cc:290] T 00000000000000000000000000000000 P 3be9dc9b793142c790a709759425d53c [CANDIDATE]: Term 2 pre-election: Requested pre-vote from peers 603d3174ed7a40f5aaf07e1745070407 (127.22.196.125:39429), f1fdda262515447ca84932d0736bb421 (127.22.196.124:36699)
I20260630 12:16:35.934118 24531 tablet_service.cc:1917] Received RequestConsensusVote() RPC: tablet_id: "00000000000000000000000000000000" candidate_uuid: "3be9dc9b793142c790a709759425d53c" candidate_term: 2 candidate_status { last_received { term: 1 index: 9 } } ignore_live_leader: false dest_uuid: "603d3174ed7a40f5aaf07e1745070407" is_pre_election: true
I20260630 12:16:35.935143 24531 raft_consensus.cc:2468] T 00000000000000000000000000000000 P 603d3174ed7a40f5aaf07e1745070407 [term 1 FOLLOWER]: Leader pre-election vote request: Granting yes vote for candidate 3be9dc9b793142c790a709759425d53c in term 1.
I20260630 12:16:35.936697 24440 leader_election.cc:304] T 00000000000000000000000000000000 P 3be9dc9b793142c790a709759425d53c [CANDIDATE]: Term 2 pre-election: Election decided. Result: candidate won. Election summary: received 2 responses out of 3 voters: 2 yes votes; 0 no votes. yes voters: 3be9dc9b793142c790a709759425d53c, 603d3174ed7a40f5aaf07e1745070407; no voters: 
I20260630 12:16:35.937861 24967 raft_consensus.cc:2804] T 00000000000000000000000000000000 P 3be9dc9b793142c790a709759425d53c [term 1 FOLLOWER]: Leader pre-election won for term 2
I20260630 12:16:35.938339 24967 raft_consensus.cc:493] T 00000000000000000000000000000000 P 3be9dc9b793142c790a709759425d53c [term 1 FOLLOWER]: Starting leader election (detected failure of leader f1fdda262515447ca84932d0736bb421)
I20260630 12:16:35.938715 24967 raft_consensus.cc:3060] T 00000000000000000000000000000000 P 3be9dc9b793142c790a709759425d53c [term 1 FOLLOWER]: Advancing to term 2
W20260630 12:16:35.940412 24441 leader_election.cc:336] T 00000000000000000000000000000000 P 3be9dc9b793142c790a709759425d53c [CANDIDATE]: Term 2 pre-election: RPC error from VoteRequest() call to peer f1fdda262515447ca84932d0736bb421 (127.22.196.124:36699): Network error: Client connection negotiation failed: client connection to 127.22.196.124:36699: connect: Connection refused (error 111)
I20260630 12:16:35.944882 24967 raft_consensus.cc:515] T 00000000000000000000000000000000 P 3be9dc9b793142c790a709759425d53c [term 2 FOLLOWER]: Starting leader election with config: opid_index: -1 OBSOLETE_local: false peers { permanent_uuid: "3be9dc9b793142c790a709759425d53c" member_type: VOTER last_known_addr { host: "127.22.196.126" port: 42741 } } peers { permanent_uuid: "603d3174ed7a40f5aaf07e1745070407" member_type: VOTER last_known_addr { host: "127.22.196.125" port: 39429 } } peers { permanent_uuid: "f1fdda262515447ca84932d0736bb421" member_type: VOTER last_known_addr { host: "127.22.196.124" port: 36699 } }
I20260630 12:16:35.946967 24967 leader_election.cc:290] T 00000000000000000000000000000000 P 3be9dc9b793142c790a709759425d53c [CANDIDATE]: Term 2 election: Requested vote from peers 603d3174ed7a40f5aaf07e1745070407 (127.22.196.125:39429), f1fdda262515447ca84932d0736bb421 (127.22.196.124:36699)
I20260630 12:16:35.947778 24531 tablet_service.cc:1917] Received RequestConsensusVote() RPC: tablet_id: "00000000000000000000000000000000" candidate_uuid: "3be9dc9b793142c790a709759425d53c" candidate_term: 2 candidate_status { last_received { term: 1 index: 9 } } ignore_live_leader: false dest_uuid: "603d3174ed7a40f5aaf07e1745070407"
I20260630 12:16:35.948338 24531 raft_consensus.cc:3060] T 00000000000000000000000000000000 P 603d3174ed7a40f5aaf07e1745070407 [term 1 FOLLOWER]: Advancing to term 2
W20260630 12:16:35.951771 24441 leader_election.cc:336] T 00000000000000000000000000000000 P 3be9dc9b793142c790a709759425d53c [CANDIDATE]: Term 2 election: RPC error from VoteRequest() call to peer f1fdda262515447ca84932d0736bb421 (127.22.196.124:36699): Network error: Client connection negotiation failed: client connection to 127.22.196.124:36699: connect: Connection refused (error 111)
I20260630 12:16:35.957418 24531 raft_consensus.cc:2468] T 00000000000000000000000000000000 P 603d3174ed7a40f5aaf07e1745070407 [term 2 FOLLOWER]: Leader election vote request: Granting yes vote for candidate 3be9dc9b793142c790a709759425d53c in term 2.
I20260630 12:16:35.958802 24440 leader_election.cc:304] T 00000000000000000000000000000000 P 3be9dc9b793142c790a709759425d53c [CANDIDATE]: Term 2 election: Election decided. Result: candidate won. Election summary: received 3 responses out of 3 voters: 2 yes votes; 1 no votes. yes voters: 3be9dc9b793142c790a709759425d53c, 603d3174ed7a40f5aaf07e1745070407; no voters: f1fdda262515447ca84932d0736bb421
I20260630 12:16:35.959626 24967 raft_consensus.cc:2804] T 00000000000000000000000000000000 P 3be9dc9b793142c790a709759425d53c [term 2 FOLLOWER]: Leader election won for term 2
I20260630 12:16:35.960582 24967 raft_consensus.cc:697] T 00000000000000000000000000000000 P 3be9dc9b793142c790a709759425d53c [term 2 LEADER]: Becoming Leader. State: Replica: 3be9dc9b793142c790a709759425d53c, State: Running, Role: LEADER
I20260630 12:16:35.961285 24967 consensus_queue.cc:237] T 00000000000000000000000000000000 P 3be9dc9b793142c790a709759425d53c [LEADER]: Queue going to LEADER mode. State: All replicated index: 0, Majority replicated index: 9, Committed index: 9, Last appended: 1.9, Last appended by leader: 9, Current term: 2, Majority size: 2, State: 0, Mode: LEADER, active raft config: opid_index: -1 OBSOLETE_local: false peers { permanent_uuid: "3be9dc9b793142c790a709759425d53c" member_type: VOTER last_known_addr { host: "127.22.196.126" port: 42741 } } peers { permanent_uuid: "603d3174ed7a40f5aaf07e1745070407" member_type: VOTER last_known_addr { host: "127.22.196.125" port: 39429 } } peers { permanent_uuid: "f1fdda262515447ca84932d0736bb421" member_type: VOTER last_known_addr { host: "127.22.196.124" port: 36699 } }
I20260630 12:16:35.965757 24970 sys_catalog.cc:455] T 00000000000000000000000000000000 P 3be9dc9b793142c790a709759425d53c [sys.catalog]: SysCatalogTable state changed. Reason: New leader 3be9dc9b793142c790a709759425d53c. Latest consensus state: current_term: 2 leader_uuid: "3be9dc9b793142c790a709759425d53c" committed_config { opid_index: -1 OBSOLETE_local: false peers { permanent_uuid: "3be9dc9b793142c790a709759425d53c" member_type: VOTER last_known_addr { host: "127.22.196.126" port: 42741 } } peers { permanent_uuid: "603d3174ed7a40f5aaf07e1745070407" member_type: VOTER last_known_addr { host: "127.22.196.125" port: 39429 } } peers { permanent_uuid: "f1fdda262515447ca84932d0736bb421" member_type: VOTER last_known_addr { host: "127.22.196.124" port: 36699 } } }
I20260630 12:16:35.966413 24970 sys_catalog.cc:458] T 00000000000000000000000000000000 P 3be9dc9b793142c790a709759425d53c [sys.catalog]: This master's current role is: LEADER
I20260630 12:16:35.967720 24972 catalog_manager.cc:1511] Loading table and tablet metadata into memory...
I20260630 12:16:35.972777 24972 catalog_manager.cc:679] Loaded metadata for table test-workload [id=ad517c41eafc4339ba612723b465c5c3]
I20260630 12:16:35.977528 24972 tablet_loader.cc:96] loaded metadata for tablet 7cdc51a81edd4a99b239025e574d2c93 (table test-workload [id=ad517c41eafc4339ba612723b465c5c3])
I20260630 12:16:35.978606 24972 tablet_loader.cc:96] loaded metadata for tablet ae87bb7b7a014dddb2da3008a008c01e (table test-workload [id=ad517c41eafc4339ba612723b465c5c3])
I20260630 12:16:35.979498 24972 tablet_loader.cc:96] loaded metadata for tablet f33e9305cedc4bcc8bdaec90954462d2 (table test-workload [id=ad517c41eafc4339ba612723b465c5c3])
I20260630 12:16:35.980491 24972 catalog_manager.cc:1520] Initializing Kudu cluster ID...
I20260630 12:16:35.983712 24972 catalog_manager.cc:1295] Loaded cluster ID: 87886dc887074a7d8176be1e39e92a62
I20260630 12:16:35.983999 24972 catalog_manager.cc:1531] Initializing Kudu internal certificate authority...
I20260630 12:16:35.987507 24972 catalog_manager.cc:1540] Loading token signing keys...
I20260630 12:16:35.990654 24972 catalog_manager.cc:6081] T 00000000000000000000000000000000 P 3be9dc9b793142c790a709759425d53c: Loaded TSK: 0
I20260630 12:16:35.991618 24972 catalog_manager.cc:1550] Initializing in-progress tserver states...
I20260630 12:16:36.051826 24663 auto_leader_rebalancer.cc:141] leader rebalance for table test-workload
I20260630 12:16:36.053846 24663 auto_leader_rebalancer.cc:515] All tables' leader rebalancing finished this round
I20260630 12:16:36.070246 23313 tablet_server.cc:179] TabletServer@127.22.196.65:0 shutting down...
I20260630 12:16:36.090904 23313 ts_tablet_manager.cc:1507] Shutting down tablet manager...
I20260630 12:16:36.091542 23313 tablet_replica.cc:333] T f33e9305cedc4bcc8bdaec90954462d2 P 8da49bfac809470ba53df4513de333bf: stopping tablet replica
I20260630 12:16:36.092051 23313 raft_consensus.cc:2243] T f33e9305cedc4bcc8bdaec90954462d2 P 8da49bfac809470ba53df4513de333bf [term 1 LEADER]: Raft consensus shutting down.
I20260630 12:16:36.092509 23313 raft_consensus.cc:2272] T f33e9305cedc4bcc8bdaec90954462d2 P 8da49bfac809470ba53df4513de333bf [term 1 FOLLOWER]: Raft consensus is shut down!
I20260630 12:16:36.111197 23313 tablet_server.cc:196] TabletServer@127.22.196.65:0 shutdown complete.
I20260630 12:16:36.120318 23313 tablet_server.cc:179] TabletServer@127.22.196.66:0 shutting down...
I20260630 12:16:36.136087 23313 ts_tablet_manager.cc:1507] Shutting down tablet manager...
I20260630 12:16:36.136778 23313 tablet_replica.cc:333] T ae87bb7b7a014dddb2da3008a008c01e P 60b24f67dda44ac2baa98c27393b1cf6: stopping tablet replica
I20260630 12:16:36.137331 23313 raft_consensus.cc:2243] T ae87bb7b7a014dddb2da3008a008c01e P 60b24f67dda44ac2baa98c27393b1cf6 [term 1 LEADER]: Raft consensus shutting down.
I20260630 12:16:36.137862 23313 raft_consensus.cc:2272] T ae87bb7b7a014dddb2da3008a008c01e P 60b24f67dda44ac2baa98c27393b1cf6 [term 1 FOLLOWER]: Raft consensus is shut down!
I20260630 12:16:36.156345 23313 tablet_server.cc:196] TabletServer@127.22.196.66:0 shutdown complete.
I20260630 12:16:36.165316 23313 tablet_server.cc:179] TabletServer@127.22.196.67:0 shutting down...
I20260630 12:16:36.182372 23313 ts_tablet_manager.cc:1507] Shutting down tablet manager...
I20260630 12:16:36.183142 23313 tablet_replica.cc:333] T 7cdc51a81edd4a99b239025e574d2c93 P 10c53ab3539e4443a0702191f89c25aa: stopping tablet replica
I20260630 12:16:36.183815 23313 raft_consensus.cc:2243] T 7cdc51a81edd4a99b239025e574d2c93 P 10c53ab3539e4443a0702191f89c25aa [term 1 LEADER]: Raft consensus shutting down.
I20260630 12:16:36.184299 23313 raft_consensus.cc:2272] T 7cdc51a81edd4a99b239025e574d2c93 P 10c53ab3539e4443a0702191f89c25aa [term 1 FOLLOWER]: Raft consensus is shut down!
I20260630 12:16:36.202941 23313 tablet_server.cc:196] TabletServer@127.22.196.67:0 shutdown complete.
I20260630 12:16:36.211437 23313 master.cc:562] Master@127.22.196.126:42741 shutting down...
I20260630 12:16:36.230535 23313 raft_consensus.cc:2243] T 00000000000000000000000000000000 P 3be9dc9b793142c790a709759425d53c [term 2 LEADER]: Raft consensus shutting down.
I20260630 12:16:36.231256 23313 pending_rounds.cc:70] T 00000000000000000000000000000000 P 3be9dc9b793142c790a709759425d53c: Trying to abort 1 pending ops.
I20260630 12:16:36.231482 23313 pending_rounds.cc:77] T 00000000000000000000000000000000 P 3be9dc9b793142c790a709759425d53c: Aborting op as it isn't in flight: id { term: 2 index: 10 } timestamp: 7302438076265488384 op_type: NO_OP noop_request { }
I20260630 12:16:36.231792 23313 raft_consensus.cc:2889] T 00000000000000000000000000000000 P 3be9dc9b793142c790a709759425d53c [term 2 LEADER]: NO_OP replication failed: Aborted: Op aborted
I20260630 12:16:36.232072 23313 raft_consensus.cc:2272] T 00000000000000000000000000000000 P 3be9dc9b793142c790a709759425d53c [term 2 FOLLOWER]: Raft consensus is shut down!
I20260630 12:16:36.232517 23313 tablet_replica.cc:333] T 00000000000000000000000000000000 P 3be9dc9b793142c790a709759425d53c: stopping tablet replica
I20260630 12:16:36.252491 23313 master.cc:584] Master@127.22.196.126:42741 shutdown complete.
I20260630 12:16:36.267437 23313 master.cc:562] Master@127.22.196.125:39429 shutting down...
I20260630 12:16:36.285240 23313 raft_consensus.cc:2243] T 00000000000000000000000000000000 P 603d3174ed7a40f5aaf07e1745070407 [term 2 FOLLOWER]: Raft consensus shutting down.
I20260630 12:16:36.285851 23313 raft_consensus.cc:2272] T 00000000000000000000000000000000 P 603d3174ed7a40f5aaf07e1745070407 [term 2 FOLLOWER]: Raft consensus is shut down!
I20260630 12:16:36.286128 23313 tablet_replica.cc:333] T 00000000000000000000000000000000 P 603d3174ed7a40f5aaf07e1745070407: stopping tablet replica
I20260630 12:16:36.304075 23313 master.cc:584] Master@127.22.196.125:39429 shutdown complete.
[       OK ] AutoRebalancerTest.NextLeaderResumesAutoRebalancing (6671 ms)
[ RUN      ] AutoRebalancerTest.MovesScheduledIfAddTserver
I20260630 12:16:36.333940 23313 internal_mini_cluster.cc:156] Creating distributed mini masters. Addrs: 127.22.196.126:44035
I20260630 12:16:36.335039 23313 file_cache.cc:492] Constructed file cache file cache with capacity 419430
W20260630 12:16:36.340119 24973 instance_detector.cc:116] could not retrieve AWS instance metadata: Network error: curl error: HTTP response code said error: The requested URL returned error: 404
W20260630 12:16:36.340693 24974 instance_detector.cc:116] could not retrieve Azure instance metadata: Network error: curl error: HTTP response code said error: The requested URL returned error: 404
W20260630 12:16:36.341468 24976 instance_detector.cc:116] could not retrieve OpenStack instance metadata: Network error: curl error: HTTP response code said error: The requested URL returned error: 404
I20260630 12:16:36.342588 23313 server_base.cc:1061] running on GCE node
I20260630 12:16:36.343391 23313 hybrid_clock.cc:584] initializing the hybrid clock with 'system_unsync' time source
W20260630 12:16:36.343585 23313 system_unsync_time.cc:38] NTP support is disabled. Clock error bounds will not be accurate. This configuration is not suitable for distributed clusters.
I20260630 12:16:36.343758 23313 hybrid_clock.cc:648] HybridClock initialized: now 1782821796343724 us; error 0 us; skew 500 ppm
I20260630 12:16:36.344305 23313 server_base.cc:861] Flag tcmalloc_max_total_thread_cache_bytes is not working since tcmalloc is not enabled.
I20260630 12:16:36.348028 23313 webserver.cc:533] Webserver started at http://127.22.196.126:42927/ using document root <none> and password file <none>
I20260630 12:16:36.348515 23313 fs_manager.cc:362] Metadata directory not provided
I20260630 12:16:36.348703 23313 fs_manager.cc:368] Using write-ahead log directory (fs_wal_dir) as metadata directory
I20260630 12:16:36.348996 23313 server_base.cc:909] This appears to be a new deployment of Kudu; creating new FS layout
I20260630 12:16:36.350195 23313 fs_manager.cc:1068] Generated new instance metadata in path /tmp/dist-test-taskKQzKml/test-tmp/auto_rebalancer-test.0.AutoRebalancerTest.MovesScheduledIfAddTserver.1782821769834645-23313-0/minicluster-data/master-0-root/instance:
uuid: "f0f2a3f67b5a4d3686cbc04f528bfa08"
format_stamp: "Formatted at 2026-06-30 12:16:36 on dist-test-slave-whzw"
I20260630 12:16:36.354507 23313 fs_manager.cc:696] Time spent creating directory manager: real 0.004s	user 0.002s	sys 0.003s
I20260630 12:16:36.357776 24981 log_block_manager.cc:4031] Time spent loading block containers with low live blocks: real 0.000s	user 0.000s	sys 0.000s
I20260630 12:16:36.358574 23313 fs_manager.cc:730] Time spent opening block manager: real 0.002s	user 0.002s	sys 0.001s
I20260630 12:16:36.358884 23313 fs_manager.cc:647] Opened local filesystem: /tmp/dist-test-taskKQzKml/test-tmp/auto_rebalancer-test.0.AutoRebalancerTest.MovesScheduledIfAddTserver.1782821769834645-23313-0/minicluster-data/master-0-root
uuid: "f0f2a3f67b5a4d3686cbc04f528bfa08"
format_stamp: "Formatted at 2026-06-30 12:16:36 on dist-test-slave-whzw"
I20260630 12:16:36.359211 23313 fs_report.cc:389] FS layout report
--------------------
wal directory: /tmp/dist-test-taskKQzKml/test-tmp/auto_rebalancer-test.0.AutoRebalancerTest.MovesScheduledIfAddTserver.1782821769834645-23313-0/minicluster-data/master-0-root
metadata directory: /tmp/dist-test-taskKQzKml/test-tmp/auto_rebalancer-test.0.AutoRebalancerTest.MovesScheduledIfAddTserver.1782821769834645-23313-0/minicluster-data/master-0-root
1 data directories: /tmp/dist-test-taskKQzKml/test-tmp/auto_rebalancer-test.0.AutoRebalancerTest.MovesScheduledIfAddTserver.1782821769834645-23313-0/minicluster-data/master-0-root/data
Total live blocks: 0
Total live bytes: 0
Total live bytes (after alignment): 0
Total number of LBM containers: 0 (0 full)
Did not check for missing blocks
Did not check for orphaned blocks
Total full LBM containers with extra space: 0 (0 repaired)
Total full LBM container extra space in bytes: 0 (0 repaired)
Total incomplete LBM containers: 0 (0 repaired)
Total LBM partial records: 0 (0 repaired)
Total corrupted LBM metadata records in RocksDB: 0 (0 repaired)
I20260630 12:16:36.382735 23313 rpc_server.cc:225] running with OpenSSL 1.1.1  11 Sep 2018
I20260630 12:16:36.383890 23313 kserver.cc:163] Server-wide thread pool size limit: 3276
I20260630 12:16:36.420984 23313 rpc_server.cc:307] RPC server started. Bound to: 127.22.196.126:44035
I20260630 12:16:36.421072 25032 acceptor_pool.cc:272] collecting diagnostics on the listening RPC socket 127.22.196.126:44035 every 8 connection(s)
I20260630 12:16:36.424871 25033 data_dirs.cc:400] Could only allocate 1 dirs of requested 3 for tablet 00000000000000000000000000000000. 1 dirs total, 0 dirs full, 0 dirs failed
I20260630 12:16:36.435051 25033 tablet_bootstrap.cc:492] T 00000000000000000000000000000000 P f0f2a3f67b5a4d3686cbc04f528bfa08: Bootstrap starting.
I20260630 12:16:36.439437 25033 tablet_bootstrap.cc:654] T 00000000000000000000000000000000 P f0f2a3f67b5a4d3686cbc04f528bfa08: Neither blocks nor log segments found. Creating new log.
I20260630 12:16:36.443457 25033 tablet_bootstrap.cc:492] T 00000000000000000000000000000000 P f0f2a3f67b5a4d3686cbc04f528bfa08: No bootstrap required, opened a new log
I20260630 12:16:36.445588 25033 raft_consensus.cc:359] T 00000000000000000000000000000000 P f0f2a3f67b5a4d3686cbc04f528bfa08 [term 0 FOLLOWER]: Replica starting. Triggering 0 pending ops. Active config: opid_index: -1 OBSOLETE_local: true peers { permanent_uuid: "f0f2a3f67b5a4d3686cbc04f528bfa08" member_type: VOTER }
I20260630 12:16:36.446010 25033 raft_consensus.cc:385] T 00000000000000000000000000000000 P f0f2a3f67b5a4d3686cbc04f528bfa08 [term 0 FOLLOWER]: Consensus starting up: Expiring failure detector timer to make a prompt election more likely
I20260630 12:16:36.446237 25033 raft_consensus.cc:740] T 00000000000000000000000000000000 P f0f2a3f67b5a4d3686cbc04f528bfa08 [term 0 FOLLOWER]: Becoming Follower/Learner. State: Replica: f0f2a3f67b5a4d3686cbc04f528bfa08, State: Initialized, Role: FOLLOWER
I20260630 12:16:36.446859 25033 consensus_queue.cc:260] T 00000000000000000000000000000000 P f0f2a3f67b5a4d3686cbc04f528bfa08 [NON_LEADER]: Queue going to NON_LEADER mode. State: All replicated index: 0, Majority replicated index: 0, Committed index: 0, Last appended: 0.0, Last appended by leader: 0, Current term: 0, Majority size: -1, State: 0, Mode: NON_LEADER, active raft config: opid_index: -1 OBSOLETE_local: true peers { permanent_uuid: "f0f2a3f67b5a4d3686cbc04f528bfa08" member_type: VOTER }
I20260630 12:16:36.447307 25033 raft_consensus.cc:399] T 00000000000000000000000000000000 P f0f2a3f67b5a4d3686cbc04f528bfa08 [term 0 FOLLOWER]: Only one voter in the Raft config. Triggering election immediately
I20260630 12:16:36.447531 25033 raft_consensus.cc:493] T 00000000000000000000000000000000 P f0f2a3f67b5a4d3686cbc04f528bfa08 [term 0 FOLLOWER]: Starting leader election (initial election of a single-replica configuration)
I20260630 12:16:36.447791 25033 raft_consensus.cc:3060] T 00000000000000000000000000000000 P f0f2a3f67b5a4d3686cbc04f528bfa08 [term 0 FOLLOWER]: Advancing to term 1
I20260630 12:16:36.452064 25033 raft_consensus.cc:515] T 00000000000000000000000000000000 P f0f2a3f67b5a4d3686cbc04f528bfa08 [term 1 FOLLOWER]: Starting leader election with config: opid_index: -1 OBSOLETE_local: true peers { permanent_uuid: "f0f2a3f67b5a4d3686cbc04f528bfa08" member_type: VOTER }
I20260630 12:16:36.452580 25033 leader_election.cc:304] T 00000000000000000000000000000000 P f0f2a3f67b5a4d3686cbc04f528bfa08 [CANDIDATE]: Term 1 election: Election decided. Result: candidate won. Election summary: received 1 responses out of 1 voters: 1 yes votes; 0 no votes. yes voters: f0f2a3f67b5a4d3686cbc04f528bfa08; no voters: 
I20260630 12:16:36.453709 25033 leader_election.cc:290] T 00000000000000000000000000000000 P f0f2a3f67b5a4d3686cbc04f528bfa08 [CANDIDATE]: Term 1 election: Requested vote from peers 
I20260630 12:16:36.454141 25036 raft_consensus.cc:2804] T 00000000000000000000000000000000 P f0f2a3f67b5a4d3686cbc04f528bfa08 [term 1 FOLLOWER]: Leader election won for term 1
I20260630 12:16:36.455443 25036 raft_consensus.cc:697] T 00000000000000000000000000000000 P f0f2a3f67b5a4d3686cbc04f528bfa08 [term 1 LEADER]: Becoming Leader. State: Replica: f0f2a3f67b5a4d3686cbc04f528bfa08, State: Running, Role: LEADER
I20260630 12:16:36.456125 25036 consensus_queue.cc:237] T 00000000000000000000000000000000 P f0f2a3f67b5a4d3686cbc04f528bfa08 [LEADER]: Queue going to LEADER mode. State: All replicated index: 0, Majority replicated index: 0, Committed index: 0, Last appended: 0.0, Last appended by leader: 0, Current term: 1, Majority size: 1, State: 0, Mode: LEADER, active raft config: opid_index: -1 OBSOLETE_local: true peers { permanent_uuid: "f0f2a3f67b5a4d3686cbc04f528bfa08" member_type: VOTER }
I20260630 12:16:36.456609 25033 sys_catalog.cc:565] T 00000000000000000000000000000000 P f0f2a3f67b5a4d3686cbc04f528bfa08 [sys.catalog]: configured and running, proceeding with master startup.
I20260630 12:16:36.460700 25038 sys_catalog.cc:455] T 00000000000000000000000000000000 P f0f2a3f67b5a4d3686cbc04f528bfa08 [sys.catalog]: SysCatalogTable state changed. Reason: New leader f0f2a3f67b5a4d3686cbc04f528bfa08. Latest consensus state: current_term: 1 leader_uuid: "f0f2a3f67b5a4d3686cbc04f528bfa08" committed_config { opid_index: -1 OBSOLETE_local: true peers { permanent_uuid: "f0f2a3f67b5a4d3686cbc04f528bfa08" member_type: VOTER } }
I20260630 12:16:36.461424 25038 sys_catalog.cc:458] T 00000000000000000000000000000000 P f0f2a3f67b5a4d3686cbc04f528bfa08 [sys.catalog]: This master's current role is: LEADER
I20260630 12:16:36.462774 25037 sys_catalog.cc:455] T 00000000000000000000000000000000 P f0f2a3f67b5a4d3686cbc04f528bfa08 [sys.catalog]: SysCatalogTable state changed. Reason: RaftConsensus started. Latest consensus state: current_term: 1 leader_uuid: "f0f2a3f67b5a4d3686cbc04f528bfa08" committed_config { opid_index: -1 OBSOLETE_local: true peers { permanent_uuid: "f0f2a3f67b5a4d3686cbc04f528bfa08" member_type: VOTER } }
I20260630 12:16:36.463565 25037 sys_catalog.cc:458] T 00000000000000000000000000000000 P f0f2a3f67b5a4d3686cbc04f528bfa08 [sys.catalog]: This master's current role is: LEADER
I20260630 12:16:36.467890 25044 catalog_manager.cc:1511] Loading table and tablet metadata into memory...
I20260630 12:16:36.473857 25044 catalog_manager.cc:1520] Initializing Kudu cluster ID...
I20260630 12:16:36.474943 23313 internal_mini_cluster.cc:184] Waiting to initialize catalog manager on master 0
I20260630 12:16:36.482656 25044 catalog_manager.cc:1383] Generated new cluster ID: c703b67ffd59457aae706fc9e01316d8
I20260630 12:16:36.482959 25044 catalog_manager.cc:1531] Initializing Kudu internal certificate authority...
I20260630 12:16:36.505909 25044 catalog_manager.cc:1406] Generated new certificate authority record
I20260630 12:16:36.507167 25044 catalog_manager.cc:1540] Loading token signing keys...
I20260630 12:16:36.521777 25044 catalog_manager.cc:6070] T 00000000000000000000000000000000 P f0f2a3f67b5a4d3686cbc04f528bfa08: Generated new TSK 0
I20260630 12:16:36.522404 25044 catalog_manager.cc:1550] Initializing in-progress tserver states...
I20260630 12:16:36.541831 23313 file_cache.cc:492] Constructed file cache file cache with capacity 419430
W20260630 12:16:36.547860 25054 instance_detector.cc:116] could not retrieve AWS instance metadata: Network error: curl error: HTTP response code said error: The requested URL returned error: 404
W20260630 12:16:36.549012 25055 instance_detector.cc:116] could not retrieve Azure instance metadata: Network error: curl error: HTTP response code said error: The requested URL returned error: 404
W20260630 12:16:36.551708 25057 instance_detector.cc:116] could not retrieve OpenStack instance metadata: Network error: curl error: HTTP response code said error: The requested URL returned error: 404
I20260630 12:16:36.551795 23313 server_base.cc:1061] running on GCE node
I20260630 12:16:36.552908 23313 hybrid_clock.cc:584] initializing the hybrid clock with 'system_unsync' time source
W20260630 12:16:36.553149 23313 system_unsync_time.cc:38] NTP support is disabled. Clock error bounds will not be accurate. This configuration is not suitable for distributed clusters.
I20260630 12:16:36.553396 23313 hybrid_clock.cc:648] HybridClock initialized: now 1782821796553363 us; error 0 us; skew 500 ppm
I20260630 12:16:36.554006 23313 server_base.cc:861] Flag tcmalloc_max_total_thread_cache_bytes is not working since tcmalloc is not enabled.
