wal directory: /tmp/dist-test-taskm5tKmH/test-tmp/auto_rebalancer-test.0.AutoRebalancerTest.RangeAwareBuildClusterInfoGroupsByRange.1782821768606065-13692-0/minicluster-data/ts-0-root
metadata directory: /tmp/dist-test-taskm5tKmH/test-tmp/auto_rebalancer-test.0.AutoRebalancerTest.RangeAwareBuildClusterInfoGroupsByRange.1782821768606065-13692-0/minicluster-data/ts-0-root
1 data directories: /tmp/dist-test-taskm5tKmH/test-tmp/auto_rebalancer-test.0.AutoRebalancerTest.RangeAwareBuildClusterInfoGroupsByRange.1782821768606065-13692-0/minicluster-data/ts-0-root/data
Total live blocks: 0
Total live bytes: 0
Total live bytes (after alignment): 0
Total number of LBM containers: 0 (0 full)
Did not check for missing blocks
Did not check for orphaned blocks
Total full LBM containers with extra space: 0 (0 repaired)
Total full LBM container extra space in bytes: 0 (0 repaired)
Total incomplete LBM containers: 0 (0 repaired)
Total LBM partial records: 0 (0 repaired)
Total corrupted LBM metadata records in RocksDB: 0 (0 repaired)
I20260630 12:17:30.401162 13692 rpc_server.cc:225] running with OpenSSL 1.1.1  11 Sep 2018
I20260630 12:17:30.402410 13692 kserver.cc:163] Server-wide thread pool size limit: 3276
I20260630 12:17:30.404052 13692 txn_system_client.cc:432] TxnSystemClient initialization is disabled...
I20260630 12:17:30.406459 13692 ts_tablet_manager.cc:585] Loaded tablet metadata (0 total tablets, 0 live tablets)
I20260630 12:17:30.406666 13692 ts_tablet_manager.cc:531] Time spent load tablet metadata: real 0.000s	user 0.000s	sys 0.000s
I20260630 12:17:30.406881 13692 ts_tablet_manager.cc:616] Registered 0 tablets
I20260630 12:17:30.407043 13692 ts_tablet_manager.cc:595] Time spent register tablets: real 0.000s	user 0.000s	sys 0.000s
I20260630 12:17:30.448460 13692 rpc_server.cc:307] RPC server started. Bound to: 127.13.95.1:39911
I20260630 12:17:30.448593 16322 acceptor_pool.cc:272] collecting diagnostics on the listening RPC socket 127.13.95.1:39911 every 8 connection(s)
I20260630 12:17:30.453423 13692 file_cache.cc:492] Constructed file cache file cache with capacity 419430
W20260630 12:17:30.461511 16327 instance_detector.cc:116] could not retrieve AWS instance metadata: Network error: curl error: HTTP response code said error: The requested URL returned error: 404
W20260630 12:17:30.462363 16328 instance_detector.cc:116] could not retrieve Azure instance metadata: Network error: curl error: HTTP response code said error: The requested URL returned error: 404
I20260630 12:17:30.465287 13692 server_base.cc:1061] running on GCE node
W20260630 12:17:30.465471 16330 instance_detector.cc:116] could not retrieve OpenStack instance metadata: Network error: curl error: HTTP response code said error: The requested URL returned error: 404
I20260630 12:17:30.466378 13692 hybrid_clock.cc:584] initializing the hybrid clock with 'system_unsync' time source
W20260630 12:17:30.466634 13692 system_unsync_time.cc:38] NTP support is disabled. Clock error bounds will not be accurate. This configuration is not suitable for distributed clusters.
I20260630 12:17:30.466818 13692 hybrid_clock.cc:648] HybridClock initialized: now 1782821850466797 us; error 0 us; skew 500 ppm
I20260630 12:17:30.467480 13692 server_base.cc:861] Flag tcmalloc_max_total_thread_cache_bytes is not working since tcmalloc is not enabled.
I20260630 12:17:30.470105 13692 webserver.cc:533] Webserver started at http://127.13.95.2:45149/ using document root <none> and password file <none>
I20260630 12:17:30.470150 16323 heartbeater.cc:344] Connected to a master server at 127.13.95.62:33093
I20260630 12:17:30.470551 16323 heartbeater.cc:461] Registering TS with master...
I20260630 12:17:30.470641 13692 fs_manager.cc:362] Metadata directory not provided
I20260630 12:17:30.470909 13692 fs_manager.cc:368] Using write-ahead log directory (fs_wal_dir) as metadata directory
I20260630 12:17:30.471161 13692 server_base.cc:909] This appears to be a new deployment of Kudu; creating new FS layout
I20260630 12:17:30.471314 16323 heartbeater.cc:507] Master 127.13.95.62:33093 requested a full tablet report, sending...
I20260630 12:17:30.472460 13692 fs_manager.cc:1068] Generated new instance metadata in path /tmp/dist-test-taskm5tKmH/test-tmp/auto_rebalancer-test.0.AutoRebalancerTest.RangeAwareBuildClusterInfoGroupsByRange.1782821768606065-13692-0/minicluster-data/ts-1-root/instance:
uuid: "e689db5fdbd34dbcb65b3d0483eccf77"
format_stamp: "Formatted at 2026-06-30 12:17:30 on dist-test-slave-668g"
I20260630 12:17:30.473419 16196 ts_manager.cc:194] Registered new tserver with Master: 34dc391402c3476192a299c8bf84b703 (127.13.95.1:39911)
I20260630 12:17:30.475244 16196 master_service.cc:502] Signed X509 certificate for tserver {username='slave'} at 127.0.0.1:33276
I20260630 12:17:30.477236 13692 fs_manager.cc:696] Time spent creating directory manager: real 0.004s	user 0.005s	sys 0.000s
I20260630 12:17:30.480854 16335 log_block_manager.cc:4031] Time spent loading block containers with low live blocks: real 0.000s	user 0.000s	sys 0.000s
I20260630 12:17:30.481544 13692 fs_manager.cc:730] Time spent opening block manager: real 0.002s	user 0.002s	sys 0.000s
I20260630 12:17:30.481808 13692 fs_manager.cc:647] Opened local filesystem: /tmp/dist-test-taskm5tKmH/test-tmp/auto_rebalancer-test.0.AutoRebalancerTest.RangeAwareBuildClusterInfoGroupsByRange.1782821768606065-13692-0/minicluster-data/ts-1-root
uuid: "e689db5fdbd34dbcb65b3d0483eccf77"
format_stamp: "Formatted at 2026-06-30 12:17:30 on dist-test-slave-668g"
I20260630 12:17:30.482110 13692 fs_report.cc:389] FS layout report
--------------------
wal directory: /tmp/dist-test-taskm5tKmH/test-tmp/auto_rebalancer-test.0.AutoRebalancerTest.RangeAwareBuildClusterInfoGroupsByRange.1782821768606065-13692-0/minicluster-data/ts-1-root
metadata directory: /tmp/dist-test-taskm5tKmH/test-tmp/auto_rebalancer-test.0.AutoRebalancerTest.RangeAwareBuildClusterInfoGroupsByRange.1782821768606065-13692-0/minicluster-data/ts-1-root
1 data directories: /tmp/dist-test-taskm5tKmH/test-tmp/auto_rebalancer-test.0.AutoRebalancerTest.RangeAwareBuildClusterInfoGroupsByRange.1782821768606065-13692-0/minicluster-data/ts-1-root/data
Total live blocks: 0
Total live bytes: 0
Total live bytes (after alignment): 0
Total number of LBM containers: 0 (0 full)
Did not check for missing blocks
Did not check for orphaned blocks
Total full LBM containers with extra space: 0 (0 repaired)
Total full LBM container extra space in bytes: 0 (0 repaired)
Total incomplete LBM containers: 0 (0 repaired)
Total LBM partial records: 0 (0 repaired)
Total corrupted LBM metadata records in RocksDB: 0 (0 repaired)
I20260630 12:17:30.491837 13692 rpc_server.cc:225] running with OpenSSL 1.1.1  11 Sep 2018
I20260630 12:17:30.492977 13692 kserver.cc:163] Server-wide thread pool size limit: 3276
I20260630 12:17:30.494416 13692 txn_system_client.cc:432] TxnSystemClient initialization is disabled...
I20260630 12:17:30.496594 13692 ts_tablet_manager.cc:585] Loaded tablet metadata (0 total tablets, 0 live tablets)
I20260630 12:17:30.496781 13692 ts_tablet_manager.cc:531] Time spent load tablet metadata: real 0.000s	user 0.000s	sys 0.000s
I20260630 12:17:30.496984 13692 ts_tablet_manager.cc:616] Registered 0 tablets
I20260630 12:17:30.497135 13692 ts_tablet_manager.cc:595] Time spent register tablets: real 0.000s	user 0.000s	sys 0.000s
I20260630 12:17:30.537314 13692 rpc_server.cc:307] RPC server started. Bound to: 127.13.95.2:44847
I20260630 12:17:30.537418 16397 acceptor_pool.cc:272] collecting diagnostics on the listening RPC socket 127.13.95.2:44847 every 8 connection(s)
I20260630 12:17:30.542228 13692 file_cache.cc:492] Constructed file cache file cache with capacity 419430
W20260630 12:17:30.549481 16401 instance_detector.cc:116] could not retrieve AWS instance metadata: Network error: curl error: HTTP response code said error: The requested URL returned error: 404
W20260630 12:17:30.551844 16402 instance_detector.cc:116] could not retrieve Azure instance metadata: Network error: curl error: HTTP response code said error: The requested URL returned error: 404
W20260630 12:17:30.552641 16404 instance_detector.cc:116] could not retrieve OpenStack instance metadata: Network error: curl error: HTTP response code said error: The requested URL returned error: 404
I20260630 12:17:30.554212 13692 server_base.cc:1061] running on GCE node
I20260630 12:17:30.555135 13692 hybrid_clock.cc:584] initializing the hybrid clock with 'system_unsync' time source
I20260630 12:17:30.555140 16398 heartbeater.cc:344] Connected to a master server at 127.13.95.62:33093
W20260630 12:17:30.555481 13692 system_unsync_time.cc:38] NTP support is disabled. Clock error bounds will not be accurate. This configuration is not suitable for distributed clusters.
I20260630 12:17:30.555655 16398 heartbeater.cc:461] Registering TS with master...
I20260630 12:17:30.555671 13692 hybrid_clock.cc:648] HybridClock initialized: now 1782821850555657 us; error 0 us; skew 500 ppm
I20260630 12:17:30.556394 13692 server_base.cc:861] Flag tcmalloc_max_total_thread_cache_bytes is not working since tcmalloc is not enabled.
I20260630 12:17:30.556532 16398 heartbeater.cc:507] Master 127.13.95.62:33093 requested a full tablet report, sending...
I20260630 12:17:30.558713 16196 ts_manager.cc:194] Registered new tserver with Master: e689db5fdbd34dbcb65b3d0483eccf77 (127.13.95.2:44847)
I20260630 12:17:30.558954 13692 webserver.cc:533] Webserver started at http://127.13.95.3:44739/ using document root <none> and password file <none>
I20260630 12:17:30.559446 13692 fs_manager.cc:362] Metadata directory not provided
I20260630 12:17:30.559624 13692 fs_manager.cc:368] Using write-ahead log directory (fs_wal_dir) as metadata directory
I20260630 12:17:30.559861 13692 server_base.cc:909] This appears to be a new deployment of Kudu; creating new FS layout
I20260630 12:17:30.560292 16196 master_service.cc:502] Signed X509 certificate for tserver {username='slave'} at 127.0.0.1:33278
I20260630 12:17:30.561051 13692 fs_manager.cc:1068] Generated new instance metadata in path /tmp/dist-test-taskm5tKmH/test-tmp/auto_rebalancer-test.0.AutoRebalancerTest.RangeAwareBuildClusterInfoGroupsByRange.1782821768606065-13692-0/minicluster-data/ts-2-root/instance:
uuid: "18b64e53ab72484598f5435af647ada0"
format_stamp: "Formatted at 2026-06-30 12:17:30 on dist-test-slave-668g"
I20260630 12:17:30.565397 13692 fs_manager.cc:696] Time spent creating directory manager: real 0.004s	user 0.002s	sys 0.004s
I20260630 12:17:30.568676 16409 log_block_manager.cc:4031] Time spent loading block containers with low live blocks: real 0.000s	user 0.000s	sys 0.000s
I20260630 12:17:30.569376 13692 fs_manager.cc:730] Time spent opening block manager: real 0.002s	user 0.002s	sys 0.000s
I20260630 12:17:30.569638 13692 fs_manager.cc:647] Opened local filesystem: /tmp/dist-test-taskm5tKmH/test-tmp/auto_rebalancer-test.0.AutoRebalancerTest.RangeAwareBuildClusterInfoGroupsByRange.1782821768606065-13692-0/minicluster-data/ts-2-root
uuid: "18b64e53ab72484598f5435af647ada0"
format_stamp: "Formatted at 2026-06-30 12:17:30 on dist-test-slave-668g"
I20260630 12:17:30.569916 13692 fs_report.cc:389] FS layout report
--------------------
wal directory: /tmp/dist-test-taskm5tKmH/test-tmp/auto_rebalancer-test.0.AutoRebalancerTest.RangeAwareBuildClusterInfoGroupsByRange.1782821768606065-13692-0/minicluster-data/ts-2-root
metadata directory: /tmp/dist-test-taskm5tKmH/test-tmp/auto_rebalancer-test.0.AutoRebalancerTest.RangeAwareBuildClusterInfoGroupsByRange.1782821768606065-13692-0/minicluster-data/ts-2-root
1 data directories: /tmp/dist-test-taskm5tKmH/test-tmp/auto_rebalancer-test.0.AutoRebalancerTest.RangeAwareBuildClusterInfoGroupsByRange.1782821768606065-13692-0/minicluster-data/ts-2-root/data
Total live blocks: 0
Total live bytes: 0
Total live bytes (after alignment): 0
Total number of LBM containers: 0 (0 full)
Did not check for missing blocks
Did not check for orphaned blocks
Total full LBM containers with extra space: 0 (0 repaired)
Total full LBM container extra space in bytes: 0 (0 repaired)
Total incomplete LBM containers: 0 (0 repaired)
Total LBM partial records: 0 (0 repaired)
Total corrupted LBM metadata records in RocksDB: 0 (0 repaired)
I20260630 12:17:30.579612 13692 rpc_server.cc:225] running with OpenSSL 1.1.1  11 Sep 2018
I20260630 12:17:30.580709 13692 kserver.cc:163] Server-wide thread pool size limit: 3276
I20260630 12:17:30.582198 13692 txn_system_client.cc:432] TxnSystemClient initialization is disabled...
I20260630 12:17:30.584476 13692 ts_tablet_manager.cc:585] Loaded tablet metadata (0 total tablets, 0 live tablets)
I20260630 12:17:30.584666 13692 ts_tablet_manager.cc:531] Time spent load tablet metadata: real 0.000s	user 0.000s	sys 0.000s
I20260630 12:17:30.584874 13692 ts_tablet_manager.cc:616] Registered 0 tablets
I20260630 12:17:30.585029 13692 ts_tablet_manager.cc:595] Time spent register tablets: real 0.000s	user 0.000s	sys 0.000s
I20260630 12:17:30.625166 13692 rpc_server.cc:307] RPC server started. Bound to: 127.13.95.3:42739
I20260630 12:17:30.625269 16471 acceptor_pool.cc:272] collecting diagnostics on the listening RPC socket 127.13.95.3:42739 every 8 connection(s)
I20260630 12:17:30.638922 16472 heartbeater.cc:344] Connected to a master server at 127.13.95.62:33093
I20260630 12:17:30.639318 16472 heartbeater.cc:461] Registering TS with master...
I20260630 12:17:30.640014 16472 heartbeater.cc:507] Master 127.13.95.62:33093 requested a full tablet report, sending...
I20260630 12:17:30.641955 16196 ts_manager.cc:194] Registered new tserver with Master: 18b64e53ab72484598f5435af647ada0 (127.13.95.3:42739)
I20260630 12:17:30.642583 13692 internal_mini_cluster.cc:371] 3 TS(s) registered with all masters after 0.014250912s
I20260630 12:17:30.643410 16196 master_service.cc:502] Signed X509 certificate for tserver {username='slave'} at 127.0.0.1:33292
I20260630 12:17:31.478062 16323 heartbeater.cc:499] Master 127.13.95.62:33093 was elected leader, sending a full tablet report...
I20260630 12:17:31.562805 16398 heartbeater.cc:499] Master 127.13.95.62:33093 was elected leader, sending a full tablet report...
I20260630 12:17:31.646303 16472 heartbeater.cc:499] Master 127.13.95.62:33093 was elected leader, sending a full tablet report...
I20260630 12:17:31.696194 16196 catalog_manager.cc:2283] Servicing CreateTable request from {username='slave'} at 127.0.0.1:33302:
name: "range_aware_auto_rebalancer_test"
schema {
  columns {
    name: "key"
    type: INT32
    is_key: true
    is_nullable: false
    encoding: AUTO_ENCODING
    compression: DEFAULT_COMPRESSION
    cfile_block_size: 0
    immutable: false
  }
}
num_replicas: 3
split_rows_range_bounds {
  rows: "\006\001\000\000\000\000\007\001\n\000\000\000\006\001\n\000\000\000\007\001\024\000\000\000""\006\001\000\000\000\000\007\001\n\000\000\000\006\001\n\000\000\000\007\001\024\000\000\000"
  indirect_data: """"
}
partition_schema {
  hash_schema {
    columns {
      name: "key"
    }
    num_buckets: 2
    seed: 0
  }
  range_schema {
    columns {
      name: "key"
    }
  }
}
W20260630 12:17:31.698843 16196 catalog_manager.cc:7077] The number of live tablet servers is not enough to re-replicate a tablet replica of the newly created table range_aware_auto_rebalancer_test in case of a server failure: 4 tablet servers would be needed, 3 are available. Consider bringing up more tablet servers.
I20260630 12:17:31.753170 16362 tablet_service.cc:1511] Processing CreateTablet for tablet 431b3b513aef4fab98efe125dcc5b2af (DEFAULT_TABLE table=range_aware_auto_rebalancer_test [id=b7fb16ed522d40358a0ecc053f9ac016]), partition=HASH (key) PARTITION 0, RANGE (key) PARTITION 10 <= VALUES < 20
I20260630 12:17:31.754889 16362 data_dirs.cc:400] Could only allocate 1 dirs of requested 3 for tablet 431b3b513aef4fab98efe125dcc5b2af. 1 dirs total, 0 dirs full, 0 dirs failed
I20260630 12:17:31.758805 16363 tablet_service.cc:1511] Processing CreateTablet for tablet 67e68a81685e4afdb03413fcb7d57a25 (DEFAULT_TABLE table=range_aware_auto_rebalancer_test [id=b7fb16ed522d40358a0ecc053f9ac016]), partition=HASH (key) PARTITION 0, RANGE (key) PARTITION 0 <= VALUES < 10
I20260630 12:17:31.758944 16361 tablet_service.cc:1511] Processing CreateTablet for tablet 48a42ae4362146c09e885dd45144adeb (DEFAULT_TABLE table=range_aware_auto_rebalancer_test [id=b7fb16ed522d40358a0ecc053f9ac016]), partition=HASH (key) PARTITION 1, RANGE (key) PARTITION 0 <= VALUES < 10
I20260630 12:17:31.760443 16363 data_dirs.cc:400] Could only allocate 1 dirs of requested 3 for tablet 67e68a81685e4afdb03413fcb7d57a25. 1 dirs total, 0 dirs full, 0 dirs failed
I20260630 12:17:31.764014 16360 tablet_service.cc:1511] Processing CreateTablet for tablet d841afde78fc4da4a9148673736ce4f4 (DEFAULT_TABLE table=range_aware_auto_rebalancer_test [id=b7fb16ed522d40358a0ecc053f9ac016]), partition=HASH (key) PARTITION 1, RANGE (key) PARTITION 10 <= VALUES < 20
I20260630 12:17:31.765453 16360 data_dirs.cc:400] Could only allocate 1 dirs of requested 3 for tablet d841afde78fc4da4a9148673736ce4f4. 1 dirs total, 0 dirs full, 0 dirs failed
I20260630 12:17:31.766860 16361 data_dirs.cc:400] Could only allocate 1 dirs of requested 3 for tablet 48a42ae4362146c09e885dd45144adeb. 1 dirs total, 0 dirs full, 0 dirs failed
I20260630 12:17:31.771265 16437 tablet_service.cc:1511] Processing CreateTablet for tablet 67e68a81685e4afdb03413fcb7d57a25 (DEFAULT_TABLE table=range_aware_auto_rebalancer_test [id=b7fb16ed522d40358a0ecc053f9ac016]), partition=HASH (key) PARTITION 0, RANGE (key) PARTITION 0 <= VALUES < 10
I20260630 12:17:31.772776 16437 data_dirs.cc:400] Could only allocate 1 dirs of requested 3 for tablet 67e68a81685e4afdb03413fcb7d57a25. 1 dirs total, 0 dirs full, 0 dirs failed
I20260630 12:17:31.775090 16436 tablet_service.cc:1511] Processing CreateTablet for tablet 431b3b513aef4fab98efe125dcc5b2af (DEFAULT_TABLE table=range_aware_auto_rebalancer_test [id=b7fb16ed522d40358a0ecc053f9ac016]), partition=HASH (key) PARTITION 0, RANGE (key) PARTITION 10 <= VALUES < 20
I20260630 12:17:31.776547 16436 data_dirs.cc:400] Could only allocate 1 dirs of requested 3 for tablet 431b3b513aef4fab98efe125dcc5b2af. 1 dirs total, 0 dirs full, 0 dirs failed
I20260630 12:17:31.779105 16435 tablet_service.cc:1511] Processing CreateTablet for tablet 48a42ae4362146c09e885dd45144adeb (DEFAULT_TABLE table=range_aware_auto_rebalancer_test [id=b7fb16ed522d40358a0ecc053f9ac016]), partition=HASH (key) PARTITION 1, RANGE (key) PARTITION 0 <= VALUES < 10
I20260630 12:17:31.780524 16435 data_dirs.cc:400] Could only allocate 1 dirs of requested 3 for tablet 48a42ae4362146c09e885dd45144adeb. 1 dirs total, 0 dirs full, 0 dirs failed
I20260630 12:17:31.782393 16434 tablet_service.cc:1511] Processing CreateTablet for tablet d841afde78fc4da4a9148673736ce4f4 (DEFAULT_TABLE table=range_aware_auto_rebalancer_test [id=b7fb16ed522d40358a0ecc053f9ac016]), partition=HASH (key) PARTITION 1, RANGE (key) PARTITION 10 <= VALUES < 20
I20260630 12:17:31.783808 16492 tablet_bootstrap.cc:492] T d841afde78fc4da4a9148673736ce4f4 P e689db5fdbd34dbcb65b3d0483eccf77: Bootstrap starting.
I20260630 12:17:31.783838 16434 data_dirs.cc:400] Could only allocate 1 dirs of requested 3 for tablet d841afde78fc4da4a9148673736ce4f4. 1 dirs total, 0 dirs full, 0 dirs failed
I20260630 12:17:31.791132 16492 tablet_bootstrap.cc:654] T d841afde78fc4da4a9148673736ce4f4 P e689db5fdbd34dbcb65b3d0483eccf77: Neither blocks nor log segments found. Creating new log.
I20260630 12:17:31.803503 16492 tablet_bootstrap.cc:492] T d841afde78fc4da4a9148673736ce4f4 P e689db5fdbd34dbcb65b3d0483eccf77: No bootstrap required, opened a new log
I20260630 12:17:31.804119 16492 ts_tablet_manager.cc:1403] T d841afde78fc4da4a9148673736ce4f4 P e689db5fdbd34dbcb65b3d0483eccf77: Time spent bootstrapping tablet: real 0.021s	user 0.014s	sys 0.005s
I20260630 12:17:31.807521 16492 raft_consensus.cc:359] T d841afde78fc4da4a9148673736ce4f4 P e689db5fdbd34dbcb65b3d0483eccf77 [term 0 FOLLOWER]: Replica starting. Triggering 0 pending ops. Active config: opid_index: -1 OBSOLETE_local: false peers { permanent_uuid: "34dc391402c3476192a299c8bf84b703" member_type: VOTER last_known_addr { host: "127.13.95.1" port: 39911 } } peers { permanent_uuid: "e689db5fdbd34dbcb65b3d0483eccf77" member_type: VOTER last_known_addr { host: "127.13.95.2" port: 44847 } } peers { permanent_uuid: "18b64e53ab72484598f5435af647ada0" member_type: VOTER last_known_addr { host: "127.13.95.3" port: 42739 } }
I20260630 12:17:31.808408 16492 raft_consensus.cc:385] T d841afde78fc4da4a9148673736ce4f4 P e689db5fdbd34dbcb65b3d0483eccf77 [term 0 FOLLOWER]: Consensus starting up: Expiring failure detector timer to make a prompt election more likely
I20260630 12:17:31.808772 16492 raft_consensus.cc:740] T d841afde78fc4da4a9148673736ce4f4 P e689db5fdbd34dbcb65b3d0483eccf77 [term 0 FOLLOWER]: Becoming Follower/Learner. State: Replica: e689db5fdbd34dbcb65b3d0483eccf77, State: Initialized, Role: FOLLOWER
I20260630 12:17:31.809799 16492 consensus_queue.cc:260] T d841afde78fc4da4a9148673736ce4f4 P e689db5fdbd34dbcb65b3d0483eccf77 [NON_LEADER]: Queue going to NON_LEADER mode. State: All replicated index: 0, Majority replicated index: 0, Committed index: 0, Last appended: 0.0, Last appended by leader: 0, Current term: 0, Majority size: -1, State: 0, Mode: NON_LEADER, active raft config: opid_index: -1 OBSOLETE_local: false peers { permanent_uuid: "34dc391402c3476192a299c8bf84b703" member_type: VOTER last_known_addr { host: "127.13.95.1" port: 39911 } } peers { permanent_uuid: "e689db5fdbd34dbcb65b3d0483eccf77" member_type: VOTER last_known_addr { host: "127.13.95.2" port: 44847 } } peers { permanent_uuid: "18b64e53ab72484598f5435af647ada0" member_type: VOTER last_known_addr { host: "127.13.95.3" port: 42739 } }
I20260630 12:17:31.824955 16494 tablet_bootstrap.cc:492] T d841afde78fc4da4a9148673736ce4f4 P 18b64e53ab72484598f5435af647ada0: Bootstrap starting.
I20260630 12:17:31.828306 16492 ts_tablet_manager.cc:1434] T d841afde78fc4da4a9148673736ce4f4 P e689db5fdbd34dbcb65b3d0483eccf77: Time spent starting tablet: real 0.024s	user 0.004s	sys 0.004s
I20260630 12:17:31.829499 16492 tablet_bootstrap.cc:492] T 431b3b513aef4fab98efe125dcc5b2af P e689db5fdbd34dbcb65b3d0483eccf77: Bootstrap starting.
I20260630 12:17:31.832492 16494 tablet_bootstrap.cc:654] T d841afde78fc4da4a9148673736ce4f4 P 18b64e53ab72484598f5435af647ada0: Neither blocks nor log segments found. Creating new log.
I20260630 12:17:31.836498 16492 tablet_bootstrap.cc:654] T 431b3b513aef4fab98efe125dcc5b2af P e689db5fdbd34dbcb65b3d0483eccf77: Neither blocks nor log segments found. Creating new log.
I20260630 12:17:31.838590 16288 tablet_service.cc:1511] Processing CreateTablet for tablet 67e68a81685e4afdb03413fcb7d57a25 (DEFAULT_TABLE table=range_aware_auto_rebalancer_test [id=b7fb16ed522d40358a0ecc053f9ac016]), partition=HASH (key) PARTITION 0, RANGE (key) PARTITION 0 <= VALUES < 10
I20260630 12:17:31.839772 16287 tablet_service.cc:1511] Processing CreateTablet for tablet 431b3b513aef4fab98efe125dcc5b2af (DEFAULT_TABLE table=range_aware_auto_rebalancer_test [id=b7fb16ed522d40358a0ecc053f9ac016]), partition=HASH (key) PARTITION 0, RANGE (key) PARTITION 10 <= VALUES < 20
I20260630 12:17:31.840233 16288 data_dirs.cc:400] Could only allocate 1 dirs of requested 3 for tablet 67e68a81685e4afdb03413fcb7d57a25. 1 dirs total, 0 dirs full, 0 dirs failed
I20260630 12:17:31.841176 16287 data_dirs.cc:400] Could only allocate 1 dirs of requested 3 for tablet 431b3b513aef4fab98efe125dcc5b2af. 1 dirs total, 0 dirs full, 0 dirs failed
I20260630 12:17:31.847087 16286 tablet_service.cc:1511] Processing CreateTablet for tablet 48a42ae4362146c09e885dd45144adeb (DEFAULT_TABLE table=range_aware_auto_rebalancer_test [id=b7fb16ed522d40358a0ecc053f9ac016]), partition=HASH (key) PARTITION 1, RANGE (key) PARTITION 0 <= VALUES < 10
I20260630 12:17:31.847267 16285 tablet_service.cc:1511] Processing CreateTablet for tablet d841afde78fc4da4a9148673736ce4f4 (DEFAULT_TABLE table=range_aware_auto_rebalancer_test [id=b7fb16ed522d40358a0ecc053f9ac016]), partition=HASH (key) PARTITION 1, RANGE (key) PARTITION 10 <= VALUES < 20
I20260630 12:17:31.848497 16286 data_dirs.cc:400] Could only allocate 1 dirs of requested 3 for tablet 48a42ae4362146c09e885dd45144adeb. 1 dirs total, 0 dirs full, 0 dirs failed
I20260630 12:17:31.849191 16285 data_dirs.cc:400] Could only allocate 1 dirs of requested 3 for tablet d841afde78fc4da4a9148673736ce4f4. 1 dirs total, 0 dirs full, 0 dirs failed
I20260630 12:17:31.862859 16494 tablet_bootstrap.cc:492] T d841afde78fc4da4a9148673736ce4f4 P 18b64e53ab72484598f5435af647ada0: No bootstrap required, opened a new log
I20260630 12:17:31.863476 16494 ts_tablet_manager.cc:1403] T d841afde78fc4da4a9148673736ce4f4 P 18b64e53ab72484598f5435af647ada0: Time spent bootstrapping tablet: real 0.039s	user 0.016s	sys 0.004s
I20260630 12:17:31.866696 16494 raft_consensus.cc:359] T d841afde78fc4da4a9148673736ce4f4 P 18b64e53ab72484598f5435af647ada0 [term 0 FOLLOWER]: Replica starting. Triggering 0 pending ops. Active config: opid_index: -1 OBSOLETE_local: false peers { permanent_uuid: "34dc391402c3476192a299c8bf84b703" member_type: VOTER last_known_addr { host: "127.13.95.1" port: 39911 } } peers { permanent_uuid: "e689db5fdbd34dbcb65b3d0483eccf77" member_type: VOTER last_known_addr { host: "127.13.95.2" port: 44847 } } peers { permanent_uuid: "18b64e53ab72484598f5435af647ada0" member_type: VOTER last_known_addr { host: "127.13.95.3" port: 42739 } }
I20260630 12:17:31.868680 16494 raft_consensus.cc:385] T d841afde78fc4da4a9148673736ce4f4 P 18b64e53ab72484598f5435af647ada0 [term 0 FOLLOWER]: Consensus starting up: Expiring failure detector timer to make a prompt election more likely
I20260630 12:17:31.869050 16494 raft_consensus.cc:740] T d841afde78fc4da4a9148673736ce4f4 P 18b64e53ab72484598f5435af647ada0 [term 0 FOLLOWER]: Becoming Follower/Learner. State: Replica: 18b64e53ab72484598f5435af647ada0, State: Initialized, Role: FOLLOWER
I20260630 12:17:31.870117 16492 tablet_bootstrap.cc:492] T 431b3b513aef4fab98efe125dcc5b2af P e689db5fdbd34dbcb65b3d0483eccf77: No bootstrap required, opened a new log
I20260630 12:17:31.870760 16492 ts_tablet_manager.cc:1403] T 431b3b513aef4fab98efe125dcc5b2af P e689db5fdbd34dbcb65b3d0483eccf77: Time spent bootstrapping tablet: real 0.041s	user 0.013s	sys 0.026s
I20260630 12:17:31.874053 16492 raft_consensus.cc:359] T 431b3b513aef4fab98efe125dcc5b2af P e689db5fdbd34dbcb65b3d0483eccf77 [term 0 FOLLOWER]: Replica starting. Triggering 0 pending ops. Active config: opid_index: -1 OBSOLETE_local: false peers { permanent_uuid: "34dc391402c3476192a299c8bf84b703" member_type: VOTER last_known_addr { host: "127.13.95.1" port: 39911 } } peers { permanent_uuid: "e689db5fdbd34dbcb65b3d0483eccf77" member_type: VOTER last_known_addr { host: "127.13.95.2" port: 44847 } } peers { permanent_uuid: "18b64e53ab72484598f5435af647ada0" member_type: VOTER last_known_addr { host: "127.13.95.3" port: 42739 } }
I20260630 12:17:31.876965 16492 raft_consensus.cc:385] T 431b3b513aef4fab98efe125dcc5b2af P e689db5fdbd34dbcb65b3d0483eccf77 [term 0 FOLLOWER]: Consensus starting up: Expiring failure detector timer to make a prompt election more likely
I20260630 12:17:31.877266 16492 raft_consensus.cc:740] T 431b3b513aef4fab98efe125dcc5b2af P e689db5fdbd34dbcb65b3d0483eccf77 [term 0 FOLLOWER]: Becoming Follower/Learner. State: Replica: e689db5fdbd34dbcb65b3d0483eccf77, State: Initialized, Role: FOLLOWER
I20260630 12:17:31.870097 16494 consensus_queue.cc:260] T d841afde78fc4da4a9148673736ce4f4 P 18b64e53ab72484598f5435af647ada0 [NON_LEADER]: Queue going to NON_LEADER mode. State: All replicated index: 0, Majority replicated index: 0, Committed index: 0, Last appended: 0.0, Last appended by leader: 0, Current term: 0, Majority size: -1, State: 0, Mode: NON_LEADER, active raft config: opid_index: -1 OBSOLETE_local: false peers { permanent_uuid: "34dc391402c3476192a299c8bf84b703" member_type: VOTER last_known_addr { host: "127.13.95.1" port: 39911 } } peers { permanent_uuid: "e689db5fdbd34dbcb65b3d0483eccf77" member_type: VOTER last_known_addr { host: "127.13.95.2" port: 44847 } } peers { permanent_uuid: "18b64e53ab72484598f5435af647ada0" member_type: VOTER last_known_addr { host: "127.13.95.3" port: 42739 } }
I20260630 12:17:31.877878 16492 consensus_queue.cc:260] T 431b3b513aef4fab98efe125dcc5b2af P e689db5fdbd34dbcb65b3d0483eccf77 [NON_LEADER]: Queue going to NON_LEADER mode. State: All replicated index: 0, Majority replicated index: 0, Committed index: 0, Last appended: 0.0, Last appended by leader: 0, Current term: 0, Majority size: -1, State: 0, Mode: NON_LEADER, active raft config: opid_index: -1 OBSOLETE_local: false peers { permanent_uuid: "34dc391402c3476192a299c8bf84b703" member_type: VOTER last_known_addr { host: "127.13.95.1" port: 39911 } } peers { permanent_uuid: "e689db5fdbd34dbcb65b3d0483eccf77" member_type: VOTER last_known_addr { host: "127.13.95.2" port: 44847 } } peers { permanent_uuid: "18b64e53ab72484598f5435af647ada0" member_type: VOTER last_known_addr { host: "127.13.95.3" port: 42739 } }
I20260630 12:17:31.880563 16492 ts_tablet_manager.cc:1434] T 431b3b513aef4fab98efe125dcc5b2af P e689db5fdbd34dbcb65b3d0483eccf77: Time spent starting tablet: real 0.009s	user 0.006s	sys 0.000s
I20260630 12:17:31.881428 16498 tablet_bootstrap.cc:492] T d841afde78fc4da4a9148673736ce4f4 P 34dc391402c3476192a299c8bf84b703: Bootstrap starting.
I20260630 12:17:31.881577 16492 tablet_bootstrap.cc:492] T 48a42ae4362146c09e885dd45144adeb P e689db5fdbd34dbcb65b3d0483eccf77: Bootstrap starting.
I20260630 12:17:31.884963 16494 ts_tablet_manager.cc:1434] T d841afde78fc4da4a9148673736ce4f4 P 18b64e53ab72484598f5435af647ada0: Time spent starting tablet: real 0.021s	user 0.004s	sys 0.003s
I20260630 12:17:31.886184 16494 tablet_bootstrap.cc:492] T 48a42ae4362146c09e885dd45144adeb P 18b64e53ab72484598f5435af647ada0: Bootstrap starting.
I20260630 12:17:31.889088 16492 tablet_bootstrap.cc:654] T 48a42ae4362146c09e885dd45144adeb P e689db5fdbd34dbcb65b3d0483eccf77: Neither blocks nor log segments found. Creating new log.
I20260630 12:17:31.890527 16498 tablet_bootstrap.cc:654] T d841afde78fc4da4a9148673736ce4f4 P 34dc391402c3476192a299c8bf84b703: Neither blocks nor log segments found. Creating new log.
I20260630 12:17:31.892772 16494 tablet_bootstrap.cc:654] T 48a42ae4362146c09e885dd45144adeb P 18b64e53ab72484598f5435af647ada0: Neither blocks nor log segments found. Creating new log.
I20260630 12:17:31.900988 16492 tablet_bootstrap.cc:492] T 48a42ae4362146c09e885dd45144adeb P e689db5fdbd34dbcb65b3d0483eccf77: No bootstrap required, opened a new log
I20260630 12:17:31.901583 16492 ts_tablet_manager.cc:1403] T 48a42ae4362146c09e885dd45144adeb P e689db5fdbd34dbcb65b3d0483eccf77: Time spent bootstrapping tablet: real 0.020s	user 0.008s	sys 0.011s
I20260630 12:17:31.902878 16494 tablet_bootstrap.cc:492] T 48a42ae4362146c09e885dd45144adeb P 18b64e53ab72484598f5435af647ada0: No bootstrap required, opened a new log
I20260630 12:17:31.903262 16498 tablet_bootstrap.cc:492] T d841afde78fc4da4a9148673736ce4f4 P 34dc391402c3476192a299c8bf84b703: No bootstrap required, opened a new log
I20260630 12:17:31.903434 16494 ts_tablet_manager.cc:1403] T 48a42ae4362146c09e885dd45144adeb P 18b64e53ab72484598f5435af647ada0: Time spent bootstrapping tablet: real 0.018s	user 0.005s	sys 0.010s
I20260630 12:17:31.903808 16498 ts_tablet_manager.cc:1403] T d841afde78fc4da4a9148673736ce4f4 P 34dc391402c3476192a299c8bf84b703: Time spent bootstrapping tablet: real 0.023s	user 0.014s	sys 0.004s
I20260630 12:17:31.904609 16492 raft_consensus.cc:359] T 48a42ae4362146c09e885dd45144adeb P e689db5fdbd34dbcb65b3d0483eccf77 [term 0 FOLLOWER]: Replica starting. Triggering 0 pending ops. Active config: opid_index: -1 OBSOLETE_local: false peers { permanent_uuid: "34dc391402c3476192a299c8bf84b703" member_type: VOTER last_known_addr { host: "127.13.95.1" port: 39911 } } peers { permanent_uuid: "e689db5fdbd34dbcb65b3d0483eccf77" member_type: VOTER last_known_addr { host: "127.13.95.2" port: 44847 } } peers { permanent_uuid: "18b64e53ab72484598f5435af647ada0" member_type: VOTER last_known_addr { host: "127.13.95.3" port: 42739 } }
I20260630 12:17:31.905423 16492 raft_consensus.cc:385] T 48a42ae4362146c09e885dd45144adeb P e689db5fdbd34dbcb65b3d0483eccf77 [term 0 FOLLOWER]: Consensus starting up: Expiring failure detector timer to make a prompt election more likely
I20260630 12:17:31.905750 16492 raft_consensus.cc:740] T 48a42ae4362146c09e885dd45144adeb P e689db5fdbd34dbcb65b3d0483eccf77 [term 0 FOLLOWER]: Becoming Follower/Learner. State: Replica: e689db5fdbd34dbcb65b3d0483eccf77, State: Initialized, Role: FOLLOWER
I20260630 12:17:31.906220 16498 raft_consensus.cc:359] T d841afde78fc4da4a9148673736ce4f4 P 34dc391402c3476192a299c8bf84b703 [term 0 FOLLOWER]: Replica starting. Triggering 0 pending ops. Active config: opid_index: -1 OBSOLETE_local: false peers { permanent_uuid: "34dc391402c3476192a299c8bf84b703" member_type: VOTER last_known_addr { host: "127.13.95.1" port: 39911 } } peers { permanent_uuid: "e689db5fdbd34dbcb65b3d0483eccf77" member_type: VOTER last_known_addr { host: "127.13.95.2" port: 44847 } } peers { permanent_uuid: "18b64e53ab72484598f5435af647ada0" member_type: VOTER last_known_addr { host: "127.13.95.3" port: 42739 } }
I20260630 12:17:31.906924 16498 raft_consensus.cc:385] T d841afde78fc4da4a9148673736ce4f4 P 34dc391402c3476192a299c8bf84b703 [term 0 FOLLOWER]: Consensus starting up: Expiring failure detector timer to make a prompt election more likely
I20260630 12:17:31.907194 16498 raft_consensus.cc:740] T d841afde78fc4da4a9148673736ce4f4 P 34dc391402c3476192a299c8bf84b703 [term 0 FOLLOWER]: Becoming Follower/Learner. State: Replica: 34dc391402c3476192a299c8bf84b703, State: Initialized, Role: FOLLOWER
I20260630 12:17:31.906669 16494 raft_consensus.cc:359] T 48a42ae4362146c09e885dd45144adeb P 18b64e53ab72484598f5435af647ada0 [term 0 FOLLOWER]: Replica starting. Triggering 0 pending ops. Active config: opid_index: -1 OBSOLETE_local: false peers { permanent_uuid: "34dc391402c3476192a299c8bf84b703" member_type: VOTER last_known_addr { host: "127.13.95.1" port: 39911 } } peers { permanent_uuid: "e689db5fdbd34dbcb65b3d0483eccf77" member_type: VOTER last_known_addr { host: "127.13.95.2" port: 44847 } } peers { permanent_uuid: "18b64e53ab72484598f5435af647ada0" member_type: VOTER last_known_addr { host: "127.13.95.3" port: 42739 } }
I20260630 12:17:31.906618 16492 consensus_queue.cc:260] T 48a42ae4362146c09e885dd45144adeb P e689db5fdbd34dbcb65b3d0483eccf77 [NON_LEADER]: Queue going to NON_LEADER mode. State: All replicated index: 0, Majority replicated index: 0, Committed index: 0, Last appended: 0.0, Last appended by leader: 0, Current term: 0, Majority size: -1, State: 0, Mode: NON_LEADER, active raft config: opid_index: -1 OBSOLETE_local: false peers { permanent_uuid: "34dc391402c3476192a299c8bf84b703" member_type: VOTER last_known_addr { host: "127.13.95.1" port: 39911 } } peers { permanent_uuid: "e689db5fdbd34dbcb65b3d0483eccf77" member_type: VOTER last_known_addr { host: "127.13.95.2" port: 44847 } } peers { permanent_uuid: "18b64e53ab72484598f5435af647ada0" member_type: VOTER last_known_addr { host: "127.13.95.3" port: 42739 } }
I20260630 12:17:31.907593 16494 raft_consensus.cc:385] T 48a42ae4362146c09e885dd45144adeb P 18b64e53ab72484598f5435af647ada0 [term 0 FOLLOWER]: Consensus starting up: Expiring failure detector timer to make a prompt election more likely
I20260630 12:17:31.907948 16494 raft_consensus.cc:740] T 48a42ae4362146c09e885dd45144adeb P 18b64e53ab72484598f5435af647ada0 [term 0 FOLLOWER]: Becoming Follower/Learner. State: Replica: 18b64e53ab72484598f5435af647ada0, State: Initialized, Role: FOLLOWER
I20260630 12:17:31.908278 16498 consensus_queue.cc:260] T d841afde78fc4da4a9148673736ce4f4 P 34dc391402c3476192a299c8bf84b703 [NON_LEADER]: Queue going to NON_LEADER mode. State: All replicated index: 0, Majority replicated index: 0, Committed index: 0, Last appended: 0.0, Last appended by leader: 0, Current term: 0, Majority size: -1, State: 0, Mode: NON_LEADER, active raft config: opid_index: -1 OBSOLETE_local: false peers { permanent_uuid: "34dc391402c3476192a299c8bf84b703" member_type: VOTER last_known_addr { host: "127.13.95.1" port: 39911 } } peers { permanent_uuid: "e689db5fdbd34dbcb65b3d0483eccf77" member_type: VOTER last_known_addr { host: "127.13.95.2" port: 44847 } } peers { permanent_uuid: "18b64e53ab72484598f5435af647ada0" member_type: VOTER last_known_addr { host: "127.13.95.3" port: 42739 } }
I20260630 12:17:31.908833 16494 consensus_queue.cc:260] T 48a42ae4362146c09e885dd45144adeb P 18b64e53ab72484598f5435af647ada0 [NON_LEADER]: Queue going to NON_LEADER mode. State: All replicated index: 0, Majority replicated index: 0, Committed index: 0, Last appended: 0.0, Last appended by leader: 0, Current term: 0, Majority size: -1, State: 0, Mode: NON_LEADER, active raft config: opid_index: -1 OBSOLETE_local: false peers { permanent_uuid: "34dc391402c3476192a299c8bf84b703" member_type: VOTER last_known_addr { host: "127.13.95.1" port: 39911 } } peers { permanent_uuid: "e689db5fdbd34dbcb65b3d0483eccf77" member_type: VOTER last_known_addr { host: "127.13.95.2" port: 44847 } } peers { permanent_uuid: "18b64e53ab72484598f5435af647ada0" member_type: VOTER last_known_addr { host: "127.13.95.3" port: 42739 } }
I20260630 12:17:31.909324 16492 ts_tablet_manager.cc:1434] T 48a42ae4362146c09e885dd45144adeb P e689db5fdbd34dbcb65b3d0483eccf77: Time spent starting tablet: real 0.007s	user 0.005s	sys 0.000s
I20260630 12:17:31.910507 16492 tablet_bootstrap.cc:492] T 67e68a81685e4afdb03413fcb7d57a25 P e689db5fdbd34dbcb65b3d0483eccf77: Bootstrap starting.
I20260630 12:17:31.911113 16494 ts_tablet_manager.cc:1434] T 48a42ae4362146c09e885dd45144adeb P 18b64e53ab72484598f5435af647ada0: Time spent starting tablet: real 0.007s	user 0.005s	sys 0.001s
I20260630 12:17:31.912082 16494 tablet_bootstrap.cc:492] T 431b3b513aef4fab98efe125dcc5b2af P 18b64e53ab72484598f5435af647ada0: Bootstrap starting.
I20260630 12:17:31.917131 16492 tablet_bootstrap.cc:654] T 67e68a81685e4afdb03413fcb7d57a25 P e689db5fdbd34dbcb65b3d0483eccf77: Neither blocks nor log segments found. Creating new log.
I20260630 12:17:31.918497 16494 tablet_bootstrap.cc:654] T 431b3b513aef4fab98efe125dcc5b2af P 18b64e53ab72484598f5435af647ada0: Neither blocks nor log segments found. Creating new log.
I20260630 12:17:31.938736 16498 ts_tablet_manager.cc:1434] T d841afde78fc4da4a9148673736ce4f4 P 34dc391402c3476192a299c8bf84b703: Time spent starting tablet: real 0.035s	user 0.011s	sys 0.021s
I20260630 12:17:31.940218 16498 tablet_bootstrap.cc:492] T 48a42ae4362146c09e885dd45144adeb P 34dc391402c3476192a299c8bf84b703: Bootstrap starting.
I20260630 12:17:31.940297 16492 tablet_bootstrap.cc:492] T 67e68a81685e4afdb03413fcb7d57a25 P e689db5fdbd34dbcb65b3d0483eccf77: No bootstrap required, opened a new log
I20260630 12:17:31.940796 16492 ts_tablet_manager.cc:1403] T 67e68a81685e4afdb03413fcb7d57a25 P e689db5fdbd34dbcb65b3d0483eccf77: Time spent bootstrapping tablet: real 0.031s	user 0.018s	sys 0.011s
I20260630 12:17:31.943362 16494 tablet_bootstrap.cc:492] T 431b3b513aef4fab98efe125dcc5b2af P 18b64e53ab72484598f5435af647ada0: No bootstrap required, opened a new log
I20260630 12:17:31.943931 16494 ts_tablet_manager.cc:1403] T 431b3b513aef4fab98efe125dcc5b2af P 18b64e53ab72484598f5435af647ada0: Time spent bootstrapping tablet: real 0.032s	user 0.014s	sys 0.015s
I20260630 12:17:31.943826 16492 raft_consensus.cc:359] T 67e68a81685e4afdb03413fcb7d57a25 P e689db5fdbd34dbcb65b3d0483eccf77 [term 0 FOLLOWER]: Replica starting. Triggering 0 pending ops. Active config: opid_index: -1 OBSOLETE_local: false peers { permanent_uuid: "e689db5fdbd34dbcb65b3d0483eccf77" member_type: VOTER last_known_addr { host: "127.13.95.2" port: 44847 } } peers { permanent_uuid: "18b64e53ab72484598f5435af647ada0" member_type: VOTER last_known_addr { host: "127.13.95.3" port: 42739 } } peers { permanent_uuid: "34dc391402c3476192a299c8bf84b703" member_type: VOTER last_known_addr { host: "127.13.95.1" port: 39911 } }
I20260630 12:17:31.944790 16492 raft_consensus.cc:385] T 67e68a81685e4afdb03413fcb7d57a25 P e689db5fdbd34dbcb65b3d0483eccf77 [term 0 FOLLOWER]: Consensus starting up: Expiring failure detector timer to make a prompt election more likely
I20260630 12:17:31.945145 16492 raft_consensus.cc:740] T 67e68a81685e4afdb03413fcb7d57a25 P e689db5fdbd34dbcb65b3d0483eccf77 [term 0 FOLLOWER]: Becoming Follower/Learner. State: Replica: e689db5fdbd34dbcb65b3d0483eccf77, State: Initialized, Role: FOLLOWER
I20260630 12:17:31.946161 16492 consensus_queue.cc:260] T 67e68a81685e4afdb03413fcb7d57a25 P e689db5fdbd34dbcb65b3d0483eccf77 [NON_LEADER]: Queue going to NON_LEADER mode. State: All replicated index: 0, Majority replicated index: 0, Committed index: 0, Last appended: 0.0, Last appended by leader: 0, Current term: 0, Majority size: -1, State: 0, Mode: NON_LEADER, active raft config: opid_index: -1 OBSOLETE_local: false peers { permanent_uuid: "e689db5fdbd34dbcb65b3d0483eccf77" member_type: VOTER last_known_addr { host: "127.13.95.2" port: 44847 } } peers { permanent_uuid: "18b64e53ab72484598f5435af647ada0" member_type: VOTER last_known_addr { host: "127.13.95.3" port: 42739 } } peers { permanent_uuid: "34dc391402c3476192a299c8bf84b703" member_type: VOTER last_known_addr { host: "127.13.95.1" port: 39911 } }
I20260630 12:17:31.946763 16498 tablet_bootstrap.cc:654] T 48a42ae4362146c09e885dd45144adeb P 34dc391402c3476192a299c8bf84b703: Neither blocks nor log segments found. Creating new log.
I20260630 12:17:31.947129 16494 raft_consensus.cc:359] T 431b3b513aef4fab98efe125dcc5b2af P 18b64e53ab72484598f5435af647ada0 [term 0 FOLLOWER]: Replica starting. Triggering 0 pending ops. Active config: opid_index: -1 OBSOLETE_local: false peers { permanent_uuid: "34dc391402c3476192a299c8bf84b703" member_type: VOTER last_known_addr { host: "127.13.95.1" port: 39911 } } peers { permanent_uuid: "e689db5fdbd34dbcb65b3d0483eccf77" member_type: VOTER last_known_addr { host: "127.13.95.2" port: 44847 } } peers { permanent_uuid: "18b64e53ab72484598f5435af647ada0" member_type: VOTER last_known_addr { host: "127.13.95.3" port: 42739 } }
I20260630 12:17:31.947929 16494 raft_consensus.cc:385] T 431b3b513aef4fab98efe125dcc5b2af P 18b64e53ab72484598f5435af647ada0 [term 0 FOLLOWER]: Consensus starting up: Expiring failure detector timer to make a prompt election more likely
I20260630 12:17:31.948267 16494 raft_consensus.cc:740] T 431b3b513aef4fab98efe125dcc5b2af P 18b64e53ab72484598f5435af647ada0 [term 0 FOLLOWER]: Becoming Follower/Learner. State: Replica: 18b64e53ab72484598f5435af647ada0, State: Initialized, Role: FOLLOWER
I20260630 12:17:31.948654 16492 ts_tablet_manager.cc:1434] T 67e68a81685e4afdb03413fcb7d57a25 P e689db5fdbd34dbcb65b3d0483eccf77: Time spent starting tablet: real 0.008s	user 0.006s	sys 0.000s
I20260630 12:17:31.949232 16494 consensus_queue.cc:260] T 431b3b513aef4fab98efe125dcc5b2af P 18b64e53ab72484598f5435af647ada0 [NON_LEADER]: Queue going to NON_LEADER mode. State: All replicated index: 0, Majority replicated index: 0, Committed index: 0, Last appended: 0.0, Last appended by leader: 0, Current term: 0, Majority size: -1, State: 0, Mode: NON_LEADER, active raft config: opid_index: -1 OBSOLETE_local: false peers { permanent_uuid: "34dc391402c3476192a299c8bf84b703" member_type: VOTER last_known_addr { host: "127.13.95.1" port: 39911 } } peers { permanent_uuid: "e689db5fdbd34dbcb65b3d0483eccf77" member_type: VOTER last_known_addr { host: "127.13.95.2" port: 44847 } } peers { permanent_uuid: "18b64e53ab72484598f5435af647ada0" member_type: VOTER last_known_addr { host: "127.13.95.3" port: 42739 } }
I20260630 12:17:31.950989 16494 ts_tablet_manager.cc:1434] T 431b3b513aef4fab98efe125dcc5b2af P 18b64e53ab72484598f5435af647ada0: Time spent starting tablet: real 0.007s	user 0.003s	sys 0.002s
I20260630 12:17:31.951861 16494 tablet_bootstrap.cc:492] T 67e68a81685e4afdb03413fcb7d57a25 P 18b64e53ab72484598f5435af647ada0: Bootstrap starting.
W20260630 12:17:31.954123 16324 tablet.cc:2406] T d841afde78fc4da4a9148673736ce4f4 P 34dc391402c3476192a299c8bf84b703: Can't schedule compaction. Clean time has not been advanced past its initial value.
I20260630 12:17:31.957365 16494 tablet_bootstrap.cc:654] T 67e68a81685e4afdb03413fcb7d57a25 P 18b64e53ab72484598f5435af647ada0: Neither blocks nor log segments found. Creating new log.
I20260630 12:17:31.960446 16495 raft_consensus.cc:493] T 67e68a81685e4afdb03413fcb7d57a25 P e689db5fdbd34dbcb65b3d0483eccf77 [term 0 FOLLOWER]: Starting pre-election (no leader contacted us within the election timeout)
I20260630 12:17:31.961000 16495 raft_consensus.cc:515] T 67e68a81685e4afdb03413fcb7d57a25 P e689db5fdbd34dbcb65b3d0483eccf77 [term 0 FOLLOWER]: Starting pre-election with config: opid_index: -1 OBSOLETE_local: false peers { permanent_uuid: "e689db5fdbd34dbcb65b3d0483eccf77" member_type: VOTER last_known_addr { host: "127.13.95.2" port: 44847 } } peers { permanent_uuid: "18b64e53ab72484598f5435af647ada0" member_type: VOTER last_known_addr { host: "127.13.95.3" port: 42739 } } peers { permanent_uuid: "34dc391402c3476192a299c8bf84b703" member_type: VOTER last_known_addr { host: "127.13.95.1" port: 39911 } }
I20260630 12:17:31.967761 16495 leader_election.cc:290] T 67e68a81685e4afdb03413fcb7d57a25 P e689db5fdbd34dbcb65b3d0483eccf77 [CANDIDATE]: Term 1 pre-election: Requested pre-vote from peers 18b64e53ab72484598f5435af647ada0 (127.13.95.3:42739), 34dc391402c3476192a299c8bf84b703 (127.13.95.1:39911)
I20260630 12:17:31.971347 16494 tablet_bootstrap.cc:492] T 67e68a81685e4afdb03413fcb7d57a25 P 18b64e53ab72484598f5435af647ada0: No bootstrap required, opened a new log
I20260630 12:17:31.972196 16494 ts_tablet_manager.cc:1403] T 67e68a81685e4afdb03413fcb7d57a25 P 18b64e53ab72484598f5435af647ada0: Time spent bootstrapping tablet: real 0.020s	user 0.009s	sys 0.007s
I20260630 12:17:31.975627 16494 raft_consensus.cc:359] T 67e68a81685e4afdb03413fcb7d57a25 P 18b64e53ab72484598f5435af647ada0 [term 0 FOLLOWER]: Replica starting. Triggering 0 pending ops. Active config: opid_index: -1 OBSOLETE_local: false peers { permanent_uuid: "e689db5fdbd34dbcb65b3d0483eccf77" member_type: VOTER last_known_addr { host: "127.13.95.2" port: 44847 } } peers { permanent_uuid: "18b64e53ab72484598f5435af647ada0" member_type: VOTER last_known_addr { host: "127.13.95.3" port: 42739 } } peers { permanent_uuid: "34dc391402c3476192a299c8bf84b703" member_type: VOTER last_known_addr { host: "127.13.95.1" port: 39911 } }
I20260630 12:17:31.980250 16494 raft_consensus.cc:385] T 67e68a81685e4afdb03413fcb7d57a25 P 18b64e53ab72484598f5435af647ada0 [term 0 FOLLOWER]: Consensus starting up: Expiring failure detector timer to make a prompt election more likely
I20260630 12:17:31.980612 16494 raft_consensus.cc:740] T 67e68a81685e4afdb03413fcb7d57a25 P 18b64e53ab72484598f5435af647ada0 [term 0 FOLLOWER]: Becoming Follower/Learner. State: Replica: 18b64e53ab72484598f5435af647ada0, State: Initialized, Role: FOLLOWER
I20260630 12:17:31.981487 16494 consensus_queue.cc:260] T 67e68a81685e4afdb03413fcb7d57a25 P 18b64e53ab72484598f5435af647ada0 [NON_LEADER]: Queue going to NON_LEADER mode. State: All replicated index: 0, Majority replicated index: 0, Committed index: 0, Last appended: 0.0, Last appended by leader: 0, Current term: 0, Majority size: -1, State: 0, Mode: NON_LEADER, active raft config: opid_index: -1 OBSOLETE_local: false peers { permanent_uuid: "e689db5fdbd34dbcb65b3d0483eccf77" member_type: VOTER last_known_addr { host: "127.13.95.2" port: 44847 } } peers { permanent_uuid: "18b64e53ab72484598f5435af647ada0" member_type: VOTER last_known_addr { host: "127.13.95.3" port: 42739 } } peers { permanent_uuid: "34dc391402c3476192a299c8bf84b703" member_type: VOTER last_known_addr { host: "127.13.95.1" port: 39911 } }
I20260630 12:17:31.982311 16498 tablet_bootstrap.cc:492] T 48a42ae4362146c09e885dd45144adeb P 34dc391402c3476192a299c8bf84b703: No bootstrap required, opened a new log
I20260630 12:17:31.982851 16498 ts_tablet_manager.cc:1403] T 48a42ae4362146c09e885dd45144adeb P 34dc391402c3476192a299c8bf84b703: Time spent bootstrapping tablet: real 0.043s	user 0.027s	sys 0.011s
I20260630 12:17:31.986064 16498 raft_consensus.cc:359] T 48a42ae4362146c09e885dd45144adeb P 34dc391402c3476192a299c8bf84b703 [term 0 FOLLOWER]: Replica starting. Triggering 0 pending ops. Active config: opid_index: -1 OBSOLETE_local: false peers { permanent_uuid: "34dc391402c3476192a299c8bf84b703" member_type: VOTER last_known_addr { host: "127.13.95.1" port: 39911 } } peers { permanent_uuid: "e689db5fdbd34dbcb65b3d0483eccf77" member_type: VOTER last_known_addr { host: "127.13.95.2" port: 44847 } } peers { permanent_uuid: "18b64e53ab72484598f5435af647ada0" member_type: VOTER last_known_addr { host: "127.13.95.3" port: 42739 } }
I20260630 12:17:31.986784 16498 raft_consensus.cc:385] T 48a42ae4362146c09e885dd45144adeb P 34dc391402c3476192a299c8bf84b703 [term 0 FOLLOWER]: Consensus starting up: Expiring failure detector timer to make a prompt election more likely
I20260630 12:17:31.987098 16498 raft_consensus.cc:740] T 48a42ae4362146c09e885dd45144adeb P 34dc391402c3476192a299c8bf84b703 [term 0 FOLLOWER]: Becoming Follower/Learner. State: Replica: 34dc391402c3476192a299c8bf84b703, State: Initialized, Role: FOLLOWER
