[==========] Running 26 tests from 2 test suites.
[----------] Global test environment set-up.
[----------] 24 tests from AutoRebalancerTest
[ RUN      ] AutoRebalancerTest.OnlyLeaderDoesAutoRebalancing
WARNING: Logging before InitGoogleLogging() is written to STDERR
I20260630 12:16:06.488803 13719 internal_mini_cluster.cc:156] Creating distributed mini masters. Addrs: 127.13.101.254:34709,127.13.101.253:34289,127.13.101.252:37505
I20260630 12:16:06.490688 13719 env_posix.cc:2267] Not raising this process' open files per process limit of 1048576; it is already as high as it can go
I20260630 12:16:06.491719 13719 file_cache.cc:492] Constructed file cache file cache with capacity 419430
W20260630 12:16:06.508689 13726 instance_detector.cc:116] could not retrieve Azure instance metadata: Network error: curl error: HTTP response code said error: The requested URL returned error: 404
W20260630 12:16:06.508873 13728 instance_detector.cc:116] could not retrieve OpenStack instance metadata: Network error: curl error: HTTP response code said error: The requested URL returned error: 404
I20260630 12:16:06.511158 13719 server_base.cc:1061] running on GCE node
W20260630 12:16:06.509443 13725 instance_detector.cc:116] could not retrieve AWS instance metadata: Network error: curl error: HTTP response code said error: The requested URL returned error: 404
I20260630 12:16:07.732266 13719 hybrid_clock.cc:584] initializing the hybrid clock with 'system_unsync' time source
W20260630 12:16:07.732528 13719 system_unsync_time.cc:38] NTP support is disabled. Clock error bounds will not be accurate. This configuration is not suitable for distributed clusters.
I20260630 12:16:07.732700 13719 hybrid_clock.cc:648] HybridClock initialized: now 1782821767732680 us; error 0 us; skew 500 ppm
I20260630 12:16:07.733474 13719 server_base.cc:861] Flag tcmalloc_max_total_thread_cache_bytes is not working since tcmalloc is not enabled.
I20260630 12:16:07.738951 13719 webserver.cc:533] Webserver started at http://127.13.101.254:44761/ using document root <none> and password file <none>
I20260630 12:16:07.739800 13719 fs_manager.cc:362] Metadata directory not provided
I20260630 12:16:07.740031 13719 fs_manager.cc:368] Using write-ahead log directory (fs_wal_dir) as metadata directory
I20260630 12:16:07.740463 13719 server_base.cc:909] This appears to be a new deployment of Kudu; creating new FS layout
I20260630 12:16:07.746363 13719 fs_manager.cc:1068] Generated new instance metadata in path /tmp/dist-test-task0J7BMq/test-tmp/auto_rebalancer-test.0.AutoRebalancerTest.OnlyLeaderDoesAutoRebalancing.1782821766319794-13719-0/minicluster-data/master-0-root/instance:
uuid: "48afe4d313614718913e59e04541439a"
format_stamp: "Formatted at 2026-06-30 12:16:07 on dist-test-slave-3wb8"
I20260630 12:16:07.754696 13719 fs_manager.cc:696] Time spent creating directory manager: real 0.007s	user 0.007s	sys 0.003s
I20260630 12:16:07.760483 13734 log_block_manager.cc:4031] Time spent loading block containers with low live blocks: real 0.000s	user 0.000s	sys 0.000s
I20260630 12:16:07.761828 13719 fs_manager.cc:730] Time spent opening block manager: real 0.004s	user 0.000s	sys 0.004s
I20260630 12:16:07.762241 13719 fs_manager.cc:647] Opened local filesystem: /tmp/dist-test-task0J7BMq/test-tmp/auto_rebalancer-test.0.AutoRebalancerTest.OnlyLeaderDoesAutoRebalancing.1782821766319794-13719-0/minicluster-data/master-0-root
uuid: "48afe4d313614718913e59e04541439a"
format_stamp: "Formatted at 2026-06-30 12:16:07 on dist-test-slave-3wb8"
I20260630 12:16:07.762601 13719 fs_report.cc:389] FS layout report
--------------------
wal directory: /tmp/dist-test-task0J7BMq/test-tmp/auto_rebalancer-test.0.AutoRebalancerTest.OnlyLeaderDoesAutoRebalancing.1782821766319794-13719-0/minicluster-data/master-0-root
metadata directory: /tmp/dist-test-task0J7BMq/test-tmp/auto_rebalancer-test.0.AutoRebalancerTest.OnlyLeaderDoesAutoRebalancing.1782821766319794-13719-0/minicluster-data/master-0-root
1 data directories: /tmp/dist-test-task0J7BMq/test-tmp/auto_rebalancer-test.0.AutoRebalancerTest.OnlyLeaderDoesAutoRebalancing.1782821766319794-13719-0/minicluster-data/master-0-root/data
Total live blocks: 0
Total live bytes: 0
Total live bytes (after alignment): 0
Total number of LBM containers: 0 (0 full)
Did not check for missing blocks
Did not check for orphaned blocks
Total full LBM containers with extra space: 0 (0 repaired)
Total full LBM container extra space in bytes: 0 (0 repaired)
Total incomplete LBM containers: 0 (0 repaired)
Total LBM partial records: 0 (0 repaired)
Total corrupted LBM metadata records in RocksDB: 0 (0 repaired)
I20260630 12:16:07.839283 13719 rpc_server.cc:225] running with OpenSSL 1.1.1  11 Sep 2018
I20260630 12:16:07.840947 13719 env_posix.cc:2267] Not raising this process' running threads per effective uid limit of 18446744073709551615; it is already as high as it can go
I20260630 12:16:07.841454 13719 kserver.cc:163] Server-wide thread pool size limit: 3276
I20260630 12:16:07.914191 13719 rpc_server.cc:307] RPC server started. Bound to: 127.13.101.254:34709
I20260630 12:16:07.914265 13785 acceptor_pool.cc:272] collecting diagnostics on the listening RPC socket 127.13.101.254:34709 every 8 connection(s)
I20260630 12:16:07.920632 13719 file_cache.cc:492] Constructed file cache file cache with capacity 419430
I20260630 12:16:07.922504 13786 data_dirs.cc:400] Could only allocate 1 dirs of requested 3 for tablet 00000000000000000000000000000000. 1 dirs total, 0 dirs full, 0 dirs failed
W20260630 12:16:07.927279 13788 instance_detector.cc:116] could not retrieve AWS instance metadata: Network error: curl error: HTTP response code said error: The requested URL returned error: 404
W20260630 12:16:07.928328 13789 instance_detector.cc:116] could not retrieve Azure instance metadata: Network error: curl error: HTTP response code said error: The requested URL returned error: 404
W20260630 12:16:07.932776 13791 instance_detector.cc:116] could not retrieve OpenStack instance metadata: Network error: curl error: HTTP response code said error: The requested URL returned error: 404
I20260630 12:16:07.937613 13719 server_base.cc:1061] running on GCE node
I20260630 12:16:07.938391 13719 hybrid_clock.cc:584] initializing the hybrid clock with 'system_unsync' time source
W20260630 12:16:07.938632 13719 system_unsync_time.cc:38] NTP support is disabled. Clock error bounds will not be accurate. This configuration is not suitable for distributed clusters.
I20260630 12:16:07.938848 13719 hybrid_clock.cc:648] HybridClock initialized: now 1782821767938813 us; error 0 us; skew 500 ppm
I20260630 12:16:07.939411 13719 server_base.cc:861] Flag tcmalloc_max_total_thread_cache_bytes is not working since tcmalloc is not enabled.
I20260630 12:16:07.943920 13719 webserver.cc:533] Webserver started at http://127.13.101.253:38471/ using document root <none> and password file <none>
I20260630 12:16:07.944468 13719 fs_manager.cc:362] Metadata directory not provided
I20260630 12:16:07.944702 13719 fs_manager.cc:368] Using write-ahead log directory (fs_wal_dir) as metadata directory
I20260630 12:16:07.945004 13719 server_base.cc:909] This appears to be a new deployment of Kudu; creating new FS layout
I20260630 12:16:07.943013 13786 sys_catalog.cc:422] member_type: VOTER last_known_addr { host: "127.13.101.254" port: 34709 } has no permanent_uuid. Determining permanent_uuid...
I20260630 12:16:07.946175 13719 fs_manager.cc:1068] Generated new instance metadata in path /tmp/dist-test-task0J7BMq/test-tmp/auto_rebalancer-test.0.AutoRebalancerTest.OnlyLeaderDoesAutoRebalancing.1782821766319794-13719-0/minicluster-data/master-1-root/instance:
uuid: "573f45e87ee64e6390249bacf4e5f50d"
format_stamp: "Formatted at 2026-06-30 12:16:07 on dist-test-slave-3wb8"
I20260630 12:16:07.956641 13719 fs_manager.cc:696] Time spent creating directory manager: real 0.010s	user 0.007s	sys 0.005s
I20260630 12:16:07.962112 13798 log_block_manager.cc:4031] Time spent loading block containers with low live blocks: real 0.000s	user 0.000s	sys 0.000s
I20260630 12:16:07.963007 13719 fs_manager.cc:730] Time spent opening block manager: real 0.004s	user 0.003s	sys 0.002s
I20260630 12:16:07.963320 13719 fs_manager.cc:647] Opened local filesystem: /tmp/dist-test-task0J7BMq/test-tmp/auto_rebalancer-test.0.AutoRebalancerTest.OnlyLeaderDoesAutoRebalancing.1782821766319794-13719-0/minicluster-data/master-1-root
uuid: "573f45e87ee64e6390249bacf4e5f50d"
format_stamp: "Formatted at 2026-06-30 12:16:07 on dist-test-slave-3wb8"
I20260630 12:16:07.963636 13719 fs_report.cc:389] FS layout report
--------------------
wal directory: /tmp/dist-test-task0J7BMq/test-tmp/auto_rebalancer-test.0.AutoRebalancerTest.OnlyLeaderDoesAutoRebalancing.1782821766319794-13719-0/minicluster-data/master-1-root
metadata directory: /tmp/dist-test-task0J7BMq/test-tmp/auto_rebalancer-test.0.AutoRebalancerTest.OnlyLeaderDoesAutoRebalancing.1782821766319794-13719-0/minicluster-data/master-1-root
1 data directories: /tmp/dist-test-task0J7BMq/test-tmp/auto_rebalancer-test.0.AutoRebalancerTest.OnlyLeaderDoesAutoRebalancing.1782821766319794-13719-0/minicluster-data/master-1-root/data
Total live blocks: 0
Total live bytes: 0
Total live bytes (after alignment): 0
Total number of LBM containers: 0 (0 full)
Did not check for missing blocks
Did not check for orphaned blocks
Total full LBM containers with extra space: 0 (0 repaired)
Total full LBM container extra space in bytes: 0 (0 repaired)
Total incomplete LBM containers: 0 (0 repaired)
Total LBM partial records: 0 (0 repaired)
Total corrupted LBM metadata records in RocksDB: 0 (0 repaired)
I20260630 12:16:07.975909 13786 sys_catalog.cc:422] member_type: VOTER last_known_addr { host: "127.13.101.253" port: 34289 } has no permanent_uuid. Determining permanent_uuid...
W20260630 12:16:07.978479 13736 proxy.cc:239] Call had error, refreshing address and retrying: Network error: Client connection negotiation failed: client connection to 127.13.101.253:34289: connect: Connection refused (error 111)
I20260630 12:16:07.981835 13719 rpc_server.cc:225] running with OpenSSL 1.1.1  11 Sep 2018
W20260630 12:16:07.983302 13786 consensus_peers.cc:760] Error getting permanent uuid from config peer 127.13.101.253:34289: Network error: Client connection negotiation failed: client connection to 127.13.101.253:34289: connect: Connection refused (error 111)
I20260630 12:16:07.983458 13719 kserver.cc:163] Server-wide thread pool size limit: 3276
I20260630 12:16:08.032931 13786 consensus_peers.cc:770] Retrying to get permanent uuid for remote peer: member_type: VOTER last_known_addr { host: "127.13.101.253" port: 34289 } attempt: 1
W20260630 12:16:08.038797 13786 consensus_peers.cc:760] Error getting permanent uuid from config peer 127.13.101.253:34289: Network error: Client connection negotiation failed: client connection to 127.13.101.253:34289: connect: Connection refused (error 111)
I20260630 12:16:08.053186 13719 rpc_server.cc:307] RPC server started. Bound to: 127.13.101.253:34289
I20260630 12:16:08.053494 13850 acceptor_pool.cc:272] collecting diagnostics on the listening RPC socket 127.13.101.253:34289 every 8 connection(s)
I20260630 12:16:08.058014 13851 data_dirs.cc:400] Could only allocate 1 dirs of requested 3 for tablet 00000000000000000000000000000000. 1 dirs total, 0 dirs full, 0 dirs failed
I20260630 12:16:08.058733 13719 file_cache.cc:492] Constructed file cache file cache with capacity 419430
I20260630 12:16:08.064890 13851 sys_catalog.cc:422] member_type: VOTER last_known_addr { host: "127.13.101.254" port: 34709 } has no permanent_uuid. Determining permanent_uuid...
W20260630 12:16:08.065729 13853 instance_detector.cc:116] could not retrieve AWS instance metadata: Network error: curl error: HTTP response code said error: The requested URL returned error: 404
W20260630 12:16:08.068528 13854 instance_detector.cc:116] could not retrieve Azure instance metadata: Network error: curl error: HTTP response code said error: The requested URL returned error: 404
W20260630 12:16:08.074615 13856 instance_detector.cc:116] could not retrieve OpenStack instance metadata: Network error: curl error: HTTP response code said error: The requested URL returned error: 404
I20260630 12:16:08.074719 13719 server_base.cc:1061] running on GCE node
I20260630 12:16:08.075856 13719 hybrid_clock.cc:584] initializing the hybrid clock with 'system_unsync' time source
W20260630 12:16:08.076063 13719 system_unsync_time.cc:38] NTP support is disabled. Clock error bounds will not be accurate. This configuration is not suitable for distributed clusters.
I20260630 12:16:08.076292 13719 hybrid_clock.cc:648] HybridClock initialized: now 1782821768076251 us; error 0 us; skew 500 ppm
I20260630 12:16:08.076874 13719 server_base.cc:861] Flag tcmalloc_max_total_thread_cache_bytes is not working since tcmalloc is not enabled.
I20260630 12:16:08.080724 13719 webserver.cc:533] Webserver started at http://127.13.101.252:40949/ using document root <none> and password file <none>
I20260630 12:16:08.081382 13719 fs_manager.cc:362] Metadata directory not provided
I20260630 12:16:08.081634 13719 fs_manager.cc:368] Using write-ahead log directory (fs_wal_dir) as metadata directory
I20260630 12:16:08.081514 13851 sys_catalog.cc:422] member_type: VOTER last_known_addr { host: "127.13.101.253" port: 34289 } has no permanent_uuid. Determining permanent_uuid...
I20260630 12:16:08.082021 13719 server_base.cc:909] This appears to be a new deployment of Kudu; creating new FS layout
I20260630 12:16:08.083426 13719 fs_manager.cc:1068] Generated new instance metadata in path /tmp/dist-test-task0J7BMq/test-tmp/auto_rebalancer-test.0.AutoRebalancerTest.OnlyLeaderDoesAutoRebalancing.1782821766319794-13719-0/minicluster-data/master-2-root/instance:
uuid: "d7e26e3c63884dc88bbd412b15afb067"
format_stamp: "Formatted at 2026-06-30 12:16:08 on dist-test-slave-3wb8"
I20260630 12:16:08.089768 13719 fs_manager.cc:696] Time spent creating directory manager: real 0.006s	user 0.001s	sys 0.004s
I20260630 12:16:08.094942 13863 log_block_manager.cc:4031] Time spent loading block containers with low live blocks: real 0.000s	user 0.000s	sys 0.000s
I20260630 12:16:08.096004 13719 fs_manager.cc:730] Time spent opening block manager: real 0.004s	user 0.003s	sys 0.000s
I20260630 12:16:08.096130 13851 sys_catalog.cc:422] member_type: VOTER last_known_addr { host: "127.13.101.252" port: 37505 } has no permanent_uuid. Determining permanent_uuid...
I20260630 12:16:08.096365 13719 fs_manager.cc:647] Opened local filesystem: /tmp/dist-test-task0J7BMq/test-tmp/auto_rebalancer-test.0.AutoRebalancerTest.OnlyLeaderDoesAutoRebalancing.1782821766319794-13719-0/minicluster-data/master-2-root
uuid: "d7e26e3c63884dc88bbd412b15afb067"
format_stamp: "Formatted at 2026-06-30 12:16:08 on dist-test-slave-3wb8"
I20260630 12:16:08.096769 13719 fs_report.cc:389] FS layout report
--------------------
wal directory: /tmp/dist-test-task0J7BMq/test-tmp/auto_rebalancer-test.0.AutoRebalancerTest.OnlyLeaderDoesAutoRebalancing.1782821766319794-13719-0/minicluster-data/master-2-root
metadata directory: /tmp/dist-test-task0J7BMq/test-tmp/auto_rebalancer-test.0.AutoRebalancerTest.OnlyLeaderDoesAutoRebalancing.1782821766319794-13719-0/minicluster-data/master-2-root
1 data directories: /tmp/dist-test-task0J7BMq/test-tmp/auto_rebalancer-test.0.AutoRebalancerTest.OnlyLeaderDoesAutoRebalancing.1782821766319794-13719-0/minicluster-data/master-2-root/data
Total live blocks: 0
Total live bytes: 0
Total live bytes (after alignment): 0
Total number of LBM containers: 0 (0 full)
Did not check for missing blocks
Did not check for orphaned blocks
Total full LBM containers with extra space: 0 (0 repaired)
Total full LBM container extra space in bytes: 0 (0 repaired)
Total incomplete LBM containers: 0 (0 repaired)
Total LBM partial records: 0 (0 repaired)
Total corrupted LBM metadata records in RocksDB: 0 (0 repaired)
W20260630 12:16:08.103098 13851 consensus_peers.cc:760] Error getting permanent uuid from config peer 127.13.101.252:37505: Network error: Client connection negotiation failed: client connection to 127.13.101.252:37505: connect: Connection refused (error 111)
I20260630 12:16:08.107331 13786 consensus_peers.cc:770] Retrying to get permanent uuid for remote peer: member_type: VOTER last_known_addr { host: "127.13.101.253" port: 34289 } attempt: 2
I20260630 12:16:08.117574 13786 sys_catalog.cc:422] member_type: VOTER last_known_addr { host: "127.13.101.252" port: 37505 } has no permanent_uuid. Determining permanent_uuid...
W20260630 12:16:08.122578 13786 consensus_peers.cc:760] Error getting permanent uuid from config peer 127.13.101.252:37505: Network error: Client connection negotiation failed: client connection to 127.13.101.252:37505: connect: Connection refused (error 111)
I20260630 12:16:08.122769 13719 rpc_server.cc:225] running with OpenSSL 1.1.1  11 Sep 2018
I20260630 12:16:08.124084 13719 kserver.cc:163] Server-wide thread pool size limit: 3276
I20260630 12:16:08.146790 13851 consensus_peers.cc:770] Retrying to get permanent uuid for remote peer: member_type: VOTER last_known_addr { host: "127.13.101.252" port: 37505 } attempt: 1
W20260630 12:16:08.153017 13851 consensus_peers.cc:760] Error getting permanent uuid from config peer 127.13.101.252:37505: Network error: Client connection negotiation failed: client connection to 127.13.101.252:37505: connect: Connection refused (error 111)
I20260630 12:16:08.154096 13786 consensus_peers.cc:770] Retrying to get permanent uuid for remote peer: member_type: VOTER last_known_addr { host: "127.13.101.252" port: 37505 } attempt: 1
W20260630 12:16:08.159139 13786 consensus_peers.cc:760] Error getting permanent uuid from config peer 127.13.101.252:37505: Network error: Client connection negotiation failed: client connection to 127.13.101.252:37505: connect: Connection refused (error 111)
I20260630 12:16:08.197642 13719 rpc_server.cc:307] RPC server started. Bound to: 127.13.101.252:37505
I20260630 12:16:08.197746 13915 acceptor_pool.cc:272] collecting diagnostics on the listening RPC socket 127.13.101.252:37505 every 8 connection(s)
I20260630 12:16:08.202140 13719 internal_mini_cluster.cc:184] Waiting to initialize catalog manager on master 0
I20260630 12:16:08.203024 13916 data_dirs.cc:400] Could only allocate 1 dirs of requested 3 for tablet 00000000000000000000000000000000. 1 dirs total, 0 dirs full, 0 dirs failed
I20260630 12:16:08.208437 13916 sys_catalog.cc:422] member_type: VOTER last_known_addr { host: "127.13.101.254" port: 34709 } has no permanent_uuid. Determining permanent_uuid...
I20260630 12:16:08.220940 13916 sys_catalog.cc:422] member_type: VOTER last_known_addr { host: "127.13.101.253" port: 34289 } has no permanent_uuid. Determining permanent_uuid...
I20260630 12:16:08.226619 13786 consensus_peers.cc:770] Retrying to get permanent uuid for remote peer: member_type: VOTER last_known_addr { host: "127.13.101.252" port: 37505 } attempt: 2
I20260630 12:16:08.228463 13851 consensus_peers.cc:770] Retrying to get permanent uuid for remote peer: member_type: VOTER last_known_addr { host: "127.13.101.252" port: 37505 } attempt: 2
I20260630 12:16:08.233741 13916 sys_catalog.cc:422] member_type: VOTER last_known_addr { host: "127.13.101.252" port: 37505 } has no permanent_uuid. Determining permanent_uuid...
I20260630 12:16:08.253779 13851 tablet_bootstrap.cc:492] T 00000000000000000000000000000000 P 573f45e87ee64e6390249bacf4e5f50d: Bootstrap starting.
I20260630 12:16:08.254232 13916 tablet_bootstrap.cc:492] T 00000000000000000000000000000000 P d7e26e3c63884dc88bbd412b15afb067: Bootstrap starting.
I20260630 12:16:08.254876 13786 tablet_bootstrap.cc:492] T 00000000000000000000000000000000 P 48afe4d313614718913e59e04541439a: Bootstrap starting.
I20260630 12:16:08.261540 13916 tablet_bootstrap.cc:654] T 00000000000000000000000000000000 P d7e26e3c63884dc88bbd412b15afb067: Neither blocks nor log segments found. Creating new log.
I20260630 12:16:08.261891 13851 tablet_bootstrap.cc:654] T 00000000000000000000000000000000 P 573f45e87ee64e6390249bacf4e5f50d: Neither blocks nor log segments found. Creating new log.
I20260630 12:16:08.261902 13786 tablet_bootstrap.cc:654] T 00000000000000000000000000000000 P 48afe4d313614718913e59e04541439a: Neither blocks nor log segments found. Creating new log.
I20260630 12:16:08.263662 13916 log.cc:826] T 00000000000000000000000000000000 P d7e26e3c63884dc88bbd412b15afb067: Log is configured to *not* fsync() on all Append() calls
I20260630 12:16:08.270627 13851 tablet_bootstrap.cc:492] T 00000000000000000000000000000000 P 573f45e87ee64e6390249bacf4e5f50d: No bootstrap required, opened a new log
I20260630 12:16:08.270702 13786 tablet_bootstrap.cc:492] T 00000000000000000000000000000000 P 48afe4d313614718913e59e04541439a: No bootstrap required, opened a new log
I20260630 12:16:08.271214 13916 tablet_bootstrap.cc:492] T 00000000000000000000000000000000 P d7e26e3c63884dc88bbd412b15afb067: No bootstrap required, opened a new log
I20260630 12:16:08.289255 13851 raft_consensus.cc:359] T 00000000000000000000000000000000 P 573f45e87ee64e6390249bacf4e5f50d [term 0 FOLLOWER]: Replica starting. Triggering 0 pending ops. Active config: opid_index: -1 OBSOLETE_local: false peers { permanent_uuid: "48afe4d313614718913e59e04541439a" member_type: VOTER last_known_addr { host: "127.13.101.254" port: 34709 } } peers { permanent_uuid: "573f45e87ee64e6390249bacf4e5f50d" member_type: VOTER last_known_addr { host: "127.13.101.253" port: 34289 } } peers { permanent_uuid: "d7e26e3c63884dc88bbd412b15afb067" member_type: VOTER last_known_addr { host: "127.13.101.252" port: 37505 } }
I20260630 12:16:08.289263 13786 raft_consensus.cc:359] T 00000000000000000000000000000000 P 48afe4d313614718913e59e04541439a [term 0 FOLLOWER]: Replica starting. Triggering 0 pending ops. Active config: opid_index: -1 OBSOLETE_local: false peers { permanent_uuid: "48afe4d313614718913e59e04541439a" member_type: VOTER last_known_addr { host: "127.13.101.254" port: 34709 } } peers { permanent_uuid: "573f45e87ee64e6390249bacf4e5f50d" member_type: VOTER last_known_addr { host: "127.13.101.253" port: 34289 } } peers { permanent_uuid: "d7e26e3c63884dc88bbd412b15afb067" member_type: VOTER last_known_addr { host: "127.13.101.252" port: 37505 } }
I20260630 12:16:08.289263 13916 raft_consensus.cc:359] T 00000000000000000000000000000000 P d7e26e3c63884dc88bbd412b15afb067 [term 0 FOLLOWER]: Replica starting. Triggering 0 pending ops. Active config: opid_index: -1 OBSOLETE_local: false peers { permanent_uuid: "48afe4d313614718913e59e04541439a" member_type: VOTER last_known_addr { host: "127.13.101.254" port: 34709 } } peers { permanent_uuid: "573f45e87ee64e6390249bacf4e5f50d" member_type: VOTER last_known_addr { host: "127.13.101.253" port: 34289 } } peers { permanent_uuid: "d7e26e3c63884dc88bbd412b15afb067" member_type: VOTER last_known_addr { host: "127.13.101.252" port: 37505 } }
I20260630 12:16:08.290468 13851 raft_consensus.cc:385] T 00000000000000000000000000000000 P 573f45e87ee64e6390249bacf4e5f50d [term 0 FOLLOWER]: Consensus starting up: Expiring failure detector timer to make a prompt election more likely
I20260630 12:16:08.290555 13786 raft_consensus.cc:385] T 00000000000000000000000000000000 P 48afe4d313614718913e59e04541439a [term 0 FOLLOWER]: Consensus starting up: Expiring failure detector timer to make a prompt election more likely
I20260630 12:16:08.290609 13916 raft_consensus.cc:385] T 00000000000000000000000000000000 P d7e26e3c63884dc88bbd412b15afb067 [term 0 FOLLOWER]: Consensus starting up: Expiring failure detector timer to make a prompt election more likely
I20260630 12:16:08.290901 13851 raft_consensus.cc:740] T 00000000000000000000000000000000 P 573f45e87ee64e6390249bacf4e5f50d [term 0 FOLLOWER]: Becoming Follower/Learner. State: Replica: 573f45e87ee64e6390249bacf4e5f50d, State: Initialized, Role: FOLLOWER
I20260630 12:16:08.291015 13786 raft_consensus.cc:740] T 00000000000000000000000000000000 P 48afe4d313614718913e59e04541439a [term 0 FOLLOWER]: Becoming Follower/Learner. State: Replica: 48afe4d313614718913e59e04541439a, State: Initialized, Role: FOLLOWER
I20260630 12:16:08.291043 13916 raft_consensus.cc:740] T 00000000000000000000000000000000 P d7e26e3c63884dc88bbd412b15afb067 [term 0 FOLLOWER]: Becoming Follower/Learner. State: Replica: d7e26e3c63884dc88bbd412b15afb067, State: Initialized, Role: FOLLOWER
I20260630 12:16:08.292057 13851 consensus_queue.cc:260] T 00000000000000000000000000000000 P 573f45e87ee64e6390249bacf4e5f50d [NON_LEADER]: Queue going to NON_LEADER mode. State: All replicated index: 0, Majority replicated index: 0, Committed index: 0, Last appended: 0.0, Last appended by leader: 0, Current term: 0, Majority size: -1, State: 0, Mode: NON_LEADER, active raft config: opid_index: -1 OBSOLETE_local: false peers { permanent_uuid: "48afe4d313614718913e59e04541439a" member_type: VOTER last_known_addr { host: "127.13.101.254" port: 34709 } } peers { permanent_uuid: "573f45e87ee64e6390249bacf4e5f50d" member_type: VOTER last_known_addr { host: "127.13.101.253" port: 34289 } } peers { permanent_uuid: "d7e26e3c63884dc88bbd412b15afb067" member_type: VOTER last_known_addr { host: "127.13.101.252" port: 37505 } }
I20260630 12:16:08.292065 13786 consensus_queue.cc:260] T 00000000000000000000000000000000 P 48afe4d313614718913e59e04541439a [NON_LEADER]: Queue going to NON_LEADER mode. State: All replicated index: 0, Majority replicated index: 0, Committed index: 0, Last appended: 0.0, Last appended by leader: 0, Current term: 0, Majority size: -1, State: 0, Mode: NON_LEADER, active raft config: opid_index: -1 OBSOLETE_local: false peers { permanent_uuid: "48afe4d313614718913e59e04541439a" member_type: VOTER last_known_addr { host: "127.13.101.254" port: 34709 } } peers { permanent_uuid: "573f45e87ee64e6390249bacf4e5f50d" member_type: VOTER last_known_addr { host: "127.13.101.253" port: 34289 } } peers { permanent_uuid: "d7e26e3c63884dc88bbd412b15afb067" member_type: VOTER last_known_addr { host: "127.13.101.252" port: 37505 } }
I20260630 12:16:08.292065 13916 consensus_queue.cc:260] T 00000000000000000000000000000000 P d7e26e3c63884dc88bbd412b15afb067 [NON_LEADER]: Queue going to NON_LEADER mode. State: All replicated index: 0, Majority replicated index: 0, Committed index: 0, Last appended: 0.0, Last appended by leader: 0, Current term: 0, Majority size: -1, State: 0, Mode: NON_LEADER, active raft config: opid_index: -1 OBSOLETE_local: false peers { permanent_uuid: "48afe4d313614718913e59e04541439a" member_type: VOTER last_known_addr { host: "127.13.101.254" port: 34709 } } peers { permanent_uuid: "573f45e87ee64e6390249bacf4e5f50d" member_type: VOTER last_known_addr { host: "127.13.101.253" port: 34289 } } peers { permanent_uuid: "d7e26e3c63884dc88bbd412b15afb067" member_type: VOTER last_known_addr { host: "127.13.101.252" port: 37505 } }
I20260630 12:16:08.296618 13925 sys_catalog.cc:455] T 00000000000000000000000000000000 P 573f45e87ee64e6390249bacf4e5f50d [sys.catalog]: SysCatalogTable state changed. Reason: RaftConsensus started. Latest consensus state: current_term: 0 committed_config { opid_index: -1 OBSOLETE_local: false peers { permanent_uuid: "48afe4d313614718913e59e04541439a" member_type: VOTER last_known_addr { host: "127.13.101.254" port: 34709 } } peers { permanent_uuid: "573f45e87ee64e6390249bacf4e5f50d" member_type: VOTER last_known_addr { host: "127.13.101.253" port: 34289 } } peers { permanent_uuid: "d7e26e3c63884dc88bbd412b15afb067" member_type: VOTER last_known_addr { host: "127.13.101.252" port: 37505 } } }
I20260630 12:16:08.297605 13925 sys_catalog.cc:458] T 00000000000000000000000000000000 P 573f45e87ee64e6390249bacf4e5f50d [sys.catalog]: This master's current role is: FOLLOWER
I20260630 12:16:08.297020 13926 sys_catalog.cc:455] T 00000000000000000000000000000000 P 48afe4d313614718913e59e04541439a [sys.catalog]: SysCatalogTable state changed. Reason: RaftConsensus started. Latest consensus state: current_term: 0 committed_config { opid_index: -1 OBSOLETE_local: false peers { permanent_uuid: "48afe4d313614718913e59e04541439a" member_type: VOTER last_known_addr { host: "127.13.101.254" port: 34709 } } peers { permanent_uuid: "573f45e87ee64e6390249bacf4e5f50d" member_type: VOTER last_known_addr { host: "127.13.101.253" port: 34289 } } peers { permanent_uuid: "d7e26e3c63884dc88bbd412b15afb067" member_type: VOTER last_known_addr { host: "127.13.101.252" port: 37505 } } }
I20260630 12:16:08.298877 13851 sys_catalog.cc:565] T 00000000000000000000000000000000 P 573f45e87ee64e6390249bacf4e5f50d [sys.catalog]: configured and running, proceeding with master startup.
I20260630 12:16:08.299371 13927 sys_catalog.cc:455] T 00000000000000000000000000000000 P d7e26e3c63884dc88bbd412b15afb067 [sys.catalog]: SysCatalogTable state changed. Reason: RaftConsensus started. Latest consensus state: current_term: 0 committed_config { opid_index: -1 OBSOLETE_local: false peers { permanent_uuid: "48afe4d313614718913e59e04541439a" member_type: VOTER last_known_addr { host: "127.13.101.254" port: 34709 } } peers { permanent_uuid: "573f45e87ee64e6390249bacf4e5f50d" member_type: VOTER last_known_addr { host: "127.13.101.253" port: 34289 } } peers { permanent_uuid: "d7e26e3c63884dc88bbd412b15afb067" member_type: VOTER last_known_addr { host: "127.13.101.252" port: 37505 } } }
I20260630 12:16:08.300256 13927 sys_catalog.cc:458] T 00000000000000000000000000000000 P d7e26e3c63884dc88bbd412b15afb067 [sys.catalog]: This master's current role is: FOLLOWER
I20260630 12:16:08.298189 13926 sys_catalog.cc:458] T 00000000000000000000000000000000 P 48afe4d313614718913e59e04541439a [sys.catalog]: This master's current role is: FOLLOWER
I20260630 12:16:08.300896 13916 sys_catalog.cc:565] T 00000000000000000000000000000000 P d7e26e3c63884dc88bbd412b15afb067 [sys.catalog]: configured and running, proceeding with master startup.
I20260630 12:16:08.300971 13786 sys_catalog.cc:565] T 00000000000000000000000000000000 P 48afe4d313614718913e59e04541439a [sys.catalog]: configured and running, proceeding with master startup.
I20260630 12:16:08.342448 13719 internal_mini_cluster.cc:184] Waiting to initialize catalog manager on master 1
I20260630 12:16:08.345345 13719 internal_mini_cluster.cc:184] Waiting to initialize catalog manager on master 2
W20260630 12:16:08.346908 13740 tablet.cc:2406] T 00000000000000000000000000000000 P 48afe4d313614718913e59e04541439a: Can't schedule compaction. Clean time has not been advanced past its initial value.
I20260630 12:16:08.347404 13719 file_cache.cc:492] Constructed file cache file cache with capacity 419430
W20260630 12:16:08.352921 13959 catalog_manager.cc:1594] T 00000000000000000000000000000000 P 573f45e87ee64e6390249bacf4e5f50d: loading cluster ID for follower catalog manager: Not found: cluster ID entry not found
W20260630 12:16:08.353392 13959 catalog_manager.cc:883] Not found: cluster ID entry not found: failed to prepare follower catalog manager, will retry
W20260630 12:16:08.353343 13960 catalog_manager.cc:1594] T 00000000000000000000000000000000 P d7e26e3c63884dc88bbd412b15afb067: loading cluster ID for follower catalog manager: Not found: cluster ID entry not found
W20260630 12:16:08.354167 13960 catalog_manager.cc:883] Not found: cluster ID entry not found: failed to prepare follower catalog manager, will retry
W20260630 12:16:08.358620 13957 catalog_manager.cc:1594] T 00000000000000000000000000000000 P 48afe4d313614718913e59e04541439a: loading cluster ID for follower catalog manager: Not found: cluster ID entry not found
W20260630 12:16:08.359134 13957 catalog_manager.cc:883] Not found: cluster ID entry not found: failed to prepare follower catalog manager, will retry
W20260630 12:16:08.362154 13962 instance_detector.cc:116] could not retrieve AWS instance metadata: Network error: curl error: HTTP response code said error: The requested URL returned error: 404
W20260630 12:16:08.363433 13963 instance_detector.cc:116] could not retrieve Azure instance metadata: Network error: curl error: HTTP response code said error: The requested URL returned error: 404
I20260630 12:16:08.368043 13719 server_base.cc:1061] running on GCE node
W20260630 12:16:08.368151 13965 instance_detector.cc:116] could not retrieve OpenStack instance metadata: Network error: curl error: HTTP response code said error: The requested URL returned error: 404
I20260630 12:16:08.369172 13719 hybrid_clock.cc:584] initializing the hybrid clock with 'system_unsync' time source
W20260630 12:16:08.369367 13719 system_unsync_time.cc:38] NTP support is disabled. Clock error bounds will not be accurate. This configuration is not suitable for distributed clusters.
I20260630 12:16:08.369617 13719 hybrid_clock.cc:648] HybridClock initialized: now 1782821768369575 us; error 0 us; skew 500 ppm
I20260630 12:16:08.370193 13719 server_base.cc:861] Flag tcmalloc_max_total_thread_cache_bytes is not working since tcmalloc is not enabled.
I20260630 12:16:08.373273 13719 webserver.cc:533] Webserver started at http://127.13.101.193:39675/ using document root <none> and password file <none>
I20260630 12:16:08.373790 13719 fs_manager.cc:362] Metadata directory not provided
I20260630 12:16:08.374015 13719 fs_manager.cc:368] Using write-ahead log directory (fs_wal_dir) as metadata directory
I20260630 12:16:08.374308 13719 server_base.cc:909] This appears to be a new deployment of Kudu; creating new FS layout
I20260630 12:16:08.375520 13719 fs_manager.cc:1068] Generated new instance metadata in path /tmp/dist-test-task0J7BMq/test-tmp/auto_rebalancer-test.0.AutoRebalancerTest.OnlyLeaderDoesAutoRebalancing.1782821766319794-13719-0/minicluster-data/ts-0-root/instance:
uuid: "d3c133499a584f8aab367ec417f96d44"
format_stamp: "Formatted at 2026-06-30 12:16:08 on dist-test-slave-3wb8"
I20260630 12:16:08.380987 13719 fs_manager.cc:696] Time spent creating directory manager: real 0.005s	user 0.004s	sys 0.000s
I20260630 12:16:08.384799 13970 log_block_manager.cc:4031] Time spent loading block containers with low live blocks: real 0.000s	user 0.000s	sys 0.000s
I20260630 12:16:08.385692 13719 fs_manager.cc:730] Time spent opening block manager: real 0.003s	user 0.001s	sys 0.002s
I20260630 12:16:08.386062 13719 fs_manager.cc:647] Opened local filesystem: /tmp/dist-test-task0J7BMq/test-tmp/auto_rebalancer-test.0.AutoRebalancerTest.OnlyLeaderDoesAutoRebalancing.1782821766319794-13719-0/minicluster-data/ts-0-root
uuid: "d3c133499a584f8aab367ec417f96d44"
format_stamp: "Formatted at 2026-06-30 12:16:08 on dist-test-slave-3wb8"
I20260630 12:16:08.386456 13719 fs_report.cc:389] FS layout report
--------------------
wal directory: /tmp/dist-test-task0J7BMq/test-tmp/auto_rebalancer-test.0.AutoRebalancerTest.OnlyLeaderDoesAutoRebalancing.1782821766319794-13719-0/minicluster-data/ts-0-root
metadata directory: /tmp/dist-test-task0J7BMq/test-tmp/auto_rebalancer-test.0.AutoRebalancerTest.OnlyLeaderDoesAutoRebalancing.1782821766319794-13719-0/minicluster-data/ts-0-root
1 data directories: /tmp/dist-test-task0J7BMq/test-tmp/auto_rebalancer-test.0.AutoRebalancerTest.OnlyLeaderDoesAutoRebalancing.1782821766319794-13719-0/minicluster-data/ts-0-root/data
Total live blocks: 0
Total live bytes: 0
Total live bytes (after alignment): 0
Total number of LBM containers: 0 (0 full)
Did not check for missing blocks
Did not check for orphaned blocks
Total full LBM containers with extra space: 0 (0 repaired)
Total full LBM container extra space in bytes: 0 (0 repaired)
Total incomplete LBM containers: 0 (0 repaired)
Total LBM partial records: 0 (0 repaired)
Total corrupted LBM metadata records in RocksDB: 0 (0 repaired)
I20260630 12:16:08.387442 13927 raft_consensus.cc:493] T 00000000000000000000000000000000 P d7e26e3c63884dc88bbd412b15afb067 [term 0 FOLLOWER]: Starting pre-election (no leader contacted us within the election timeout)
I20260630 12:16:08.387997 13927 raft_consensus.cc:515] T 00000000000000000000000000000000 P d7e26e3c63884dc88bbd412b15afb067 [term 0 FOLLOWER]: Starting pre-election with config: opid_index: -1 OBSOLETE_local: false peers { permanent_uuid: "48afe4d313614718913e59e04541439a" member_type: VOTER last_known_addr { host: "127.13.101.254" port: 34709 } } peers { permanent_uuid: "573f45e87ee64e6390249bacf4e5f50d" member_type: VOTER last_known_addr { host: "127.13.101.253" port: 34289 } } peers { permanent_uuid: "d7e26e3c63884dc88bbd412b15afb067" member_type: VOTER last_known_addr { host: "127.13.101.252" port: 37505 } }
I20260630 12:16:08.390341 13927 leader_election.cc:290] T 00000000000000000000000000000000 P d7e26e3c63884dc88bbd412b15afb067 [CANDIDATE]: Term 1 pre-election: Requested pre-vote from peers 48afe4d313614718913e59e04541439a (127.13.101.254:34709), 573f45e87ee64e6390249bacf4e5f50d (127.13.101.253:34289)
I20260630 12:16:08.391786 13761 tablet_service.cc:1917] Received RequestConsensusVote() RPC: tablet_id: "00000000000000000000000000000000" candidate_uuid: "d7e26e3c63884dc88bbd412b15afb067" candidate_term: 1 candidate_status { last_received { term: 0 index: 0 } } ignore_live_leader: false dest_uuid: "48afe4d313614718913e59e04541439a" is_pre_election: true
I20260630 12:16:08.392369 13826 tablet_service.cc:1917] Received RequestConsensusVote() RPC: tablet_id: "00000000000000000000000000000000" candidate_uuid: "d7e26e3c63884dc88bbd412b15afb067" candidate_term: 1 candidate_status { last_received { term: 0 index: 0 } } ignore_live_leader: false dest_uuid: "573f45e87ee64e6390249bacf4e5f50d" is_pre_election: true
I20260630 12:16:08.392702 13761 raft_consensus.cc:2468] T 00000000000000000000000000000000 P 48afe4d313614718913e59e04541439a [term 0 FOLLOWER]: Leader pre-election vote request: Granting yes vote for candidate d7e26e3c63884dc88bbd412b15afb067 in term 0.
I20260630 12:16:08.393081 13826 raft_consensus.cc:2468] T 00000000000000000000000000000000 P 573f45e87ee64e6390249bacf4e5f50d [term 0 FOLLOWER]: Leader pre-election vote request: Granting yes vote for candidate d7e26e3c63884dc88bbd412b15afb067 in term 0.
I20260630 12:16:08.394647 13866 leader_election.cc:304] T 00000000000000000000000000000000 P d7e26e3c63884dc88bbd412b15afb067 [CANDIDATE]: Term 1 pre-election: Election decided. Result: candidate won. Election summary: received 2 responses out of 3 voters: 2 yes votes; 0 no votes. yes voters: 48afe4d313614718913e59e04541439a, d7e26e3c63884dc88bbd412b15afb067; no voters: 
I20260630 12:16:08.396260 13927 raft_consensus.cc:2804] T 00000000000000000000000000000000 P d7e26e3c63884dc88bbd412b15afb067 [term 0 FOLLOWER]: Leader pre-election won for term 1
I20260630 12:16:08.396785 13927 raft_consensus.cc:493] T 00000000000000000000000000000000 P d7e26e3c63884dc88bbd412b15afb067 [term 0 FOLLOWER]: Starting leader election (no leader contacted us within the election timeout)
I20260630 12:16:08.397156 13927 raft_consensus.cc:3060] T 00000000000000000000000000000000 P d7e26e3c63884dc88bbd412b15afb067 [term 0 FOLLOWER]: Advancing to term 1
I20260630 12:16:08.403097 13927 raft_consensus.cc:515] T 00000000000000000000000000000000 P d7e26e3c63884dc88bbd412b15afb067 [term 1 FOLLOWER]: Starting leader election with config: opid_index: -1 OBSOLETE_local: false peers { permanent_uuid: "48afe4d313614718913e59e04541439a" member_type: VOTER last_known_addr { host: "127.13.101.254" port: 34709 } } peers { permanent_uuid: "573f45e87ee64e6390249bacf4e5f50d" member_type: VOTER last_known_addr { host: "127.13.101.253" port: 34289 } } peers { permanent_uuid: "d7e26e3c63884dc88bbd412b15afb067" member_type: VOTER last_known_addr { host: "127.13.101.252" port: 37505 } }
I20260630 12:16:08.404953 13927 leader_election.cc:290] T 00000000000000000000000000000000 P d7e26e3c63884dc88bbd412b15afb067 [CANDIDATE]: Term 1 election: Requested vote from peers 48afe4d313614718913e59e04541439a (127.13.101.254:34709), 573f45e87ee64e6390249bacf4e5f50d (127.13.101.253:34289)
I20260630 12:16:08.405663 13761 tablet_service.cc:1917] Received RequestConsensusVote() RPC: tablet_id: "00000000000000000000000000000000" candidate_uuid: "d7e26e3c63884dc88bbd412b15afb067" candidate_term: 1 candidate_status { last_received { term: 0 index: 0 } } ignore_live_leader: false dest_uuid: "48afe4d313614718913e59e04541439a"
I20260630 12:16:08.406164 13761 raft_consensus.cc:3060] T 00000000000000000000000000000000 P 48afe4d313614718913e59e04541439a [term 0 FOLLOWER]: Advancing to term 1
I20260630 12:16:08.409070 13826 tablet_service.cc:1917] Received RequestConsensusVote() RPC: tablet_id: "00000000000000000000000000000000" candidate_uuid: "d7e26e3c63884dc88bbd412b15afb067" candidate_term: 1 candidate_status { last_received { term: 0 index: 0 } } ignore_live_leader: false dest_uuid: "573f45e87ee64e6390249bacf4e5f50d"
I20260630 12:16:08.409700 13826 raft_consensus.cc:3060] T 00000000000000000000000000000000 P 573f45e87ee64e6390249bacf4e5f50d [term 0 FOLLOWER]: Advancing to term 1
I20260630 12:16:08.416492 13761 raft_consensus.cc:2468] T 00000000000000000000000000000000 P 48afe4d313614718913e59e04541439a [term 1 FOLLOWER]: Leader election vote request: Granting yes vote for candidate d7e26e3c63884dc88bbd412b15afb067 in term 1.
I20260630 12:16:08.418769 13866 leader_election.cc:304] T 00000000000000000000000000000000 P d7e26e3c63884dc88bbd412b15afb067 [CANDIDATE]: Term 1 election: Election decided. Result: candidate won. Election summary: received 2 responses out of 3 voters: 2 yes votes; 0 no votes. yes voters: 48afe4d313614718913e59e04541439a, d7e26e3c63884dc88bbd412b15afb067; no voters: 
I20260630 12:16:08.418853 13826 raft_consensus.cc:2468] T 00000000000000000000000000000000 P 573f45e87ee64e6390249bacf4e5f50d [term 1 FOLLOWER]: Leader election vote request: Granting yes vote for candidate d7e26e3c63884dc88bbd412b15afb067 in term 1.
I20260630 12:16:08.419890 13927 raft_consensus.cc:2804] T 00000000000000000000000000000000 P d7e26e3c63884dc88bbd412b15afb067 [term 1 FOLLOWER]: Leader election won for term 1
I20260630 12:16:08.420531 13719 rpc_server.cc:225] running with OpenSSL 1.1.1  11 Sep 2018
I20260630 12:16:08.422479 13719 kserver.cc:163] Server-wide thread pool size limit: 3276
I20260630 12:16:08.422664 13927 raft_consensus.cc:697] T 00000000000000000000000000000000 P d7e26e3c63884dc88bbd412b15afb067 [term 1 LEADER]: Becoming Leader. State: Replica: d7e26e3c63884dc88bbd412b15afb067, State: Running, Role: LEADER
I20260630 12:16:08.423597 13927 consensus_queue.cc:237] T 00000000000000000000000000000000 P d7e26e3c63884dc88bbd412b15afb067 [LEADER]: Queue going to LEADER mode. State: All replicated index: 0, Majority replicated index: 0, Committed index: 0, Last appended: 0.0, Last appended by leader: 0, Current term: 1, Majority size: 2, State: 0, Mode: LEADER, active raft config: opid_index: -1 OBSOLETE_local: false peers { permanent_uuid: "48afe4d313614718913e59e04541439a" member_type: VOTER last_known_addr { host: "127.13.101.254" port: 34709 } } peers { permanent_uuid: "573f45e87ee64e6390249bacf4e5f50d" member_type: VOTER last_known_addr { host: "127.13.101.253" port: 34289 } } peers { permanent_uuid: "d7e26e3c63884dc88bbd412b15afb067" member_type: VOTER last_known_addr { host: "127.13.101.252" port: 37505 } }
I20260630 12:16:08.425413 13719 txn_system_client.cc:432] TxnSystemClient initialization is disabled...
I20260630 12:16:08.436636 13719 ts_tablet_manager.cc:585] Loaded tablet metadata (0 total tablets, 0 live tablets)
I20260630 12:16:08.437036 13719 ts_tablet_manager.cc:531] Time spent load tablet metadata: real 0.000s	user 0.000s	sys 0.000s
I20260630 12:16:08.437425 13719 ts_tablet_manager.cc:616] Registered 0 tablets
I20260630 12:16:08.437749 13719 ts_tablet_manager.cc:595] Time spent register tablets: real 0.000s	user 0.000s	sys 0.000s
I20260630 12:16:08.437390 13975 sys_catalog.cc:455] T 00000000000000000000000000000000 P d7e26e3c63884dc88bbd412b15afb067 [sys.catalog]: SysCatalogTable state changed. Reason: New leader d7e26e3c63884dc88bbd412b15afb067. Latest consensus state: current_term: 1 leader_uuid: "d7e26e3c63884dc88bbd412b15afb067" committed_config { opid_index: -1 OBSOLETE_local: false peers { permanent_uuid: "48afe4d313614718913e59e04541439a" member_type: VOTER last_known_addr { host: "127.13.101.254" port: 34709 } } peers { permanent_uuid: "573f45e87ee64e6390249bacf4e5f50d" member_type: VOTER last_known_addr { host: "127.13.101.253" port: 34289 } } peers { permanent_uuid: "d7e26e3c63884dc88bbd412b15afb067" member_type: VOTER last_known_addr { host: "127.13.101.252" port: 37505 } } }
I20260630 12:16:08.438401 13975 sys_catalog.cc:458] T 00000000000000000000000000000000 P d7e26e3c63884dc88bbd412b15afb067 [sys.catalog]: This master's current role is: LEADER
I20260630 12:16:08.442066 13980 catalog_manager.cc:1511] Loading table and tablet metadata into memory...
I20260630 12:16:08.451594 13980 catalog_manager.cc:1520] Initializing Kudu cluster ID...
I20260630 12:16:08.472383 13826 raft_consensus.cc:1275] T 00000000000000000000000000000000 P 573f45e87ee64e6390249bacf4e5f50d [term 1 FOLLOWER]: Refusing update from remote peer d7e26e3c63884dc88bbd412b15afb067: Log matching property violated. Preceding OpId in replica: term: 0 index: 0. Preceding OpId from leader: term: 1 index: 2. (index mismatch)
I20260630 12:16:08.473969 13761 raft_consensus.cc:1275] T 00000000000000000000000000000000 P 48afe4d313614718913e59e04541439a [term 1 FOLLOWER]: Refusing update from remote peer d7e26e3c63884dc88bbd412b15afb067: Log matching property violated. Preceding OpId in replica: term: 0 index: 0. Preceding OpId from leader: term: 1 index: 2. (index mismatch)
I20260630 12:16:08.476555 13975 consensus_queue.cc:1048] T 00000000000000000000000000000000 P d7e26e3c63884dc88bbd412b15afb067 [LEADER]: Connected to new peer: Peer: permanent_uuid: "573f45e87ee64e6390249bacf4e5f50d" member_type: VOTER last_known_addr { host: "127.13.101.253" port: 34289 }, Status: LMP_MISMATCH, Last received: 0.0, Next index: 1, Last known committed idx: 0, Time since last communication: 0.000s
I20260630 12:16:08.478518 13975 consensus_queue.cc:1048] T 00000000000000000000000000000000 P d7e26e3c63884dc88bbd412b15afb067 [LEADER]: Connected to new peer: Peer: permanent_uuid: "48afe4d313614718913e59e04541439a" member_type: VOTER last_known_addr { host: "127.13.101.254" port: 34709 }, Status: LMP_MISMATCH, Last received: 0.0, Next index: 1, Last known committed idx: 0, Time since last communication: 0.000s
I20260630 12:16:08.498893 13925 sys_catalog.cc:455] T 00000000000000000000000000000000 P 573f45e87ee64e6390249bacf4e5f50d [sys.catalog]: SysCatalogTable state changed. Reason: New leader d7e26e3c63884dc88bbd412b15afb067. Latest consensus state: current_term: 1 leader_uuid: "d7e26e3c63884dc88bbd412b15afb067" committed_config { opid_index: -1 OBSOLETE_local: false peers { permanent_uuid: "48afe4d313614718913e59e04541439a" member_type: VOTER last_known_addr { host: "127.13.101.254" port: 34709 } } peers { permanent_uuid: "573f45e87ee64e6390249bacf4e5f50d" member_type: VOTER last_known_addr { host: "127.13.101.253" port: 34289 } } peers { permanent_uuid: "d7e26e3c63884dc88bbd412b15afb067" member_type: VOTER last_known_addr { host: "127.13.101.252" port: 37505 } } }
I20260630 12:16:08.499948 13925 sys_catalog.cc:458] T 00000000000000000000000000000000 P 573f45e87ee64e6390249bacf4e5f50d [sys.catalog]: This master's current role is: FOLLOWER
I20260630 12:16:08.509163 13926 sys_catalog.cc:455] T 00000000000000000000000000000000 P 48afe4d313614718913e59e04541439a [sys.catalog]: SysCatalogTable state changed. Reason: New leader d7e26e3c63884dc88bbd412b15afb067. Latest consensus state: current_term: 1 leader_uuid: "d7e26e3c63884dc88bbd412b15afb067" committed_config { opid_index: -1 OBSOLETE_local: false peers { permanent_uuid: "48afe4d313614718913e59e04541439a" member_type: VOTER last_known_addr { host: "127.13.101.254" port: 34709 } } peers { permanent_uuid: "573f45e87ee64e6390249bacf4e5f50d" member_type: VOTER last_known_addr { host: "127.13.101.253" port: 34289 } } peers { permanent_uuid: "d7e26e3c63884dc88bbd412b15afb067" member_type: VOTER last_known_addr { host: "127.13.101.252" port: 37505 } } }
I20260630 12:16:08.512591 13926 sys_catalog.cc:458] T 00000000000000000000000000000000 P 48afe4d313614718913e59e04541439a [sys.catalog]: This master's current role is: FOLLOWER
I20260630 12:16:08.534339 13927 sys_catalog.cc:455] T 00000000000000000000000000000000 P d7e26e3c63884dc88bbd412b15afb067 [sys.catalog]: SysCatalogTable state changed. Reason: Peer health change. Latest consensus state: current_term: 1 leader_uuid: "d7e26e3c63884dc88bbd412b15afb067" committed_config { opid_index: -1 OBSOLETE_local: false peers { permanent_uuid: "48afe4d313614718913e59e04541439a" member_type: VOTER last_known_addr { host: "127.13.101.254" port: 34709 } } peers { permanent_uuid: "573f45e87ee64e6390249bacf4e5f50d" member_type: VOTER last_known_addr { host: "127.13.101.253" port: 34289 } } peers { permanent_uuid: "d7e26e3c63884dc88bbd412b15afb067" member_type: VOTER last_known_addr { host: "127.13.101.252" port: 37505 } } }
I20260630 12:16:08.535593 13927 sys_catalog.cc:458] T 00000000000000000000000000000000 P d7e26e3c63884dc88bbd412b15afb067 [sys.catalog]: This master's current role is: LEADER
