I20260630 12:17:26.342840 16776 tablet_service.cc:1511] Processing CreateTablet for tablet b9b7d309ce4c45069ba5cc65ee9d065c (DEFAULT_TABLE table=range_aware_rebalance_new_range [id=3e7d1d35aead4f9e81a247d25e670250]), partition=HASH (key) PARTITION 4, RANGE (key) PARTITION 0 <= VALUES < 10
I20260630 12:17:26.344399 16776 data_dirs.cc:400] Could only allocate 1 dirs of requested 3 for tablet b9b7d309ce4c45069ba5cc65ee9d065c. 1 dirs total, 0 dirs full, 0 dirs failed
I20260630 12:17:26.345086 16853 tablet_service.cc:1511] Processing CreateTablet for tablet b9b7d309ce4c45069ba5cc65ee9d065c (DEFAULT_TABLE table=range_aware_rebalance_new_range [id=3e7d1d35aead4f9e81a247d25e670250]), partition=HASH (key) PARTITION 4, RANGE (key) PARTITION 0 <= VALUES < 10
I20260630 12:17:26.347056 16853 data_dirs.cc:400] Could only allocate 1 dirs of requested 3 for tablet b9b7d309ce4c45069ba5cc65ee9d065c. 1 dirs total, 0 dirs full, 0 dirs failed
I20260630 12:17:26.347527 16909 tablet_bootstrap.cc:654] T 1a7821f933b14b6dbca9a88c95a35a5a P bb0016044ba24d47897595263b1ae0d7: Neither blocks nor log segments found. Creating new log.
I20260630 12:17:26.361135 16705 tablet_service.cc:1511] Processing CreateTablet for tablet f034fc36b13f4b35b14ffb636ae84919 (DEFAULT_TABLE table=range_aware_rebalance_new_range [id=3e7d1d35aead4f9e81a247d25e670250]), partition=HASH (key) PARTITION 5, RANGE (key) PARTITION 0 <= VALUES < 10
I20260630 12:17:26.367857 16775 tablet_service.cc:1511] Processing CreateTablet for tablet f034fc36b13f4b35b14ffb636ae84919 (DEFAULT_TABLE table=range_aware_rebalance_new_range [id=3e7d1d35aead4f9e81a247d25e670250]), partition=HASH (key) PARTITION 5, RANGE (key) PARTITION 0 <= VALUES < 10
I20260630 12:17:26.374336 16775 data_dirs.cc:400] Could only allocate 1 dirs of requested 3 for tablet f034fc36b13f4b35b14ffb636ae84919. 1 dirs total, 0 dirs full, 0 dirs failed
I20260630 12:17:26.376005 16705 data_dirs.cc:400] Could only allocate 1 dirs of requested 3 for tablet f034fc36b13f4b35b14ffb636ae84919. 1 dirs total, 0 dirs full, 0 dirs failed
I20260630 12:17:26.386783 16854 tablet_service.cc:1511] Processing CreateTablet for tablet f034fc36b13f4b35b14ffb636ae84919 (DEFAULT_TABLE table=range_aware_rebalance_new_range [id=3e7d1d35aead4f9e81a247d25e670250]), partition=HASH (key) PARTITION 5, RANGE (key) PARTITION 0 <= VALUES < 10
I20260630 12:17:26.388562 16854 data_dirs.cc:400] Could only allocate 1 dirs of requested 3 for tablet f034fc36b13f4b35b14ffb636ae84919. 1 dirs total, 0 dirs full, 0 dirs failed
I20260630 12:17:26.392678 16700 tablet_service.cc:1511] Processing CreateTablet for tablet c362f71159794149bd8a7abcce091b8c (DEFAULT_TABLE table=range_aware_rebalance_new_range [id=3e7d1d35aead4f9e81a247d25e670250]), partition=HASH (key) PARTITION 6, RANGE (key) PARTITION 0 <= VALUES < 10
I20260630 12:17:26.394273 16700 data_dirs.cc:400] Could only allocate 1 dirs of requested 3 for tablet c362f71159794149bd8a7abcce091b8c. 1 dirs total, 0 dirs full, 0 dirs failed
I20260630 12:17:26.398092 16777 tablet_service.cc:1511] Processing CreateTablet for tablet c362f71159794149bd8a7abcce091b8c (DEFAULT_TABLE table=range_aware_rebalance_new_range [id=3e7d1d35aead4f9e81a247d25e670250]), partition=HASH (key) PARTITION 6, RANGE (key) PARTITION 0 <= VALUES < 10
I20260630 12:17:26.399612 16777 data_dirs.cc:400] Could only allocate 1 dirs of requested 3 for tablet c362f71159794149bd8a7abcce091b8c. 1 dirs total, 0 dirs full, 0 dirs failed
I20260630 12:17:26.399405 16852 tablet_service.cc:1511] Processing CreateTablet for tablet c362f71159794149bd8a7abcce091b8c (DEFAULT_TABLE table=range_aware_rebalance_new_range [id=3e7d1d35aead4f9e81a247d25e670250]), partition=HASH (key) PARTITION 6, RANGE (key) PARTITION 0 <= VALUES < 10
I20260630 12:17:26.401003 16852 data_dirs.cc:400] Could only allocate 1 dirs of requested 3 for tablet c362f71159794149bd8a7abcce091b8c. 1 dirs total, 0 dirs full, 0 dirs failed
I20260630 12:17:26.417403 16910 tablet_bootstrap.cc:492] T fb528a83b19e4cca864085f409f47e87 P 332ec0b3e3324f9aa277e15a0c8cb72d: Bootstrap starting.
I20260630 12:17:26.426220 16911 tablet_bootstrap.cc:492] T 1a7821f933b14b6dbca9a88c95a35a5a P 490d56f982b54e5aaad36f88cb2423b7: Bootstrap starting.
I20260630 12:17:26.432322 16909 tablet_bootstrap.cc:492] T 1a7821f933b14b6dbca9a88c95a35a5a P bb0016044ba24d47897595263b1ae0d7: No bootstrap required, opened a new log
I20260630 12:17:26.432906 16909 ts_tablet_manager.cc:1403] T 1a7821f933b14b6dbca9a88c95a35a5a P bb0016044ba24d47897595263b1ae0d7: Time spent bootstrapping tablet: real 0.120s	user 0.012s	sys 0.006s
I20260630 12:17:26.436002 16910 tablet_bootstrap.cc:654] T fb528a83b19e4cca864085f409f47e87 P 332ec0b3e3324f9aa277e15a0c8cb72d: Neither blocks nor log segments found. Creating new log.
I20260630 12:17:26.438907 16911 tablet_bootstrap.cc:654] T 1a7821f933b14b6dbca9a88c95a35a5a P 490d56f982b54e5aaad36f88cb2423b7: Neither blocks nor log segments found. Creating new log.
I20260630 12:17:26.444365 16778 tablet_service.cc:1511] Processing CreateTablet for tablet 1adb3e2e8d4e490bb74a98ad82b4eea8 (DEFAULT_TABLE table=range_aware_rebalance_new_range [id=3e7d1d35aead4f9e81a247d25e670250]), partition=HASH (key) PARTITION 7, RANGE (key) PARTITION 0 <= VALUES < 10
I20260630 12:17:26.445895 16778 data_dirs.cc:400] Could only allocate 1 dirs of requested 3 for tablet 1adb3e2e8d4e490bb74a98ad82b4eea8. 1 dirs total, 0 dirs full, 0 dirs failed
I20260630 12:17:26.445952 16703 tablet_service.cc:1511] Processing CreateTablet for tablet 1adb3e2e8d4e490bb74a98ad82b4eea8 (DEFAULT_TABLE table=range_aware_rebalance_new_range [id=3e7d1d35aead4f9e81a247d25e670250]), partition=HASH (key) PARTITION 7, RANGE (key) PARTITION 0 <= VALUES < 10
I20260630 12:17:26.447908 16703 data_dirs.cc:400] Could only allocate 1 dirs of requested 3 for tablet 1adb3e2e8d4e490bb74a98ad82b4eea8. 1 dirs total, 0 dirs full, 0 dirs failed
I20260630 12:17:26.450460 16909 raft_consensus.cc:359] T 1a7821f933b14b6dbca9a88c95a35a5a P bb0016044ba24d47897595263b1ae0d7 [term 0 FOLLOWER]: Replica starting. Triggering 0 pending ops. Active config: opid_index: -1 OBSOLETE_local: false peers { permanent_uuid: "490d56f982b54e5aaad36f88cb2423b7" member_type: VOTER last_known_addr { host: "127.13.101.194" port: 39359 } } peers { permanent_uuid: "332ec0b3e3324f9aa277e15a0c8cb72d" member_type: VOTER last_known_addr { host: "127.13.101.193" port: 41923 } } peers { permanent_uuid: "bb0016044ba24d47897595263b1ae0d7" member_type: VOTER last_known_addr { host: "127.13.101.195" port: 44987 } }
I20260630 12:17:26.451309 16909 raft_consensus.cc:385] T 1a7821f933b14b6dbca9a88c95a35a5a P bb0016044ba24d47897595263b1ae0d7 [term 0 FOLLOWER]: Consensus starting up: Expiring failure detector timer to make a prompt election more likely
I20260630 12:17:26.451610 16909 raft_consensus.cc:740] T 1a7821f933b14b6dbca9a88c95a35a5a P bb0016044ba24d47897595263b1ae0d7 [term 0 FOLLOWER]: Becoming Follower/Learner. State: Replica: bb0016044ba24d47897595263b1ae0d7, State: Initialized, Role: FOLLOWER
I20260630 12:17:26.457388 16853 tablet_service.cc:1511] Processing CreateTablet for tablet 1adb3e2e8d4e490bb74a98ad82b4eea8 (DEFAULT_TABLE table=range_aware_rebalance_new_range [id=3e7d1d35aead4f9e81a247d25e670250]), partition=HASH (key) PARTITION 7, RANGE (key) PARTITION 0 <= VALUES < 10
I20260630 12:17:26.458793 16910 tablet_bootstrap.cc:492] T fb528a83b19e4cca864085f409f47e87 P 332ec0b3e3324f9aa277e15a0c8cb72d: No bootstrap required, opened a new log
I20260630 12:17:26.459074 16853 data_dirs.cc:400] Could only allocate 1 dirs of requested 3 for tablet 1adb3e2e8d4e490bb74a98ad82b4eea8. 1 dirs total, 0 dirs full, 0 dirs failed
I20260630 12:17:26.459300 16910 ts_tablet_manager.cc:1403] T fb528a83b19e4cca864085f409f47e87 P 332ec0b3e3324f9aa277e15a0c8cb72d: Time spent bootstrapping tablet: real 0.042s	user 0.004s	sys 0.010s
I20260630 12:17:26.458092 16911 tablet_bootstrap.cc:492] T 1a7821f933b14b6dbca9a88c95a35a5a P 490d56f982b54e5aaad36f88cb2423b7: No bootstrap required, opened a new log
I20260630 12:17:26.460088 16909 consensus_queue.cc:260] T 1a7821f933b14b6dbca9a88c95a35a5a P bb0016044ba24d47897595263b1ae0d7 [NON_LEADER]: Queue going to NON_LEADER mode. State: All replicated index: 0, Majority replicated index: 0, Committed index: 0, Last appended: 0.0, Last appended by leader: 0, Current term: 0, Majority size: -1, State: 0, Mode: NON_LEADER, active raft config: opid_index: -1 OBSOLETE_local: false peers { permanent_uuid: "490d56f982b54e5aaad36f88cb2423b7" member_type: VOTER last_known_addr { host: "127.13.101.194" port: 39359 } } peers { permanent_uuid: "332ec0b3e3324f9aa277e15a0c8cb72d" member_type: VOTER last_known_addr { host: "127.13.101.193" port: 41923 } } peers { permanent_uuid: "bb0016044ba24d47897595263b1ae0d7" member_type: VOTER last_known_addr { host: "127.13.101.195" port: 44987 } }
I20260630 12:17:26.460917 16911 ts_tablet_manager.cc:1403] T 1a7821f933b14b6dbca9a88c95a35a5a P 490d56f982b54e5aaad36f88cb2423b7: Time spent bootstrapping tablet: real 0.035s	user 0.012s	sys 0.000s
I20260630 12:17:26.462558 16910 raft_consensus.cc:359] T fb528a83b19e4cca864085f409f47e87 P 332ec0b3e3324f9aa277e15a0c8cb72d [term 0 FOLLOWER]: Replica starting. Triggering 0 pending ops. Active config: opid_index: -1 OBSOLETE_local: false peers { permanent_uuid: "490d56f982b54e5aaad36f88cb2423b7" member_type: VOTER last_known_addr { host: "127.13.101.194" port: 39359 } } peers { permanent_uuid: "332ec0b3e3324f9aa277e15a0c8cb72d" member_type: VOTER last_known_addr { host: "127.13.101.193" port: 41923 } } peers { permanent_uuid: "bb0016044ba24d47897595263b1ae0d7" member_type: VOTER last_known_addr { host: "127.13.101.195" port: 44987 } }
I20260630 12:17:26.463292 16910 raft_consensus.cc:385] T fb528a83b19e4cca864085f409f47e87 P 332ec0b3e3324f9aa277e15a0c8cb72d [term 0 FOLLOWER]: Consensus starting up: Expiring failure detector timer to make a prompt election more likely
I20260630 12:17:26.463595 16910 raft_consensus.cc:740] T fb528a83b19e4cca864085f409f47e87 P 332ec0b3e3324f9aa277e15a0c8cb72d [term 0 FOLLOWER]: Becoming Follower/Learner. State: Replica: 332ec0b3e3324f9aa277e15a0c8cb72d, State: Initialized, Role: FOLLOWER
I20260630 12:17:26.464382 16910 consensus_queue.cc:260] T fb528a83b19e4cca864085f409f47e87 P 332ec0b3e3324f9aa277e15a0c8cb72d [NON_LEADER]: Queue going to NON_LEADER mode. State: All replicated index: 0, Majority replicated index: 0, Committed index: 0, Last appended: 0.0, Last appended by leader: 0, Current term: 0, Majority size: -1, State: 0, Mode: NON_LEADER, active raft config: opid_index: -1 OBSOLETE_local: false peers { permanent_uuid: "490d56f982b54e5aaad36f88cb2423b7" member_type: VOTER last_known_addr { host: "127.13.101.194" port: 39359 } } peers { permanent_uuid: "332ec0b3e3324f9aa277e15a0c8cb72d" member_type: VOTER last_known_addr { host: "127.13.101.193" port: 41923 } } peers { permanent_uuid: "bb0016044ba24d47897595263b1ae0d7" member_type: VOTER last_known_addr { host: "127.13.101.195" port: 44987 } }
I20260630 12:17:26.464001 16911 raft_consensus.cc:359] T 1a7821f933b14b6dbca9a88c95a35a5a P 490d56f982b54e5aaad36f88cb2423b7 [term 0 FOLLOWER]: Replica starting. Triggering 0 pending ops. Active config: opid_index: -1 OBSOLETE_local: false peers { permanent_uuid: "490d56f982b54e5aaad36f88cb2423b7" member_type: VOTER last_known_addr { host: "127.13.101.194" port: 39359 } } peers { permanent_uuid: "332ec0b3e3324f9aa277e15a0c8cb72d" member_type: VOTER last_known_addr { host: "127.13.101.193" port: 41923 } } peers { permanent_uuid: "bb0016044ba24d47897595263b1ae0d7" member_type: VOTER last_known_addr { host: "127.13.101.195" port: 44987 } }
I20260630 12:17:26.472949 16911 raft_consensus.cc:385] T 1a7821f933b14b6dbca9a88c95a35a5a P 490d56f982b54e5aaad36f88cb2423b7 [term 0 FOLLOWER]: Consensus starting up: Expiring failure detector timer to make a prompt election more likely
I20260630 12:17:26.473362 16911 raft_consensus.cc:740] T 1a7821f933b14b6dbca9a88c95a35a5a P 490d56f982b54e5aaad36f88cb2423b7 [term 0 FOLLOWER]: Becoming Follower/Learner. State: Replica: 490d56f982b54e5aaad36f88cb2423b7, State: Initialized, Role: FOLLOWER
I20260630 12:17:26.475466 16911 consensus_queue.cc:260] T 1a7821f933b14b6dbca9a88c95a35a5a P 490d56f982b54e5aaad36f88cb2423b7 [NON_LEADER]: Queue going to NON_LEADER mode. State: All replicated index: 0, Majority replicated index: 0, Committed index: 0, Last appended: 0.0, Last appended by leader: 0, Current term: 0, Majority size: -1, State: 0, Mode: NON_LEADER, active raft config: opid_index: -1 OBSOLETE_local: false peers { permanent_uuid: "490d56f982b54e5aaad36f88cb2423b7" member_type: VOTER last_known_addr { host: "127.13.101.194" port: 39359 } } peers { permanent_uuid: "332ec0b3e3324f9aa277e15a0c8cb72d" member_type: VOTER last_known_addr { host: "127.13.101.193" port: 41923 } } peers { permanent_uuid: "bb0016044ba24d47897595263b1ae0d7" member_type: VOTER last_known_addr { host: "127.13.101.195" port: 44987 } }
I20260630 12:17:26.487964 16909 ts_tablet_manager.cc:1434] T 1a7821f933b14b6dbca9a88c95a35a5a P bb0016044ba24d47897595263b1ae0d7: Time spent starting tablet: real 0.055s	user 0.016s	sys 0.017s
I20260630 12:17:26.489220 16909 tablet_bootstrap.cc:492] T b50dba73795b4686a2ef5460e8217af4 P bb0016044ba24d47897595263b1ae0d7: Bootstrap starting.
I20260630 12:17:26.490222 16910 ts_tablet_manager.cc:1434] T fb528a83b19e4cca864085f409f47e87 P 332ec0b3e3324f9aa277e15a0c8cb72d: Time spent starting tablet: real 0.031s	user 0.011s	sys 0.019s
I20260630 12:17:26.490517 16911 ts_tablet_manager.cc:1434] T 1a7821f933b14b6dbca9a88c95a35a5a P 490d56f982b54e5aaad36f88cb2423b7: Time spent starting tablet: real 0.029s	user 0.004s	sys 0.004s
I20260630 12:17:26.493325 16910 tablet_bootstrap.cc:492] T 5b2b44ba01174db7bcd8808e1b06f673 P 332ec0b3e3324f9aa277e15a0c8cb72d: Bootstrap starting.
I20260630 12:17:26.495466 16909 tablet_bootstrap.cc:654] T b50dba73795b4686a2ef5460e8217af4 P bb0016044ba24d47897595263b1ae0d7: Neither blocks nor log segments found. Creating new log.
I20260630 12:17:26.499845 16910 tablet_bootstrap.cc:654] T 5b2b44ba01174db7bcd8808e1b06f673 P 332ec0b3e3324f9aa277e15a0c8cb72d: Neither blocks nor log segments found. Creating new log.
I20260630 12:17:26.511515 16910 tablet_bootstrap.cc:492] T 5b2b44ba01174db7bcd8808e1b06f673 P 332ec0b3e3324f9aa277e15a0c8cb72d: No bootstrap required, opened a new log
I20260630 12:17:26.512102 16910 ts_tablet_manager.cc:1403] T 5b2b44ba01174db7bcd8808e1b06f673 P 332ec0b3e3324f9aa277e15a0c8cb72d: Time spent bootstrapping tablet: real 0.019s	user 0.010s	sys 0.008s
I20260630 12:17:26.512588 16911 tablet_bootstrap.cc:492] T fb528a83b19e4cca864085f409f47e87 P 490d56f982b54e5aaad36f88cb2423b7: Bootstrap starting.
I20260630 12:17:26.512055 16909 tablet_bootstrap.cc:492] T b50dba73795b4686a2ef5460e8217af4 P bb0016044ba24d47897595263b1ae0d7: No bootstrap required, opened a new log
I20260630 12:17:26.514433 16909 ts_tablet_manager.cc:1403] T b50dba73795b4686a2ef5460e8217af4 P bb0016044ba24d47897595263b1ae0d7: Time spent bootstrapping tablet: real 0.025s	user 0.014s	sys 0.009s
I20260630 12:17:26.515280 16910 raft_consensus.cc:359] T 5b2b44ba01174db7bcd8808e1b06f673 P 332ec0b3e3324f9aa277e15a0c8cb72d [term 0 FOLLOWER]: Replica starting. Triggering 0 pending ops. Active config: opid_index: -1 OBSOLETE_local: false peers { permanent_uuid: "bb0016044ba24d47897595263b1ae0d7" member_type: VOTER last_known_addr { host: "127.13.101.195" port: 44987 } } peers { permanent_uuid: "332ec0b3e3324f9aa277e15a0c8cb72d" member_type: VOTER last_known_addr { host: "127.13.101.193" port: 41923 } } peers { permanent_uuid: "490d56f982b54e5aaad36f88cb2423b7" member_type: VOTER last_known_addr { host: "127.13.101.194" port: 39359 } }
I20260630 12:17:26.516063 16910 raft_consensus.cc:385] T 5b2b44ba01174db7bcd8808e1b06f673 P 332ec0b3e3324f9aa277e15a0c8cb72d [term 0 FOLLOWER]: Consensus starting up: Expiring failure detector timer to make a prompt election more likely
I20260630 12:17:26.516363 16910 raft_consensus.cc:740] T 5b2b44ba01174db7bcd8808e1b06f673 P 332ec0b3e3324f9aa277e15a0c8cb72d [term 0 FOLLOWER]: Becoming Follower/Learner. State: Replica: 332ec0b3e3324f9aa277e15a0c8cb72d, State: Initialized, Role: FOLLOWER
I20260630 12:17:26.517139 16910 consensus_queue.cc:260] T 5b2b44ba01174db7bcd8808e1b06f673 P 332ec0b3e3324f9aa277e15a0c8cb72d [NON_LEADER]: Queue going to NON_LEADER mode. State: All replicated index: 0, Majority replicated index: 0, Committed index: 0, Last appended: 0.0, Last appended by leader: 0, Current term: 0, Majority size: -1, State: 0, Mode: NON_LEADER, active raft config: opid_index: -1 OBSOLETE_local: false peers { permanent_uuid: "bb0016044ba24d47897595263b1ae0d7" member_type: VOTER last_known_addr { host: "127.13.101.195" port: 44987 } } peers { permanent_uuid: "332ec0b3e3324f9aa277e15a0c8cb72d" member_type: VOTER last_known_addr { host: "127.13.101.193" port: 41923 } } peers { permanent_uuid: "490d56f982b54e5aaad36f88cb2423b7" member_type: VOTER last_known_addr { host: "127.13.101.194" port: 39359 } }
I20260630 12:17:26.517323 16909 raft_consensus.cc:359] T b50dba73795b4686a2ef5460e8217af4 P bb0016044ba24d47897595263b1ae0d7 [term 0 FOLLOWER]: Replica starting. Triggering 0 pending ops. Active config: opid_index: -1 OBSOLETE_local: false peers { permanent_uuid: "332ec0b3e3324f9aa277e15a0c8cb72d" member_type: VOTER last_known_addr { host: "127.13.101.193" port: 41923 } } peers { permanent_uuid: "490d56f982b54e5aaad36f88cb2423b7" member_type: VOTER last_known_addr { host: "127.13.101.194" port: 39359 } } peers { permanent_uuid: "bb0016044ba24d47897595263b1ae0d7" member_type: VOTER last_known_addr { host: "127.13.101.195" port: 44987 } }
I20260630 12:17:26.518092 16909 raft_consensus.cc:385] T b50dba73795b4686a2ef5460e8217af4 P bb0016044ba24d47897595263b1ae0d7 [term 0 FOLLOWER]: Consensus starting up: Expiring failure detector timer to make a prompt election more likely
I20260630 12:17:26.518415 16909 raft_consensus.cc:740] T b50dba73795b4686a2ef5460e8217af4 P bb0016044ba24d47897595263b1ae0d7 [term 0 FOLLOWER]: Becoming Follower/Learner. State: Replica: bb0016044ba24d47897595263b1ae0d7, State: Initialized, Role: FOLLOWER
I20260630 12:17:26.519160 16910 ts_tablet_manager.cc:1434] T 5b2b44ba01174db7bcd8808e1b06f673 P 332ec0b3e3324f9aa277e15a0c8cb72d: Time spent starting tablet: real 0.007s	user 0.004s	sys 0.000s
I20260630 12:17:26.519203 16909 consensus_queue.cc:260] T b50dba73795b4686a2ef5460e8217af4 P bb0016044ba24d47897595263b1ae0d7 [NON_LEADER]: Queue going to NON_LEADER mode. State: All replicated index: 0, Majority replicated index: 0, Committed index: 0, Last appended: 0.0, Last appended by leader: 0, Current term: 0, Majority size: -1, State: 0, Mode: NON_LEADER, active raft config: opid_index: -1 OBSOLETE_local: false peers { permanent_uuid: "332ec0b3e3324f9aa277e15a0c8cb72d" member_type: VOTER last_known_addr { host: "127.13.101.193" port: 41923 } } peers { permanent_uuid: "490d56f982b54e5aaad36f88cb2423b7" member_type: VOTER last_known_addr { host: "127.13.101.194" port: 39359 } } peers { permanent_uuid: "bb0016044ba24d47897595263b1ae0d7" member_type: VOTER last_known_addr { host: "127.13.101.195" port: 44987 } }
I20260630 12:17:26.520349 16910 tablet_bootstrap.cc:492] T 1a7821f933b14b6dbca9a88c95a35a5a P 332ec0b3e3324f9aa277e15a0c8cb72d: Bootstrap starting.
I20260630 12:17:26.524214 16909 ts_tablet_manager.cc:1434] T b50dba73795b4686a2ef5460e8217af4 P bb0016044ba24d47897595263b1ae0d7: Time spent starting tablet: real 0.009s	user 0.007s	sys 0.000s
I20260630 12:17:26.525250 16909 tablet_bootstrap.cc:492] T 5b2b44ba01174db7bcd8808e1b06f673 P bb0016044ba24d47897595263b1ae0d7: Bootstrap starting.
I20260630 12:17:26.526672 16910 tablet_bootstrap.cc:654] T 1a7821f933b14b6dbca9a88c95a35a5a P 332ec0b3e3324f9aa277e15a0c8cb72d: Neither blocks nor log segments found. Creating new log.
I20260630 12:17:26.531461 16909 tablet_bootstrap.cc:654] T 5b2b44ba01174db7bcd8808e1b06f673 P bb0016044ba24d47897595263b1ae0d7: Neither blocks nor log segments found. Creating new log.
I20260630 12:17:26.538376 16911 tablet_bootstrap.cc:654] T fb528a83b19e4cca864085f409f47e87 P 490d56f982b54e5aaad36f88cb2423b7: Neither blocks nor log segments found. Creating new log.
I20260630 12:17:26.541327 16910 tablet_bootstrap.cc:492] T 1a7821f933b14b6dbca9a88c95a35a5a P 332ec0b3e3324f9aa277e15a0c8cb72d: No bootstrap required, opened a new log
I20260630 12:17:26.541939 16910 ts_tablet_manager.cc:1403] T 1a7821f933b14b6dbca9a88c95a35a5a P 332ec0b3e3324f9aa277e15a0c8cb72d: Time spent bootstrapping tablet: real 0.022s	user 0.011s	sys 0.008s
I20260630 12:17:26.544553 16915 raft_consensus.cc:493] T 1a7821f933b14b6dbca9a88c95a35a5a P bb0016044ba24d47897595263b1ae0d7 [term 0 FOLLOWER]: Starting pre-election (no leader contacted us within the election timeout)
I20260630 12:17:26.545094 16915 raft_consensus.cc:515] T 1a7821f933b14b6dbca9a88c95a35a5a P bb0016044ba24d47897595263b1ae0d7 [term 0 FOLLOWER]: Starting pre-election with config: opid_index: -1 OBSOLETE_local: false peers { permanent_uuid: "490d56f982b54e5aaad36f88cb2423b7" member_type: VOTER last_known_addr { host: "127.13.101.194" port: 39359 } } peers { permanent_uuid: "332ec0b3e3324f9aa277e15a0c8cb72d" member_type: VOTER last_known_addr { host: "127.13.101.193" port: 41923 } } peers { permanent_uuid: "bb0016044ba24d47897595263b1ae0d7" member_type: VOTER last_known_addr { host: "127.13.101.195" port: 44987 } }
I20260630 12:17:26.545231 16910 raft_consensus.cc:359] T 1a7821f933b14b6dbca9a88c95a35a5a P 332ec0b3e3324f9aa277e15a0c8cb72d [term 0 FOLLOWER]: Replica starting. Triggering 0 pending ops. Active config: opid_index: -1 OBSOLETE_local: false peers { permanent_uuid: "490d56f982b54e5aaad36f88cb2423b7" member_type: VOTER last_known_addr { host: "127.13.101.194" port: 39359 } } peers { permanent_uuid: "332ec0b3e3324f9aa277e15a0c8cb72d" member_type: VOTER last_known_addr { host: "127.13.101.193" port: 41923 } } peers { permanent_uuid: "bb0016044ba24d47897595263b1ae0d7" member_type: VOTER last_known_addr { host: "127.13.101.195" port: 44987 } }
I20260630 12:17:26.545950 16910 raft_consensus.cc:385] T 1a7821f933b14b6dbca9a88c95a35a5a P 332ec0b3e3324f9aa277e15a0c8cb72d [term 0 FOLLOWER]: Consensus starting up: Expiring failure detector timer to make a prompt election more likely
I20260630 12:17:26.546257 16910 raft_consensus.cc:740] T 1a7821f933b14b6dbca9a88c95a35a5a P 332ec0b3e3324f9aa277e15a0c8cb72d [term 0 FOLLOWER]: Becoming Follower/Learner. State: Replica: 332ec0b3e3324f9aa277e15a0c8cb72d, State: Initialized, Role: FOLLOWER
I20260630 12:17:26.547164 16910 consensus_queue.cc:260] T 1a7821f933b14b6dbca9a88c95a35a5a P 332ec0b3e3324f9aa277e15a0c8cb72d [NON_LEADER]: Queue going to NON_LEADER mode. State: All replicated index: 0, Majority replicated index: 0, Committed index: 0, Last appended: 0.0, Last appended by leader: 0, Current term: 0, Majority size: -1, State: 0, Mode: NON_LEADER, active raft config: opid_index: -1 OBSOLETE_local: false peers { permanent_uuid: "490d56f982b54e5aaad36f88cb2423b7" member_type: VOTER last_known_addr { host: "127.13.101.194" port: 39359 } } peers { permanent_uuid: "332ec0b3e3324f9aa277e15a0c8cb72d" member_type: VOTER last_known_addr { host: "127.13.101.193" port: 41923 } } peers { permanent_uuid: "bb0016044ba24d47897595263b1ae0d7" member_type: VOTER last_known_addr { host: "127.13.101.195" port: 44987 } }
I20260630 12:17:26.549564 16910 ts_tablet_manager.cc:1434] T 1a7821f933b14b6dbca9a88c95a35a5a P 332ec0b3e3324f9aa277e15a0c8cb72d: Time spent starting tablet: real 0.007s	user 0.006s	sys 0.000s
I20260630 12:17:26.549770 16917 raft_consensus.cc:493] T 1a7821f933b14b6dbca9a88c95a35a5a P 490d56f982b54e5aaad36f88cb2423b7 [term 0 FOLLOWER]: Starting pre-election (no leader contacted us within the election timeout)
I20260630 12:17:26.550603 16910 tablet_bootstrap.cc:492] T b9b7d309ce4c45069ba5cc65ee9d065c P 332ec0b3e3324f9aa277e15a0c8cb72d: Bootstrap starting.
I20260630 12:17:26.550272 16917 raft_consensus.cc:515] T 1a7821f933b14b6dbca9a88c95a35a5a P 490d56f982b54e5aaad36f88cb2423b7 [term 0 FOLLOWER]: Starting pre-election with config: opid_index: -1 OBSOLETE_local: false peers { permanent_uuid: "490d56f982b54e5aaad36f88cb2423b7" member_type: VOTER last_known_addr { host: "127.13.101.194" port: 39359 } } peers { permanent_uuid: "332ec0b3e3324f9aa277e15a0c8cb72d" member_type: VOTER last_known_addr { host: "127.13.101.193" port: 41923 } } peers { permanent_uuid: "bb0016044ba24d47897595263b1ae0d7" member_type: VOTER last_known_addr { host: "127.13.101.195" port: 44987 } }
I20260630 12:17:26.553267 16917 leader_election.cc:290] T 1a7821f933b14b6dbca9a88c95a35a5a P 490d56f982b54e5aaad36f88cb2423b7 [CANDIDATE]: Term 1 pre-election: Requested pre-vote from peers 332ec0b3e3324f9aa277e15a0c8cb72d (127.13.101.193:41923), bb0016044ba24d47897595263b1ae0d7 (127.13.101.195:44987)
I20260630 12:17:26.557513 16910 tablet_bootstrap.cc:654] T b9b7d309ce4c45069ba5cc65ee9d065c P 332ec0b3e3324f9aa277e15a0c8cb72d: Neither blocks nor log segments found. Creating new log.
I20260630 12:17:26.557189 16915 leader_election.cc:290] T 1a7821f933b14b6dbca9a88c95a35a5a P bb0016044ba24d47897595263b1ae0d7 [CANDIDATE]: Term 1 pre-election: Requested pre-vote from peers 490d56f982b54e5aaad36f88cb2423b7 (127.13.101.194:39359), 332ec0b3e3324f9aa277e15a0c8cb72d (127.13.101.193:41923)
I20260630 12:17:26.560209 16909 tablet_bootstrap.cc:492] T 5b2b44ba01174db7bcd8808e1b06f673 P bb0016044ba24d47897595263b1ae0d7: No bootstrap required, opened a new log
I20260630 12:17:26.564005 16909 ts_tablet_manager.cc:1403] T 5b2b44ba01174db7bcd8808e1b06f673 P bb0016044ba24d47897595263b1ae0d7: Time spent bootstrapping tablet: real 0.039s	user 0.018s	sys 0.005s
I20260630 12:17:26.570684 16910 tablet_bootstrap.cc:492] T b9b7d309ce4c45069ba5cc65ee9d065c P 332ec0b3e3324f9aa277e15a0c8cb72d: No bootstrap required, opened a new log
I20260630 12:17:26.571367 16910 ts_tablet_manager.cc:1403] T b9b7d309ce4c45069ba5cc65ee9d065c P 332ec0b3e3324f9aa277e15a0c8cb72d: Time spent bootstrapping tablet: real 0.021s	user 0.004s	sys 0.013s
I20260630 12:17:26.574991 16910 raft_consensus.cc:359] T b9b7d309ce4c45069ba5cc65ee9d065c P 332ec0b3e3324f9aa277e15a0c8cb72d [term 0 FOLLOWER]: Replica starting. Triggering 0 pending ops. Active config: opid_index: -1 OBSOLETE_local: false peers { permanent_uuid: "490d56f982b54e5aaad36f88cb2423b7" member_type: VOTER last_known_addr { host: "127.13.101.194" port: 39359 } } peers { permanent_uuid: "332ec0b3e3324f9aa277e15a0c8cb72d" member_type: VOTER last_known_addr { host: "127.13.101.193" port: 41923 } } peers { permanent_uuid: "bb0016044ba24d47897595263b1ae0d7" member_type: VOTER last_known_addr { host: "127.13.101.195" port: 44987 } }
I20260630 12:17:26.575934 16910 raft_consensus.cc:385] T b9b7d309ce4c45069ba5cc65ee9d065c P 332ec0b3e3324f9aa277e15a0c8cb72d [term 0 FOLLOWER]: Consensus starting up: Expiring failure detector timer to make a prompt election more likely
I20260630 12:17:26.576313 16910 raft_consensus.cc:740] T b9b7d309ce4c45069ba5cc65ee9d065c P 332ec0b3e3324f9aa277e15a0c8cb72d [term 0 FOLLOWER]: Becoming Follower/Learner. State: Replica: 332ec0b3e3324f9aa277e15a0c8cb72d, State: Initialized, Role: FOLLOWER
I20260630 12:17:26.577533 16910 consensus_queue.cc:260] T b9b7d309ce4c45069ba5cc65ee9d065c P 332ec0b3e3324f9aa277e15a0c8cb72d [NON_LEADER]: Queue going to NON_LEADER mode. State: All replicated index: 0, Majority replicated index: 0, Committed index: 0, Last appended: 0.0, Last appended by leader: 0, Current term: 0, Majority size: -1, State: 0, Mode: NON_LEADER, active raft config: opid_index: -1 OBSOLETE_local: false peers { permanent_uuid: "490d56f982b54e5aaad36f88cb2423b7" member_type: VOTER last_known_addr { host: "127.13.101.194" port: 39359 } } peers { permanent_uuid: "332ec0b3e3324f9aa277e15a0c8cb72d" member_type: VOTER last_known_addr { host: "127.13.101.193" port: 41923 } } peers { permanent_uuid: "bb0016044ba24d47897595263b1ae0d7" member_type: VOTER last_known_addr { host: "127.13.101.195" port: 44987 } }
I20260630 12:17:26.580469 16909 raft_consensus.cc:359] T 5b2b44ba01174db7bcd8808e1b06f673 P bb0016044ba24d47897595263b1ae0d7 [term 0 FOLLOWER]: Replica starting. Triggering 0 pending ops. Active config: opid_index: -1 OBSOLETE_local: false peers { permanent_uuid: "bb0016044ba24d47897595263b1ae0d7" member_type: VOTER last_known_addr { host: "127.13.101.195" port: 44987 } } peers { permanent_uuid: "332ec0b3e3324f9aa277e15a0c8cb72d" member_type: VOTER last_known_addr { host: "127.13.101.193" port: 41923 } } peers { permanent_uuid: "490d56f982b54e5aaad36f88cb2423b7" member_type: VOTER last_known_addr { host: "127.13.101.194" port: 39359 } }
I20260630 12:17:26.581405 16909 raft_consensus.cc:385] T 5b2b44ba01174db7bcd8808e1b06f673 P bb0016044ba24d47897595263b1ae0d7 [term 0 FOLLOWER]: Consensus starting up: Expiring failure detector timer to make a prompt election more likely
I20260630 12:17:26.581734 16909 raft_consensus.cc:740] T 5b2b44ba01174db7bcd8808e1b06f673 P bb0016044ba24d47897595263b1ae0d7 [term 0 FOLLOWER]: Becoming Follower/Learner. State: Replica: bb0016044ba24d47897595263b1ae0d7, State: Initialized, Role: FOLLOWER
I20260630 12:17:26.582432 16910 ts_tablet_manager.cc:1434] T b9b7d309ce4c45069ba5cc65ee9d065c P 332ec0b3e3324f9aa277e15a0c8cb72d: Time spent starting tablet: real 0.011s	user 0.009s	sys 0.001s
I20260630 12:17:26.582501 16909 consensus_queue.cc:260] T 5b2b44ba01174db7bcd8808e1b06f673 P bb0016044ba24d47897595263b1ae0d7 [NON_LEADER]: Queue going to NON_LEADER mode. State: All replicated index: 0, Majority replicated index: 0, Committed index: 0, Last appended: 0.0, Last appended by leader: 0, Current term: 0, Majority size: -1, State: 0, Mode: NON_LEADER, active raft config: opid_index: -1 OBSOLETE_local: false peers { permanent_uuid: "bb0016044ba24d47897595263b1ae0d7" member_type: VOTER last_known_addr { host: "127.13.101.195" port: 44987 } } peers { permanent_uuid: "332ec0b3e3324f9aa277e15a0c8cb72d" member_type: VOTER last_known_addr { host: "127.13.101.193" port: 41923 } } peers { permanent_uuid: "490d56f982b54e5aaad36f88cb2423b7" member_type: VOTER last_known_addr { host: "127.13.101.194" port: 39359 } }
I20260630 12:17:26.583659 16910 tablet_bootstrap.cc:492] T b50dba73795b4686a2ef5460e8217af4 P 332ec0b3e3324f9aa277e15a0c8cb72d: Bootstrap starting.
I20260630 12:17:26.586092 16911 tablet_bootstrap.cc:492] T fb528a83b19e4cca864085f409f47e87 P 490d56f982b54e5aaad36f88cb2423b7: No bootstrap required, opened a new log
I20260630 12:17:26.587256 16911 ts_tablet_manager.cc:1403] T fb528a83b19e4cca864085f409f47e87 P 490d56f982b54e5aaad36f88cb2423b7: Time spent bootstrapping tablet: real 0.075s	user 0.006s	sys 0.015s
I20260630 12:17:26.590273 16910 tablet_bootstrap.cc:654] T b50dba73795b4686a2ef5460e8217af4 P 332ec0b3e3324f9aa277e15a0c8cb72d: Neither blocks nor log segments found. Creating new log.
I20260630 12:17:26.593362 16911 raft_consensus.cc:359] T fb528a83b19e4cca864085f409f47e87 P 490d56f982b54e5aaad36f88cb2423b7 [term 0 FOLLOWER]: Replica starting. Triggering 0 pending ops. Active config: opid_index: -1 OBSOLETE_local: false peers { permanent_uuid: "490d56f982b54e5aaad36f88cb2423b7" member_type: VOTER last_known_addr { host: "127.13.101.194" port: 39359 } } peers { permanent_uuid: "332ec0b3e3324f9aa277e15a0c8cb72d" member_type: VOTER last_known_addr { host: "127.13.101.193" port: 41923 } } peers { permanent_uuid: "bb0016044ba24d47897595263b1ae0d7" member_type: VOTER last_known_addr { host: "127.13.101.195" port: 44987 } }
I20260630 12:17:26.595968 16911 raft_consensus.cc:385] T fb528a83b19e4cca864085f409f47e87 P 490d56f982b54e5aaad36f88cb2423b7 [term 0 FOLLOWER]: Consensus starting up: Expiring failure detector timer to make a prompt election more likely
I20260630 12:17:26.597007 16911 raft_consensus.cc:740] T fb528a83b19e4cca864085f409f47e87 P 490d56f982b54e5aaad36f88cb2423b7 [term 0 FOLLOWER]: Becoming Follower/Learner. State: Replica: 490d56f982b54e5aaad36f88cb2423b7, State: Initialized, Role: FOLLOWER
I20260630 12:17:26.599291 16911 consensus_queue.cc:260] T fb528a83b19e4cca864085f409f47e87 P 490d56f982b54e5aaad36f88cb2423b7 [NON_LEADER]: Queue going to NON_LEADER mode. State: All replicated index: 0, Majority replicated index: 0, Committed index: 0, Last appended: 0.0, Last appended by leader: 0, Current term: 0, Majority size: -1, State: 0, Mode: NON_LEADER, active raft config: opid_index: -1 OBSOLETE_local: false peers { permanent_uuid: "490d56f982b54e5aaad36f88cb2423b7" member_type: VOTER last_known_addr { host: "127.13.101.194" port: 39359 } } peers { permanent_uuid: "332ec0b3e3324f9aa277e15a0c8cb72d" member_type: VOTER last_known_addr { host: "127.13.101.193" port: 41923 } } peers { permanent_uuid: "bb0016044ba24d47897595263b1ae0d7" member_type: VOTER last_known_addr { host: "127.13.101.195" port: 44987 } }
I20260630 12:17:26.602171 16715 tablet_service.cc:1917] Received RequestConsensusVote() RPC: tablet_id: "1a7821f933b14b6dbca9a88c95a35a5a" candidate_uuid: "bb0016044ba24d47897595263b1ae0d7" candidate_term: 1 candidate_status { last_received { term: 0 index: 0 } } ignore_live_leader: false dest_uuid: "332ec0b3e3324f9aa277e15a0c8cb72d" is_pre_election: true
I20260630 12:17:26.604830 16909 ts_tablet_manager.cc:1434] T 5b2b44ba01174db7bcd8808e1b06f673 P bb0016044ba24d47897595263b1ae0d7: Time spent starting tablet: real 0.040s	user 0.009s	sys 0.000s
I20260630 12:17:26.605075 16715 raft_consensus.cc:2468] T 1a7821f933b14b6dbca9a88c95a35a5a P 332ec0b3e3324f9aa277e15a0c8cb72d [term 0 FOLLOWER]: Leader pre-election vote request: Granting yes vote for candidate bb0016044ba24d47897595263b1ae0d7 in term 0.
I20260630 12:17:26.607079 16829 leader_election.cc:304] T 1a7821f933b14b6dbca9a88c95a35a5a P bb0016044ba24d47897595263b1ae0d7 [CANDIDATE]: Term 1 pre-election: Election decided. Result: candidate won. Election summary: received 2 responses out of 3 voters: 2 yes votes; 0 no votes. yes voters: 332ec0b3e3324f9aa277e15a0c8cb72d, bb0016044ba24d47897595263b1ae0d7; no voters: 
I20260630 12:17:26.609588 16915 raft_consensus.cc:2804] T 1a7821f933b14b6dbca9a88c95a35a5a P bb0016044ba24d47897595263b1ae0d7 [term 0 FOLLOWER]: Leader pre-election won for term 1
I20260630 12:17:26.610123 16915 raft_consensus.cc:493] T 1a7821f933b14b6dbca9a88c95a35a5a P bb0016044ba24d47897595263b1ae0d7 [term 0 FOLLOWER]: Starting leader election (no leader contacted us within the election timeout)
I20260630 12:17:26.610563 16915 raft_consensus.cc:3060] T 1a7821f933b14b6dbca9a88c95a35a5a P bb0016044ba24d47897595263b1ae0d7 [term 0 FOLLOWER]: Advancing to term 1
I20260630 12:17:26.606948 16909 tablet_bootstrap.cc:492] T fb528a83b19e4cca864085f409f47e87 P bb0016044ba24d47897595263b1ae0d7: Bootstrap starting.
I20260630 12:17:26.616391 16911 ts_tablet_manager.cc:1434] T fb528a83b19e4cca864085f409f47e87 P 490d56f982b54e5aaad36f88cb2423b7: Time spent starting tablet: real 0.028s	user 0.007s	sys 0.001s
I20260630 12:17:26.617460 16911 tablet_bootstrap.cc:492] T b9b7d309ce4c45069ba5cc65ee9d065c P 490d56f982b54e5aaad36f88cb2423b7: Bootstrap starting.
I20260630 12:17:26.624015 16911 tablet_bootstrap.cc:654] T b9b7d309ce4c45069ba5cc65ee9d065c P 490d56f982b54e5aaad36f88cb2423b7: Neither blocks nor log segments found. Creating new log.
I20260630 12:17:26.625800 16910 tablet_bootstrap.cc:492] T b50dba73795b4686a2ef5460e8217af4 P 332ec0b3e3324f9aa277e15a0c8cb72d: No bootstrap required, opened a new log
I20260630 12:17:26.626403 16910 ts_tablet_manager.cc:1403] T b50dba73795b4686a2ef5460e8217af4 P 332ec0b3e3324f9aa277e15a0c8cb72d: Time spent bootstrapping tablet: real 0.043s	user 0.022s	sys 0.014s
I20260630 12:17:26.626538 16715 tablet_service.cc:1917] Received RequestConsensusVote() RPC: tablet_id: "1a7821f933b14b6dbca9a88c95a35a5a" candidate_uuid: "490d56f982b54e5aaad36f88cb2423b7" candidate_term: 1 candidate_status { last_received { term: 0 index: 0 } } ignore_live_leader: false dest_uuid: "332ec0b3e3324f9aa277e15a0c8cb72d" is_pre_election: true
I20260630 12:17:26.627218 16715 raft_consensus.cc:2468] T 1a7821f933b14b6dbca9a88c95a35a5a P 332ec0b3e3324f9aa277e15a0c8cb72d [term 0 FOLLOWER]: Leader pre-election vote request: Granting yes vote for candidate 490d56f982b54e5aaad36f88cb2423b7 in term 0.
I20260630 12:17:26.629359 16910 raft_consensus.cc:359] T b50dba73795b4686a2ef5460e8217af4 P 332ec0b3e3324f9aa277e15a0c8cb72d [term 0 FOLLOWER]: Replica starting. Triggering 0 pending ops. Active config: opid_index: -1 OBSOLETE_local: false peers { permanent_uuid: "332ec0b3e3324f9aa277e15a0c8cb72d" member_type: VOTER last_known_addr { host: "127.13.101.193" port: 41923 } } peers { permanent_uuid: "490d56f982b54e5aaad36f88cb2423b7" member_type: VOTER last_known_addr { host: "127.13.101.194" port: 39359 } } peers { permanent_uuid: "bb0016044ba24d47897595263b1ae0d7" member_type: VOTER last_known_addr { host: "127.13.101.195" port: 44987 } }
I20260630 12:17:26.633791 16910 raft_consensus.cc:385] T b50dba73795b4686a2ef5460e8217af4 P 332ec0b3e3324f9aa277e15a0c8cb72d [term 0 FOLLOWER]: Consensus starting up: Expiring failure detector timer to make a prompt election more likely
I20260630 12:17:26.634121 16910 raft_consensus.cc:740] T b50dba73795b4686a2ef5460e8217af4 P 332ec0b3e3324f9aa277e15a0c8cb72d [term 0 FOLLOWER]: Becoming Follower/Learner. State: Replica: 332ec0b3e3324f9aa277e15a0c8cb72d, State: Initialized, Role: FOLLOWER
I20260630 12:17:26.635017 16910 consensus_queue.cc:260] T b50dba73795b4686a2ef5460e8217af4 P 332ec0b3e3324f9aa277e15a0c8cb72d [NON_LEADER]: Queue going to NON_LEADER mode. State: All replicated index: 0, Majority replicated index: 0, Committed index: 0, Last appended: 0.0, Last appended by leader: 0, Current term: 0, Majority size: -1, State: 0, Mode: NON_LEADER, active raft config: opid_index: -1 OBSOLETE_local: false peers { permanent_uuid: "332ec0b3e3324f9aa277e15a0c8cb72d" member_type: VOTER last_known_addr { host: "127.13.101.193" port: 41923 } } peers { permanent_uuid: "490d56f982b54e5aaad36f88cb2423b7" member_type: VOTER last_known_addr { host: "127.13.101.194" port: 39359 } } peers { permanent_uuid: "bb0016044ba24d47897595263b1ae0d7" member_type: VOTER last_known_addr { host: "127.13.101.195" port: 44987 } }
I20260630 12:17:26.635795 16790 tablet_service.cc:1917] Received RequestConsensusVote() RPC: tablet_id: "1a7821f933b14b6dbca9a88c95a35a5a" candidate_uuid: "bb0016044ba24d47897595263b1ae0d7" candidate_term: 1 candidate_status { last_received { term: 0 index: 0 } } ignore_live_leader: false dest_uuid: "490d56f982b54e5aaad36f88cb2423b7" is_pre_election: true
I20260630 12:17:26.636495 16790 raft_consensus.cc:2468] T 1a7821f933b14b6dbca9a88c95a35a5a P 490d56f982b54e5aaad36f88cb2423b7 [term 0 FOLLOWER]: Leader pre-election vote request: Granting yes vote for candidate bb0016044ba24d47897595263b1ae0d7 in term 0.
I20260630 12:17:26.629793 16755 leader_election.cc:304] T 1a7821f933b14b6dbca9a88c95a35a5a P 490d56f982b54e5aaad36f88cb2423b7 [CANDIDATE]: Term 1 pre-election: Election decided. Result: candidate won. Election summary: received 2 responses out of 3 voters: 2 yes votes; 0 no votes. yes voters: 332ec0b3e3324f9aa277e15a0c8cb72d, 490d56f982b54e5aaad36f88cb2423b7; no voters: 
I20260630 12:17:26.639315 16917 raft_consensus.cc:2804] T 1a7821f933b14b6dbca9a88c95a35a5a P 490d56f982b54e5aaad36f88cb2423b7 [term 0 FOLLOWER]: Leader pre-election won for term 1
I20260630 12:17:26.639724 16917 raft_consensus.cc:493] T 1a7821f933b14b6dbca9a88c95a35a5a P 490d56f982b54e5aaad36f88cb2423b7 [term 0 FOLLOWER]: Starting leader election (no leader contacted us within the election timeout)
I20260630 12:17:26.639686 16915 raft_consensus.cc:515] T 1a7821f933b14b6dbca9a88c95a35a5a P bb0016044ba24d47897595263b1ae0d7 [term 1 FOLLOWER]: Starting leader election with config: opid_index: -1 OBSOLETE_local: false peers { permanent_uuid: "490d56f982b54e5aaad36f88cb2423b7" member_type: VOTER last_known_addr { host: "127.13.101.194" port: 39359 } } peers { permanent_uuid: "332ec0b3e3324f9aa277e15a0c8cb72d" member_type: VOTER last_known_addr { host: "127.13.101.193" port: 41923 } } peers { permanent_uuid: "bb0016044ba24d47897595263b1ae0d7" member_type: VOTER last_known_addr { host: "127.13.101.195" port: 44987 } }
I20260630 12:17:26.640326 16917 raft_consensus.cc:3060] T 1a7821f933b14b6dbca9a88c95a35a5a P 490d56f982b54e5aaad36f88cb2423b7 [term 0 FOLLOWER]: Advancing to term 1
I20260630 12:17:26.642903 16790 tablet_service.cc:1917] Received RequestConsensusVote() RPC: tablet_id: "1a7821f933b14b6dbca9a88c95a35a5a" candidate_uuid: "bb0016044ba24d47897595263b1ae0d7" candidate_term: 1 candidate_status { last_received { term: 0 index: 0 } } ignore_live_leader: false dest_uuid: "490d56f982b54e5aaad36f88cb2423b7"
I20260630 12:17:26.644609 16910 ts_tablet_manager.cc:1434] T b50dba73795b4686a2ef5460e8217af4 P 332ec0b3e3324f9aa277e15a0c8cb72d: Time spent starting tablet: real 0.018s	user 0.005s	sys 0.004s
I20260630 12:17:26.645620 16715 tablet_service.cc:1917] Received RequestConsensusVote() RPC: tablet_id: "1a7821f933b14b6dbca9a88c95a35a5a" candidate_uuid: "bb0016044ba24d47897595263b1ae0d7" candidate_term: 1 candidate_status { last_received { term: 0 index: 0 } } ignore_live_leader: false dest_uuid: "332ec0b3e3324f9aa277e15a0c8cb72d"
I20260630 12:17:26.646191 16715 raft_consensus.cc:3060] T 1a7821f933b14b6dbca9a88c95a35a5a P 332ec0b3e3324f9aa277e15a0c8cb72d [term 0 FOLLOWER]: Advancing to term 1
I20260630 12:17:26.647620 16910 tablet_bootstrap.cc:492] T f034fc36b13f4b35b14ffb636ae84919 P 332ec0b3e3324f9aa277e15a0c8cb72d: Bootstrap starting.
I20260630 12:17:26.655216 16715 raft_consensus.cc:2468] T 1a7821f933b14b6dbca9a88c95a35a5a P 332ec0b3e3324f9aa277e15a0c8cb72d [term 1 FOLLOWER]: Leader election vote request: Granting yes vote for candidate bb0016044ba24d47897595263b1ae0d7 in term 1.
I20260630 12:17:26.655666 16864 tablet_service.cc:1917] Received RequestConsensusVote() RPC: tablet_id: "1a7821f933b14b6dbca9a88c95a35a5a" candidate_uuid: "490d56f982b54e5aaad36f88cb2423b7" candidate_term: 1 candidate_status { last_received { term: 0 index: 0 } } ignore_live_leader: false dest_uuid: "bb0016044ba24d47897595263b1ae0d7" is_pre_election: true
I20260630 12:17:26.658036 16864 raft_consensus.cc:2393] T 1a7821f933b14b6dbca9a88c95a35a5a P bb0016044ba24d47897595263b1ae0d7 [term 1 FOLLOWER]: Leader pre-election vote request: Denying vote to candidate 490d56f982b54e5aaad36f88cb2423b7 in current term 1: Already voted for candidate bb0016044ba24d47897595263b1ae0d7 in this term.
I20260630 12:17:26.657398 16917 raft_consensus.cc:515] T 1a7821f933b14b6dbca9a88c95a35a5a P 490d56f982b54e5aaad36f88cb2423b7 [term 1 FOLLOWER]: Starting leader election with config: opid_index: -1 OBSOLETE_local: false peers { permanent_uuid: "490d56f982b54e5aaad36f88cb2423b7" member_type: VOTER last_known_addr { host: "127.13.101.194" port: 39359 } } peers { permanent_uuid: "332ec0b3e3324f9aa277e15a0c8cb72d" member_type: VOTER last_known_addr { host: "127.13.101.193" port: 41923 } } peers { permanent_uuid: "bb0016044ba24d47897595263b1ae0d7" member_type: VOTER last_known_addr { host: "127.13.101.195" port: 44987 } }
I20260630 12:17:26.659097 16910 tablet_bootstrap.cc:654] T f034fc36b13f4b35b14ffb636ae84919 P 332ec0b3e3324f9aa277e15a0c8cb72d: Neither blocks nor log segments found. Creating new log.
I20260630 12:17:26.659304 16790 raft_consensus.cc:2393] T 1a7821f933b14b6dbca9a88c95a35a5a P 490d56f982b54e5aaad36f88cb2423b7 [term 1 FOLLOWER]: Leader election vote request: Denying vote to candidate bb0016044ba24d47897595263b1ae0d7 in current term 1: Already voted for candidate 490d56f982b54e5aaad36f88cb2423b7 in this term.
I20260630 12:17:26.655486 16909 tablet_bootstrap.cc:654] T fb528a83b19e4cca864085f409f47e87 P bb0016044ba24d47897595263b1ae0d7: Neither blocks nor log segments found. Creating new log.
I20260630 12:17:26.657109 16915 leader_election.cc:290] T 1a7821f933b14b6dbca9a88c95a35a5a P bb0016044ba24d47897595263b1ae0d7 [CANDIDATE]: Term 1 election: Requested vote from peers 490d56f982b54e5aaad36f88cb2423b7 (127.13.101.194:39359), 332ec0b3e3324f9aa277e15a0c8cb72d (127.13.101.193:41923)
I20260630 12:17:26.665374 16829 leader_election.cc:304] T 1a7821f933b14b6dbca9a88c95a35a5a P bb0016044ba24d47897595263b1ae0d7 [CANDIDATE]: Term 1 election: Election decided. Result: candidate won. Election summary: received 2 responses out of 3 voters: 2 yes votes; 0 no votes. yes voters: 332ec0b3e3324f9aa277e15a0c8cb72d, bb0016044ba24d47897595263b1ae0d7; no voters: 
I20260630 12:17:26.666348 16915 raft_consensus.cc:2804] T 1a7821f933b14b6dbca9a88c95a35a5a P bb0016044ba24d47897595263b1ae0d7 [term 1 FOLLOWER]: Leader election won for term 1
I20260630 12:17:26.670789 16909 tablet_bootstrap.cc:492] T fb528a83b19e4cca864085f409f47e87 P bb0016044ba24d47897595263b1ae0d7: No bootstrap required, opened a new log
I20260630 12:17:26.671988 16909 ts_tablet_manager.cc:1403] T fb528a83b19e4cca864085f409f47e87 P bb0016044ba24d47897595263b1ae0d7: Time spent bootstrapping tablet: real 0.065s	user 0.008s	sys 0.007s
I20260630 12:17:26.671236 16915 raft_consensus.cc:697] T 1a7821f933b14b6dbca9a88c95a35a5a P bb0016044ba24d47897595263b1ae0d7 [term 1 LEADER]: Becoming Leader. State: Replica: bb0016044ba24d47897595263b1ae0d7, State: Running, Role: LEADER
I20260630 12:17:26.673022 16915 consensus_queue.cc:237] T 1a7821f933b14b6dbca9a88c95a35a5a P bb0016044ba24d47897595263b1ae0d7 [LEADER]: Queue going to LEADER mode. State: All replicated index: 0, Majority replicated index: 0, Committed index: 0, Last appended: 0.0, Last appended by leader: 0, Current term: 1, Majority size: 2, State: 0, Mode: LEADER, active raft config: opid_index: -1 OBSOLETE_local: false peers { permanent_uuid: "490d56f982b54e5aaad36f88cb2423b7" member_type: VOTER last_known_addr { host: "127.13.101.194" port: 39359 } } peers { permanent_uuid: "332ec0b3e3324f9aa277e15a0c8cb72d" member_type: VOTER last_known_addr { host: "127.13.101.193" port: 41923 } } peers { permanent_uuid: "bb0016044ba24d47897595263b1ae0d7" member_type: VOTER last_known_addr { host: "127.13.101.195" port: 44987 } }
I20260630 12:17:26.674188 16910 tablet_bootstrap.cc:492] T f034fc36b13f4b35b14ffb636ae84919 P 332ec0b3e3324f9aa277e15a0c8cb72d: No bootstrap required, opened a new log
I20260630 12:17:26.674750 16910 ts_tablet_manager.cc:1403] T f034fc36b13f4b35b14ffb636ae84919 P 332ec0b3e3324f9aa277e15a0c8cb72d: Time spent bootstrapping tablet: real 0.027s	user 0.015s	sys 0.002s
I20260630 12:17:26.676826 16715 tablet_service.cc:1917] Received RequestConsensusVote() RPC: tablet_id: "1a7821f933b14b6dbca9a88c95a35a5a" candidate_uuid: "490d56f982b54e5aaad36f88cb2423b7" candidate_term: 1 candidate_status { last_received { term: 0 index: 0 } } ignore_live_leader: false dest_uuid: "332ec0b3e3324f9aa277e15a0c8cb72d"
I20260630 12:17:26.677526 16917 leader_election.cc:290] T 1a7821f933b14b6dbca9a88c95a35a5a P 490d56f982b54e5aaad36f88cb2423b7 [CANDIDATE]: Term 1 election: Requested vote from peers 332ec0b3e3324f9aa277e15a0c8cb72d (127.13.101.193:41923), bb0016044ba24d47897595263b1ae0d7 (127.13.101.195:44987)
I20260630 12:17:26.678191 16864 tablet_service.cc:1917] Received RequestConsensusVote() RPC: tablet_id: "1a7821f933b14b6dbca9a88c95a35a5a" candidate_uuid: "490d56f982b54e5aaad36f88cb2423b7" candidate_term: 1 candidate_status { last_received { term: 0 index: 0 } } ignore_live_leader: false dest_uuid: "bb0016044ba24d47897595263b1ae0d7"
I20260630 12:17:26.677896 16910 raft_consensus.cc:359] T f034fc36b13f4b35b14ffb636ae84919 P 332ec0b3e3324f9aa277e15a0c8cb72d [term 0 FOLLOWER]: Replica starting. Triggering 0 pending ops. Active config: opid_index: -1 OBSOLETE_local: false peers { permanent_uuid: "332ec0b3e3324f9aa277e15a0c8cb72d" member_type: VOTER last_known_addr { host: "127.13.101.193" port: 41923 } } peers { permanent_uuid: "490d56f982b54e5aaad36f88cb2423b7" member_type: VOTER last_known_addr { host: "127.13.101.194" port: 39359 } } peers { permanent_uuid: "bb0016044ba24d47897595263b1ae0d7" member_type: VOTER last_known_addr { host: "127.13.101.195" port: 44987 } }
I20260630 12:17:26.679071 16910 raft_consensus.cc:385] T f034fc36b13f4b35b14ffb636ae84919 P 332ec0b3e3324f9aa277e15a0c8cb72d [term 0 FOLLOWER]: Consensus starting up: Expiring failure detector timer to make a prompt election more likely
I20260630 12:17:26.679400 16910 raft_consensus.cc:740] T f034fc36b13f4b35b14ffb636ae84919 P 332ec0b3e3324f9aa277e15a0c8cb72d [term 0 FOLLOWER]: Becoming Follower/Learner. State: Replica: 332ec0b3e3324f9aa277e15a0c8cb72d, State: Initialized, Role: FOLLOWER
I20260630 12:17:26.680076 16715 raft_consensus.cc:2393] T 1a7821f933b14b6dbca9a88c95a35a5a P 332ec0b3e3324f9aa277e15a0c8cb72d [term 1 FOLLOWER]: Leader election vote request: Denying vote to candidate 490d56f982b54e5aaad36f88cb2423b7 in current term 1: Already voted for candidate bb0016044ba24d47897595263b1ae0d7 in this term.
I20260630 12:17:26.680305 16910 consensus_queue.cc:260] T f034fc36b13f4b35b14ffb636ae84919 P 332ec0b3e3324f9aa277e15a0c8cb72d [NON_LEADER]: Queue going to NON_LEADER mode. State: All replicated index: 0, Majority replicated index: 0, Committed index: 0, Last appended: 0.0, Last appended by leader: 0, Current term: 0, Majority size: -1, State: 0, Mode: NON_LEADER, active raft config: opid_index: -1 OBSOLETE_local: false peers { permanent_uuid: "332ec0b3e3324f9aa277e15a0c8cb72d" member_type: VOTER last_known_addr { host: "127.13.101.193" port: 41923 } } peers { permanent_uuid: "490d56f982b54e5aaad36f88cb2423b7" member_type: VOTER last_known_addr { host: "127.13.101.194" port: 39359 } } peers { permanent_uuid: "bb0016044ba24d47897595263b1ae0d7" member_type: VOTER last_known_addr { host: "127.13.101.195" port: 44987 } }
