I20260630 12:18:06.952931 18239 consensus_queue.cc:260] T f2672c51a417430d88aa94dca8d0b12b P 4cc7ed77dc6d40ebaae314115ae252ed [NON_LEADER]: Queue going to NON_LEADER mode. State: All replicated index: 0, Majority replicated index: 0, Committed index: 0, Last appended: 0.0, Last appended by leader: 0, Current term: 0, Majority size: -1, State: 0, Mode: NON_LEADER, active raft config: opid_index: -1 OBSOLETE_local: false peers { permanent_uuid: "04ff9aa57293413896865f122944b6a7" member_type: VOTER last_known_addr { host: "127.13.66.193" port: 37455 } } peers { permanent_uuid: "61915578827e4b8289c6b30c04b33d02" member_type: VOTER last_known_addr { host: "127.13.66.194" port: 33819 } } peers { permanent_uuid: "4cc7ed77dc6d40ebaae314115ae252ed" member_type: VOTER last_known_addr { host: "127.13.66.195" port: 46155 } }
I20260630 12:18:06.953922 18240 raft_consensus.cc:359] T a69ded3b264b48009ea5f1cfa07b81ac P 61915578827e4b8289c6b30c04b33d02 [term 0 FOLLOWER]: Replica starting. Triggering 0 pending ops. Active config: opid_index: -1 OBSOLETE_local: false peers { permanent_uuid: "04ff9aa57293413896865f122944b6a7" member_type: VOTER last_known_addr { host: "127.13.66.193" port: 37455 } } peers { permanent_uuid: "61915578827e4b8289c6b30c04b33d02" member_type: VOTER last_known_addr { host: "127.13.66.194" port: 33819 } } peers { permanent_uuid: "4cc7ed77dc6d40ebaae314115ae252ed" member_type: VOTER last_known_addr { host: "127.13.66.195" port: 46155 } }
I20260630 12:18:06.954672 18240 raft_consensus.cc:385] T a69ded3b264b48009ea5f1cfa07b81ac P 61915578827e4b8289c6b30c04b33d02 [term 0 FOLLOWER]: Consensus starting up: Expiring failure detector timer to make a prompt election more likely
I20260630 12:18:06.957198 18008 leader_election.cc:304] T e7290e5bda484f7587a35769abd997f8 P 04ff9aa57293413896865f122944b6a7 [CANDIDATE]: Term 1 election: Election decided. Result: candidate won. Election summary: received 2 responses out of 3 voters: 2 yes votes; 0 no votes. yes voters: 04ff9aa57293413896865f122944b6a7, 61915578827e4b8289c6b30c04b33d02; no voters: 
I20260630 12:18:06.958091 18260 raft_consensus.cc:2804] T e7290e5bda484f7587a35769abd997f8 P 04ff9aa57293413896865f122944b6a7 [term 1 FOLLOWER]: Leader election won for term 1
I20260630 12:18:06.958597 18260 raft_consensus.cc:697] T e7290e5bda484f7587a35769abd997f8 P 04ff9aa57293413896865f122944b6a7 [term 1 LEADER]: Becoming Leader. State: Replica: 04ff9aa57293413896865f122944b6a7, State: Running, Role: LEADER
I20260630 12:18:06.958750 18239 ts_tablet_manager.cc:1434] T f2672c51a417430d88aa94dca8d0b12b P 4cc7ed77dc6d40ebaae314115ae252ed: Time spent starting tablet: real 0.029s	user 0.004s	sys 0.003s
I20260630 12:18:06.959753 18239 tablet_bootstrap.cc:492] T fb0fac2645d74b13b25fcae86dc66783 P 4cc7ed77dc6d40ebaae314115ae252ed: Bootstrap starting.
I20260630 12:18:06.959421 18260 consensus_queue.cc:237] T e7290e5bda484f7587a35769abd997f8 P 04ff9aa57293413896865f122944b6a7 [LEADER]: Queue going to LEADER mode. State: All replicated index: 0, Majority replicated index: 0, Committed index: 0, Last appended: 0.0, Last appended by leader: 0, Current term: 1, Majority size: 2, State: 0, Mode: LEADER, active raft config: opid_index: -1 OBSOLETE_local: false peers { permanent_uuid: "04ff9aa57293413896865f122944b6a7" member_type: VOTER last_known_addr { host: "127.13.66.193" port: 37455 } } peers { permanent_uuid: "61915578827e4b8289c6b30c04b33d02" member_type: VOTER last_known_addr { host: "127.13.66.194" port: 33819 } } peers { permanent_uuid: "4cc7ed77dc6d40ebaae314115ae252ed" member_type: VOTER last_known_addr { host: "127.13.66.195" port: 46155 } }
I20260630 12:18:06.956902 18240 raft_consensus.cc:740] T a69ded3b264b48009ea5f1cfa07b81ac P 61915578827e4b8289c6b30c04b33d02 [term 0 FOLLOWER]: Becoming Follower/Learner. State: Replica: 61915578827e4b8289c6b30c04b33d02, State: Initialized, Role: FOLLOWER
I20260630 12:18:06.966634 18240 consensus_queue.cc:260] T a69ded3b264b48009ea5f1cfa07b81ac P 61915578827e4b8289c6b30c04b33d02 [NON_LEADER]: Queue going to NON_LEADER mode. State: All replicated index: 0, Majority replicated index: 0, Committed index: 0, Last appended: 0.0, Last appended by leader: 0, Current term: 0, Majority size: -1, State: 0, Mode: NON_LEADER, active raft config: opid_index: -1 OBSOLETE_local: false peers { permanent_uuid: "04ff9aa57293413896865f122944b6a7" member_type: VOTER last_known_addr { host: "127.13.66.193" port: 37455 } } peers { permanent_uuid: "61915578827e4b8289c6b30c04b33d02" member_type: VOTER last_known_addr { host: "127.13.66.194" port: 33819 } } peers { permanent_uuid: "4cc7ed77dc6d40ebaae314115ae252ed" member_type: VOTER last_known_addr { host: "127.13.66.195" port: 46155 } }
I20260630 12:18:06.969098 18240 ts_tablet_manager.cc:1434] T a69ded3b264b48009ea5f1cfa07b81ac P 61915578827e4b8289c6b30c04b33d02: Time spent starting tablet: real 0.024s	user 0.006s	sys 0.000s
I20260630 12:18:06.970239 18240 tablet_bootstrap.cc:492] T a0ed78c3b26f4c5ab0a878ef10eb41ad P 61915578827e4b8289c6b30c04b33d02: Bootstrap starting.
I20260630 12:18:06.962527 18241 tablet_bootstrap.cc:492] T b4fc0bf647ce4e57b6175626f463b6d0 P 04ff9aa57293413896865f122944b6a7: No bootstrap required, opened a new log
I20260630 12:18:06.975190 18192 raft_consensus.cc:2468] T e7290e5bda484f7587a35769abd997f8 P 4cc7ed77dc6d40ebaae314115ae252ed [term 1 FOLLOWER]: Leader election vote request: Granting yes vote for candidate 04ff9aa57293413896865f122944b6a7 in term 1.
I20260630 12:18:06.975601 18279 raft_consensus.cc:2749] T a70b7309050f4bb08777aa478168ab6d P 4cc7ed77dc6d40ebaae314115ae252ed [term 1 FOLLOWER]: Leader pre-election lost for term 1. Reason: could not achieve majority
I20260630 12:18:06.977928 18241 ts_tablet_manager.cc:1403] T b4fc0bf647ce4e57b6175626f463b6d0 P 04ff9aa57293413896865f122944b6a7: Time spent bootstrapping tablet: real 0.076s	user 0.028s	sys 0.019s
I20260630 12:18:06.981778 18241 raft_consensus.cc:359] T b4fc0bf647ce4e57b6175626f463b6d0 P 04ff9aa57293413896865f122944b6a7 [term 0 FOLLOWER]: Replica starting. Triggering 0 pending ops. Active config: opid_index: -1 OBSOLETE_local: false peers { permanent_uuid: "04ff9aa57293413896865f122944b6a7" member_type: VOTER last_known_addr { host: "127.13.66.193" port: 37455 } } peers { permanent_uuid: "61915578827e4b8289c6b30c04b33d02" member_type: VOTER last_known_addr { host: "127.13.66.194" port: 33819 } } peers { permanent_uuid: "4cc7ed77dc6d40ebaae314115ae252ed" member_type: VOTER last_known_addr { host: "127.13.66.195" port: 46155 } }
I20260630 12:18:06.982605 18241 raft_consensus.cc:385] T b4fc0bf647ce4e57b6175626f463b6d0 P 04ff9aa57293413896865f122944b6a7 [term 0 FOLLOWER]: Consensus starting up: Expiring failure detector timer to make a prompt election more likely
I20260630 12:18:06.982934 18241 raft_consensus.cc:740] T b4fc0bf647ce4e57b6175626f463b6d0 P 04ff9aa57293413896865f122944b6a7 [term 0 FOLLOWER]: Becoming Follower/Learner. State: Replica: 04ff9aa57293413896865f122944b6a7, State: Initialized, Role: FOLLOWER
I20260630 12:18:06.985095 18194 raft_consensus.cc:2468] T a70b7309050f4bb08777aa478168ab6d P 4cc7ed77dc6d40ebaae314115ae252ed [term 1 FOLLOWER]: Leader election vote request: Granting yes vote for candidate 61915578827e4b8289c6b30c04b33d02 in term 1.
W20260630 12:18:06.963835 18157 outbound_call.cc:321] RPC callback for RPC call kudu.consensus.ConsensusService.RequestConsensusVote -> {remote=127.13.66.194:33819, user_credentials={real_user=slave}} blocked reactor thread for 61992.8us
I20260630 12:18:06.987025 18085 leader_election.cc:304] T a70b7309050f4bb08777aa478168ab6d P 61915578827e4b8289c6b30c04b33d02 [CANDIDATE]: Term 1 election: Election decided. Result: candidate won. Election summary: received 3 responses out of 3 voters: 2 yes votes; 1 no votes. yes voters: 4cc7ed77dc6d40ebaae314115ae252ed, 61915578827e4b8289c6b30c04b33d02; no voters: 04ff9aa57293413896865f122944b6a7
I20260630 12:18:06.987258 18239 tablet_bootstrap.cc:654] T fb0fac2645d74b13b25fcae86dc66783 P 4cc7ed77dc6d40ebaae314115ae252ed: Neither blocks nor log segments found. Creating new log.
I20260630 12:18:06.987854 18247 raft_consensus.cc:2804] T a70b7309050f4bb08777aa478168ab6d P 61915578827e4b8289c6b30c04b33d02 [term 1 FOLLOWER]: Leader election won for term 1
I20260630 12:18:07.006317 18247 raft_consensus.cc:697] T a70b7309050f4bb08777aa478168ab6d P 61915578827e4b8289c6b30c04b33d02 [term 1 LEADER]: Becoming Leader. State: Replica: 61915578827e4b8289c6b30c04b33d02, State: Running, Role: LEADER
I20260630 12:18:07.013527 18247 consensus_queue.cc:237] T a70b7309050f4bb08777aa478168ab6d P 61915578827e4b8289c6b30c04b33d02 [LEADER]: Queue going to LEADER mode. State: All replicated index: 0, Majority replicated index: 0, Committed index: 0, Last appended: 0.0, Last appended by leader: 0, Current term: 1, Majority size: 2, State: 0, Mode: LEADER, active raft config: opid_index: -1 OBSOLETE_local: false peers { permanent_uuid: "04ff9aa57293413896865f122944b6a7" member_type: VOTER last_known_addr { host: "127.13.66.193" port: 37455 } } peers { permanent_uuid: "61915578827e4b8289c6b30c04b33d02" member_type: VOTER last_known_addr { host: "127.13.66.194" port: 33819 } } peers { permanent_uuid: "4cc7ed77dc6d40ebaae314115ae252ed" member_type: VOTER last_known_addr { host: "127.13.66.195" port: 46155 } }
I20260630 12:18:07.017138 18240 tablet_bootstrap.cc:654] T a0ed78c3b26f4c5ab0a878ef10eb41ad P 61915578827e4b8289c6b30c04b33d02: Neither blocks nor log segments found. Creating new log.
I20260630 12:18:06.999224 18241 consensus_queue.cc:260] T b4fc0bf647ce4e57b6175626f463b6d0 P 04ff9aa57293413896865f122944b6a7 [NON_LEADER]: Queue going to NON_LEADER mode. State: All replicated index: 0, Majority replicated index: 0, Committed index: 0, Last appended: 0.0, Last appended by leader: 0, Current term: 0, Majority size: -1, State: 0, Mode: NON_LEADER, active raft config: opid_index: -1 OBSOLETE_local: false peers { permanent_uuid: "04ff9aa57293413896865f122944b6a7" member_type: VOTER last_known_addr { host: "127.13.66.193" port: 37455 } } peers { permanent_uuid: "61915578827e4b8289c6b30c04b33d02" member_type: VOTER last_known_addr { host: "127.13.66.194" port: 33819 } } peers { permanent_uuid: "4cc7ed77dc6d40ebaae314115ae252ed" member_type: VOTER last_known_addr { host: "127.13.66.195" port: 46155 } }
I20260630 12:18:07.026357 18239 tablet_bootstrap.cc:492] T fb0fac2645d74b13b25fcae86dc66783 P 4cc7ed77dc6d40ebaae314115ae252ed: No bootstrap required, opened a new log
I20260630 12:18:07.026901 18239 ts_tablet_manager.cc:1403] T fb0fac2645d74b13b25fcae86dc66783 P 4cc7ed77dc6d40ebaae314115ae252ed: Time spent bootstrapping tablet: real 0.067s	user 0.006s	sys 0.006s
I20260630 12:18:07.027920 18241 ts_tablet_manager.cc:1434] T b4fc0bf647ce4e57b6175626f463b6d0 P 04ff9aa57293413896865f122944b6a7: Time spent starting tablet: real 0.050s	user 0.007s	sys 0.000s
I20260630 12:18:07.029220 18241 tablet_bootstrap.cc:492] T fb0fac2645d74b13b25fcae86dc66783 P 04ff9aa57293413896865f122944b6a7: Bootstrap starting.
I20260630 12:18:07.029649 18239 raft_consensus.cc:359] T fb0fac2645d74b13b25fcae86dc66783 P 4cc7ed77dc6d40ebaae314115ae252ed [term 0 FOLLOWER]: Replica starting. Triggering 0 pending ops. Active config: opid_index: -1 OBSOLETE_local: false peers { permanent_uuid: "04ff9aa57293413896865f122944b6a7" member_type: VOTER last_known_addr { host: "127.13.66.193" port: 37455 } } peers { permanent_uuid: "61915578827e4b8289c6b30c04b33d02" member_type: VOTER last_known_addr { host: "127.13.66.194" port: 33819 } } peers { permanent_uuid: "4cc7ed77dc6d40ebaae314115ae252ed" member_type: VOTER last_known_addr { host: "127.13.66.195" port: 46155 } }
I20260630 12:18:07.030407 18239 raft_consensus.cc:385] T fb0fac2645d74b13b25fcae86dc66783 P 4cc7ed77dc6d40ebaae314115ae252ed [term 0 FOLLOWER]: Consensus starting up: Expiring failure detector timer to make a prompt election more likely
I20260630 12:18:07.029891 17942 catalog_manager.cc:5697] T e0990a2e1a634dec8bc0ec4d28a3567e P 04ff9aa57293413896865f122944b6a7 reported cstate change: term changed from 0 to 1, leader changed from <none> to 04ff9aa57293413896865f122944b6a7 (127.13.66.193). New cstate: current_term: 1 leader_uuid: "04ff9aa57293413896865f122944b6a7" committed_config { opid_index: -1 OBSOLETE_local: false peers { permanent_uuid: "04ff9aa57293413896865f122944b6a7" member_type: VOTER last_known_addr { host: "127.13.66.193" port: 37455 } health_report { overall_health: HEALTHY } } peers { permanent_uuid: "61915578827e4b8289c6b30c04b33d02" member_type: VOTER last_known_addr { host: "127.13.66.194" port: 33819 } health_report { overall_health: UNKNOWN } } peers { permanent_uuid: "4cc7ed77dc6d40ebaae314115ae252ed" member_type: VOTER last_known_addr { host: "127.13.66.195" port: 46155 } health_report { overall_health: UNKNOWN } } }
I20260630 12:18:07.030714 18239 raft_consensus.cc:740] T fb0fac2645d74b13b25fcae86dc66783 P 4cc7ed77dc6d40ebaae314115ae252ed [term 0 FOLLOWER]: Becoming Follower/Learner. State: Replica: 4cc7ed77dc6d40ebaae314115ae252ed, State: Initialized, Role: FOLLOWER
I20260630 12:18:07.031642 18239 consensus_queue.cc:260] T fb0fac2645d74b13b25fcae86dc66783 P 4cc7ed77dc6d40ebaae314115ae252ed [NON_LEADER]: Queue going to NON_LEADER mode. State: All replicated index: 0, Majority replicated index: 0, Committed index: 0, Last appended: 0.0, Last appended by leader: 0, Current term: 0, Majority size: -1, State: 0, Mode: NON_LEADER, active raft config: opid_index: -1 OBSOLETE_local: false peers { permanent_uuid: "04ff9aa57293413896865f122944b6a7" member_type: VOTER last_known_addr { host: "127.13.66.193" port: 37455 } } peers { permanent_uuid: "61915578827e4b8289c6b30c04b33d02" member_type: VOTER last_known_addr { host: "127.13.66.194" port: 33819 } } peers { permanent_uuid: "4cc7ed77dc6d40ebaae314115ae252ed" member_type: VOTER last_known_addr { host: "127.13.66.195" port: 46155 } }
I20260630 12:18:07.040468 18241 tablet_bootstrap.cc:654] T fb0fac2645d74b13b25fcae86dc66783 P 04ff9aa57293413896865f122944b6a7: Neither blocks nor log segments found. Creating new log.
I20260630 12:18:07.040922 18240 tablet_bootstrap.cc:492] T a0ed78c3b26f4c5ab0a878ef10eb41ad P 61915578827e4b8289c6b30c04b33d02: No bootstrap required, opened a new log
I20260630 12:18:07.041456 18240 ts_tablet_manager.cc:1403] T a0ed78c3b26f4c5ab0a878ef10eb41ad P 61915578827e4b8289c6b30c04b33d02: Time spent bootstrapping tablet: real 0.071s	user 0.015s	sys 0.000s
I20260630 12:18:07.044586 18239 ts_tablet_manager.cc:1434] T fb0fac2645d74b13b25fcae86dc66783 P 4cc7ed77dc6d40ebaae314115ae252ed: Time spent starting tablet: real 0.017s	user 0.004s	sys 0.002s
I20260630 12:18:07.044679 18240 raft_consensus.cc:359] T a0ed78c3b26f4c5ab0a878ef10eb41ad P 61915578827e4b8289c6b30c04b33d02 [term 0 FOLLOWER]: Replica starting. Triggering 0 pending ops. Active config: opid_index: -1 OBSOLETE_local: false peers { permanent_uuid: "04ff9aa57293413896865f122944b6a7" member_type: VOTER last_known_addr { host: "127.13.66.193" port: 37455 } } peers { permanent_uuid: "61915578827e4b8289c6b30c04b33d02" member_type: VOTER last_known_addr { host: "127.13.66.194" port: 33819 } } peers { permanent_uuid: "4cc7ed77dc6d40ebaae314115ae252ed" member_type: VOTER last_known_addr { host: "127.13.66.195" port: 46155 } }
I20260630 12:18:07.045506 18240 raft_consensus.cc:385] T a0ed78c3b26f4c5ab0a878ef10eb41ad P 61915578827e4b8289c6b30c04b33d02 [term 0 FOLLOWER]: Consensus starting up: Expiring failure detector timer to make a prompt election more likely
I20260630 12:18:07.045678 18239 tablet_bootstrap.cc:492] T 83ceb45b4fc648489b4b73444ddc86a6 P 4cc7ed77dc6d40ebaae314115ae252ed: Bootstrap starting.
I20260630 12:18:07.045856 18240 raft_consensus.cc:740] T a0ed78c3b26f4c5ab0a878ef10eb41ad P 61915578827e4b8289c6b30c04b33d02 [term 0 FOLLOWER]: Becoming Follower/Learner. State: Replica: 61915578827e4b8289c6b30c04b33d02, State: Initialized, Role: FOLLOWER
I20260630 12:18:07.046794 18240 consensus_queue.cc:260] T a0ed78c3b26f4c5ab0a878ef10eb41ad P 61915578827e4b8289c6b30c04b33d02 [NON_LEADER]: Queue going to NON_LEADER mode. State: All replicated index: 0, Majority replicated index: 0, Committed index: 0, Last appended: 0.0, Last appended by leader: 0, Current term: 0, Majority size: -1, State: 0, Mode: NON_LEADER, active raft config: opid_index: -1 OBSOLETE_local: false peers { permanent_uuid: "04ff9aa57293413896865f122944b6a7" member_type: VOTER last_known_addr { host: "127.13.66.193" port: 37455 } } peers { permanent_uuid: "61915578827e4b8289c6b30c04b33d02" member_type: VOTER last_known_addr { host: "127.13.66.194" port: 33819 } } peers { permanent_uuid: "4cc7ed77dc6d40ebaae314115ae252ed" member_type: VOTER last_known_addr { host: "127.13.66.195" port: 46155 } }
I20260630 12:18:07.049351 18240 ts_tablet_manager.cc:1434] T a0ed78c3b26f4c5ab0a878ef10eb41ad P 61915578827e4b8289c6b30c04b33d02: Time spent starting tablet: real 0.008s	user 0.008s	sys 0.000s
I20260630 12:18:07.049363 18241 tablet_bootstrap.cc:492] T fb0fac2645d74b13b25fcae86dc66783 P 04ff9aa57293413896865f122944b6a7: No bootstrap required, opened a new log
I20260630 12:18:07.050132 18241 ts_tablet_manager.cc:1403] T fb0fac2645d74b13b25fcae86dc66783 P 04ff9aa57293413896865f122944b6a7: Time spent bootstrapping tablet: real 0.021s	user 0.010s	sys 0.002s
I20260630 12:18:07.050618 18240 tablet_bootstrap.cc:492] T 83ceb45b4fc648489b4b73444ddc86a6 P 61915578827e4b8289c6b30c04b33d02: Bootstrap starting.
I20260630 12:18:07.051452 18239 tablet_bootstrap.cc:654] T 83ceb45b4fc648489b4b73444ddc86a6 P 4cc7ed77dc6d40ebaae314115ae252ed: Neither blocks nor log segments found. Creating new log.
I20260630 12:18:07.053038 18241 raft_consensus.cc:359] T fb0fac2645d74b13b25fcae86dc66783 P 04ff9aa57293413896865f122944b6a7 [term 0 FOLLOWER]: Replica starting. Triggering 0 pending ops. Active config: opid_index: -1 OBSOLETE_local: false peers { permanent_uuid: "04ff9aa57293413896865f122944b6a7" member_type: VOTER last_known_addr { host: "127.13.66.193" port: 37455 } } peers { permanent_uuid: "61915578827e4b8289c6b30c04b33d02" member_type: VOTER last_known_addr { host: "127.13.66.194" port: 33819 } } peers { permanent_uuid: "4cc7ed77dc6d40ebaae314115ae252ed" member_type: VOTER last_known_addr { host: "127.13.66.195" port: 46155 } }
I20260630 12:18:07.053776 18241 raft_consensus.cc:385] T fb0fac2645d74b13b25fcae86dc66783 P 04ff9aa57293413896865f122944b6a7 [term 0 FOLLOWER]: Consensus starting up: Expiring failure detector timer to make a prompt election more likely
I20260630 12:18:07.054168 18241 raft_consensus.cc:740] T fb0fac2645d74b13b25fcae86dc66783 P 04ff9aa57293413896865f122944b6a7 [term 0 FOLLOWER]: Becoming Follower/Learner. State: Replica: 04ff9aa57293413896865f122944b6a7, State: Initialized, Role: FOLLOWER
I20260630 12:18:07.055420 18241 consensus_queue.cc:260] T fb0fac2645d74b13b25fcae86dc66783 P 04ff9aa57293413896865f122944b6a7 [NON_LEADER]: Queue going to NON_LEADER mode. State: All replicated index: 0, Majority replicated index: 0, Committed index: 0, Last appended: 0.0, Last appended by leader: 0, Current term: 0, Majority size: -1, State: 0, Mode: NON_LEADER, active raft config: opid_index: -1 OBSOLETE_local: false peers { permanent_uuid: "04ff9aa57293413896865f122944b6a7" member_type: VOTER last_known_addr { host: "127.13.66.193" port: 37455 } } peers { permanent_uuid: "61915578827e4b8289c6b30c04b33d02" member_type: VOTER last_known_addr { host: "127.13.66.194" port: 33819 } } peers { permanent_uuid: "4cc7ed77dc6d40ebaae314115ae252ed" member_type: VOTER last_known_addr { host: "127.13.66.195" port: 46155 } }
I20260630 12:18:07.058189 18241 ts_tablet_manager.cc:1434] T fb0fac2645d74b13b25fcae86dc66783 P 04ff9aa57293413896865f122944b6a7: Time spent starting tablet: real 0.008s	user 0.002s	sys 0.003s
I20260630 12:18:07.059595 18241 tablet_bootstrap.cc:492] T a70b7309050f4bb08777aa478168ab6d P 04ff9aa57293413896865f122944b6a7: Bootstrap starting.
I20260630 12:18:07.060196 18240 tablet_bootstrap.cc:654] T 83ceb45b4fc648489b4b73444ddc86a6 P 61915578827e4b8289c6b30c04b33d02: Neither blocks nor log segments found. Creating new log.
I20260630 12:18:07.057873 17941 catalog_manager.cc:5697] T a70b7309050f4bb08777aa478168ab6d P 61915578827e4b8289c6b30c04b33d02 reported cstate change: term changed from 0 to 1, leader changed from <none> to 61915578827e4b8289c6b30c04b33d02 (127.13.66.194). New cstate: current_term: 1 leader_uuid: "61915578827e4b8289c6b30c04b33d02" committed_config { opid_index: -1 OBSOLETE_local: false peers { permanent_uuid: "04ff9aa57293413896865f122944b6a7" member_type: VOTER last_known_addr { host: "127.13.66.193" port: 37455 } health_report { overall_health: UNKNOWN } } peers { permanent_uuid: "61915578827e4b8289c6b30c04b33d02" member_type: VOTER last_known_addr { host: "127.13.66.194" port: 33819 } health_report { overall_health: HEALTHY } } peers { permanent_uuid: "4cc7ed77dc6d40ebaae314115ae252ed" member_type: VOTER last_known_addr { host: "127.13.66.195" port: 46155 } health_report { overall_health: UNKNOWN } } }
I20260630 12:18:07.073488 18282 raft_consensus.cc:493] T b4fc0bf647ce4e57b6175626f463b6d0 P 4cc7ed77dc6d40ebaae314115ae252ed [term 0 FOLLOWER]: Starting pre-election (no leader contacted us within the election timeout)
I20260630 12:18:07.074105 18282 raft_consensus.cc:515] T b4fc0bf647ce4e57b6175626f463b6d0 P 4cc7ed77dc6d40ebaae314115ae252ed [term 0 FOLLOWER]: Starting pre-election with config: opid_index: -1 OBSOLETE_local: false peers { permanent_uuid: "04ff9aa57293413896865f122944b6a7" member_type: VOTER last_known_addr { host: "127.13.66.193" port: 37455 } } peers { permanent_uuid: "61915578827e4b8289c6b30c04b33d02" member_type: VOTER last_known_addr { host: "127.13.66.194" port: 33819 } } peers { permanent_uuid: "4cc7ed77dc6d40ebaae314115ae252ed" member_type: VOTER last_known_addr { host: "127.13.66.195" port: 46155 } }
I20260630 12:18:07.075151 18241 tablet_bootstrap.cc:654] T a70b7309050f4bb08777aa478168ab6d P 04ff9aa57293413896865f122944b6a7: Neither blocks nor log segments found. Creating new log.
I20260630 12:18:07.076435 18282 leader_election.cc:290] T b4fc0bf647ce4e57b6175626f463b6d0 P 4cc7ed77dc6d40ebaae314115ae252ed [CANDIDATE]: Term 1 pre-election: Requested pre-vote from peers 04ff9aa57293413896865f122944b6a7 (127.13.66.193:37455), 61915578827e4b8289c6b30c04b33d02 (127.13.66.194:33819)
I20260630 12:18:07.078008 18118 tablet_service.cc:1917] Received RequestConsensusVote() RPC: tablet_id: "b4fc0bf647ce4e57b6175626f463b6d0" candidate_uuid: "4cc7ed77dc6d40ebaae314115ae252ed" candidate_term: 1 candidate_status { last_received { term: 0 index: 0 } } ignore_live_leader: false dest_uuid: "61915578827e4b8289c6b30c04b33d02" is_pre_election: true
I20260630 12:18:07.079854 18043 tablet_service.cc:1917] Received RequestConsensusVote() RPC: tablet_id: "b4fc0bf647ce4e57b6175626f463b6d0" candidate_uuid: "4cc7ed77dc6d40ebaae314115ae252ed" candidate_term: 1 candidate_status { last_received { term: 0 index: 0 } } ignore_live_leader: false dest_uuid: "04ff9aa57293413896865f122944b6a7" is_pre_election: true
I20260630 12:18:07.080809 18043 raft_consensus.cc:2468] T b4fc0bf647ce4e57b6175626f463b6d0 P 04ff9aa57293413896865f122944b6a7 [term 0 FOLLOWER]: Leader pre-election vote request: Granting yes vote for candidate 4cc7ed77dc6d40ebaae314115ae252ed in term 0.
I20260630 12:18:07.082608 18157 leader_election.cc:304] T b4fc0bf647ce4e57b6175626f463b6d0 P 4cc7ed77dc6d40ebaae314115ae252ed [CANDIDATE]: Term 1 pre-election: Election decided. Result: candidate won. Election summary: received 2 responses out of 3 voters: 2 yes votes; 0 no votes. yes voters: 04ff9aa57293413896865f122944b6a7, 4cc7ed77dc6d40ebaae314115ae252ed; no voters: 
W20260630 12:18:07.084123 18157 leader_election.cc:343] T b4fc0bf647ce4e57b6175626f463b6d0 P 4cc7ed77dc6d40ebaae314115ae252ed [CANDIDATE]: Term 1 pre-election: Tablet error from VoteRequest() call to peer 61915578827e4b8289c6b30c04b33d02 (127.13.66.194:33819): Illegal state: must be running to vote when last-logged opid is not known
I20260630 12:18:07.085005 18282 raft_consensus.cc:2804] T b4fc0bf647ce4e57b6175626f463b6d0 P 4cc7ed77dc6d40ebaae314115ae252ed [term 0 FOLLOWER]: Leader pre-election won for term 1
I20260630 12:18:07.085398 18282 raft_consensus.cc:493] T b4fc0bf647ce4e57b6175626f463b6d0 P 4cc7ed77dc6d40ebaae314115ae252ed [term 0 FOLLOWER]: Starting leader election (no leader contacted us within the election timeout)
I20260630 12:18:07.085770 18282 raft_consensus.cc:3060] T b4fc0bf647ce4e57b6175626f463b6d0 P 4cc7ed77dc6d40ebaae314115ae252ed [term 0 FOLLOWER]: Advancing to term 1
I20260630 12:18:07.089633 18241 tablet_bootstrap.cc:492] T a70b7309050f4bb08777aa478168ab6d P 04ff9aa57293413896865f122944b6a7: No bootstrap required, opened a new log
I20260630 12:18:07.090468 18241 ts_tablet_manager.cc:1403] T a70b7309050f4bb08777aa478168ab6d P 04ff9aa57293413896865f122944b6a7: Time spent bootstrapping tablet: real 0.031s	user 0.009s	sys 0.012s
I20260630 12:18:07.093035 18239 tablet_bootstrap.cc:492] T 83ceb45b4fc648489b4b73444ddc86a6 P 4cc7ed77dc6d40ebaae314115ae252ed: No bootstrap required, opened a new log
I20260630 12:18:07.093549 18239 ts_tablet_manager.cc:1403] T 83ceb45b4fc648489b4b73444ddc86a6 P 4cc7ed77dc6d40ebaae314115ae252ed: Time spent bootstrapping tablet: real 0.048s	user 0.022s	sys 0.023s
I20260630 12:18:07.093268 18241 raft_consensus.cc:359] T a70b7309050f4bb08777aa478168ab6d P 04ff9aa57293413896865f122944b6a7 [term 0 FOLLOWER]: Replica starting. Triggering 0 pending ops. Active config: opid_index: -1 OBSOLETE_local: false peers { permanent_uuid: "04ff9aa57293413896865f122944b6a7" member_type: VOTER last_known_addr { host: "127.13.66.193" port: 37455 } } peers { permanent_uuid: "61915578827e4b8289c6b30c04b33d02" member_type: VOTER last_known_addr { host: "127.13.66.194" port: 33819 } } peers { permanent_uuid: "4cc7ed77dc6d40ebaae314115ae252ed" member_type: VOTER last_known_addr { host: "127.13.66.195" port: 46155 } }
I20260630 12:18:07.093932 18241 raft_consensus.cc:385] T a70b7309050f4bb08777aa478168ab6d P 04ff9aa57293413896865f122944b6a7 [term 0 FOLLOWER]: Consensus starting up: Expiring failure detector timer to make a prompt election more likely
I20260630 12:18:07.094250 18241 raft_consensus.cc:740] T a70b7309050f4bb08777aa478168ab6d P 04ff9aa57293413896865f122944b6a7 [term 0 FOLLOWER]: Becoming Follower/Learner. State: Replica: 04ff9aa57293413896865f122944b6a7, State: Initialized, Role: FOLLOWER
I20260630 12:18:07.095062 18241 consensus_queue.cc:260] T a70b7309050f4bb08777aa478168ab6d P 04ff9aa57293413896865f122944b6a7 [NON_LEADER]: Queue going to NON_LEADER mode. State: All replicated index: 0, Majority replicated index: 0, Committed index: 0, Last appended: 0.0, Last appended by leader: 0, Current term: 0, Majority size: -1, State: 0, Mode: NON_LEADER, active raft config: opid_index: -1 OBSOLETE_local: false peers { permanent_uuid: "04ff9aa57293413896865f122944b6a7" member_type: VOTER last_known_addr { host: "127.13.66.193" port: 37455 } } peers { permanent_uuid: "61915578827e4b8289c6b30c04b33d02" member_type: VOTER last_known_addr { host: "127.13.66.194" port: 33819 } } peers { permanent_uuid: "4cc7ed77dc6d40ebaae314115ae252ed" member_type: VOTER last_known_addr { host: "127.13.66.195" port: 46155 } }
I20260630 12:18:07.096230 18239 raft_consensus.cc:359] T 83ceb45b4fc648489b4b73444ddc86a6 P 4cc7ed77dc6d40ebaae314115ae252ed [term 0 FOLLOWER]: Replica starting. Triggering 0 pending ops. Active config: opid_index: -1 OBSOLETE_local: false peers { permanent_uuid: "04ff9aa57293413896865f122944b6a7" member_type: VOTER last_known_addr { host: "127.13.66.193" port: 37455 } } peers { permanent_uuid: "61915578827e4b8289c6b30c04b33d02" member_type: VOTER last_known_addr { host: "127.13.66.194" port: 33819 } } peers { permanent_uuid: "4cc7ed77dc6d40ebaae314115ae252ed" member_type: VOTER last_known_addr { host: "127.13.66.195" port: 46155 } }
I20260630 12:18:07.096899 18239 raft_consensus.cc:385] T 83ceb45b4fc648489b4b73444ddc86a6 P 4cc7ed77dc6d40ebaae314115ae252ed [term 0 FOLLOWER]: Consensus starting up: Expiring failure detector timer to make a prompt election more likely
I20260630 12:18:07.097034 18241 ts_tablet_manager.cc:1434] T a70b7309050f4bb08777aa478168ab6d P 04ff9aa57293413896865f122944b6a7: Time spent starting tablet: real 0.006s	user 0.004s	sys 0.000s
I20260630 12:18:07.097167 18239 raft_consensus.cc:740] T 83ceb45b4fc648489b4b73444ddc86a6 P 4cc7ed77dc6d40ebaae314115ae252ed [term 0 FOLLOWER]: Becoming Follower/Learner. State: Replica: 4cc7ed77dc6d40ebaae314115ae252ed, State: Initialized, Role: FOLLOWER
I20260630 12:18:07.097951 18241 tablet_bootstrap.cc:492] T a0ed78c3b26f4c5ab0a878ef10eb41ad P 04ff9aa57293413896865f122944b6a7: Bootstrap starting.
I20260630 12:18:07.097849 18239 consensus_queue.cc:260] T 83ceb45b4fc648489b4b73444ddc86a6 P 4cc7ed77dc6d40ebaae314115ae252ed [NON_LEADER]: Queue going to NON_LEADER mode. State: All replicated index: 0, Majority replicated index: 0, Committed index: 0, Last appended: 0.0, Last appended by leader: 0, Current term: 0, Majority size: -1, State: 0, Mode: NON_LEADER, active raft config: opid_index: -1 OBSOLETE_local: false peers { permanent_uuid: "04ff9aa57293413896865f122944b6a7" member_type: VOTER last_known_addr { host: "127.13.66.193" port: 37455 } } peers { permanent_uuid: "61915578827e4b8289c6b30c04b33d02" member_type: VOTER last_known_addr { host: "127.13.66.194" port: 33819 } } peers { permanent_uuid: "4cc7ed77dc6d40ebaae314115ae252ed" member_type: VOTER last_known_addr { host: "127.13.66.195" port: 46155 } }
I20260630 12:18:07.076426 18240 tablet_bootstrap.cc:492] T 83ceb45b4fc648489b4b73444ddc86a6 P 61915578827e4b8289c6b30c04b33d02: No bootstrap required, opened a new log
I20260630 12:18:07.099056 18240 ts_tablet_manager.cc:1403] T 83ceb45b4fc648489b4b73444ddc86a6 P 61915578827e4b8289c6b30c04b33d02: Time spent bootstrapping tablet: real 0.049s	user 0.013s	sys 0.000s
I20260630 12:18:07.101125 18240 raft_consensus.cc:359] T 83ceb45b4fc648489b4b73444ddc86a6 P 61915578827e4b8289c6b30c04b33d02 [term 0 FOLLOWER]: Replica starting. Triggering 0 pending ops. Active config: opid_index: -1 OBSOLETE_local: false peers { permanent_uuid: "04ff9aa57293413896865f122944b6a7" member_type: VOTER last_known_addr { host: "127.13.66.193" port: 37455 } } peers { permanent_uuid: "61915578827e4b8289c6b30c04b33d02" member_type: VOTER last_known_addr { host: "127.13.66.194" port: 33819 } } peers { permanent_uuid: "4cc7ed77dc6d40ebaae314115ae252ed" member_type: VOTER last_known_addr { host: "127.13.66.195" port: 46155 } }
I20260630 12:18:07.101666 18240 raft_consensus.cc:385] T 83ceb45b4fc648489b4b73444ddc86a6 P 61915578827e4b8289c6b30c04b33d02 [term 0 FOLLOWER]: Consensus starting up: Expiring failure detector timer to make a prompt election more likely
I20260630 12:18:07.101955 18240 raft_consensus.cc:740] T 83ceb45b4fc648489b4b73444ddc86a6 P 61915578827e4b8289c6b30c04b33d02 [term 0 FOLLOWER]: Becoming Follower/Learner. State: Replica: 61915578827e4b8289c6b30c04b33d02, State: Initialized, Role: FOLLOWER
I20260630 12:18:07.101946 18282 raft_consensus.cc:515] T b4fc0bf647ce4e57b6175626f463b6d0 P 4cc7ed77dc6d40ebaae314115ae252ed [term 1 FOLLOWER]: Starting leader election with config: opid_index: -1 OBSOLETE_local: false peers { permanent_uuid: "04ff9aa57293413896865f122944b6a7" member_type: VOTER last_known_addr { host: "127.13.66.193" port: 37455 } } peers { permanent_uuid: "61915578827e4b8289c6b30c04b33d02" member_type: VOTER last_known_addr { host: "127.13.66.194" port: 33819 } } peers { permanent_uuid: "4cc7ed77dc6d40ebaae314115ae252ed" member_type: VOTER last_known_addr { host: "127.13.66.195" port: 46155 } }
I20260630 12:18:07.103080 18240 consensus_queue.cc:260] T 83ceb45b4fc648489b4b73444ddc86a6 P 61915578827e4b8289c6b30c04b33d02 [NON_LEADER]: Queue going to NON_LEADER mode. State: All replicated index: 0, Majority replicated index: 0, Committed index: 0, Last appended: 0.0, Last appended by leader: 0, Current term: 0, Majority size: -1, State: 0, Mode: NON_LEADER, active raft config: opid_index: -1 OBSOLETE_local: false peers { permanent_uuid: "04ff9aa57293413896865f122944b6a7" member_type: VOTER last_known_addr { host: "127.13.66.193" port: 37455 } } peers { permanent_uuid: "61915578827e4b8289c6b30c04b33d02" member_type: VOTER last_known_addr { host: "127.13.66.194" port: 33819 } } peers { permanent_uuid: "4cc7ed77dc6d40ebaae314115ae252ed" member_type: VOTER last_known_addr { host: "127.13.66.195" port: 46155 } }
I20260630 12:18:07.103821 18241 tablet_bootstrap.cc:654] T a0ed78c3b26f4c5ab0a878ef10eb41ad P 04ff9aa57293413896865f122944b6a7: Neither blocks nor log segments found. Creating new log.
I20260630 12:18:07.104243 18282 leader_election.cc:290] T b4fc0bf647ce4e57b6175626f463b6d0 P 4cc7ed77dc6d40ebaae314115ae252ed [CANDIDATE]: Term 1 election: Requested vote from peers 04ff9aa57293413896865f122944b6a7 (127.13.66.193:37455), 61915578827e4b8289c6b30c04b33d02 (127.13.66.194:33819)
I20260630 12:18:07.105353 18240 ts_tablet_manager.cc:1434] T 83ceb45b4fc648489b4b73444ddc86a6 P 61915578827e4b8289c6b30c04b33d02: Time spent starting tablet: real 0.006s	user 0.004s	sys 0.000s
I20260630 12:18:07.106003 18239 ts_tablet_manager.cc:1434] T 83ceb45b4fc648489b4b73444ddc86a6 P 4cc7ed77dc6d40ebaae314115ae252ed: Time spent starting tablet: real 0.012s	user 0.007s	sys 0.000s
I20260630 12:18:07.107075 18239 tablet_bootstrap.cc:492] T a69ded3b264b48009ea5f1cfa07b81ac P 4cc7ed77dc6d40ebaae314115ae252ed: Bootstrap starting.
I20260630 12:18:07.111385 18118 tablet_service.cc:1917] Received RequestConsensusVote() RPC: tablet_id: "b4fc0bf647ce4e57b6175626f463b6d0" candidate_uuid: "4cc7ed77dc6d40ebaae314115ae252ed" candidate_term: 1 candidate_status { last_received { term: 0 index: 0 } } ignore_live_leader: false dest_uuid: "61915578827e4b8289c6b30c04b33d02"
I20260630 12:18:07.113024 18043 tablet_service.cc:1917] Received RequestConsensusVote() RPC: tablet_id: "b4fc0bf647ce4e57b6175626f463b6d0" candidate_uuid: "4cc7ed77dc6d40ebaae314115ae252ed" candidate_term: 1 candidate_status { last_received { term: 0 index: 0 } } ignore_live_leader: false dest_uuid: "04ff9aa57293413896865f122944b6a7"
I20260630 12:18:07.113629 18043 raft_consensus.cc:3060] T b4fc0bf647ce4e57b6175626f463b6d0 P 04ff9aa57293413896865f122944b6a7 [term 0 FOLLOWER]: Advancing to term 1
I20260630 12:18:07.115419 18239 tablet_bootstrap.cc:654] T a69ded3b264b48009ea5f1cfa07b81ac P 4cc7ed77dc6d40ebaae314115ae252ed: Neither blocks nor log segments found. Creating new log.
W20260630 12:18:07.122866 18157 leader_election.cc:343] T b4fc0bf647ce4e57b6175626f463b6d0 P 4cc7ed77dc6d40ebaae314115ae252ed [CANDIDATE]: Term 1 election: Tablet error from VoteRequest() call to peer 61915578827e4b8289c6b30c04b33d02 (127.13.66.194:33819): Illegal state: must be running to vote when last-logged opid is not known
I20260630 12:18:07.126508 18240 tablet_bootstrap.cc:492] T f2672c51a417430d88aa94dca8d0b12b P 61915578827e4b8289c6b30c04b33d02: Bootstrap starting.
I20260630 12:18:07.128098 17942 catalog_manager.cc:5697] T 608634359de543baa98bf838d20a76e0 P 04ff9aa57293413896865f122944b6a7 reported cstate change: term changed from 0 to 1, leader changed from <none> to 04ff9aa57293413896865f122944b6a7 (127.13.66.193). New cstate: current_term: 1 leader_uuid: "04ff9aa57293413896865f122944b6a7" committed_config { opid_index: -1 OBSOLETE_local: false peers { permanent_uuid: "4cc7ed77dc6d40ebaae314115ae252ed" member_type: VOTER last_known_addr { host: "127.13.66.195" port: 46155 } health_report { overall_health: UNKNOWN } } peers { permanent_uuid: "61915578827e4b8289c6b30c04b33d02" member_type: VOTER last_known_addr { host: "127.13.66.194" port: 33819 } health_report { overall_health: UNKNOWN } } peers { permanent_uuid: "04ff9aa57293413896865f122944b6a7" member_type: VOTER last_known_addr { host: "127.13.66.193" port: 37455 } health_report { overall_health: HEALTHY } } }
I20260630 12:18:07.133586 18240 tablet_bootstrap.cc:654] T f2672c51a417430d88aa94dca8d0b12b P 61915578827e4b8289c6b30c04b33d02: Neither blocks nor log segments found. Creating new log.
I20260630 12:18:07.139138 18043 raft_consensus.cc:2468] T b4fc0bf647ce4e57b6175626f463b6d0 P 04ff9aa57293413896865f122944b6a7 [term 1 FOLLOWER]: Leader election vote request: Granting yes vote for candidate 4cc7ed77dc6d40ebaae314115ae252ed in term 1.
I20260630 12:18:07.140587 18157 leader_election.cc:304] T b4fc0bf647ce4e57b6175626f463b6d0 P 4cc7ed77dc6d40ebaae314115ae252ed [CANDIDATE]: Term 1 election: Election decided. Result: candidate won. Election summary: received 3 responses out of 3 voters: 2 yes votes; 1 no votes. yes voters: 04ff9aa57293413896865f122944b6a7, 4cc7ed77dc6d40ebaae314115ae252ed; no voters: 61915578827e4b8289c6b30c04b33d02
I20260630 12:18:07.141767 18282 raft_consensus.cc:2804] T b4fc0bf647ce4e57b6175626f463b6d0 P 4cc7ed77dc6d40ebaae314115ae252ed [term 1 FOLLOWER]: Leader election won for term 1
I20260630 12:18:07.139901 17942 catalog_manager.cc:5697] T e7290e5bda484f7587a35769abd997f8 P 04ff9aa57293413896865f122944b6a7 reported cstate change: term changed from 0 to 1, leader changed from <none> to 04ff9aa57293413896865f122944b6a7 (127.13.66.193). New cstate: current_term: 1 leader_uuid: "04ff9aa57293413896865f122944b6a7" committed_config { opid_index: -1 OBSOLETE_local: false peers { permanent_uuid: "04ff9aa57293413896865f122944b6a7" member_type: VOTER last_known_addr { host: "127.13.66.193" port: 37455 } health_report { overall_health: HEALTHY } } peers { permanent_uuid: "61915578827e4b8289c6b30c04b33d02" member_type: VOTER last_known_addr { host: "127.13.66.194" port: 33819 } health_report { overall_health: UNKNOWN } } peers { permanent_uuid: "4cc7ed77dc6d40ebaae314115ae252ed" member_type: VOTER last_known_addr { host: "127.13.66.195" port: 46155 } health_report { overall_health: UNKNOWN } } }
I20260630 12:18:07.142303 18282 raft_consensus.cc:697] T b4fc0bf647ce4e57b6175626f463b6d0 P 4cc7ed77dc6d40ebaae314115ae252ed [term 1 LEADER]: Becoming Leader. State: Replica: 4cc7ed77dc6d40ebaae314115ae252ed, State: Running, Role: LEADER
I20260630 12:18:07.143245 18282 consensus_queue.cc:237] T b4fc0bf647ce4e57b6175626f463b6d0 P 4cc7ed77dc6d40ebaae314115ae252ed [LEADER]: Queue going to LEADER mode. State: All replicated index: 0, Majority replicated index: 0, Committed index: 0, Last appended: 0.0, Last appended by leader: 0, Current term: 1, Majority size: 2, State: 0, Mode: LEADER, active raft config: opid_index: -1 OBSOLETE_local: false peers { permanent_uuid: "04ff9aa57293413896865f122944b6a7" member_type: VOTER last_known_addr { host: "127.13.66.193" port: 37455 } } peers { permanent_uuid: "61915578827e4b8289c6b30c04b33d02" member_type: VOTER last_known_addr { host: "127.13.66.194" port: 33819 } } peers { permanent_uuid: "4cc7ed77dc6d40ebaae314115ae252ed" member_type: VOTER last_known_addr { host: "127.13.66.195" port: 46155 } }
I20260630 12:18:07.144136 18239 tablet_bootstrap.cc:492] T a69ded3b264b48009ea5f1cfa07b81ac P 4cc7ed77dc6d40ebaae314115ae252ed: No bootstrap required, opened a new log
I20260630 12:18:07.144605 18239 ts_tablet_manager.cc:1403] T a69ded3b264b48009ea5f1cfa07b81ac P 4cc7ed77dc6d40ebaae314115ae252ed: Time spent bootstrapping tablet: real 0.038s	user 0.015s	sys 0.020s
I20260630 12:18:07.143888 17942 catalog_manager.cc:5697] T c5e3d9fb7f374ed3aec1363f96b4b5fa P 04ff9aa57293413896865f122944b6a7 reported cstate change: term changed from 0 to 1, leader changed from <none> to 04ff9aa57293413896865f122944b6a7 (127.13.66.193). New cstate: current_term: 1 leader_uuid: "04ff9aa57293413896865f122944b6a7" committed_config { opid_index: -1 OBSOLETE_local: false peers { permanent_uuid: "04ff9aa57293413896865f122944b6a7" member_type: VOTER last_known_addr { host: "127.13.66.193" port: 37455 } health_report { overall_health: HEALTHY } } peers { permanent_uuid: "61915578827e4b8289c6b30c04b33d02" member_type: VOTER last_known_addr { host: "127.13.66.194" port: 33819 } health_report { overall_health: UNKNOWN } } peers { permanent_uuid: "4cc7ed77dc6d40ebaae314115ae252ed" member_type: VOTER last_known_addr { host: "127.13.66.195" port: 46155 } health_report { overall_health: UNKNOWN } } }
I20260630 12:18:07.147392 18239 raft_consensus.cc:359] T a69ded3b264b48009ea5f1cfa07b81ac P 4cc7ed77dc6d40ebaae314115ae252ed [term 0 FOLLOWER]: Replica starting. Triggering 0 pending ops. Active config: opid_index: -1 OBSOLETE_local: false peers { permanent_uuid: "04ff9aa57293413896865f122944b6a7" member_type: VOTER last_known_addr { host: "127.13.66.193" port: 37455 } } peers { permanent_uuid: "61915578827e4b8289c6b30c04b33d02" member_type: VOTER last_known_addr { host: "127.13.66.194" port: 33819 } } peers { permanent_uuid: "4cc7ed77dc6d40ebaae314115ae252ed" member_type: VOTER last_known_addr { host: "127.13.66.195" port: 46155 } }
I20260630 12:18:07.148170 18239 raft_consensus.cc:385] T a69ded3b264b48009ea5f1cfa07b81ac P 4cc7ed77dc6d40ebaae314115ae252ed [term 0 FOLLOWER]: Consensus starting up: Expiring failure detector timer to make a prompt election more likely
I20260630 12:18:07.148488 18239 raft_consensus.cc:740] T a69ded3b264b48009ea5f1cfa07b81ac P 4cc7ed77dc6d40ebaae314115ae252ed [term 0 FOLLOWER]: Becoming Follower/Learner. State: Replica: 4cc7ed77dc6d40ebaae314115ae252ed, State: Initialized, Role: FOLLOWER
I20260630 12:18:07.136830 18241 tablet_bootstrap.cc:492] T a0ed78c3b26f4c5ab0a878ef10eb41ad P 04ff9aa57293413896865f122944b6a7: No bootstrap required, opened a new log
I20260630 12:18:07.149677 18241 ts_tablet_manager.cc:1403] T a0ed78c3b26f4c5ab0a878ef10eb41ad P 04ff9aa57293413896865f122944b6a7: Time spent bootstrapping tablet: real 0.052s	user 0.022s	sys 0.017s
I20260630 12:18:07.149422 18239 consensus_queue.cc:260] T a69ded3b264b48009ea5f1cfa07b81ac P 4cc7ed77dc6d40ebaae314115ae252ed [NON_LEADER]: Queue going to NON_LEADER mode. State: All replicated index: 0, Majority replicated index: 0, Committed index: 0, Last appended: 0.0, Last appended by leader: 0, Current term: 0, Majority size: -1, State: 0, Mode: NON_LEADER, active raft config: opid_index: -1 OBSOLETE_local: false peers { permanent_uuid: "04ff9aa57293413896865f122944b6a7" member_type: VOTER last_known_addr { host: "127.13.66.193" port: 37455 } } peers { permanent_uuid: "61915578827e4b8289c6b30c04b33d02" member_type: VOTER last_known_addr { host: "127.13.66.194" port: 33819 } } peers { permanent_uuid: "4cc7ed77dc6d40ebaae314115ae252ed" member_type: VOTER last_known_addr { host: "127.13.66.195" port: 46155 } }
I20260630 12:18:07.151669 18239 ts_tablet_manager.cc:1434] T a69ded3b264b48009ea5f1cfa07b81ac P 4cc7ed77dc6d40ebaae314115ae252ed: Time spent starting tablet: real 0.007s	user 0.008s	sys 0.000s
I20260630 12:18:07.152601 18239 tablet_bootstrap.cc:492] T b7d1c9d5a4b54394b5b0e2e4c6836e31 P 4cc7ed77dc6d40ebaae314115ae252ed: Bootstrap starting.
I20260630 12:18:07.153445 18241 raft_consensus.cc:359] T a0ed78c3b26f4c5ab0a878ef10eb41ad P 04ff9aa57293413896865f122944b6a7 [term 0 FOLLOWER]: Replica starting. Triggering 0 pending ops. Active config: opid_index: -1 OBSOLETE_local: false peers { permanent_uuid: "04ff9aa57293413896865f122944b6a7" member_type: VOTER last_known_addr { host: "127.13.66.193" port: 37455 } } peers { permanent_uuid: "61915578827e4b8289c6b30c04b33d02" member_type: VOTER last_known_addr { host: "127.13.66.194" port: 33819 } } peers { permanent_uuid: "4cc7ed77dc6d40ebaae314115ae252ed" member_type: VOTER last_known_addr { host: "127.13.66.195" port: 46155 } }
I20260630 12:18:07.156644 18241 raft_consensus.cc:385] T a0ed78c3b26f4c5ab0a878ef10eb41ad P 04ff9aa57293413896865f122944b6a7 [term 0 FOLLOWER]: Consensus starting up: Expiring failure detector timer to make a prompt election more likely
I20260630 12:18:07.156935 18241 raft_consensus.cc:740] T a0ed78c3b26f4c5ab0a878ef10eb41ad P 04ff9aa57293413896865f122944b6a7 [term 0 FOLLOWER]: Becoming Follower/Learner. State: Replica: 04ff9aa57293413896865f122944b6a7, State: Initialized, Role: FOLLOWER
I20260630 12:18:07.157742 18241 consensus_queue.cc:260] T a0ed78c3b26f4c5ab0a878ef10eb41ad P 04ff9aa57293413896865f122944b6a7 [NON_LEADER]: Queue going to NON_LEADER mode. State: All replicated index: 0, Majority replicated index: 0, Committed index: 0, Last appended: 0.0, Last appended by leader: 0, Current term: 0, Majority size: -1, State: 0, Mode: NON_LEADER, active raft config: opid_index: -1 OBSOLETE_local: false peers { permanent_uuid: "04ff9aa57293413896865f122944b6a7" member_type: VOTER last_known_addr { host: "127.13.66.193" port: 37455 } } peers { permanent_uuid: "61915578827e4b8289c6b30c04b33d02" member_type: VOTER last_known_addr { host: "127.13.66.194" port: 33819 } } peers { permanent_uuid: "4cc7ed77dc6d40ebaae314115ae252ed" member_type: VOTER last_known_addr { host: "127.13.66.195" port: 46155 } }
I20260630 12:18:07.159451 18239 tablet_bootstrap.cc:654] T b7d1c9d5a4b54394b5b0e2e4c6836e31 P 4cc7ed77dc6d40ebaae314115ae252ed: Neither blocks nor log segments found. Creating new log.
I20260630 12:18:07.163000 18241 ts_tablet_manager.cc:1434] T a0ed78c3b26f4c5ab0a878ef10eb41ad P 04ff9aa57293413896865f122944b6a7: Time spent starting tablet: real 0.013s	user 0.002s	sys 0.005s
I20260630 12:18:07.164466 18241 tablet_bootstrap.cc:492] T 83ceb45b4fc648489b4b73444ddc86a6 P 04ff9aa57293413896865f122944b6a7: Bootstrap starting.
I20260630 12:18:07.173432 17941 catalog_manager.cc:5697] T b4fc0bf647ce4e57b6175626f463b6d0 P 4cc7ed77dc6d40ebaae314115ae252ed reported cstate change: term changed from 0 to 1, leader changed from <none> to 4cc7ed77dc6d40ebaae314115ae252ed (127.13.66.195). New cstate: current_term: 1 leader_uuid: "4cc7ed77dc6d40ebaae314115ae252ed" committed_config { opid_index: -1 OBSOLETE_local: false peers { permanent_uuid: "04ff9aa57293413896865f122944b6a7" member_type: VOTER last_known_addr { host: "127.13.66.193" port: 37455 } health_report { overall_health: UNKNOWN } } peers { permanent_uuid: "61915578827e4b8289c6b30c04b33d02" member_type: VOTER last_known_addr { host: "127.13.66.194" port: 33819 } health_report { overall_health: UNKNOWN } } peers { permanent_uuid: "4cc7ed77dc6d40ebaae314115ae252ed" member_type: VOTER last_known_addr { host: "127.13.66.195" port: 46155 } health_report { overall_health: HEALTHY } } }
I20260630 12:18:07.176849 18241 tablet_bootstrap.cc:654] T 83ceb45b4fc648489b4b73444ddc86a6 P 04ff9aa57293413896865f122944b6a7: Neither blocks nor log segments found. Creating new log.
I20260630 12:18:07.182123 18239 tablet_bootstrap.cc:492] T b7d1c9d5a4b54394b5b0e2e4c6836e31 P 4cc7ed77dc6d40ebaae314115ae252ed: No bootstrap required, opened a new log
I20260630 12:18:07.182730 18239 ts_tablet_manager.cc:1403] T b7d1c9d5a4b54394b5b0e2e4c6836e31 P 4cc7ed77dc6d40ebaae314115ae252ed: Time spent bootstrapping tablet: real 0.030s	user 0.020s	sys 0.000s
I20260630 12:18:07.183319 18240 tablet_bootstrap.cc:492] T f2672c51a417430d88aa94dca8d0b12b P 61915578827e4b8289c6b30c04b33d02: No bootstrap required, opened a new log
I20260630 12:18:07.183427 18241 tablet_bootstrap.cc:492] T 83ceb45b4fc648489b4b73444ddc86a6 P 04ff9aa57293413896865f122944b6a7: No bootstrap required, opened a new log
I20260630 12:18:07.183889 18240 ts_tablet_manager.cc:1403] T f2672c51a417430d88aa94dca8d0b12b P 61915578827e4b8289c6b30c04b33d02: Time spent bootstrapping tablet: real 0.058s	user 0.015s	sys 0.026s
I20260630 12:18:07.183970 18241 ts_tablet_manager.cc:1403] T 83ceb45b4fc648489b4b73444ddc86a6 P 04ff9aa57293413896865f122944b6a7: Time spent bootstrapping tablet: real 0.020s	user 0.006s	sys 0.006s
I20260630 12:18:07.185724 18239 raft_consensus.cc:359] T b7d1c9d5a4b54394b5b0e2e4c6836e31 P 4cc7ed77dc6d40ebaae314115ae252ed [term 0 FOLLOWER]: Replica starting. Triggering 0 pending ops. Active config: opid_index: -1 OBSOLETE_local: false peers { permanent_uuid: "04ff9aa57293413896865f122944b6a7" member_type: VOTER last_known_addr { host: "127.13.66.193" port: 37455 } } peers { permanent_uuid: "61915578827e4b8289c6b30c04b33d02" member_type: VOTER last_known_addr { host: "127.13.66.194" port: 33819 } } peers { permanent_uuid: "4cc7ed77dc6d40ebaae314115ae252ed" member_type: VOTER last_known_addr { host: "127.13.66.195" port: 46155 } }
I20260630 12:18:07.186476 18239 raft_consensus.cc:385] T b7d1c9d5a4b54394b5b0e2e4c6836e31 P 4cc7ed77dc6d40ebaae314115ae252ed [term 0 FOLLOWER]: Consensus starting up: Expiring failure detector timer to make a prompt election more likely
I20260630 12:18:07.186451 18240 raft_consensus.cc:359] T f2672c51a417430d88aa94dca8d0b12b P 61915578827e4b8289c6b30c04b33d02 [term 0 FOLLOWER]: Replica starting. Triggering 0 pending ops. Active config: opid_index: -1 OBSOLETE_local: false peers { permanent_uuid: "04ff9aa57293413896865f122944b6a7" member_type: VOTER last_known_addr { host: "127.13.66.193" port: 37455 } } peers { permanent_uuid: "61915578827e4b8289c6b30c04b33d02" member_type: VOTER last_known_addr { host: "127.13.66.194" port: 33819 } } peers { permanent_uuid: "4cc7ed77dc6d40ebaae314115ae252ed" member_type: VOTER last_known_addr { host: "127.13.66.195" port: 46155 } }
I20260630 12:18:07.187013 18239 raft_consensus.cc:740] T b7d1c9d5a4b54394b5b0e2e4c6836e31 P 4cc7ed77dc6d40ebaae314115ae252ed [term 0 FOLLOWER]: Becoming Follower/Learner. State: Replica: 4cc7ed77dc6d40ebaae314115ae252ed, State: Initialized, Role: FOLLOWER
