W20260630 12:16:18.598348 17934 consensus_peers.cc:597] T 124867dd81dc420393f630913e650308 P 147ccdaee4bb4771aaae54ad4ec9f9c7 -> Peer 3ab6d09ff4444f418fa202fdaff0a9d2 (127.16.191.193:46877): Couldn't send request to peer 3ab6d09ff4444f418fa202fdaff0a9d2. Status: Network error: Client connection negotiation failed: client connection to 127.16.191.193:46877: connect: Connection refused (error 111). This is attempt 1: this message will repeat every 5th retry.
I20260630 12:16:18.614645 17151 tablet_server.cc:196] TabletServer@127.16.191.193:0 shutdown complete.
I20260630 12:16:18.634228 17151 tablet_server.cc:179] TabletServer@127.16.191.194:0 shutting down...
I20260630 12:16:18.671795 17151 ts_tablet_manager.cc:1507] Shutting down tablet manager...
I20260630 12:16:18.672637 17151 tablet_replica.cc:333] T f69dd5db68dc4222bd2600950151b0c9 P f585bdf39b45435aac21be569053ff40: stopping tablet replica
I20260630 12:16:18.673285 17151 raft_consensus.cc:2243] T f69dd5db68dc4222bd2600950151b0c9 P f585bdf39b45435aac21be569053ff40 [term 1 FOLLOWER]: Raft consensus shutting down.
I20260630 12:16:18.673763 17151 raft_consensus.cc:2272] T f69dd5db68dc4222bd2600950151b0c9 P f585bdf39b45435aac21be569053ff40 [term 1 FOLLOWER]: Raft consensus is shut down!
I20260630 12:16:18.676604 17151 tablet_replica.cc:333] T acd09296ec724520bd4da3e3acb30cd7 P f585bdf39b45435aac21be569053ff40: stopping tablet replica
I20260630 12:16:18.677162 17151 raft_consensus.cc:2243] T acd09296ec724520bd4da3e3acb30cd7 P f585bdf39b45435aac21be569053ff40 [term 1 LEADER]: Raft consensus shutting down.
I20260630 12:16:18.677971 17151 raft_consensus.cc:2272] T acd09296ec724520bd4da3e3acb30cd7 P f585bdf39b45435aac21be569053ff40 [term 1 FOLLOWER]: Raft consensus is shut down!
I20260630 12:16:18.680063 17151 tablet_replica.cc:333] T 86f33af005dd444da088349a184473f3 P f585bdf39b45435aac21be569053ff40: stopping tablet replica
I20260630 12:16:18.680619 17151 raft_consensus.cc:2243] T 86f33af005dd444da088349a184473f3 P f585bdf39b45435aac21be569053ff40 [term 1 FOLLOWER]: Raft consensus shutting down.
I20260630 12:16:18.681063 17151 raft_consensus.cc:2272] T 86f33af005dd444da088349a184473f3 P f585bdf39b45435aac21be569053ff40 [term 1 FOLLOWER]: Raft consensus is shut down!
I20260630 12:16:18.683706 17151 tablet_replica.cc:333] T 4ea5b62a6522420eb70787655feee088 P f585bdf39b45435aac21be569053ff40: stopping tablet replica
I20260630 12:16:18.684258 17151 raft_consensus.cc:2243] T 4ea5b62a6522420eb70787655feee088 P f585bdf39b45435aac21be569053ff40 [term 1 FOLLOWER]: Raft consensus shutting down.
I20260630 12:16:18.684885 17151 raft_consensus.cc:2272] T 4ea5b62a6522420eb70787655feee088 P f585bdf39b45435aac21be569053ff40 [term 1 FOLLOWER]: Raft consensus is shut down!
I20260630 12:16:18.686901 17151 tablet_replica.cc:333] T 10133eba58234cb6be635c01209cf448 P f585bdf39b45435aac21be569053ff40: stopping tablet replica
I20260630 12:16:18.687407 17151 raft_consensus.cc:2243] T 10133eba58234cb6be635c01209cf448 P f585bdf39b45435aac21be569053ff40 [term 1 FOLLOWER]: Raft consensus shutting down.
I20260630 12:16:18.687963 17151 raft_consensus.cc:2272] T 10133eba58234cb6be635c01209cf448 P f585bdf39b45435aac21be569053ff40 [term 1 FOLLOWER]: Raft consensus is shut down!
I20260630 12:16:18.690224 17151 tablet_replica.cc:333] T e9ab6675137a40bb8b6f6ef55810f9db P f585bdf39b45435aac21be569053ff40: stopping tablet replica
I20260630 12:16:18.690786 17151 raft_consensus.cc:2243] T e9ab6675137a40bb8b6f6ef55810f9db P f585bdf39b45435aac21be569053ff40 [term 2 LEADER]: Raft consensus shutting down.
I20260630 12:16:18.691668 17151 raft_consensus.cc:2272] T e9ab6675137a40bb8b6f6ef55810f9db P f585bdf39b45435aac21be569053ff40 [term 2 FOLLOWER]: Raft consensus is shut down!
I20260630 12:16:18.693796 17151 tablet_replica.cc:333] T 124867dd81dc420393f630913e650308 P f585bdf39b45435aac21be569053ff40: stopping tablet replica
I20260630 12:16:18.694332 17151 raft_consensus.cc:2243] T 124867dd81dc420393f630913e650308 P f585bdf39b45435aac21be569053ff40 [term 1 FOLLOWER]: Raft consensus shutting down.
I20260630 12:16:18.694737 17151 raft_consensus.cc:2272] T 124867dd81dc420393f630913e650308 P f585bdf39b45435aac21be569053ff40 [term 1 FOLLOWER]: Raft consensus is shut down!
I20260630 12:16:18.696762 17151 tablet_replica.cc:333] T d1bbcd6025ae4e8da95396eca81f2afe P f585bdf39b45435aac21be569053ff40: stopping tablet replica
I20260630 12:16:18.697211 17151 raft_consensus.cc:2243] T d1bbcd6025ae4e8da95396eca81f2afe P f585bdf39b45435aac21be569053ff40 [term 1 FOLLOWER]: Raft consensus shutting down.
I20260630 12:16:18.697588 17151 raft_consensus.cc:2272] T d1bbcd6025ae4e8da95396eca81f2afe P f585bdf39b45435aac21be569053ff40 [term 1 FOLLOWER]: Raft consensus is shut down!
I20260630 12:16:18.726076 17151 tablet_server.cc:196] TabletServer@127.16.191.194:0 shutdown complete.
I20260630 12:16:18.745517 17151 tablet_server.cc:179] TabletServer@127.16.191.195:0 shutting down...
I20260630 12:16:18.774755 17151 ts_tablet_manager.cc:1507] Shutting down tablet manager...
I20260630 12:16:18.775521 17151 tablet_replica.cc:333] T d1bbcd6025ae4e8da95396eca81f2afe P 147ccdaee4bb4771aaae54ad4ec9f9c7: stopping tablet replica
I20260630 12:16:18.776219 17151 raft_consensus.cc:2243] T d1bbcd6025ae4e8da95396eca81f2afe P 147ccdaee4bb4771aaae54ad4ec9f9c7 [term 1 FOLLOWER]: Raft consensus shutting down.
I20260630 12:16:18.776726 17151 raft_consensus.cc:2272] T d1bbcd6025ae4e8da95396eca81f2afe P 147ccdaee4bb4771aaae54ad4ec9f9c7 [term 1 FOLLOWER]: Raft consensus is shut down!
I20260630 12:16:18.778605 17151 tablet_replica.cc:333] T 124867dd81dc420393f630913e650308 P 147ccdaee4bb4771aaae54ad4ec9f9c7: stopping tablet replica
I20260630 12:16:18.779109 17151 raft_consensus.cc:2243] T 124867dd81dc420393f630913e650308 P 147ccdaee4bb4771aaae54ad4ec9f9c7 [term 1 LEADER]: Raft consensus shutting down.
I20260630 12:16:18.780085 17151 raft_consensus.cc:2272] T 124867dd81dc420393f630913e650308 P 147ccdaee4bb4771aaae54ad4ec9f9c7 [term 1 FOLLOWER]: Raft consensus is shut down!
I20260630 12:16:18.781940 17151 tablet_replica.cc:333] T 4ea5b62a6522420eb70787655feee088 P 147ccdaee4bb4771aaae54ad4ec9f9c7: stopping tablet replica
I20260630 12:16:18.782442 17151 raft_consensus.cc:2243] T 4ea5b62a6522420eb70787655feee088 P 147ccdaee4bb4771aaae54ad4ec9f9c7 [term 1 LEADER]: Raft consensus shutting down.
I20260630 12:16:18.783134 17151 raft_consensus.cc:2272] T 4ea5b62a6522420eb70787655feee088 P 147ccdaee4bb4771aaae54ad4ec9f9c7 [term 1 FOLLOWER]: Raft consensus is shut down!
I20260630 12:16:18.784950 17151 tablet_replica.cc:333] T 10133eba58234cb6be635c01209cf448 P 147ccdaee4bb4771aaae54ad4ec9f9c7: stopping tablet replica
I20260630 12:16:18.785437 17151 raft_consensus.cc:2243] T 10133eba58234cb6be635c01209cf448 P 147ccdaee4bb4771aaae54ad4ec9f9c7 [term 1 FOLLOWER]: Raft consensus shutting down.
I20260630 12:16:18.785859 17151 raft_consensus.cc:2272] T 10133eba58234cb6be635c01209cf448 P 147ccdaee4bb4771aaae54ad4ec9f9c7 [term 1 FOLLOWER]: Raft consensus is shut down!
I20260630 12:16:18.788496 17151 tablet_replica.cc:333] T e9ab6675137a40bb8b6f6ef55810f9db P 147ccdaee4bb4771aaae54ad4ec9f9c7: stopping tablet replica
I20260630 12:16:18.788975 17151 raft_consensus.cc:2243] T e9ab6675137a40bb8b6f6ef55810f9db P 147ccdaee4bb4771aaae54ad4ec9f9c7 [term 2 FOLLOWER]: Raft consensus shutting down.
I20260630 12:16:18.789407 17151 raft_consensus.cc:2272] T e9ab6675137a40bb8b6f6ef55810f9db P 147ccdaee4bb4771aaae54ad4ec9f9c7 [term 2 FOLLOWER]: Raft consensus is shut down!
I20260630 12:16:18.791721 17151 tablet_replica.cc:333] T 86f33af005dd444da088349a184473f3 P 147ccdaee4bb4771aaae54ad4ec9f9c7: stopping tablet replica
I20260630 12:16:18.792213 17151 raft_consensus.cc:2243] T 86f33af005dd444da088349a184473f3 P 147ccdaee4bb4771aaae54ad4ec9f9c7 [term 1 FOLLOWER]: Raft consensus shutting down.
I20260630 12:16:18.792634 17151 raft_consensus.cc:2272] T 86f33af005dd444da088349a184473f3 P 147ccdaee4bb4771aaae54ad4ec9f9c7 [term 1 FOLLOWER]: Raft consensus is shut down!
I20260630 12:16:18.794691 17151 tablet_replica.cc:333] T acd09296ec724520bd4da3e3acb30cd7 P 147ccdaee4bb4771aaae54ad4ec9f9c7: stopping tablet replica
I20260630 12:16:18.795150 17151 raft_consensus.cc:2243] T acd09296ec724520bd4da3e3acb30cd7 P 147ccdaee4bb4771aaae54ad4ec9f9c7 [term 1 FOLLOWER]: Raft consensus shutting down.
I20260630 12:16:18.795640 17151 raft_consensus.cc:2272] T acd09296ec724520bd4da3e3acb30cd7 P 147ccdaee4bb4771aaae54ad4ec9f9c7 [term 1 FOLLOWER]: Raft consensus is shut down!
I20260630 12:16:18.798018 17151 tablet_replica.cc:333] T f69dd5db68dc4222bd2600950151b0c9 P 147ccdaee4bb4771aaae54ad4ec9f9c7: stopping tablet replica
I20260630 12:16:18.798894 17151 raft_consensus.cc:2243] T f69dd5db68dc4222bd2600950151b0c9 P 147ccdaee4bb4771aaae54ad4ec9f9c7 [term 1 LEADER]: Raft consensus shutting down.
I20260630 12:16:18.800298 17151 raft_consensus.cc:2272] T f69dd5db68dc4222bd2600950151b0c9 P 147ccdaee4bb4771aaae54ad4ec9f9c7 [term 1 FOLLOWER]: Raft consensus is shut down!
I20260630 12:16:18.801008 18218 ts_tablet_manager.cc:933] T f69dd5db68dc4222bd2600950151b0c9 P 5cb02ad8a38b4e1c95b3e7eb54eb086a: Initiating tablet copy from peer 147ccdaee4bb4771aaae54ad4ec9f9c7 (127.16.191.195:46083)
I20260630 12:16:18.803269 18218 tablet_copy_client.cc:323] T f69dd5db68dc4222bd2600950151b0c9 P 5cb02ad8a38b4e1c95b3e7eb54eb086a: tablet copy: Beginning tablet copy session from remote peer at address 127.16.191.195:46083
W20260630 12:16:18.830246 18088 connection.cc:466] server connection from 127.0.0.1:34472 torn down before Call kudu.consensus.ConsensusService.StartTabletCopy from 127.0.0.1:34472 (request call id 1) could send its response
I20260630 12:16:18.835038 17151 tablet_server.cc:196] TabletServer@127.16.191.195:0 shutdown complete.
I20260630 12:16:18.860733 17151 tablet_server.cc:179] TabletServer@127.16.191.196:0 shutting down...
I20260630 12:16:18.896706 17151 ts_tablet_manager.cc:1507] Shutting down tablet manager...
I20260630 12:16:18.913707 17151 tablet_server.cc:196] TabletServer@127.16.191.196:0 shutdown complete.
I20260630 12:16:18.923348 17151 master.cc:562] Master@127.16.191.254:42015 shutting down...
W20260630 12:16:18.949918 17768 auto_rebalancer.cc:340] scheduled replica move failed to complete: Service unavailable: Catalog manager is not initialized. State: Closing
I20260630 12:16:18.951122 17151 raft_consensus.cc:2243] T 00000000000000000000000000000000 P 47bb5be249ce4b0db7f1401c09e89d20 [term 1 LEADER]: Raft consensus shutting down.
I20260630 12:16:18.951614 17151 raft_consensus.cc:2272] T 00000000000000000000000000000000 P 47bb5be249ce4b0db7f1401c09e89d20 [term 1 FOLLOWER]: Raft consensus is shut down!
I20260630 12:16:18.951992 17151 tablet_replica.cc:333] T 00000000000000000000000000000000 P 47bb5be249ce4b0db7f1401c09e89d20: stopping tablet replica
I20260630 12:16:18.971347 17151 master.cc:584] Master@127.16.191.254:42015 shutdown complete.
[       OK ] AutoRebalancerTest.AutoRebalancingTurnOffAndOn (8984 ms)
[ RUN      ] AutoRebalancerTest.NextLeaderResumesAutoRebalancing
I20260630 12:16:19.010263 17151 internal_mini_cluster.cc:156] Creating distributed mini masters. Addrs: 127.16.191.254:35263,127.16.191.253:39691,127.16.191.252:44843
I20260630 12:16:19.011615 17151 file_cache.cc:492] Constructed file cache file cache with capacity 419430
W20260630 12:16:19.017227 18222 instance_detector.cc:116] could not retrieve Azure instance metadata: Network error: curl error: HTTP response code said error: The requested URL returned error: 404
W20260630 12:16:19.017284 18221 instance_detector.cc:116] could not retrieve AWS instance metadata: Network error: curl error: HTTP response code said error: The requested URL returned error: 404
W20260630 12:16:19.018776 18224 instance_detector.cc:116] could not retrieve OpenStack instance metadata: Network error: curl error: HTTP response code said error: The requested URL returned error: 404
I20260630 12:16:19.020104 17151 server_base.cc:1061] running on GCE node
I20260630 12:16:19.020949 17151 hybrid_clock.cc:584] initializing the hybrid clock with 'system_unsync' time source
W20260630 12:16:19.021128 17151 system_unsync_time.cc:38] NTP support is disabled. Clock error bounds will not be accurate. This configuration is not suitable for distributed clusters.
I20260630 12:16:19.021342 17151 hybrid_clock.cc:648] HybridClock initialized: now 1782821779021308 us; error 0 us; skew 500 ppm
I20260630 12:16:19.021983 17151 server_base.cc:861] Flag tcmalloc_max_total_thread_cache_bytes is not working since tcmalloc is not enabled.
I20260630 12:16:19.024889 17151 webserver.cc:533] Webserver started at http://127.16.191.254:35421/ using document root <none> and password file <none>
I20260630 12:16:19.025471 17151 fs_manager.cc:362] Metadata directory not provided
I20260630 12:16:19.025676 17151 fs_manager.cc:368] Using write-ahead log directory (fs_wal_dir) as metadata directory
I20260630 12:16:19.026031 17151 server_base.cc:909] This appears to be a new deployment of Kudu; creating new FS layout
I20260630 12:16:19.027209 17151 fs_manager.cc:1068] Generated new instance metadata in path /tmp/dist-test-task81IOrQ/test-tmp/auto_rebalancer-test.0.AutoRebalancerTest.NextLeaderResumesAutoRebalancing.1782821762972270-17151-0/minicluster-data/master-0-root/instance:
uuid: "f2bb01af957144209d69aec194a17b53"
format_stamp: "Formatted at 2026-06-30 12:16:19 on dist-test-slave-1s83"
I20260630 12:16:19.031899 17151 fs_manager.cc:696] Time spent creating directory manager: real 0.004s	user 0.006s	sys 0.000s
I20260630 12:16:19.035254 18229 log_block_manager.cc:4031] Time spent loading block containers with low live blocks: real 0.000s	user 0.000s	sys 0.000s
I20260630 12:16:19.036188 17151 fs_manager.cc:730] Time spent opening block manager: real 0.002s	user 0.003s	sys 0.000s
I20260630 12:16:19.036425 17151 fs_manager.cc:647] Opened local filesystem: /tmp/dist-test-task81IOrQ/test-tmp/auto_rebalancer-test.0.AutoRebalancerTest.NextLeaderResumesAutoRebalancing.1782821762972270-17151-0/minicluster-data/master-0-root
uuid: "f2bb01af957144209d69aec194a17b53"
format_stamp: "Formatted at 2026-06-30 12:16:19 on dist-test-slave-1s83"
I20260630 12:16:19.036650 17151 fs_report.cc:389] FS layout report
--------------------
wal directory: /tmp/dist-test-task81IOrQ/test-tmp/auto_rebalancer-test.0.AutoRebalancerTest.NextLeaderResumesAutoRebalancing.1782821762972270-17151-0/minicluster-data/master-0-root
metadata directory: /tmp/dist-test-task81IOrQ/test-tmp/auto_rebalancer-test.0.AutoRebalancerTest.NextLeaderResumesAutoRebalancing.1782821762972270-17151-0/minicluster-data/master-0-root
1 data directories: /tmp/dist-test-task81IOrQ/test-tmp/auto_rebalancer-test.0.AutoRebalancerTest.NextLeaderResumesAutoRebalancing.1782821762972270-17151-0/minicluster-data/master-0-root/data
Total live blocks: 0
Total live bytes: 0
Total live bytes (after alignment): 0
Total number of LBM containers: 0 (0 full)
Did not check for missing blocks
Did not check for orphaned blocks
Total full LBM containers with extra space: 0 (0 repaired)
Total full LBM container extra space in bytes: 0 (0 repaired)
Total incomplete LBM containers: 0 (0 repaired)
Total LBM partial records: 0 (0 repaired)
Total corrupted LBM metadata records in RocksDB: 0 (0 repaired)
I20260630 12:16:19.062371 17151 rpc_server.cc:225] running with OpenSSL 1.1.1  11 Sep 2018
I20260630 12:16:19.063539 17151 kserver.cc:163] Server-wide thread pool size limit: 3276
I20260630 12:16:19.100625 17151 rpc_server.cc:307] RPC server started. Bound to: 127.16.191.254:35263
I20260630 12:16:19.100876 18280 acceptor_pool.cc:272] collecting diagnostics on the listening RPC socket 127.16.191.254:35263 every 8 connection(s)
I20260630 12:16:19.104528 18281 data_dirs.cc:400] Could only allocate 1 dirs of requested 3 for tablet 00000000000000000000000000000000. 1 dirs total, 0 dirs full, 0 dirs failed
I20260630 12:16:19.104562 17151 file_cache.cc:492] Constructed file cache file cache with capacity 419430
W20260630 12:16:19.110114 18283 instance_detector.cc:116] could not retrieve AWS instance metadata: Network error: curl error: HTTP response code said error: The requested URL returned error: 404
W20260630 12:16:19.111871 18284 instance_detector.cc:116] could not retrieve Azure instance metadata: Network error: curl error: HTTP response code said error: The requested URL returned error: 404
I20260630 12:16:19.113256 18281 sys_catalog.cc:422] member_type: VOTER last_known_addr { host: "127.16.191.254" port: 35263 } has no permanent_uuid. Determining permanent_uuid...
W20260630 12:16:19.115316 18286 instance_detector.cc:116] could not retrieve OpenStack instance metadata: Network error: curl error: HTTP response code said error: The requested URL returned error: 404
I20260630 12:16:19.115279 17151 server_base.cc:1061] running on GCE node
I20260630 12:16:19.116567 17151 hybrid_clock.cc:584] initializing the hybrid clock with 'system_unsync' time source
W20260630 12:16:19.116784 17151 system_unsync_time.cc:38] NTP support is disabled. Clock error bounds will not be accurate. This configuration is not suitable for distributed clusters.
I20260630 12:16:19.116971 17151 hybrid_clock.cc:648] HybridClock initialized: now 1782821779116951 us; error 0 us; skew 500 ppm
I20260630 12:16:19.117463 17151 server_base.cc:861] Flag tcmalloc_max_total_thread_cache_bytes is not working since tcmalloc is not enabled.
I20260630 12:16:19.120082 17151 webserver.cc:533] Webserver started at http://127.16.191.253:38379/ using document root <none> and password file <none>
I20260630 12:16:19.120739 17151 fs_manager.cc:362] Metadata directory not provided
I20260630 12:16:19.120981 17151 fs_manager.cc:368] Using write-ahead log directory (fs_wal_dir) as metadata directory
I20260630 12:16:19.121306 17151 server_base.cc:909] This appears to be a new deployment of Kudu; creating new FS layout
I20260630 12:16:19.122562 17151 fs_manager.cc:1068] Generated new instance metadata in path /tmp/dist-test-task81IOrQ/test-tmp/auto_rebalancer-test.0.AutoRebalancerTest.NextLeaderResumesAutoRebalancing.1782821762972270-17151-0/minicluster-data/master-1-root/instance:
uuid: "e9035058e13b41819302a97c7d924cee"
format_stamp: "Formatted at 2026-06-30 12:16:19 on dist-test-slave-1s83"
I20260630 12:16:19.127919 17151 fs_manager.cc:696] Time spent creating directory manager: real 0.005s	user 0.001s	sys 0.007s
I20260630 12:16:19.129966 18281 sys_catalog.cc:422] member_type: VOTER last_known_addr { host: "127.16.191.253" port: 39691 } has no permanent_uuid. Determining permanent_uuid...
I20260630 12:16:19.131621 18293 log_block_manager.cc:4031] Time spent loading block containers with low live blocks: real 0.000s	user 0.000s	sys 0.000s
I20260630 12:16:19.132754 17151 fs_manager.cc:730] Time spent opening block manager: real 0.003s	user 0.003s	sys 0.000s
I20260630 12:16:19.133062 17151 fs_manager.cc:647] Opened local filesystem: /tmp/dist-test-task81IOrQ/test-tmp/auto_rebalancer-test.0.AutoRebalancerTest.NextLeaderResumesAutoRebalancing.1782821762972270-17151-0/minicluster-data/master-1-root
uuid: "e9035058e13b41819302a97c7d924cee"
format_stamp: "Formatted at 2026-06-30 12:16:19 on dist-test-slave-1s83"
I20260630 12:16:19.133328 17151 fs_report.cc:389] FS layout report
--------------------
wal directory: /tmp/dist-test-task81IOrQ/test-tmp/auto_rebalancer-test.0.AutoRebalancerTest.NextLeaderResumesAutoRebalancing.1782821762972270-17151-0/minicluster-data/master-1-root
metadata directory: /tmp/dist-test-task81IOrQ/test-tmp/auto_rebalancer-test.0.AutoRebalancerTest.NextLeaderResumesAutoRebalancing.1782821762972270-17151-0/minicluster-data/master-1-root
1 data directories: /tmp/dist-test-task81IOrQ/test-tmp/auto_rebalancer-test.0.AutoRebalancerTest.NextLeaderResumesAutoRebalancing.1782821762972270-17151-0/minicluster-data/master-1-root/data
Total live blocks: 0
Total live bytes: 0
Total live bytes (after alignment): 0
Total number of LBM containers: 0 (0 full)
Did not check for missing blocks
Did not check for orphaned blocks
Total full LBM containers with extra space: 0 (0 repaired)
Total full LBM container extra space in bytes: 0 (0 repaired)
Total incomplete LBM containers: 0 (0 repaired)
Total LBM partial records: 0 (0 repaired)
Total corrupted LBM metadata records in RocksDB: 0 (0 repaired)
W20260630 12:16:19.139963 18281 consensus_peers.cc:760] Error getting permanent uuid from config peer 127.16.191.253:39691: Network error: Client connection negotiation failed: client connection to 127.16.191.253:39691: connect: Connection refused (error 111)
I20260630 12:16:19.153081 17151 rpc_server.cc:225] running with OpenSSL 1.1.1  11 Sep 2018
I20260630 12:16:19.154348 17151 kserver.cc:163] Server-wide thread pool size limit: 3276
I20260630 12:16:19.164461 18281 consensus_peers.cc:770] Retrying to get permanent uuid for remote peer: member_type: VOTER last_known_addr { host: "127.16.191.253" port: 39691 } attempt: 1
W20260630 12:16:19.171015 18281 consensus_peers.cc:760] Error getting permanent uuid from config peer 127.16.191.253:39691: Network error: Client connection negotiation failed: client connection to 127.16.191.253:39691: connect: Connection refused (error 111)
I20260630 12:16:19.194712 17151 rpc_server.cc:307] RPC server started. Bound to: 127.16.191.253:39691
I20260630 12:16:19.194808 18345 acceptor_pool.cc:272] collecting diagnostics on the listening RPC socket 127.16.191.253:39691 every 8 connection(s)
I20260630 12:16:19.198436 18346 data_dirs.cc:400] Could only allocate 1 dirs of requested 3 for tablet 00000000000000000000000000000000. 1 dirs total, 0 dirs full, 0 dirs failed
I20260630 12:16:19.198581 17151 file_cache.cc:492] Constructed file cache file cache with capacity 419430
W20260630 12:16:19.203922 18348 instance_detector.cc:116] could not retrieve AWS instance metadata: Network error: curl error: HTTP response code said error: The requested URL returned error: 404
W20260630 12:16:19.206094 18349 instance_detector.cc:116] could not retrieve Azure instance metadata: Network error: curl error: HTTP response code said error: The requested URL returned error: 404
I20260630 12:16:19.207433 18346 sys_catalog.cc:422] member_type: VOTER last_known_addr { host: "127.16.191.254" port: 35263 } has no permanent_uuid. Determining permanent_uuid...
I20260630 12:16:19.208592 18281 consensus_peers.cc:770] Retrying to get permanent uuid for remote peer: member_type: VOTER last_known_addr { host: "127.16.191.253" port: 39691 } attempt: 2
W20260630 12:16:19.209354 18351 instance_detector.cc:116] could not retrieve OpenStack instance metadata: Network error: curl error: HTTP response code said error: The requested URL returned error: 404
I20260630 12:16:19.212831 17151 server_base.cc:1061] running on GCE node
I20260630 12:16:19.214073 17151 hybrid_clock.cc:584] initializing the hybrid clock with 'system_unsync' time source
W20260630 12:16:19.214340 17151 system_unsync_time.cc:38] NTP support is disabled. Clock error bounds will not be accurate. This configuration is not suitable for distributed clusters.
I20260630 12:16:19.214536 17151 hybrid_clock.cc:648] HybridClock initialized: now 1782821779214520 us; error 0 us; skew 500 ppm
I20260630 12:16:19.215230 17151 server_base.cc:861] Flag tcmalloc_max_total_thread_cache_bytes is not working since tcmalloc is not enabled.
I20260630 12:16:19.218402 17151 webserver.cc:533] Webserver started at http://127.16.191.252:45045/ using document root <none> and password file <none>
I20260630 12:16:19.219009 17151 fs_manager.cc:362] Metadata directory not provided
I20260630 12:16:19.219312 17151 fs_manager.cc:368] Using write-ahead log directory (fs_wal_dir) as metadata directory
I20260630 12:16:19.219679 17151 server_base.cc:909] This appears to be a new deployment of Kudu; creating new FS layout
I20260630 12:16:19.220947 17151 fs_manager.cc:1068] Generated new instance metadata in path /tmp/dist-test-task81IOrQ/test-tmp/auto_rebalancer-test.0.AutoRebalancerTest.NextLeaderResumesAutoRebalancing.1782821762972270-17151-0/minicluster-data/master-2-root/instance:
uuid: "c1e36b1b94174cbc9012d14930487813"
format_stamp: "Formatted at 2026-06-30 12:16:19 on dist-test-slave-1s83"
I20260630 12:16:19.224658 18281 sys_catalog.cc:422] member_type: VOTER last_known_addr { host: "127.16.191.252" port: 44843 } has no permanent_uuid. Determining permanent_uuid...
I20260630 12:16:19.226361 18346 sys_catalog.cc:422] member_type: VOTER last_known_addr { host: "127.16.191.253" port: 39691 } has no permanent_uuid. Determining permanent_uuid...
I20260630 12:16:19.226915 17151 fs_manager.cc:696] Time spent creating directory manager: real 0.005s	user 0.004s	sys 0.000s
W20260630 12:16:19.230317 18281 consensus_peers.cc:760] Error getting permanent uuid from config peer 127.16.191.252:44843: Network error: Client connection negotiation failed: client connection to 127.16.191.252:44843: connect: Connection refused (error 111)
I20260630 12:16:19.231091 18358 log_block_manager.cc:4031] Time spent loading block containers with low live blocks: real 0.000s	user 0.000s	sys 0.000s
I20260630 12:16:19.231997 17151 fs_manager.cc:730] Time spent opening block manager: real 0.003s	user 0.000s	sys 0.003s
I20260630 12:16:19.232292 17151 fs_manager.cc:647] Opened local filesystem: /tmp/dist-test-task81IOrQ/test-tmp/auto_rebalancer-test.0.AutoRebalancerTest.NextLeaderResumesAutoRebalancing.1782821762972270-17151-0/minicluster-data/master-2-root
uuid: "c1e36b1b94174cbc9012d14930487813"
format_stamp: "Formatted at 2026-06-30 12:16:19 on dist-test-slave-1s83"
I20260630 12:16:19.232576 17151 fs_report.cc:389] FS layout report
--------------------
wal directory: /tmp/dist-test-task81IOrQ/test-tmp/auto_rebalancer-test.0.AutoRebalancerTest.NextLeaderResumesAutoRebalancing.1782821762972270-17151-0/minicluster-data/master-2-root
metadata directory: /tmp/dist-test-task81IOrQ/test-tmp/auto_rebalancer-test.0.AutoRebalancerTest.NextLeaderResumesAutoRebalancing.1782821762972270-17151-0/minicluster-data/master-2-root
1 data directories: /tmp/dist-test-task81IOrQ/test-tmp/auto_rebalancer-test.0.AutoRebalancerTest.NextLeaderResumesAutoRebalancing.1782821762972270-17151-0/minicluster-data/master-2-root/data
Total live blocks: 0
Total live bytes: 0
Total live bytes (after alignment): 0
Total number of LBM containers: 0 (0 full)
Did not check for missing blocks
Did not check for orphaned blocks
Total full LBM containers with extra space: 0 (0 repaired)
Total full LBM container extra space in bytes: 0 (0 repaired)
Total incomplete LBM containers: 0 (0 repaired)
Total LBM partial records: 0 (0 repaired)
Total corrupted LBM metadata records in RocksDB: 0 (0 repaired)
I20260630 12:16:19.238826 18346 sys_catalog.cc:422] member_type: VOTER last_known_addr { host: "127.16.191.252" port: 44843 } has no permanent_uuid. Determining permanent_uuid...
W20260630 12:16:19.244319 18346 consensus_peers.cc:760] Error getting permanent uuid from config peer 127.16.191.252:44843: Network error: Client connection negotiation failed: client connection to 127.16.191.252:44843: connect: Connection refused (error 111)
I20260630 12:16:19.246888 17151 rpc_server.cc:225] running with OpenSSL 1.1.1  11 Sep 2018
I20260630 12:16:19.248099 17151 kserver.cc:163] Server-wide thread pool size limit: 3276
I20260630 12:16:19.266844 18346 consensus_peers.cc:770] Retrying to get permanent uuid for remote peer: member_type: VOTER last_known_addr { host: "127.16.191.252" port: 44843 } attempt: 1
I20260630 12:16:19.267825 18281 consensus_peers.cc:770] Retrying to get permanent uuid for remote peer: member_type: VOTER last_known_addr { host: "127.16.191.252" port: 44843 } attempt: 1
W20260630 12:16:19.273517 18346 consensus_peers.cc:760] Error getting permanent uuid from config peer 127.16.191.252:44843: Network error: Client connection negotiation failed: client connection to 127.16.191.252:44843: connect: Connection refused (error 111)
W20260630 12:16:19.273801 18281 consensus_peers.cc:760] Error getting permanent uuid from config peer 127.16.191.252:44843: Network error: Client connection negotiation failed: client connection to 127.16.191.252:44843: connect: Connection refused (error 111)
I20260630 12:16:19.289743 17151 rpc_server.cc:307] RPC server started. Bound to: 127.16.191.252:44843
I20260630 12:16:19.289851 18410 acceptor_pool.cc:272] collecting diagnostics on the listening RPC socket 127.16.191.252:44843 every 8 connection(s)
I20260630 12:16:19.292910 17151 internal_mini_cluster.cc:184] Waiting to initialize catalog manager on master 0
I20260630 12:16:19.293664 18411 data_dirs.cc:400] Could only allocate 1 dirs of requested 3 for tablet 00000000000000000000000000000000. 1 dirs total, 0 dirs full, 0 dirs failed
I20260630 12:16:19.299373 18411 sys_catalog.cc:422] member_type: VOTER last_known_addr { host: "127.16.191.254" port: 35263 } has no permanent_uuid. Determining permanent_uuid...
I20260630 12:16:19.310468 18411 sys_catalog.cc:422] member_type: VOTER last_known_addr { host: "127.16.191.253" port: 39691 } has no permanent_uuid. Determining permanent_uuid...
I20260630 12:16:19.316386 18281 consensus_peers.cc:770] Retrying to get permanent uuid for remote peer: member_type: VOTER last_known_addr { host: "127.16.191.252" port: 44843 } attempt: 2
I20260630 12:16:19.320609 18411 sys_catalog.cc:422] member_type: VOTER last_known_addr { host: "127.16.191.252" port: 44843 } has no permanent_uuid. Determining permanent_uuid...
I20260630 12:16:19.335734 18281 tablet_bootstrap.cc:492] T 00000000000000000000000000000000 P f2bb01af957144209d69aec194a17b53: Bootstrap starting.
I20260630 12:16:19.338112 18411 tablet_bootstrap.cc:492] T 00000000000000000000000000000000 P c1e36b1b94174cbc9012d14930487813: Bootstrap starting.
I20260630 12:16:19.340611 18281 tablet_bootstrap.cc:654] T 00000000000000000000000000000000 P f2bb01af957144209d69aec194a17b53: Neither blocks nor log segments found. Creating new log.
I20260630 12:16:19.342957 18411 tablet_bootstrap.cc:654] T 00000000000000000000000000000000 P c1e36b1b94174cbc9012d14930487813: Neither blocks nor log segments found. Creating new log.
I20260630 12:16:19.344976 18281 tablet_bootstrap.cc:492] T 00000000000000000000000000000000 P f2bb01af957144209d69aec194a17b53: No bootstrap required, opened a new log
I20260630 12:16:19.347187 18281 raft_consensus.cc:359] T 00000000000000000000000000000000 P f2bb01af957144209d69aec194a17b53 [term 0 FOLLOWER]: Replica starting. Triggering 0 pending ops. Active config: opid_index: -1 OBSOLETE_local: false peers { permanent_uuid: "f2bb01af957144209d69aec194a17b53" member_type: VOTER last_known_addr { host: "127.16.191.254" port: 35263 } } peers { permanent_uuid: "e9035058e13b41819302a97c7d924cee" member_type: VOTER last_known_addr { host: "127.16.191.253" port: 39691 } } peers { permanent_uuid: "c1e36b1b94174cbc9012d14930487813" member_type: VOTER last_known_addr { host: "127.16.191.252" port: 44843 } }
I20260630 12:16:19.347595 18411 tablet_bootstrap.cc:492] T 00000000000000000000000000000000 P c1e36b1b94174cbc9012d14930487813: No bootstrap required, opened a new log
I20260630 12:16:19.347735 18281 raft_consensus.cc:385] T 00000000000000000000000000000000 P f2bb01af957144209d69aec194a17b53 [term 0 FOLLOWER]: Consensus starting up: Expiring failure detector timer to make a prompt election more likely
I20260630 12:16:19.348109 18281 raft_consensus.cc:740] T 00000000000000000000000000000000 P f2bb01af957144209d69aec194a17b53 [term 0 FOLLOWER]: Becoming Follower/Learner. State: Replica: f2bb01af957144209d69aec194a17b53, State: Initialized, Role: FOLLOWER
I20260630 12:16:19.348722 18281 consensus_queue.cc:260] T 00000000000000000000000000000000 P f2bb01af957144209d69aec194a17b53 [NON_LEADER]: Queue going to NON_LEADER mode. State: All replicated index: 0, Majority replicated index: 0, Committed index: 0, Last appended: 0.0, Last appended by leader: 0, Current term: 0, Majority size: -1, State: 0, Mode: NON_LEADER, active raft config: opid_index: -1 OBSOLETE_local: false peers { permanent_uuid: "f2bb01af957144209d69aec194a17b53" member_type: VOTER last_known_addr { host: "127.16.191.254" port: 35263 } } peers { permanent_uuid: "e9035058e13b41819302a97c7d924cee" member_type: VOTER last_known_addr { host: "127.16.191.253" port: 39691 } } peers { permanent_uuid: "c1e36b1b94174cbc9012d14930487813" member_type: VOTER last_known_addr { host: "127.16.191.252" port: 44843 } }
I20260630 12:16:19.350325 18411 raft_consensus.cc:359] T 00000000000000000000000000000000 P c1e36b1b94174cbc9012d14930487813 [term 0 FOLLOWER]: Replica starting. Triggering 0 pending ops. Active config: opid_index: -1 OBSOLETE_local: false peers { permanent_uuid: "f2bb01af957144209d69aec194a17b53" member_type: VOTER last_known_addr { host: "127.16.191.254" port: 35263 } } peers { permanent_uuid: "e9035058e13b41819302a97c7d924cee" member_type: VOTER last_known_addr { host: "127.16.191.253" port: 39691 } } peers { permanent_uuid: "c1e36b1b94174cbc9012d14930487813" member_type: VOTER last_known_addr { host: "127.16.191.252" port: 44843 } }
I20260630 12:16:19.350556 18418 sys_catalog.cc:455] T 00000000000000000000000000000000 P f2bb01af957144209d69aec194a17b53 [sys.catalog]: SysCatalogTable state changed. Reason: RaftConsensus started. Latest consensus state: current_term: 0 committed_config { opid_index: -1 OBSOLETE_local: false peers { permanent_uuid: "f2bb01af957144209d69aec194a17b53" member_type: VOTER last_known_addr { host: "127.16.191.254" port: 35263 } } peers { permanent_uuid: "e9035058e13b41819302a97c7d924cee" member_type: VOTER last_known_addr { host: "127.16.191.253" port: 39691 } } peers { permanent_uuid: "c1e36b1b94174cbc9012d14930487813" member_type: VOTER last_known_addr { host: "127.16.191.252" port: 44843 } } }
I20260630 12:16:19.351147 18411 raft_consensus.cc:385] T 00000000000000000000000000000000 P c1e36b1b94174cbc9012d14930487813 [term 0 FOLLOWER]: Consensus starting up: Expiring failure detector timer to make a prompt election more likely
I20260630 12:16:19.351300 18418 sys_catalog.cc:458] T 00000000000000000000000000000000 P f2bb01af957144209d69aec194a17b53 [sys.catalog]: This master's current role is: FOLLOWER
I20260630 12:16:19.351490 18411 raft_consensus.cc:740] T 00000000000000000000000000000000 P c1e36b1b94174cbc9012d14930487813 [term 0 FOLLOWER]: Becoming Follower/Learner. State: Replica: c1e36b1b94174cbc9012d14930487813, State: Initialized, Role: FOLLOWER
I20260630 12:16:19.351891 18281 sys_catalog.cc:565] T 00000000000000000000000000000000 P f2bb01af957144209d69aec194a17b53 [sys.catalog]: configured and running, proceeding with master startup.
I20260630 12:16:19.352350 18411 consensus_queue.cc:260] T 00000000000000000000000000000000 P c1e36b1b94174cbc9012d14930487813 [NON_LEADER]: Queue going to NON_LEADER mode. State: All replicated index: 0, Majority replicated index: 0, Committed index: 0, Last appended: 0.0, Last appended by leader: 0, Current term: 0, Majority size: -1, State: 0, Mode: NON_LEADER, active raft config: opid_index: -1 OBSOLETE_local: false peers { permanent_uuid: "f2bb01af957144209d69aec194a17b53" member_type: VOTER last_known_addr { host: "127.16.191.254" port: 35263 } } peers { permanent_uuid: "e9035058e13b41819302a97c7d924cee" member_type: VOTER last_known_addr { host: "127.16.191.253" port: 39691 } } peers { permanent_uuid: "c1e36b1b94174cbc9012d14930487813" member_type: VOTER last_known_addr { host: "127.16.191.252" port: 44843 } }
I20260630 12:16:19.353153 18346 consensus_peers.cc:770] Retrying to get permanent uuid for remote peer: member_type: VOTER last_known_addr { host: "127.16.191.252" port: 44843 } attempt: 2
I20260630 12:16:19.354458 18419 sys_catalog.cc:455] T 00000000000000000000000000000000 P c1e36b1b94174cbc9012d14930487813 [sys.catalog]: SysCatalogTable state changed. Reason: RaftConsensus started. Latest consensus state: current_term: 0 committed_config { opid_index: -1 OBSOLETE_local: false peers { permanent_uuid: "f2bb01af957144209d69aec194a17b53" member_type: VOTER last_known_addr { host: "127.16.191.254" port: 35263 } } peers { permanent_uuid: "e9035058e13b41819302a97c7d924cee" member_type: VOTER last_known_addr { host: "127.16.191.253" port: 39691 } } peers { permanent_uuid: "c1e36b1b94174cbc9012d14930487813" member_type: VOTER last_known_addr { host: "127.16.191.252" port: 44843 } } }
I20260630 12:16:19.355409 18419 sys_catalog.cc:458] T 00000000000000000000000000000000 P c1e36b1b94174cbc9012d14930487813 [sys.catalog]: This master's current role is: FOLLOWER
I20260630 12:16:19.356113 18411 sys_catalog.cc:565] T 00000000000000000000000000000000 P c1e36b1b94174cbc9012d14930487813 [sys.catalog]: configured and running, proceeding with master startup.
I20260630 12:16:19.375469 17151 internal_mini_cluster.cc:184] Waiting to initialize catalog manager on master 1
W20260630 12:16:19.378739 18440 catalog_manager.cc:1594] T 00000000000000000000000000000000 P f2bb01af957144209d69aec194a17b53: loading cluster ID for follower catalog manager: Not found: cluster ID entry not found
W20260630 12:16:19.379076 18440 catalog_manager.cc:883] Not found: cluster ID entry not found: failed to prepare follower catalog manager, will retry
I20260630 12:16:19.379261 18346 tablet_bootstrap.cc:492] T 00000000000000000000000000000000 P e9035058e13b41819302a97c7d924cee: Bootstrap starting.
W20260630 12:16:19.382535 18441 catalog_manager.cc:1594] T 00000000000000000000000000000000 P c1e36b1b94174cbc9012d14930487813: loading cluster ID for follower catalog manager: Not found: cluster ID entry not found
W20260630 12:16:19.382875 18441 catalog_manager.cc:883] Not found: cluster ID entry not found: failed to prepare follower catalog manager, will retry
I20260630 12:16:19.384464 18346 tablet_bootstrap.cc:654] T 00000000000000000000000000000000 P e9035058e13b41819302a97c7d924cee: Neither blocks nor log segments found. Creating new log.
I20260630 12:16:19.389025 18346 tablet_bootstrap.cc:492] T 00000000000000000000000000000000 P e9035058e13b41819302a97c7d924cee: No bootstrap required, opened a new log
I20260630 12:16:19.391048 18346 raft_consensus.cc:359] T 00000000000000000000000000000000 P e9035058e13b41819302a97c7d924cee [term 0 FOLLOWER]: Replica starting. Triggering 0 pending ops. Active config: opid_index: -1 OBSOLETE_local: false peers { permanent_uuid: "f2bb01af957144209d69aec194a17b53" member_type: VOTER last_known_addr { host: "127.16.191.254" port: 35263 } } peers { permanent_uuid: "e9035058e13b41819302a97c7d924cee" member_type: VOTER last_known_addr { host: "127.16.191.253" port: 39691 } } peers { permanent_uuid: "c1e36b1b94174cbc9012d14930487813" member_type: VOTER last_known_addr { host: "127.16.191.252" port: 44843 } }
I20260630 12:16:19.391533 18346 raft_consensus.cc:385] T 00000000000000000000000000000000 P e9035058e13b41819302a97c7d924cee [term 0 FOLLOWER]: Consensus starting up: Expiring failure detector timer to make a prompt election more likely
I20260630 12:16:19.391796 18346 raft_consensus.cc:740] T 00000000000000000000000000000000 P e9035058e13b41819302a97c7d924cee [term 0 FOLLOWER]: Becoming Follower/Learner. State: Replica: e9035058e13b41819302a97c7d924cee, State: Initialized, Role: FOLLOWER
I20260630 12:16:19.392405 18346 consensus_queue.cc:260] T 00000000000000000000000000000000 P e9035058e13b41819302a97c7d924cee [NON_LEADER]: Queue going to NON_LEADER mode. State: All replicated index: 0, Majority replicated index: 0, Committed index: 0, Last appended: 0.0, Last appended by leader: 0, Current term: 0, Majority size: -1, State: 0, Mode: NON_LEADER, active raft config: opid_index: -1 OBSOLETE_local: false peers { permanent_uuid: "f2bb01af957144209d69aec194a17b53" member_type: VOTER last_known_addr { host: "127.16.191.254" port: 35263 } } peers { permanent_uuid: "e9035058e13b41819302a97c7d924cee" member_type: VOTER last_known_addr { host: "127.16.191.253" port: 39691 } } peers { permanent_uuid: "c1e36b1b94174cbc9012d14930487813" member_type: VOTER last_known_addr { host: "127.16.191.252" port: 44843 } }
I20260630 12:16:19.393966 18443 sys_catalog.cc:455] T 00000000000000000000000000000000 P e9035058e13b41819302a97c7d924cee [sys.catalog]: SysCatalogTable state changed. Reason: RaftConsensus started. Latest consensus state: current_term: 0 committed_config { opid_index: -1 OBSOLETE_local: false peers { permanent_uuid: "f2bb01af957144209d69aec194a17b53" member_type: VOTER last_known_addr { host: "127.16.191.254" port: 35263 } } peers { permanent_uuid: "e9035058e13b41819302a97c7d924cee" member_type: VOTER last_known_addr { host: "127.16.191.253" port: 39691 } } peers { permanent_uuid: "c1e36b1b94174cbc9012d14930487813" member_type: VOTER last_known_addr { host: "127.16.191.252" port: 44843 } } }
I20260630 12:16:19.394534 18443 sys_catalog.cc:458] T 00000000000000000000000000000000 P e9035058e13b41819302a97c7d924cee [sys.catalog]: This master's current role is: FOLLOWER
I20260630 12:16:19.395104 18346 sys_catalog.cc:565] T 00000000000000000000000000000000 P e9035058e13b41819302a97c7d924cee [sys.catalog]: configured and running, proceeding with master startup.
I20260630 12:16:19.405562 17151 internal_mini_cluster.cc:184] Waiting to initialize catalog manager on master 2
I20260630 12:16:19.406981 17151 file_cache.cc:492] Constructed file cache file cache with capacity 419430
W20260630 12:16:19.409070 18454 catalog_manager.cc:1594] T 00000000000000000000000000000000 P e9035058e13b41819302a97c7d924cee: loading cluster ID for follower catalog manager: Not found: cluster ID entry not found
W20260630 12:16:19.409332 18454 catalog_manager.cc:883] Not found: cluster ID entry not found: failed to prepare follower catalog manager, will retry
W20260630 12:16:19.413501 18455 instance_detector.cc:116] could not retrieve AWS instance metadata: Network error: curl error: HTTP response code said error: The requested URL returned error: 404
W20260630 12:16:19.414515 18456 instance_detector.cc:116] could not retrieve Azure instance metadata: Network error: curl error: HTTP response code said error: The requested URL returned error: 404
I20260630 12:16:19.416901 17151 server_base.cc:1061] running on GCE node
W20260630 12:16:19.417248 18458 instance_detector.cc:116] could not retrieve OpenStack instance metadata: Network error: curl error: HTTP response code said error: The requested URL returned error: 404
I20260630 12:16:19.418126 17151 hybrid_clock.cc:584] initializing the hybrid clock with 'system_unsync' time source
W20260630 12:16:19.418453 17151 system_unsync_time.cc:38] NTP support is disabled. Clock error bounds will not be accurate. This configuration is not suitable for distributed clusters.
I20260630 12:16:19.418762 17151 hybrid_clock.cc:648] HybridClock initialized: now 1782821779418740 us; error 0 us; skew 500 ppm
I20260630 12:16:19.419296 17151 server_base.cc:861] Flag tcmalloc_max_total_thread_cache_bytes is not working since tcmalloc is not enabled.
I20260630 12:16:19.421768 17151 webserver.cc:533] Webserver started at http://127.16.191.193:45465/ using document root <none> and password file <none>
I20260630 12:16:19.422272 17151 fs_manager.cc:362] Metadata directory not provided
I20260630 12:16:19.422479 17151 fs_manager.cc:368] Using write-ahead log directory (fs_wal_dir) as metadata directory
I20260630 12:16:19.422757 17151 server_base.cc:909] This appears to be a new deployment of Kudu; creating new FS layout
I20260630 12:16:19.423977 17151 fs_manager.cc:1068] Generated new instance metadata in path /tmp/dist-test-task81IOrQ/test-tmp/auto_rebalancer-test.0.AutoRebalancerTest.NextLeaderResumesAutoRebalancing.1782821762972270-17151-0/minicluster-data/ts-0-root/instance:
uuid: "4477ce295d404fa38696df0b15f31be9"
format_stamp: "Formatted at 2026-06-30 12:16:19 on dist-test-slave-1s83"
I20260630 12:16:19.428570 17151 fs_manager.cc:696] Time spent creating directory manager: real 0.004s	user 0.003s	sys 0.001s
I20260630 12:16:19.432129 18463 log_block_manager.cc:4031] Time spent loading block containers with low live blocks: real 0.000s	user 0.000s	sys 0.000s
I20260630 12:16:19.433174 17151 fs_manager.cc:730] Time spent opening block manager: real 0.003s	user 0.002s	sys 0.001s
I20260630 12:16:19.433588 17151 fs_manager.cc:647] Opened local filesystem: /tmp/dist-test-task81IOrQ/test-tmp/auto_rebalancer-test.0.AutoRebalancerTest.NextLeaderResumesAutoRebalancing.1782821762972270-17151-0/minicluster-data/ts-0-root
uuid: "4477ce295d404fa38696df0b15f31be9"
format_stamp: "Formatted at 2026-06-30 12:16:19 on dist-test-slave-1s83"
I20260630 12:16:19.433969 17151 fs_report.cc:389] FS layout report
--------------------
wal directory: /tmp/dist-test-task81IOrQ/test-tmp/auto_rebalancer-test.0.AutoRebalancerTest.NextLeaderResumesAutoRebalancing.1782821762972270-17151-0/minicluster-data/ts-0-root
metadata directory: /tmp/dist-test-task81IOrQ/test-tmp/auto_rebalancer-test.0.AutoRebalancerTest.NextLeaderResumesAutoRebalancing.1782821762972270-17151-0/minicluster-data/ts-0-root
1 data directories: /tmp/dist-test-task81IOrQ/test-tmp/auto_rebalancer-test.0.AutoRebalancerTest.NextLeaderResumesAutoRebalancing.1782821762972270-17151-0/minicluster-data/ts-0-root/data
Total live blocks: 0
Total live bytes: 0
Total live bytes (after alignment): 0
Total number of LBM containers: 0 (0 full)
Did not check for missing blocks
Did not check for orphaned blocks
Total full LBM containers with extra space: 0 (0 repaired)
Total full LBM container extra space in bytes: 0 (0 repaired)
Total incomplete LBM containers: 0 (0 repaired)
Total LBM partial records: 0 (0 repaired)
Total corrupted LBM metadata records in RocksDB: 0 (0 repaired)
I20260630 12:16:19.452395 17151 rpc_server.cc:225] running with OpenSSL 1.1.1  11 Sep 2018
I20260630 12:16:19.453663 17151 kserver.cc:163] Server-wide thread pool size limit: 3276
I20260630 12:16:19.455134 17151 txn_system_client.cc:432] TxnSystemClient initialization is disabled...
I20260630 12:16:19.457556 17151 ts_tablet_manager.cc:585] Loaded tablet metadata (0 total tablets, 0 live tablets)
I20260630 12:16:19.457779 17151 ts_tablet_manager.cc:531] Time spent load tablet metadata: real 0.000s	user 0.000s	sys 0.000s
I20260630 12:16:19.458052 17151 ts_tablet_manager.cc:616] Registered 0 tablets
I20260630 12:16:19.458314 17151 ts_tablet_manager.cc:595] Time spent register tablets: real 0.000s	user 0.000s	sys 0.000s
I20260630 12:16:19.492105 18443 raft_consensus.cc:493] T 00000000000000000000000000000000 P e9035058e13b41819302a97c7d924cee [term 0 FOLLOWER]: Starting pre-election (no leader contacted us within the election timeout)
I20260630 12:16:19.492671 18443 raft_consensus.cc:515] T 00000000000000000000000000000000 P e9035058e13b41819302a97c7d924cee [term 0 FOLLOWER]: Starting pre-election with config: opid_index: -1 OBSOLETE_local: false peers { permanent_uuid: "f2bb01af957144209d69aec194a17b53" member_type: VOTER last_known_addr { host: "127.16.191.254" port: 35263 } } peers { permanent_uuid: "e9035058e13b41819302a97c7d924cee" member_type: VOTER last_known_addr { host: "127.16.191.253" port: 39691 } } peers { permanent_uuid: "c1e36b1b94174cbc9012d14930487813" member_type: VOTER last_known_addr { host: "127.16.191.252" port: 44843 } }
I20260630 12:16:19.496695 18443 leader_election.cc:290] T 00000000000000000000000000000000 P e9035058e13b41819302a97c7d924cee [CANDIDATE]: Term 1 pre-election: Requested pre-vote from peers f2bb01af957144209d69aec194a17b53 (127.16.191.254:35263), c1e36b1b94174cbc9012d14930487813 (127.16.191.252:44843)
I20260630 12:16:19.496963 18386 tablet_service.cc:1917] Received RequestConsensusVote() RPC: tablet_id: "00000000000000000000000000000000" candidate_uuid: "e9035058e13b41819302a97c7d924cee" candidate_term: 1 candidate_status { last_received { term: 0 index: 0 } } ignore_live_leader: false dest_uuid: "c1e36b1b94174cbc9012d14930487813" is_pre_election: true
I20260630 12:16:19.497934 18386 raft_consensus.cc:2468] T 00000000000000000000000000000000 P c1e36b1b94174cbc9012d14930487813 [term 0 FOLLOWER]: Leader pre-election vote request: Granting yes vote for candidate e9035058e13b41819302a97c7d924cee in term 0.
I20260630 12:16:19.499950 18296 leader_election.cc:304] T 00000000000000000000000000000000 P e9035058e13b41819302a97c7d924cee [CANDIDATE]: Term 1 pre-election: Election decided. Result: candidate won. Election summary: received 2 responses out of 3 voters: 2 yes votes; 0 no votes. yes voters: c1e36b1b94174cbc9012d14930487813, e9035058e13b41819302a97c7d924cee; no voters: 
I20260630 12:16:19.502099 18443 raft_consensus.cc:2804] T 00000000000000000000000000000000 P e9035058e13b41819302a97c7d924cee [term 0 FOLLOWER]: Leader pre-election won for term 1
I20260630 12:16:19.502661 18443 raft_consensus.cc:493] T 00000000000000000000000000000000 P e9035058e13b41819302a97c7d924cee [term 0 FOLLOWER]: Starting leader election (no leader contacted us within the election timeout)
I20260630 12:16:19.502516 18256 tablet_service.cc:1917] Received RequestConsensusVote() RPC: tablet_id: "00000000000000000000000000000000" candidate_uuid: "e9035058e13b41819302a97c7d924cee" candidate_term: 1 candidate_status { last_received { term: 0 index: 0 } } ignore_live_leader: false dest_uuid: "f2bb01af957144209d69aec194a17b53" is_pre_election: true
I20260630 12:16:19.503182 18443 raft_consensus.cc:3060] T 00000000000000000000000000000000 P e9035058e13b41819302a97c7d924cee [term 0 FOLLOWER]: Advancing to term 1
I20260630 12:16:19.503350 18256 raft_consensus.cc:2468] T 00000000000000000000000000000000 P f2bb01af957144209d69aec194a17b53 [term 0 FOLLOWER]: Leader pre-election vote request: Granting yes vote for candidate e9035058e13b41819302a97c7d924cee in term 0.
I20260630 12:16:19.510361 17151 rpc_server.cc:307] RPC server started. Bound to: 127.16.191.193:35319
I20260630 12:16:19.510437 18525 acceptor_pool.cc:272] collecting diagnostics on the listening RPC socket 127.16.191.193:35319 every 8 connection(s)
