I20260630 12:18:05.469022 18268 raft_consensus.cc:3060] T 1375383f17fe455ea8a12d3d66198e75 P 967dba948eec4cc7bdaee533110c2c98 [term 0 FOLLOWER]: Advancing to term 1
I20260630 12:18:05.469065 18106 leader_election.cc:304] T ce2651bf0309467fb8a1115a529e5618 P 96286a33f4ec41a78745dfdc25beb969 [CANDIDATE]: Term 1 election: Election decided. Result: candidate won. Election summary: received 2 responses out of 3 voters: 2 yes votes; 0 no votes. yes voters: 96286a33f4ec41a78745dfdc25beb969, 967dba948eec4cc7bdaee533110c2c98; no voters: 
I20260630 12:18:05.471532 18267 raft_consensus.cc:2804] T ce2651bf0309467fb8a1115a529e5618 P 96286a33f4ec41a78745dfdc25beb969 [term 1 FOLLOWER]: Leader election won for term 1
I20260630 12:18:05.471761 18261 tablet_bootstrap.cc:654] T 86d910660cfc4a7ca70de7cf3c640f18 P 96286a33f4ec41a78745dfdc25beb969: Neither blocks nor log segments found. Creating new log.
I20260630 12:18:05.472131 18267 raft_consensus.cc:697] T ce2651bf0309467fb8a1115a529e5618 P 96286a33f4ec41a78745dfdc25beb969 [term 1 LEADER]: Becoming Leader. State: Replica: 96286a33f4ec41a78745dfdc25beb969, State: Running, Role: LEADER
I20260630 12:18:05.473090 18267 consensus_queue.cc:237] T ce2651bf0309467fb8a1115a529e5618 P 96286a33f4ec41a78745dfdc25beb969 [LEADER]: Queue going to LEADER mode. State: All replicated index: 0, Majority replicated index: 0, Committed index: 0, Last appended: 0.0, Last appended by leader: 0, Current term: 1, Majority size: 2, State: 0, Mode: LEADER, active raft config: opid_index: -1 OBSOLETE_local: false peers { permanent_uuid: "110d0ad6b2744653a098dd71c8ce3010" member_type: VOTER last_known_addr { host: "127.13.58.193" port: 33281 } } peers { permanent_uuid: "96286a33f4ec41a78745dfdc25beb969" member_type: VOTER last_known_addr { host: "127.13.58.194" port: 40837 } } peers { permanent_uuid: "967dba948eec4cc7bdaee533110c2c98" member_type: VOTER last_known_addr { host: "127.13.58.195" port: 43319 } }
I20260630 12:18:05.474056 18260 ts_tablet_manager.cc:1434] T 171cb4f070c9484f9ae6638ce68ecb16 P 110d0ad6b2744653a098dd71c8ce3010: Time spent starting tablet: real 0.033s	user 0.006s	sys 0.004s
I20260630 12:18:05.478972 18268 raft_consensus.cc:515] T 1375383f17fe455ea8a12d3d66198e75 P 967dba948eec4cc7bdaee533110c2c98 [term 1 FOLLOWER]: Starting leader election with config: opid_index: -1 OBSOLETE_local: false peers { permanent_uuid: "110d0ad6b2744653a098dd71c8ce3010" member_type: VOTER last_known_addr { host: "127.13.58.193" port: 33281 } } peers { permanent_uuid: "96286a33f4ec41a78745dfdc25beb969" member_type: VOTER last_known_addr { host: "127.13.58.194" port: 40837 } } peers { permanent_uuid: "967dba948eec4cc7bdaee533110c2c98" member_type: VOTER last_known_addr { host: "127.13.58.195" port: 43319 } }
I20260630 12:18:05.479874 18260 tablet_bootstrap.cc:492] T 86d910660cfc4a7ca70de7cf3c640f18 P 110d0ad6b2744653a098dd71c8ce3010: Bootstrap starting.
I20260630 12:18:05.481828 18268 leader_election.cc:290] T 1375383f17fe455ea8a12d3d66198e75 P 967dba948eec4cc7bdaee533110c2c98 [CANDIDATE]: Term 1 election: Requested vote from peers 110d0ad6b2744653a098dd71c8ce3010 (127.13.58.193:33281), 96286a33f4ec41a78745dfdc25beb969 (127.13.58.194:40837)
I20260630 12:18:05.485484 18066 tablet_service.cc:1917] Received RequestConsensusVote() RPC: tablet_id: "ce2651bf0309467fb8a1115a529e5618" candidate_uuid: "96286a33f4ec41a78745dfdc25beb969" candidate_term: 1 candidate_status { last_received { term: 0 index: 0 } } ignore_live_leader: false dest_uuid: "110d0ad6b2744653a098dd71c8ce3010"
I20260630 12:18:05.486230 18262 tablet_bootstrap.cc:492] T a82f6771a7c94df0a7f148abcd99138b P 967dba948eec4cc7bdaee533110c2c98: No bootstrap required, opened a new log
I20260630 12:18:05.486788 18262 ts_tablet_manager.cc:1403] T a82f6771a7c94df0a7f148abcd99138b P 967dba948eec4cc7bdaee533110c2c98: Time spent bootstrapping tablet: real 0.055s	user 0.017s	sys 0.011s
W20260630 12:18:05.486909 18107 leader_election.cc:343] T ce2651bf0309467fb8a1115a529e5618 P 96286a33f4ec41a78745dfdc25beb969 [CANDIDATE]: Term 1 election: Tablet error from VoteRequest() call to peer 110d0ad6b2744653a098dd71c8ce3010 (127.13.58.193:33281): Illegal state: must be running to vote when last-logged opid is not known
I20260630 12:18:05.489876 18262 raft_consensus.cc:359] T a82f6771a7c94df0a7f148abcd99138b P 967dba948eec4cc7bdaee533110c2c98 [term 0 FOLLOWER]: Replica starting. Triggering 0 pending ops. Active config: opid_index: -1 OBSOLETE_local: false peers { permanent_uuid: "110d0ad6b2744653a098dd71c8ce3010" member_type: VOTER last_known_addr { host: "127.13.58.193" port: 33281 } } peers { permanent_uuid: "96286a33f4ec41a78745dfdc25beb969" member_type: VOTER last_known_addr { host: "127.13.58.194" port: 40837 } } peers { permanent_uuid: "967dba948eec4cc7bdaee533110c2c98" member_type: VOTER last_known_addr { host: "127.13.58.195" port: 43319 } }
I20260630 12:18:05.490638 18262 raft_consensus.cc:385] T a82f6771a7c94df0a7f148abcd99138b P 967dba948eec4cc7bdaee533110c2c98 [term 0 FOLLOWER]: Consensus starting up: Expiring failure detector timer to make a prompt election more likely
I20260630 12:18:05.490613 18261 tablet_bootstrap.cc:492] T 86d910660cfc4a7ca70de7cf3c640f18 P 96286a33f4ec41a78745dfdc25beb969: No bootstrap required, opened a new log
I20260630 12:18:05.491919 18261 ts_tablet_manager.cc:1403] T 86d910660cfc4a7ca70de7cf3c640f18 P 96286a33f4ec41a78745dfdc25beb969: Time spent bootstrapping tablet: real 0.032s	user 0.011s	sys 0.008s
W20260630 12:18:05.491014 18181 leader_election.cc:343] T e786ea5fcb284bd2b7db3985b28e72a6 P 967dba948eec4cc7bdaee533110c2c98 [CANDIDATE]: Term 1 pre-election: Tablet error from VoteRequest() call to peer 110d0ad6b2744653a098dd71c8ce3010 (127.13.58.193:33281): Illegal state: must be running to vote when last-logged opid is not known
I20260630 12:18:05.493903 18260 tablet_bootstrap.cc:654] T 86d910660cfc4a7ca70de7cf3c640f18 P 110d0ad6b2744653a098dd71c8ce3010: Neither blocks nor log segments found. Creating new log.
I20260630 12:18:05.493989 18181 leader_election.cc:304] T d1c566b382bc4050ab35500efad27164 P 967dba948eec4cc7bdaee533110c2c98 [CANDIDATE]: Term 1 pre-election: Election decided. Result: candidate lost. Election summary: received 3 responses out of 3 voters: 1 yes votes; 2 no votes. yes voters: 967dba948eec4cc7bdaee533110c2c98; no voters: 110d0ad6b2744653a098dd71c8ce3010, 96286a33f4ec41a78745dfdc25beb969
I20260630 12:18:05.496218 18066 tablet_service.cc:1917] Received RequestConsensusVote() RPC: tablet_id: "e786ea5fcb284bd2b7db3985b28e72a6" candidate_uuid: "967dba948eec4cc7bdaee533110c2c98" candidate_term: 1 candidate_status { last_received { term: 0 index: 0 } } ignore_live_leader: false dest_uuid: "110d0ad6b2744653a098dd71c8ce3010"
I20260630 12:18:05.498704 18261 raft_consensus.cc:359] T 86d910660cfc4a7ca70de7cf3c640f18 P 96286a33f4ec41a78745dfdc25beb969 [term 0 FOLLOWER]: Replica starting. Triggering 0 pending ops. Active config: opid_index: -1 OBSOLETE_local: false peers { permanent_uuid: "110d0ad6b2744653a098dd71c8ce3010" member_type: VOTER last_known_addr { host: "127.13.58.193" port: 33281 } } peers { permanent_uuid: "96286a33f4ec41a78745dfdc25beb969" member_type: VOTER last_known_addr { host: "127.13.58.194" port: 40837 } } peers { permanent_uuid: "967dba948eec4cc7bdaee533110c2c98" member_type: VOTER last_known_addr { host: "127.13.58.195" port: 43319 } }
I20260630 12:18:05.498991 18141 tablet_service.cc:1917] Received RequestConsensusVote() RPC: tablet_id: "e786ea5fcb284bd2b7db3985b28e72a6" candidate_uuid: "967dba948eec4cc7bdaee533110c2c98" candidate_term: 1 candidate_status { last_received { term: 0 index: 0 } } ignore_live_leader: false dest_uuid: "96286a33f4ec41a78745dfdc25beb969"
I20260630 12:18:05.499608 18261 raft_consensus.cc:385] T 86d910660cfc4a7ca70de7cf3c640f18 P 96286a33f4ec41a78745dfdc25beb969 [term 0 FOLLOWER]: Consensus starting up: Expiring failure detector timer to make a prompt election more likely
I20260630 12:18:05.499960 18141 raft_consensus.cc:3060] T e786ea5fcb284bd2b7db3985b28e72a6 P 96286a33f4ec41a78745dfdc25beb969 [term 0 FOLLOWER]: Advancing to term 1
I20260630 12:18:05.500146 18261 raft_consensus.cc:740] T 86d910660cfc4a7ca70de7cf3c640f18 P 96286a33f4ec41a78745dfdc25beb969 [term 0 FOLLOWER]: Becoming Follower/Learner. State: Replica: 96286a33f4ec41a78745dfdc25beb969, State: Initialized, Role: FOLLOWER
I20260630 12:18:05.501231 18261 consensus_queue.cc:260] T 86d910660cfc4a7ca70de7cf3c640f18 P 96286a33f4ec41a78745dfdc25beb969 [NON_LEADER]: Queue going to NON_LEADER mode. State: All replicated index: 0, Majority replicated index: 0, Committed index: 0, Last appended: 0.0, Last appended by leader: 0, Current term: 0, Majority size: -1, State: 0, Mode: NON_LEADER, active raft config: opid_index: -1 OBSOLETE_local: false peers { permanent_uuid: "110d0ad6b2744653a098dd71c8ce3010" member_type: VOTER last_known_addr { host: "127.13.58.193" port: 33281 } } peers { permanent_uuid: "96286a33f4ec41a78745dfdc25beb969" member_type: VOTER last_known_addr { host: "127.13.58.194" port: 40837 } } peers { permanent_uuid: "967dba948eec4cc7bdaee533110c2c98" member_type: VOTER last_known_addr { host: "127.13.58.195" port: 43319 } }
I20260630 12:18:05.503876 18261 ts_tablet_manager.cc:1434] T 86d910660cfc4a7ca70de7cf3c640f18 P 96286a33f4ec41a78745dfdc25beb969: Time spent starting tablet: real 0.011s	user 0.006s	sys 0.001s
I20260630 12:18:05.505005 18261 tablet_bootstrap.cc:492] T 171cb4f070c9484f9ae6638ce68ecb16 P 96286a33f4ec41a78745dfdc25beb969: Bootstrap starting.
I20260630 12:18:05.505185 17963 catalog_manager.cc:5697] T ce2651bf0309467fb8a1115a529e5618 P 96286a33f4ec41a78745dfdc25beb969 reported cstate change: term changed from 0 to 1, leader changed from <none> to 96286a33f4ec41a78745dfdc25beb969 (127.13.58.194). New cstate: current_term: 1 leader_uuid: "96286a33f4ec41a78745dfdc25beb969" committed_config { opid_index: -1 OBSOLETE_local: false peers { permanent_uuid: "110d0ad6b2744653a098dd71c8ce3010" member_type: VOTER last_known_addr { host: "127.13.58.193" port: 33281 } health_report { overall_health: UNKNOWN } } peers { permanent_uuid: "96286a33f4ec41a78745dfdc25beb969" member_type: VOTER last_known_addr { host: "127.13.58.194" port: 40837 } health_report { overall_health: HEALTHY } } peers { permanent_uuid: "967dba948eec4cc7bdaee533110c2c98" member_type: VOTER last_known_addr { host: "127.13.58.195" port: 43319 } health_report { overall_health: UNKNOWN } } }
I20260630 12:18:05.509277 18302 raft_consensus.cc:3060] T d1c566b382bc4050ab35500efad27164 P 967dba948eec4cc7bdaee533110c2c98 [term 0 FOLLOWER]: Advancing to term 1
I20260630 12:18:05.511384 18141 raft_consensus.cc:2468] T e786ea5fcb284bd2b7db3985b28e72a6 P 96286a33f4ec41a78745dfdc25beb969 [term 1 FOLLOWER]: Leader election vote request: Granting yes vote for candidate 967dba948eec4cc7bdaee533110c2c98 in term 1.
I20260630 12:18:05.512054 18261 tablet_bootstrap.cc:654] T 171cb4f070c9484f9ae6638ce68ecb16 P 96286a33f4ec41a78745dfdc25beb969: Neither blocks nor log segments found. Creating new log.
I20260630 12:18:05.514700 18066 tablet_service.cc:1917] Received RequestConsensusVote() RPC: tablet_id: "1375383f17fe455ea8a12d3d66198e75" candidate_uuid: "967dba948eec4cc7bdaee533110c2c98" candidate_term: 1 candidate_status { last_received { term: 0 index: 0 } } ignore_live_leader: false dest_uuid: "110d0ad6b2744653a098dd71c8ce3010"
I20260630 12:18:05.491077 18262 raft_consensus.cc:740] T a82f6771a7c94df0a7f148abcd99138b P 967dba948eec4cc7bdaee533110c2c98 [term 0 FOLLOWER]: Becoming Follower/Learner. State: Replica: 967dba948eec4cc7bdaee533110c2c98, State: Initialized, Role: FOLLOWER
I20260630 12:18:05.515552 18066 raft_consensus.cc:3060] T 1375383f17fe455ea8a12d3d66198e75 P 110d0ad6b2744653a098dd71c8ce3010 [term 0 FOLLOWER]: Advancing to term 1
I20260630 12:18:05.516883 18262 consensus_queue.cc:260] T a82f6771a7c94df0a7f148abcd99138b P 967dba948eec4cc7bdaee533110c2c98 [NON_LEADER]: Queue going to NON_LEADER mode. State: All replicated index: 0, Majority replicated index: 0, Committed index: 0, Last appended: 0.0, Last appended by leader: 0, Current term: 0, Majority size: -1, State: 0, Mode: NON_LEADER, active raft config: opid_index: -1 OBSOLETE_local: false peers { permanent_uuid: "110d0ad6b2744653a098dd71c8ce3010" member_type: VOTER last_known_addr { host: "127.13.58.193" port: 33281 } } peers { permanent_uuid: "96286a33f4ec41a78745dfdc25beb969" member_type: VOTER last_known_addr { host: "127.13.58.194" port: 40837 } } peers { permanent_uuid: "967dba948eec4cc7bdaee533110c2c98" member_type: VOTER last_known_addr { host: "127.13.58.195" port: 43319 } }
I20260630 12:18:05.529255 18262 ts_tablet_manager.cc:1434] T a82f6771a7c94df0a7f148abcd99138b P 967dba948eec4cc7bdaee533110c2c98: Time spent starting tablet: real 0.042s	user 0.005s	sys 0.005s
I20260630 12:18:05.530332 18262 tablet_bootstrap.cc:492] T d56dee1aaa714feeb5580018663e9c1e P 967dba948eec4cc7bdaee533110c2c98: Bootstrap starting.
I20260630 12:18:05.539117 18140 tablet_service.cc:1917] Received RequestConsensusVote() RPC: tablet_id: "1375383f17fe455ea8a12d3d66198e75" candidate_uuid: "967dba948eec4cc7bdaee533110c2c98" candidate_term: 1 candidate_status { last_received { term: 0 index: 0 } } ignore_live_leader: false dest_uuid: "96286a33f4ec41a78745dfdc25beb969"
I20260630 12:18:05.540508 18140 raft_consensus.cc:3060] T 1375383f17fe455ea8a12d3d66198e75 P 96286a33f4ec41a78745dfdc25beb969 [term 0 FOLLOWER]: Advancing to term 1
I20260630 12:18:05.549751 18267 raft_consensus.cc:493] T bb51472c668a4cd99d2708686d02dff5 P 96286a33f4ec41a78745dfdc25beb969 [term 0 FOLLOWER]: Starting pre-election (no leader contacted us within the election timeout)
I20260630 12:18:05.550546 18267 raft_consensus.cc:515] T bb51472c668a4cd99d2708686d02dff5 P 96286a33f4ec41a78745dfdc25beb969 [term 0 FOLLOWER]: Starting pre-election with config: opid_index: -1 OBSOLETE_local: false peers { permanent_uuid: "110d0ad6b2744653a098dd71c8ce3010" member_type: VOTER last_known_addr { host: "127.13.58.193" port: 33281 } } peers { permanent_uuid: "96286a33f4ec41a78745dfdc25beb969" member_type: VOTER last_known_addr { host: "127.13.58.194" port: 40837 } } peers { permanent_uuid: "967dba948eec4cc7bdaee533110c2c98" member_type: VOTER last_known_addr { host: "127.13.58.195" port: 43319 } }
I20260630 12:18:05.554991 18262 tablet_bootstrap.cc:654] T d56dee1aaa714feeb5580018663e9c1e P 967dba948eec4cc7bdaee533110c2c98: Neither blocks nor log segments found. Creating new log.
I20260630 12:18:05.555509 18267 leader_election.cc:290] T bb51472c668a4cd99d2708686d02dff5 P 96286a33f4ec41a78745dfdc25beb969 [CANDIDATE]: Term 1 pre-election: Requested pre-vote from peers 110d0ad6b2744653a098dd71c8ce3010 (127.13.58.193:33281), 967dba948eec4cc7bdaee533110c2c98 (127.13.58.195:43319)
I20260630 12:18:05.556612 18215 tablet_service.cc:1917] Received RequestConsensusVote() RPC: tablet_id: "bb51472c668a4cd99d2708686d02dff5" candidate_uuid: "96286a33f4ec41a78745dfdc25beb969" candidate_term: 1 candidate_status { last_received { term: 0 index: 0 } } ignore_live_leader: false dest_uuid: "967dba948eec4cc7bdaee533110c2c98" is_pre_election: true
I20260630 12:18:05.557034 18065 tablet_service.cc:1917] Received RequestConsensusVote() RPC: tablet_id: "bb51472c668a4cd99d2708686d02dff5" candidate_uuid: "96286a33f4ec41a78745dfdc25beb969" candidate_term: 1 candidate_status { last_received { term: 0 index: 0 } } ignore_live_leader: false dest_uuid: "110d0ad6b2744653a098dd71c8ce3010" is_pre_election: true
W20260630 12:18:05.558285 18106 leader_election.cc:343] T bb51472c668a4cd99d2708686d02dff5 P 96286a33f4ec41a78745dfdc25beb969 [CANDIDATE]: Term 1 pre-election: Tablet error from VoteRequest() call to peer 967dba948eec4cc7bdaee533110c2c98 (127.13.58.195:43319): Illegal state: must be running to vote when last-logged opid is not known
W20260630 12:18:05.559083 18107 leader_election.cc:343] T bb51472c668a4cd99d2708686d02dff5 P 96286a33f4ec41a78745dfdc25beb969 [CANDIDATE]: Term 1 pre-election: Tablet error from VoteRequest() call to peer 110d0ad6b2744653a098dd71c8ce3010 (127.13.58.193:33281): Illegal state: must be running to vote when last-logged opid is not known
I20260630 12:18:05.559568 18107 leader_election.cc:304] T bb51472c668a4cd99d2708686d02dff5 P 96286a33f4ec41a78745dfdc25beb969 [CANDIDATE]: Term 1 pre-election: Election decided. Result: candidate lost. Election summary: received 3 responses out of 3 voters: 1 yes votes; 2 no votes. yes voters: 96286a33f4ec41a78745dfdc25beb969; no voters: 110d0ad6b2744653a098dd71c8ce3010, 967dba948eec4cc7bdaee533110c2c98
I20260630 12:18:05.560319 18261 tablet_bootstrap.cc:492] T 171cb4f070c9484f9ae6638ce68ecb16 P 96286a33f4ec41a78745dfdc25beb969: No bootstrap required, opened a new log
I20260630 12:18:05.560851 18261 ts_tablet_manager.cc:1403] T 171cb4f070c9484f9ae6638ce68ecb16 P 96286a33f4ec41a78745dfdc25beb969: Time spent bootstrapping tablet: real 0.056s	user 0.021s	sys 0.025s
I20260630 12:18:05.561179 18302 raft_consensus.cc:2749] T d1c566b382bc4050ab35500efad27164 P 967dba948eec4cc7bdaee533110c2c98 [term 1 FOLLOWER]: Leader pre-election lost for term 1. Reason: could not achieve majority
I20260630 12:18:05.562620 18267 raft_consensus.cc:2749] T bb51472c668a4cd99d2708686d02dff5 P 96286a33f4ec41a78745dfdc25beb969 [term 0 FOLLOWER]: Leader pre-election lost for term 1. Reason: could not achieve majority
I20260630 12:18:05.559108 18260 tablet_bootstrap.cc:492] T 86d910660cfc4a7ca70de7cf3c640f18 P 110d0ad6b2744653a098dd71c8ce3010: No bootstrap required, opened a new log
I20260630 12:18:05.563862 18260 ts_tablet_manager.cc:1403] T 86d910660cfc4a7ca70de7cf3c640f18 P 110d0ad6b2744653a098dd71c8ce3010: Time spent bootstrapping tablet: real 0.084s	user 0.030s	sys 0.043s
I20260630 12:18:05.563830 18261 raft_consensus.cc:359] T 171cb4f070c9484f9ae6638ce68ecb16 P 96286a33f4ec41a78745dfdc25beb969 [term 0 FOLLOWER]: Replica starting. Triggering 0 pending ops. Active config: opid_index: -1 OBSOLETE_local: false peers { permanent_uuid: "110d0ad6b2744653a098dd71c8ce3010" member_type: VOTER last_known_addr { host: "127.13.58.193" port: 33281 } } peers { permanent_uuid: "96286a33f4ec41a78745dfdc25beb969" member_type: VOTER last_known_addr { host: "127.13.58.194" port: 40837 } } peers { permanent_uuid: "967dba948eec4cc7bdaee533110c2c98" member_type: VOTER last_known_addr { host: "127.13.58.195" port: 43319 } }
I20260630 12:18:05.564975 18261 raft_consensus.cc:385] T 171cb4f070c9484f9ae6638ce68ecb16 P 96286a33f4ec41a78745dfdc25beb969 [term 0 FOLLOWER]: Consensus starting up: Expiring failure detector timer to make a prompt election more likely
I20260630 12:18:05.565454 18261 raft_consensus.cc:740] T 171cb4f070c9484f9ae6638ce68ecb16 P 96286a33f4ec41a78745dfdc25beb969 [term 0 FOLLOWER]: Becoming Follower/Learner. State: Replica: 96286a33f4ec41a78745dfdc25beb969, State: Initialized, Role: FOLLOWER
I20260630 12:18:05.566670 18261 consensus_queue.cc:260] T 171cb4f070c9484f9ae6638ce68ecb16 P 96286a33f4ec41a78745dfdc25beb969 [NON_LEADER]: Queue going to NON_LEADER mode. State: All replicated index: 0, Majority replicated index: 0, Committed index: 0, Last appended: 0.0, Last appended by leader: 0, Current term: 0, Majority size: -1, State: 0, Mode: NON_LEADER, active raft config: opid_index: -1 OBSOLETE_local: false peers { permanent_uuid: "110d0ad6b2744653a098dd71c8ce3010" member_type: VOTER last_known_addr { host: "127.13.58.193" port: 33281 } } peers { permanent_uuid: "96286a33f4ec41a78745dfdc25beb969" member_type: VOTER last_known_addr { host: "127.13.58.194" port: 40837 } } peers { permanent_uuid: "967dba948eec4cc7bdaee533110c2c98" member_type: VOTER last_known_addr { host: "127.13.58.195" port: 43319 } }
I20260630 12:18:05.568797 18140 raft_consensus.cc:2468] T 1375383f17fe455ea8a12d3d66198e75 P 96286a33f4ec41a78745dfdc25beb969 [term 1 FOLLOWER]: Leader election vote request: Granting yes vote for candidate 967dba948eec4cc7bdaee533110c2c98 in term 1.
I20260630 12:18:05.567266 18260 raft_consensus.cc:359] T 86d910660cfc4a7ca70de7cf3c640f18 P 110d0ad6b2744653a098dd71c8ce3010 [term 0 FOLLOWER]: Replica starting. Triggering 0 pending ops. Active config: opid_index: -1 OBSOLETE_local: false peers { permanent_uuid: "110d0ad6b2744653a098dd71c8ce3010" member_type: VOTER last_known_addr { host: "127.13.58.193" port: 33281 } } peers { permanent_uuid: "96286a33f4ec41a78745dfdc25beb969" member_type: VOTER last_known_addr { host: "127.13.58.194" port: 40837 } } peers { permanent_uuid: "967dba948eec4cc7bdaee533110c2c98" member_type: VOTER last_known_addr { host: "127.13.58.195" port: 43319 } }
I20260630 12:18:05.569927 18260 raft_consensus.cc:385] T 86d910660cfc4a7ca70de7cf3c640f18 P 110d0ad6b2744653a098dd71c8ce3010 [term 0 FOLLOWER]: Consensus starting up: Expiring failure detector timer to make a prompt election more likely
I20260630 12:18:05.570204 18302 raft_consensus.cc:493] T 86d910660cfc4a7ca70de7cf3c640f18 P 967dba948eec4cc7bdaee533110c2c98 [term 0 FOLLOWER]: Starting pre-election (no leader contacted us within the election timeout)
I20260630 12:18:05.570300 18260 raft_consensus.cc:740] T 86d910660cfc4a7ca70de7cf3c640f18 P 110d0ad6b2744653a098dd71c8ce3010 [term 0 FOLLOWER]: Becoming Follower/Learner. State: Replica: 110d0ad6b2744653a098dd71c8ce3010, State: Initialized, Role: FOLLOWER
I20260630 12:18:05.570801 18302 raft_consensus.cc:515] T 86d910660cfc4a7ca70de7cf3c640f18 P 967dba948eec4cc7bdaee533110c2c98 [term 0 FOLLOWER]: Starting pre-election with config: opid_index: -1 OBSOLETE_local: false peers { permanent_uuid: "110d0ad6b2744653a098dd71c8ce3010" member_type: VOTER last_known_addr { host: "127.13.58.193" port: 33281 } } peers { permanent_uuid: "96286a33f4ec41a78745dfdc25beb969" member_type: VOTER last_known_addr { host: "127.13.58.194" port: 40837 } } peers { permanent_uuid: "967dba948eec4cc7bdaee533110c2c98" member_type: VOTER last_known_addr { host: "127.13.58.195" port: 43319 } }
I20260630 12:18:05.571154 18261 ts_tablet_manager.cc:1434] T 171cb4f070c9484f9ae6638ce68ecb16 P 96286a33f4ec41a78745dfdc25beb969: Time spent starting tablet: real 0.010s	user 0.005s	sys 0.003s
I20260630 12:18:05.571343 18260 consensus_queue.cc:260] T 86d910660cfc4a7ca70de7cf3c640f18 P 110d0ad6b2744653a098dd71c8ce3010 [NON_LEADER]: Queue going to NON_LEADER mode. State: All replicated index: 0, Majority replicated index: 0, Committed index: 0, Last appended: 0.0, Last appended by leader: 0, Current term: 0, Majority size: -1, State: 0, Mode: NON_LEADER, active raft config: opid_index: -1 OBSOLETE_local: false peers { permanent_uuid: "110d0ad6b2744653a098dd71c8ce3010" member_type: VOTER last_known_addr { host: "127.13.58.193" port: 33281 } } peers { permanent_uuid: "96286a33f4ec41a78745dfdc25beb969" member_type: VOTER last_known_addr { host: "127.13.58.194" port: 40837 } } peers { permanent_uuid: "967dba948eec4cc7bdaee533110c2c98" member_type: VOTER last_known_addr { host: "127.13.58.195" port: 43319 } }
I20260630 12:18:05.572839 18261 tablet_bootstrap.cc:492] T 0438f6dfa49a4913bea548e0b5500410 P 96286a33f4ec41a78745dfdc25beb969: Bootstrap starting.
I20260630 12:18:05.574458 18260 ts_tablet_manager.cc:1434] T 86d910660cfc4a7ca70de7cf3c640f18 P 110d0ad6b2744653a098dd71c8ce3010: Time spent starting tablet: real 0.010s	user 0.007s	sys 0.000s
I20260630 12:18:05.575659 18260 tablet_bootstrap.cc:492] T d56dee1aaa714feeb5580018663e9c1e P 110d0ad6b2744653a098dd71c8ce3010: Bootstrap starting.
I20260630 12:18:05.576865 18302 leader_election.cc:290] T 86d910660cfc4a7ca70de7cf3c640f18 P 967dba948eec4cc7bdaee533110c2c98 [CANDIDATE]: Term 1 pre-election: Requested pre-vote from peers 110d0ad6b2744653a098dd71c8ce3010 (127.13.58.193:33281), 96286a33f4ec41a78745dfdc25beb969 (127.13.58.194:40837)
I20260630 12:18:05.577023 18267 raft_consensus.cc:493] T 86d910660cfc4a7ca70de7cf3c640f18 P 96286a33f4ec41a78745dfdc25beb969 [term 0 FOLLOWER]: Starting pre-election (no leader contacted us within the election timeout)
I20260630 12:18:05.577770 18267 raft_consensus.cc:515] T 86d910660cfc4a7ca70de7cf3c640f18 P 96286a33f4ec41a78745dfdc25beb969 [term 0 FOLLOWER]: Starting pre-election with config: opid_index: -1 OBSOLETE_local: false peers { permanent_uuid: "110d0ad6b2744653a098dd71c8ce3010" member_type: VOTER last_known_addr { host: "127.13.58.193" port: 33281 } } peers { permanent_uuid: "96286a33f4ec41a78745dfdc25beb969" member_type: VOTER last_known_addr { host: "127.13.58.194" port: 40837 } } peers { permanent_uuid: "967dba948eec4cc7bdaee533110c2c98" member_type: VOTER last_known_addr { host: "127.13.58.195" port: 43319 } }
I20260630 12:18:05.578526 18295 raft_consensus.cc:493] T 981e3c123a5047cd9d4309389c603dac P 110d0ad6b2744653a098dd71c8ce3010 [term 0 FOLLOWER]: Starting pre-election (no leader contacted us within the election timeout)
I20260630 12:18:05.579041 18295 raft_consensus.cc:515] T 981e3c123a5047cd9d4309389c603dac P 110d0ad6b2744653a098dd71c8ce3010 [term 0 FOLLOWER]: Starting pre-election with config: opid_index: -1 OBSOLETE_local: false peers { permanent_uuid: "110d0ad6b2744653a098dd71c8ce3010" member_type: VOTER last_known_addr { host: "127.13.58.193" port: 33281 } } peers { permanent_uuid: "96286a33f4ec41a78745dfdc25beb969" member_type: VOTER last_known_addr { host: "127.13.58.194" port: 40837 } } peers { permanent_uuid: "967dba948eec4cc7bdaee533110c2c98" member_type: VOTER last_known_addr { host: "127.13.58.195" port: 43319 } }
I20260630 12:18:05.581326 18295 leader_election.cc:290] T 981e3c123a5047cd9d4309389c603dac P 110d0ad6b2744653a098dd71c8ce3010 [CANDIDATE]: Term 1 pre-election: Requested pre-vote from peers 96286a33f4ec41a78745dfdc25beb969 (127.13.58.194:40837), 967dba948eec4cc7bdaee533110c2c98 (127.13.58.195:43319)
I20260630 12:18:05.582712 18260 tablet_bootstrap.cc:654] T d56dee1aaa714feeb5580018663e9c1e P 110d0ad6b2744653a098dd71c8ce3010: Neither blocks nor log segments found. Creating new log.
I20260630 12:18:05.582624 18065 tablet_service.cc:1917] Received RequestConsensusVote() RPC: tablet_id: "86d910660cfc4a7ca70de7cf3c640f18" candidate_uuid: "96286a33f4ec41a78745dfdc25beb969" candidate_term: 1 candidate_status { last_received { term: 0 index: 0 } } ignore_live_leader: false dest_uuid: "110d0ad6b2744653a098dd71c8ce3010" is_pre_election: true
I20260630 12:18:05.583060 18139 tablet_service.cc:1917] Received RequestConsensusVote() RPC: tablet_id: "981e3c123a5047cd9d4309389c603dac" candidate_uuid: "110d0ad6b2744653a098dd71c8ce3010" candidate_term: 1 candidate_status { last_received { term: 0 index: 0 } } ignore_live_leader: false dest_uuid: "96286a33f4ec41a78745dfdc25beb969" is_pre_election: true
I20260630 12:18:05.583858 18139 raft_consensus.cc:2468] T 981e3c123a5047cd9d4309389c603dac P 96286a33f4ec41a78745dfdc25beb969 [term 0 FOLLOWER]: Leader pre-election vote request: Granting yes vote for candidate 110d0ad6b2744653a098dd71c8ce3010 in term 0.
I20260630 12:18:05.583839 18065 raft_consensus.cc:2468] T 86d910660cfc4a7ca70de7cf3c640f18 P 110d0ad6b2744653a098dd71c8ce3010 [term 0 FOLLOWER]: Leader pre-election vote request: Granting yes vote for candidate 96286a33f4ec41a78745dfdc25beb969 in term 0.
I20260630 12:18:05.585489 18032 leader_election.cc:304] T 981e3c123a5047cd9d4309389c603dac P 110d0ad6b2744653a098dd71c8ce3010 [CANDIDATE]: Term 1 pre-election: Election decided. Result: candidate won. Election summary: received 2 responses out of 3 voters: 2 yes votes; 0 no votes. yes voters: 110d0ad6b2744653a098dd71c8ce3010, 96286a33f4ec41a78745dfdc25beb969; no voters: 
I20260630 12:18:05.586877 18107 leader_election.cc:304] T 86d910660cfc4a7ca70de7cf3c640f18 P 96286a33f4ec41a78745dfdc25beb969 [CANDIDATE]: Term 1 pre-election: Election decided. Result: candidate won. Election summary: received 2 responses out of 3 voters: 2 yes votes; 0 no votes. yes voters: 110d0ad6b2744653a098dd71c8ce3010, 96286a33f4ec41a78745dfdc25beb969; no voters: 
I20260630 12:18:05.588091 18267 leader_election.cc:290] T 86d910660cfc4a7ca70de7cf3c640f18 P 96286a33f4ec41a78745dfdc25beb969 [CANDIDATE]: Term 1 pre-election: Requested pre-vote from peers 110d0ad6b2744653a098dd71c8ce3010 (127.13.58.193:33281), 967dba948eec4cc7bdaee533110c2c98 (127.13.58.195:43319)
I20260630 12:18:05.588238 18285 raft_consensus.cc:2804] T 86d910660cfc4a7ca70de7cf3c640f18 P 96286a33f4ec41a78745dfdc25beb969 [term 0 FOLLOWER]: Leader pre-election won for term 1
I20260630 12:18:05.588991 18285 raft_consensus.cc:493] T 86d910660cfc4a7ca70de7cf3c640f18 P 96286a33f4ec41a78745dfdc25beb969 [term 0 FOLLOWER]: Starting leader election (no leader contacted us within the election timeout)
I20260630 12:18:05.589454 18285 raft_consensus.cc:3060] T 86d910660cfc4a7ca70de7cf3c640f18 P 96286a33f4ec41a78745dfdc25beb969 [term 0 FOLLOWER]: Advancing to term 1
I20260630 12:18:05.588166 18214 tablet_service.cc:1917] Received RequestConsensusVote() RPC: tablet_id: "86d910660cfc4a7ca70de7cf3c640f18" candidate_uuid: "96286a33f4ec41a78745dfdc25beb969" candidate_term: 1 candidate_status { last_received { term: 0 index: 0 } } ignore_live_leader: false dest_uuid: "967dba948eec4cc7bdaee533110c2c98" is_pre_election: true
I20260630 12:18:05.591742 18214 raft_consensus.cc:2468] T 86d910660cfc4a7ca70de7cf3c640f18 P 967dba948eec4cc7bdaee533110c2c98 [term 0 FOLLOWER]: Leader pre-election vote request: Granting yes vote for candidate 96286a33f4ec41a78745dfdc25beb969 in term 0.
I20260630 12:18:05.594401 18260 tablet_bootstrap.cc:492] T d56dee1aaa714feeb5580018663e9c1e P 110d0ad6b2744653a098dd71c8ce3010: No bootstrap required, opened a new log
I20260630 12:18:05.594451 18262 tablet_bootstrap.cc:492] T d56dee1aaa714feeb5580018663e9c1e P 967dba948eec4cc7bdaee533110c2c98: No bootstrap required, opened a new log
I20260630 12:18:05.594969 18260 ts_tablet_manager.cc:1403] T d56dee1aaa714feeb5580018663e9c1e P 110d0ad6b2744653a098dd71c8ce3010: Time spent bootstrapping tablet: real 0.020s	user 0.009s	sys 0.007s
I20260630 12:18:05.595299 18262 ts_tablet_manager.cc:1403] T d56dee1aaa714feeb5580018663e9c1e P 967dba948eec4cc7bdaee533110c2c98: Time spent bootstrapping tablet: real 0.065s	user 0.027s	sys 0.009s
I20260630 12:18:05.595566 18295 raft_consensus.cc:2804] T 981e3c123a5047cd9d4309389c603dac P 110d0ad6b2744653a098dd71c8ce3010 [term 0 FOLLOWER]: Leader pre-election won for term 1
I20260630 12:18:05.595996 18295 raft_consensus.cc:493] T 981e3c123a5047cd9d4309389c603dac P 110d0ad6b2744653a098dd71c8ce3010 [term 0 FOLLOWER]: Starting leader election (no leader contacted us within the election timeout)
I20260630 12:18:05.596340 18295 raft_consensus.cc:3060] T 981e3c123a5047cd9d4309389c603dac P 110d0ad6b2744653a098dd71c8ce3010 [term 0 FOLLOWER]: Advancing to term 1
I20260630 12:18:05.597296 18261 tablet_bootstrap.cc:654] T 0438f6dfa49a4913bea548e0b5500410 P 96286a33f4ec41a78745dfdc25beb969: Neither blocks nor log segments found. Creating new log.
I20260630 12:18:05.597795 18260 raft_consensus.cc:359] T d56dee1aaa714feeb5580018663e9c1e P 110d0ad6b2744653a098dd71c8ce3010 [term 0 FOLLOWER]: Replica starting. Triggering 0 pending ops. Active config: opid_index: -1 OBSOLETE_local: false peers { permanent_uuid: "110d0ad6b2744653a098dd71c8ce3010" member_type: VOTER last_known_addr { host: "127.13.58.193" port: 33281 } } peers { permanent_uuid: "96286a33f4ec41a78745dfdc25beb969" member_type: VOTER last_known_addr { host: "127.13.58.194" port: 40837 } } peers { permanent_uuid: "967dba948eec4cc7bdaee533110c2c98" member_type: VOTER last_known_addr { host: "127.13.58.195" port: 43319 } }
I20260630 12:18:05.598459 18260 raft_consensus.cc:385] T d56dee1aaa714feeb5580018663e9c1e P 110d0ad6b2744653a098dd71c8ce3010 [term 0 FOLLOWER]: Consensus starting up: Expiring failure detector timer to make a prompt election more likely
I20260630 12:18:05.598733 18260 raft_consensus.cc:740] T d56dee1aaa714feeb5580018663e9c1e P 110d0ad6b2744653a098dd71c8ce3010 [term 0 FOLLOWER]: Becoming Follower/Learner. State: Replica: 110d0ad6b2744653a098dd71c8ce3010, State: Initialized, Role: FOLLOWER
I20260630 12:18:05.598897 18262 raft_consensus.cc:359] T d56dee1aaa714feeb5580018663e9c1e P 967dba948eec4cc7bdaee533110c2c98 [term 0 FOLLOWER]: Replica starting. Triggering 0 pending ops. Active config: opid_index: -1 OBSOLETE_local: false peers { permanent_uuid: "110d0ad6b2744653a098dd71c8ce3010" member_type: VOTER last_known_addr { host: "127.13.58.193" port: 33281 } } peers { permanent_uuid: "96286a33f4ec41a78745dfdc25beb969" member_type: VOTER last_known_addr { host: "127.13.58.194" port: 40837 } } peers { permanent_uuid: "967dba948eec4cc7bdaee533110c2c98" member_type: VOTER last_known_addr { host: "127.13.58.195" port: 43319 } }
I20260630 12:18:05.599895 18262 raft_consensus.cc:385] T d56dee1aaa714feeb5580018663e9c1e P 967dba948eec4cc7bdaee533110c2c98 [term 0 FOLLOWER]: Consensus starting up: Expiring failure detector timer to make a prompt election more likely
I20260630 12:18:05.599638 18260 consensus_queue.cc:260] T d56dee1aaa714feeb5580018663e9c1e P 110d0ad6b2744653a098dd71c8ce3010 [NON_LEADER]: Queue going to NON_LEADER mode. State: All replicated index: 0, Majority replicated index: 0, Committed index: 0, Last appended: 0.0, Last appended by leader: 0, Current term: 0, Majority size: -1, State: 0, Mode: NON_LEADER, active raft config: opid_index: -1 OBSOLETE_local: false peers { permanent_uuid: "110d0ad6b2744653a098dd71c8ce3010" member_type: VOTER last_known_addr { host: "127.13.58.193" port: 33281 } } peers { permanent_uuid: "96286a33f4ec41a78745dfdc25beb969" member_type: VOTER last_known_addr { host: "127.13.58.194" port: 40837 } } peers { permanent_uuid: "967dba948eec4cc7bdaee533110c2c98" member_type: VOTER last_known_addr { host: "127.13.58.195" port: 43319 } }
I20260630 12:18:05.600502 18262 raft_consensus.cc:740] T d56dee1aaa714feeb5580018663e9c1e P 967dba948eec4cc7bdaee533110c2c98 [term 0 FOLLOWER]: Becoming Follower/Learner. State: Replica: 967dba948eec4cc7bdaee533110c2c98, State: Initialized, Role: FOLLOWER
I20260630 12:18:05.601775 18260 ts_tablet_manager.cc:1434] T d56dee1aaa714feeb5580018663e9c1e P 110d0ad6b2744653a098dd71c8ce3010: Time spent starting tablet: real 0.006s	user 0.006s	sys 0.001s
I20260630 12:18:05.601485 18262 consensus_queue.cc:260] T d56dee1aaa714feeb5580018663e9c1e P 967dba948eec4cc7bdaee533110c2c98 [NON_LEADER]: Queue going to NON_LEADER mode. State: All replicated index: 0, Majority replicated index: 0, Committed index: 0, Last appended: 0.0, Last appended by leader: 0, Current term: 0, Majority size: -1, State: 0, Mode: NON_LEADER, active raft config: opid_index: -1 OBSOLETE_local: false peers { permanent_uuid: "110d0ad6b2744653a098dd71c8ce3010" member_type: VOTER last_known_addr { host: "127.13.58.193" port: 33281 } } peers { permanent_uuid: "96286a33f4ec41a78745dfdc25beb969" member_type: VOTER last_known_addr { host: "127.13.58.194" port: 40837 } } peers { permanent_uuid: "967dba948eec4cc7bdaee533110c2c98" member_type: VOTER last_known_addr { host: "127.13.58.195" port: 43319 } }
I20260630 12:18:05.602674 18260 tablet_bootstrap.cc:492] T d575ffae68424dbba7503e4601cf9681 P 110d0ad6b2744653a098dd71c8ce3010: Bootstrap starting.
I20260630 12:18:05.604671 18262 ts_tablet_manager.cc:1434] T d56dee1aaa714feeb5580018663e9c1e P 967dba948eec4cc7bdaee533110c2c98: Time spent starting tablet: real 0.009s	user 0.006s	sys 0.000s
I20260630 12:18:05.606045 18262 tablet_bootstrap.cc:492] T 981e3c123a5047cd9d4309389c603dac P 967dba948eec4cc7bdaee533110c2c98: Bootstrap starting.
I20260630 12:18:05.603078 18285 raft_consensus.cc:515] T 86d910660cfc4a7ca70de7cf3c640f18 P 96286a33f4ec41a78745dfdc25beb969 [term 1 FOLLOWER]: Starting leader election with config: opid_index: -1 OBSOLETE_local: false peers { permanent_uuid: "110d0ad6b2744653a098dd71c8ce3010" member_type: VOTER last_known_addr { host: "127.13.58.193" port: 33281 } } peers { permanent_uuid: "96286a33f4ec41a78745dfdc25beb969" member_type: VOTER last_known_addr { host: "127.13.58.194" port: 40837 } } peers { permanent_uuid: "967dba948eec4cc7bdaee533110c2c98" member_type: VOTER last_known_addr { host: "127.13.58.195" port: 43319 } }
I20260630 12:18:05.609469 18260 tablet_bootstrap.cc:654] T d575ffae68424dbba7503e4601cf9681 P 110d0ad6b2744653a098dd71c8ce3010: Neither blocks nor log segments found. Creating new log.
I20260630 12:18:05.610288 18065 tablet_service.cc:1917] Received RequestConsensusVote() RPC: tablet_id: "86d910660cfc4a7ca70de7cf3c640f18" candidate_uuid: "96286a33f4ec41a78745dfdc25beb969" candidate_term: 1 candidate_status { last_received { term: 0 index: 0 } } ignore_live_leader: false dest_uuid: "110d0ad6b2744653a098dd71c8ce3010"
I20260630 12:18:05.610931 18065 raft_consensus.cc:3060] T 86d910660cfc4a7ca70de7cf3c640f18 P 110d0ad6b2744653a098dd71c8ce3010 [term 0 FOLLOWER]: Advancing to term 1
I20260630 12:18:05.565758 18066 raft_consensus.cc:2468] T 1375383f17fe455ea8a12d3d66198e75 P 110d0ad6b2744653a098dd71c8ce3010 [term 1 FOLLOWER]: Leader election vote request: Granting yes vote for candidate 967dba948eec4cc7bdaee533110c2c98 in term 1.
I20260630 12:18:05.615164 18215 tablet_service.cc:1917] Received RequestConsensusVote() RPC: tablet_id: "d1c566b382bc4050ab35500efad27164" candidate_uuid: "110d0ad6b2744653a098dd71c8ce3010" candidate_term: 1 candidate_status { last_received { term: 0 index: 0 } } ignore_live_leader: false dest_uuid: "967dba948eec4cc7bdaee533110c2c98"
I20260630 12:18:05.616534 18262 tablet_bootstrap.cc:654] T 981e3c123a5047cd9d4309389c603dac P 967dba948eec4cc7bdaee533110c2c98: Neither blocks nor log segments found. Creating new log.
I20260630 12:18:05.624078 18065 raft_consensus.cc:2468] T 86d910660cfc4a7ca70de7cf3c640f18 P 110d0ad6b2744653a098dd71c8ce3010 [term 1 FOLLOWER]: Leader election vote request: Granting yes vote for candidate 96286a33f4ec41a78745dfdc25beb969 in term 1.
I20260630 12:18:05.624321 18213 tablet_service.cc:1917] Received RequestConsensusVote() RPC: tablet_id: "981e3c123a5047cd9d4309389c603dac" candidate_uuid: "110d0ad6b2744653a098dd71c8ce3010" candidate_term: 1 candidate_status { last_received { term: 0 index: 0 } } ignore_live_leader: false dest_uuid: "967dba948eec4cc7bdaee533110c2c98" is_pre_election: true
I20260630 12:18:05.625308 18107 leader_election.cc:304] T 86d910660cfc4a7ca70de7cf3c640f18 P 96286a33f4ec41a78745dfdc25beb969 [CANDIDATE]: Term 1 election: Election decided. Result: candidate won. Election summary: received 2 responses out of 3 voters: 2 yes votes; 0 no votes. yes voters: 110d0ad6b2744653a098dd71c8ce3010, 96286a33f4ec41a78745dfdc25beb969; no voters: 
I20260630 12:18:05.626402 18181 leader_election.cc:304] T e786ea5fcb284bd2b7db3985b28e72a6 P 967dba948eec4cc7bdaee533110c2c98 [CANDIDATE]: Term 1 election: Election decided. Result: candidate won. Election summary: received 2 responses out of 3 voters: 2 yes votes; 0 no votes. yes voters: 96286a33f4ec41a78745dfdc25beb969, 967dba948eec4cc7bdaee533110c2c98; no voters: 
I20260630 12:18:05.626518 18066 tablet_service.cc:1917] Received RequestConsensusVote() RPC: tablet_id: "86d910660cfc4a7ca70de7cf3c640f18" candidate_uuid: "967dba948eec4cc7bdaee533110c2c98" candidate_term: 1 candidate_status { last_received { term: 0 index: 0 } } ignore_live_leader: false dest_uuid: "110d0ad6b2744653a098dd71c8ce3010" is_pre_election: true
I20260630 12:18:05.627276 18267 raft_consensus.cc:2804] T 86d910660cfc4a7ca70de7cf3c640f18 P 96286a33f4ec41a78745dfdc25beb969 [term 1 FOLLOWER]: Leader election won for term 1
I20260630 12:18:05.625697 18140 tablet_service.cc:1917] Received RequestConsensusVote() RPC: tablet_id: "86d910660cfc4a7ca70de7cf3c640f18" candidate_uuid: "967dba948eec4cc7bdaee533110c2c98" candidate_term: 1 candidate_status { last_received { term: 0 index: 0 } } ignore_live_leader: false dest_uuid: "96286a33f4ec41a78745dfdc25beb969" is_pre_election: true
I20260630 12:18:05.627558 18261 tablet_bootstrap.cc:492] T 0438f6dfa49a4913bea548e0b5500410 P 96286a33f4ec41a78745dfdc25beb969: No bootstrap required, opened a new log
I20260630 12:18:05.628270 18302 raft_consensus.cc:2804] T e786ea5fcb284bd2b7db3985b28e72a6 P 967dba948eec4cc7bdaee533110c2c98 [term 1 FOLLOWER]: Leader election won for term 1
I20260630 12:18:05.628595 18261 ts_tablet_manager.cc:1403] T 0438f6dfa49a4913bea548e0b5500410 P 96286a33f4ec41a78745dfdc25beb969: Time spent bootstrapping tablet: real 0.056s	user 0.012s	sys 0.013s
I20260630 12:18:05.628741 18302 raft_consensus.cc:697] T e786ea5fcb284bd2b7db3985b28e72a6 P 967dba948eec4cc7bdaee533110c2c98 [term 1 LEADER]: Becoming Leader. State: Replica: 967dba948eec4cc7bdaee533110c2c98, State: Running, Role: LEADER
I20260630 12:18:05.629420 18295 raft_consensus.cc:515] T 981e3c123a5047cd9d4309389c603dac P 110d0ad6b2744653a098dd71c8ce3010 [term 1 FOLLOWER]: Starting leader election with config: opid_index: -1 OBSOLETE_local: false peers { permanent_uuid: "110d0ad6b2744653a098dd71c8ce3010" member_type: VOTER last_known_addr { host: "127.13.58.193" port: 33281 } } peers { permanent_uuid: "96286a33f4ec41a78745dfdc25beb969" member_type: VOTER last_known_addr { host: "127.13.58.194" port: 40837 } } peers { permanent_uuid: "967dba948eec4cc7bdaee533110c2c98" member_type: VOTER last_known_addr { host: "127.13.58.195" port: 43319 } }
I20260630 12:18:05.629613 18302 consensus_queue.cc:237] T e786ea5fcb284bd2b7db3985b28e72a6 P 967dba948eec4cc7bdaee533110c2c98 [LEADER]: Queue going to LEADER mode. State: All replicated index: 0, Majority replicated index: 0, Committed index: 0, Last appended: 0.0, Last appended by leader: 0, Current term: 1, Majority size: 2, State: 0, Mode: LEADER, active raft config: opid_index: -1 OBSOLETE_local: false peers { permanent_uuid: "110d0ad6b2744653a098dd71c8ce3010" member_type: VOTER last_known_addr { host: "127.13.58.193" port: 33281 } } peers { permanent_uuid: "967dba948eec4cc7bdaee533110c2c98" member_type: VOTER last_known_addr { host: "127.13.58.195" port: 43319 } } peers { permanent_uuid: "96286a33f4ec41a78745dfdc25beb969" member_type: VOTER last_known_addr { host: "127.13.58.194" port: 40837 } }
I20260630 12:18:05.631299 18261 raft_consensus.cc:359] T 0438f6dfa49a4913bea548e0b5500410 P 96286a33f4ec41a78745dfdc25beb969 [term 0 FOLLOWER]: Replica starting. Triggering 0 pending ops. Active config: opid_index: -1 OBSOLETE_local: false peers { permanent_uuid: "110d0ad6b2744653a098dd71c8ce3010" member_type: VOTER last_known_addr { host: "127.13.58.193" port: 33281 } } peers { permanent_uuid: "96286a33f4ec41a78745dfdc25beb969" member_type: VOTER last_known_addr { host: "127.13.58.194" port: 40837 } } peers { permanent_uuid: "967dba948eec4cc7bdaee533110c2c98" member_type: VOTER last_known_addr { host: "127.13.58.195" port: 43319 } }
I20260630 12:18:05.632004 18261 raft_consensus.cc:385] T 0438f6dfa49a4913bea548e0b5500410 P 96286a33f4ec41a78745dfdc25beb969 [term 0 FOLLOWER]: Consensus starting up: Expiring failure detector timer to make a prompt election more likely
I20260630 12:18:05.632280 18261 raft_consensus.cc:740] T 0438f6dfa49a4913bea548e0b5500410 P 96286a33f4ec41a78745dfdc25beb969 [term 0 FOLLOWER]: Becoming Follower/Learner. State: Replica: 96286a33f4ec41a78745dfdc25beb969, State: Initialized, Role: FOLLOWER
I20260630 12:18:05.633683 18261 consensus_queue.cc:260] T 0438f6dfa49a4913bea548e0b5500410 P 96286a33f4ec41a78745dfdc25beb969 [NON_LEADER]: Queue going to NON_LEADER mode. State: All replicated index: 0, Majority replicated index: 0, Committed index: 0, Last appended: 0.0, Last appended by leader: 0, Current term: 0, Majority size: -1, State: 0, Mode: NON_LEADER, active raft config: opid_index: -1 OBSOLETE_local: false peers { permanent_uuid: "110d0ad6b2744653a098dd71c8ce3010" member_type: VOTER last_known_addr { host: "127.13.58.193" port: 33281 } } peers { permanent_uuid: "96286a33f4ec41a78745dfdc25beb969" member_type: VOTER last_known_addr { host: "127.13.58.194" port: 40837 } } peers { permanent_uuid: "967dba948eec4cc7bdaee533110c2c98" member_type: VOTER last_known_addr { host: "127.13.58.195" port: 43319 } }
I20260630 12:18:05.627786 18066 raft_consensus.cc:2393] T 86d910660cfc4a7ca70de7cf3c640f18 P 110d0ad6b2744653a098dd71c8ce3010 [term 1 FOLLOWER]: Leader pre-election vote request: Denying vote to candidate 967dba948eec4cc7bdaee533110c2c98 in current term 1: Already voted for candidate 96286a33f4ec41a78745dfdc25beb969 in this term.
I20260630 12:18:05.627418 18181 leader_election.cc:304] T 1375383f17fe455ea8a12d3d66198e75 P 967dba948eec4cc7bdaee533110c2c98 [CANDIDATE]: Term 1 election: Election decided. Result: candidate won. Election summary: received 2 responses out of 3 voters: 2 yes votes; 0 no votes. yes voters: 96286a33f4ec41a78745dfdc25beb969, 967dba948eec4cc7bdaee533110c2c98; no voters: 
I20260630 12:18:05.636404 18213 tablet_service.cc:1917] Received RequestConsensusVote() RPC: tablet_id: "86d910660cfc4a7ca70de7cf3c640f18" candidate_uuid: "96286a33f4ec41a78745dfdc25beb969" candidate_term: 1 candidate_status { last_received { term: 0 index: 0 } } ignore_live_leader: false dest_uuid: "967dba948eec4cc7bdaee533110c2c98"
I20260630 12:18:05.633113 18285 leader_election.cc:290] T 86d910660cfc4a7ca70de7cf3c640f18 P 96286a33f4ec41a78745dfdc25beb969 [CANDIDATE]: Term 1 election: Requested vote from peers 110d0ad6b2744653a098dd71c8ce3010 (127.13.58.193:33281), 967dba948eec4cc7bdaee533110c2c98 (127.13.58.195:43319)
I20260630 12:18:05.642936 18213 raft_consensus.cc:3060] T 86d910660cfc4a7ca70de7cf3c640f18 P 967dba948eec4cc7bdaee533110c2c98 [term 0 FOLLOWER]: Advancing to term 1
I20260630 12:18:05.647449 18214 tablet_service.cc:1917] Received RequestConsensusVote() RPC: tablet_id: "0438f6dfa49a4913bea548e0b5500410" candidate_uuid: "110d0ad6b2744653a098dd71c8ce3010" candidate_term: 1 candidate_status { last_received { term: 0 index: 0 } } ignore_live_leader: false dest_uuid: "967dba948eec4cc7bdaee533110c2c98" is_pre_election: true
I20260630 12:18:05.647679 18268 raft_consensus.cc:2804] T 1375383f17fe455ea8a12d3d66198e75 P 967dba948eec4cc7bdaee533110c2c98 [term 1 FOLLOWER]: Leader election won for term 1
I20260630 12:18:05.641603 18141 tablet_service.cc:1917] Received RequestConsensusVote() RPC: tablet_id: "981e3c123a5047cd9d4309389c603dac" candidate_uuid: "110d0ad6b2744653a098dd71c8ce3010" candidate_term: 1 candidate_status { last_received { term: 0 index: 0 } } ignore_live_leader: false dest_uuid: "96286a33f4ec41a78745dfdc25beb969"
I20260630 12:18:05.637233 18295 leader_election.cc:290] T 981e3c123a5047cd9d4309389c603dac P 110d0ad6b2744653a098dd71c8ce3010 [CANDIDATE]: Term 1 election: Requested vote from peers 96286a33f4ec41a78745dfdc25beb969 (127.13.58.194:40837), 967dba948eec4cc7bdaee533110c2c98 (127.13.58.195:43319)
I20260630 12:18:05.649533 18141 raft_consensus.cc:3060] T 981e3c123a5047cd9d4309389c603dac P 96286a33f4ec41a78745dfdc25beb969 [term 0 FOLLOWER]: Advancing to term 1
W20260630 12:18:05.653643 18181 leader_election.cc:343] T e786ea5fcb284bd2b7db3985b28e72a6 P 967dba948eec4cc7bdaee533110c2c98 [CANDIDATE]: Term 1 election: Tablet error from VoteRequest() call to peer 110d0ad6b2744653a098dd71c8ce3010 (127.13.58.193:33281): Illegal state: must be running to vote when last-logged opid is not known
I20260630 12:18:05.654309 18215 raft_consensus.cc:2468] T d1c566b382bc4050ab35500efad27164 P 967dba948eec4cc7bdaee533110c2c98 [term 1 FOLLOWER]: Leader election vote request: Granting yes vote for candidate 110d0ad6b2744653a098dd71c8ce3010 in term 1.
W20260630 12:18:05.656651 18031 leader_election.cc:343] T 981e3c123a5047cd9d4309389c603dac P 110d0ad6b2744653a098dd71c8ce3010 [CANDIDATE]: Term 1 pre-election: Tablet error from VoteRequest() call to peer 967dba948eec4cc7bdaee533110c2c98 (127.13.58.195:43319): Illegal state: must be running to vote when last-logged opid is not known
I20260630 12:18:05.662256 18141 raft_consensus.cc:2468] T 981e3c123a5047cd9d4309389c603dac P 96286a33f4ec41a78745dfdc25beb969 [term 1 FOLLOWER]: Leader election vote request: Granting yes vote for candidate 110d0ad6b2744653a098dd71c8ce3010 in term 1.
I20260630 12:18:05.663555 18032 leader_election.cc:304] T 981e3c123a5047cd9d4309389c603dac P 110d0ad6b2744653a098dd71c8ce3010 [CANDIDATE]: Term 1 election: Election decided. Result: candidate won. Election summary: received 2 responses out of 3 voters: 2 yes votes; 0 no votes. yes voters: 110d0ad6b2744653a098dd71c8ce3010, 96286a33f4ec41a78745dfdc25beb969; no voters: 
I20260630 12:18:05.664453 18295 raft_consensus.cc:2804] T 981e3c123a5047cd9d4309389c603dac P 110d0ad6b2744653a098dd71c8ce3010 [term 1 FOLLOWER]: Leader election won for term 1
I20260630 12:18:05.664913 18295 raft_consensus.cc:697] T 981e3c123a5047cd9d4309389c603dac P 110d0ad6b2744653a098dd71c8ce3010 [term 1 LEADER]: Becoming Leader. State: Replica: 110d0ad6b2744653a098dd71c8ce3010, State: Running, Role: LEADER
I20260630 12:18:05.665656 18295 consensus_queue.cc:237] T 981e3c123a5047cd9d4309389c603dac P 110d0ad6b2744653a098dd71c8ce3010 [LEADER]: Queue going to LEADER mode. State: All replicated index: 0, Majority replicated index: 0, Committed index: 0, Last appended: 0.0, Last appended by leader: 0, Current term: 1, Majority size: 2, State: 0, Mode: LEADER, active raft config: opid_index: -1 OBSOLETE_local: false peers { permanent_uuid: "110d0ad6b2744653a098dd71c8ce3010" member_type: VOTER last_known_addr { host: "127.13.58.193" port: 33281 } } peers { permanent_uuid: "96286a33f4ec41a78745dfdc25beb969" member_type: VOTER last_known_addr { host: "127.13.58.194" port: 40837 } } peers { permanent_uuid: "967dba948eec4cc7bdaee533110c2c98" member_type: VOTER last_known_addr { host: "127.13.58.195" port: 43319 } }
I20260630 12:18:05.666617 18213 raft_consensus.cc:2468] T 86d910660cfc4a7ca70de7cf3c640f18 P 967dba948eec4cc7bdaee533110c2c98 [term 1 FOLLOWER]: Leader election vote request: Granting yes vote for candidate 96286a33f4ec41a78745dfdc25beb969 in term 1.
