I20260630 12:16:16.330524 14566 tablet_copy_client.cc:806] T 0297f42fef1e4555bed5a3f829fe6121 P c7c7da53c71047da9f9b0b6bb0b88f4f: tablet copy: Starting download of 0 data blocks...
I20260630 12:16:16.331439 14566 tablet_copy_client.cc:670] T 0297f42fef1e4555bed5a3f829fe6121 P c7c7da53c71047da9f9b0b6bb0b88f4f: tablet copy: Starting download of 1 WAL segments...
I20260630 12:16:16.335306 14569 data_dirs.cc:400] Could only allocate 1 dirs of requested 3 for tablet 1dfa1bea27ae4ab998a7c8ca68511974. 1 dirs total, 0 dirs full, 0 dirs failed
I20260630 12:16:16.335911 14566 tablet_copy_client.cc:538] T 0297f42fef1e4555bed5a3f829fe6121 P c7c7da53c71047da9f9b0b6bb0b88f4f: tablet copy: Tablet Copy complete. Replacing tablet superblock.
W20260630 12:16:16.336607 14275 consensus_peers.cc:597] T 1b0e3e8141b64c78b183092bc016f98a P f2449030405544708af65d8524ab37be -> Peer c7325666389b4b9d906483b79e60c018 (127.13.44.129:34829): Couldn't send request to peer c7325666389b4b9d906483b79e60c018. Status: Network error: Client connection negotiation failed: client connection to 127.13.44.129:34829: connect: Connection refused (error 111). This is attempt 1: this message will repeat every 5th retry.
I20260630 12:16:16.340847 13490 tablet_server.cc:196] TabletServer@127.13.44.129:0 shutdown complete.
I20260630 12:16:16.346998 14566 tablet_bootstrap.cc:492] T 0297f42fef1e4555bed5a3f829fe6121 P c7c7da53c71047da9f9b0b6bb0b88f4f: Bootstrap starting.
I20260630 12:16:16.356930 14569 tablet_copy_client.cc:806] T 1dfa1bea27ae4ab998a7c8ca68511974 P c7c7da53c71047da9f9b0b6bb0b88f4f: tablet copy: Starting download of 0 data blocks...
I20260630 12:16:16.357676 14569 tablet_copy_client.cc:670] T 1dfa1bea27ae4ab998a7c8ca68511974 P c7c7da53c71047da9f9b0b6bb0b88f4f: tablet copy: Starting download of 1 WAL segments...
I20260630 12:16:16.362039 14569 tablet_copy_client.cc:538] T 1dfa1bea27ae4ab998a7c8ca68511974 P c7c7da53c71047da9f9b0b6bb0b88f4f: tablet copy: Tablet Copy complete. Replacing tablet superblock.
I20260630 12:16:16.370769 13490 tablet_server.cc:179] TabletServer@127.13.44.130:0 shutting down...
I20260630 12:16:16.380704 14562 ts_tablet_manager.cc:933] T 1b0e3e8141b64c78b183092bc016f98a P c7c7da53c71047da9f9b0b6bb0b88f4f: Initiating tablet copy from peer f2449030405544708af65d8524ab37be (127.13.44.131:45101)
W20260630 12:16:16.379930 14423 connection.cc:466] server connection from 127.0.0.1:42152 torn down before Call kudu.consensus.ConsensusService.StartTabletCopy from 127.0.0.1:42152 (request call id 1) could send its response
I20260630 12:16:16.393204 14569 tablet_bootstrap.cc:492] T 1dfa1bea27ae4ab998a7c8ca68511974 P c7c7da53c71047da9f9b0b6bb0b88f4f: Bootstrap starting.
I20260630 12:16:16.394312 14562 tablet_copy_client.cc:323] T 1b0e3e8141b64c78b183092bc016f98a P c7c7da53c71047da9f9b0b6bb0b88f4f: tablet copy: Beginning tablet copy session from remote peer at address 127.13.44.131:45101
I20260630 12:16:16.399397 14319 tablet_copy_service.cc:140] P f2449030405544708af65d8524ab37be: Received BeginTabletCopySession request for tablet 1b0e3e8141b64c78b183092bc016f98a from peer c7c7da53c71047da9f9b0b6bb0b88f4f ({username='slave'} at 127.0.0.1:56330)
I20260630 12:16:16.403813 14319 tablet_copy_service.cc:161] P f2449030405544708af65d8524ab37be: Beginning new tablet copy session on tablet 1b0e3e8141b64c78b183092bc016f98a from peer c7c7da53c71047da9f9b0b6bb0b88f4f at {username='slave'} at 127.0.0.1:56330: session id = c7c7da53c71047da9f9b0b6bb0b88f4f-1b0e3e8141b64c78b183092bc016f98a
W20260630 12:16:16.410096 14201 consensus_peers.cc:597] T 0297f42fef1e4555bed5a3f829fe6121 P 9b72bd5f9dd44a76b54e83da4d472792 -> Peer c7325666389b4b9d906483b79e60c018 (127.13.44.129:34829): Couldn't send request to peer c7325666389b4b9d906483b79e60c018. Status: Network error: Client connection negotiation failed: client connection to 127.13.44.129:34829: connect: Connection refused (error 111). This is attempt 1: this message will repeat every 5th retry.
I20260630 12:16:16.412050 14319 tablet_copy_source_session.cc:215] T 1b0e3e8141b64c78b183092bc016f98a P f2449030405544708af65d8524ab37be: Tablet Copy: opened 0 blocks and 1 log segments
I20260630 12:16:16.413976 13490 tablet_copy_service.cc:362] P 9b72bd5f9dd44a76b54e83da4d472792: Destroying tablet copy session c7c7da53c71047da9f9b0b6bb0b88f4f-0297f42fef1e4555bed5a3f829fe6121 due to service shutdown
I20260630 12:16:16.414510 13490 tablet_copy_service.cc:434] P 9b72bd5f9dd44a76b54e83da4d472792: ending tablet copy session c7c7da53c71047da9f9b0b6bb0b88f4f-0297f42fef1e4555bed5a3f829fe6121 on tablet 0297f42fef1e4555bed5a3f829fe6121 with peer c7c7da53c71047da9f9b0b6bb0b88f4f
I20260630 12:16:16.415591 14562 data_dirs.cc:400] Could only allocate 1 dirs of requested 3 for tablet 1b0e3e8141b64c78b183092bc016f98a. 1 dirs total, 0 dirs full, 0 dirs failed
I20260630 12:16:16.418726 14566 tablet_bootstrap.cc:492] T 0297f42fef1e4555bed5a3f829fe6121 P c7c7da53c71047da9f9b0b6bb0b88f4f: Bootstrap replayed 1/1 log segments. Stats: ops{read=2 overwritten=0 applied=2 ignored=0} inserts{seen=0 ignored=0} mutations{seen=0 ignored=0} orphaned_commits=0. Pending: 0 replicates
I20260630 12:16:16.419759 14566 tablet_bootstrap.cc:492] T 0297f42fef1e4555bed5a3f829fe6121 P c7c7da53c71047da9f9b0b6bb0b88f4f: Bootstrap complete.
I20260630 12:16:16.420545 14566 ts_tablet_manager.cc:1403] T 0297f42fef1e4555bed5a3f829fe6121 P c7c7da53c71047da9f9b0b6bb0b88f4f: Time spent bootstrapping tablet: real 0.074s	user 0.020s	sys 0.013s
I20260630 12:16:16.423949 14566 raft_consensus.cc:359] T 0297f42fef1e4555bed5a3f829fe6121 P c7c7da53c71047da9f9b0b6bb0b88f4f [term 1 LEARNER]: Replica starting. Triggering 0 pending ops. Active config: opid_index: 2 OBSOLETE_local: false peers { permanent_uuid: "c7325666389b4b9d906483b79e60c018" member_type: VOTER last_known_addr { host: "127.13.44.129" port: 34829 } } peers { permanent_uuid: "9b72bd5f9dd44a76b54e83da4d472792" member_type: VOTER last_known_addr { host: "127.13.44.130" port: 38949 } } peers { permanent_uuid: "f2449030405544708af65d8524ab37be" member_type: VOTER last_known_addr { host: "127.13.44.131" port: 45101 } attrs { replace: true } } peers { permanent_uuid: "c7c7da53c71047da9f9b0b6bb0b88f4f" member_type: NON_VOTER last_known_addr { host: "127.13.44.132" port: 40177 } attrs { promote: true } }
I20260630 12:16:16.424788 14566 raft_consensus.cc:740] T 0297f42fef1e4555bed5a3f829fe6121 P c7c7da53c71047da9f9b0b6bb0b88f4f [term 1 LEARNER]: Becoming Follower/Learner. State: Replica: c7c7da53c71047da9f9b0b6bb0b88f4f, State: Initialized, Role: LEARNER
I20260630 12:16:16.425448 14566 consensus_queue.cc:260] T 0297f42fef1e4555bed5a3f829fe6121 P c7c7da53c71047da9f9b0b6bb0b88f4f [NON_LEADER]: Queue going to NON_LEADER mode. State: All replicated index: 0, Majority replicated index: 0, Committed index: 2, Last appended: 1.2, Last appended by leader: 2, Current term: 0, Majority size: -1, State: 0, Mode: NON_LEADER, active raft config: opid_index: 2 OBSOLETE_local: false peers { permanent_uuid: "c7325666389b4b9d906483b79e60c018" member_type: VOTER last_known_addr { host: "127.13.44.129" port: 34829 } } peers { permanent_uuid: "9b72bd5f9dd44a76b54e83da4d472792" member_type: VOTER last_known_addr { host: "127.13.44.130" port: 38949 } } peers { permanent_uuid: "f2449030405544708af65d8524ab37be" member_type: VOTER last_known_addr { host: "127.13.44.131" port: 45101 } attrs { replace: true } } peers { permanent_uuid: "c7c7da53c71047da9f9b0b6bb0b88f4f" member_type: NON_VOTER last_known_addr { host: "127.13.44.132" port: 40177 } attrs { promote: true } }
I20260630 12:16:16.434490 14562 tablet_copy_client.cc:806] T 1b0e3e8141b64c78b183092bc016f98a P c7c7da53c71047da9f9b0b6bb0b88f4f: tablet copy: Starting download of 0 data blocks...
I20260630 12:16:16.435140 14562 tablet_copy_client.cc:670] T 1b0e3e8141b64c78b183092bc016f98a P c7c7da53c71047da9f9b0b6bb0b88f4f: tablet copy: Starting download of 1 WAL segments...
I20260630 12:16:16.440636 14562 tablet_copy_client.cc:538] T 1b0e3e8141b64c78b183092bc016f98a P c7c7da53c71047da9f9b0b6bb0b88f4f: tablet copy: Tablet Copy complete. Replacing tablet superblock.
I20260630 12:16:16.455596 14566 ts_tablet_manager.cc:1434] T 0297f42fef1e4555bed5a3f829fe6121 P c7c7da53c71047da9f9b0b6bb0b88f4f: Time spent starting tablet: real 0.035s	user 0.011s	sys 0.012s
I20260630 12:16:16.458601 14562 tablet_bootstrap.cc:492] T 1b0e3e8141b64c78b183092bc016f98a P c7c7da53c71047da9f9b0b6bb0b88f4f: Bootstrap starting.
I20260630 12:16:16.464790 14569 tablet_bootstrap.cc:492] T 1dfa1bea27ae4ab998a7c8ca68511974 P c7c7da53c71047da9f9b0b6bb0b88f4f: Bootstrap replayed 1/1 log segments. Stats: ops{read=3 overwritten=0 applied=3 ignored=0} inserts{seen=0 ignored=0} mutations{seen=0 ignored=0} orphaned_commits=0. Pending: 0 replicates
W20260630 12:16:16.465085 14275 consensus_peers.cc:597] T 1dfa1bea27ae4ab998a7c8ca68511974 P f2449030405544708af65d8524ab37be -> Peer c7325666389b4b9d906483b79e60c018 (127.13.44.129:34829): Couldn't send request to peer c7325666389b4b9d906483b79e60c018. Status: Network error: Client connection negotiation failed: client connection to 127.13.44.129:34829: connect: Connection refused (error 111). This is attempt 1: this message will repeat every 5th retry.
I20260630 12:16:16.465632 14569 tablet_bootstrap.cc:492] T 1dfa1bea27ae4ab998a7c8ca68511974 P c7c7da53c71047da9f9b0b6bb0b88f4f: Bootstrap complete.
I20260630 12:16:16.466558 14569 ts_tablet_manager.cc:1403] T 1dfa1bea27ae4ab998a7c8ca68511974 P c7c7da53c71047da9f9b0b6bb0b88f4f: Time spent bootstrapping tablet: real 0.073s	user 0.019s	sys 0.014s
I20260630 12:16:16.469205 14569 raft_consensus.cc:359] T 1dfa1bea27ae4ab998a7c8ca68511974 P c7c7da53c71047da9f9b0b6bb0b88f4f [term 2 LEARNER]: Replica starting. Triggering 0 pending ops. Active config: opid_index: 3 OBSOLETE_local: false peers { permanent_uuid: "c7325666389b4b9d906483b79e60c018" member_type: VOTER last_known_addr { host: "127.13.44.129" port: 34829 } attrs { replace: true } } peers { permanent_uuid: "9b72bd5f9dd44a76b54e83da4d472792" member_type: VOTER last_known_addr { host: "127.13.44.130" port: 38949 } } peers { permanent_uuid: "f2449030405544708af65d8524ab37be" member_type: VOTER last_known_addr { host: "127.13.44.131" port: 45101 } } peers { permanent_uuid: "c7c7da53c71047da9f9b0b6bb0b88f4f" member_type: NON_VOTER last_known_addr { host: "127.13.44.132" port: 40177 } attrs { promote: true } }
I20260630 12:16:16.470113 14569 raft_consensus.cc:740] T 1dfa1bea27ae4ab998a7c8ca68511974 P c7c7da53c71047da9f9b0b6bb0b88f4f [term 2 LEARNER]: Becoming Follower/Learner. State: Replica: c7c7da53c71047da9f9b0b6bb0b88f4f, State: Initialized, Role: LEARNER
I20260630 12:16:16.470935 14569 consensus_queue.cc:260] T 1dfa1bea27ae4ab998a7c8ca68511974 P c7c7da53c71047da9f9b0b6bb0b88f4f [NON_LEADER]: Queue going to NON_LEADER mode. State: All replicated index: 0, Majority replicated index: 0, Committed index: 3, Last appended: 2.3, Last appended by leader: 3, Current term: 0, Majority size: -1, State: 0, Mode: NON_LEADER, active raft config: opid_index: 3 OBSOLETE_local: false peers { permanent_uuid: "c7325666389b4b9d906483b79e60c018" member_type: VOTER last_known_addr { host: "127.13.44.129" port: 34829 } attrs { replace: true } } peers { permanent_uuid: "9b72bd5f9dd44a76b54e83da4d472792" member_type: VOTER last_known_addr { host: "127.13.44.130" port: 38949 } } peers { permanent_uuid: "f2449030405544708af65d8524ab37be" member_type: VOTER last_known_addr { host: "127.13.44.131" port: 45101 } } peers { permanent_uuid: "c7c7da53c71047da9f9b0b6bb0b88f4f" member_type: NON_VOTER last_known_addr { host: "127.13.44.132" port: 40177 } attrs { promote: true } }
I20260630 12:16:16.473639 14569 ts_tablet_manager.cc:1434] T 1dfa1bea27ae4ab998a7c8ca68511974 P c7c7da53c71047da9f9b0b6bb0b88f4f: Time spent starting tablet: real 0.007s	user 0.005s	sys 0.000s
I20260630 12:16:16.473582 13490 ts_tablet_manager.cc:1507] Shutting down tablet manager...
I20260630 12:16:16.475226 13490 tablet_replica.cc:333] T 0297f42fef1e4555bed5a3f829fe6121 P 9b72bd5f9dd44a76b54e83da4d472792: stopping tablet replica
I20260630 12:16:16.476080 13490 raft_consensus.cc:2243] T 0297f42fef1e4555bed5a3f829fe6121 P 9b72bd5f9dd44a76b54e83da4d472792 [term 1 LEADER]: Raft consensus shutting down.
I20260630 12:16:16.477209 13490 raft_consensus.cc:2272] T 0297f42fef1e4555bed5a3f829fe6121 P 9b72bd5f9dd44a76b54e83da4d472792 [term 1 FOLLOWER]: Raft consensus is shut down!
I20260630 12:16:16.479998 13490 tablet_replica.cc:333] T 1b0e3e8141b64c78b183092bc016f98a P 9b72bd5f9dd44a76b54e83da4d472792: stopping tablet replica
I20260630 12:16:16.480749 13490 raft_consensus.cc:2243] T 1b0e3e8141b64c78b183092bc016f98a P 9b72bd5f9dd44a76b54e83da4d472792 [term 1 FOLLOWER]: Raft consensus shutting down.
I20260630 12:16:16.481405 13490 raft_consensus.cc:2272] T 1b0e3e8141b64c78b183092bc016f98a P 9b72bd5f9dd44a76b54e83da4d472792 [term 1 FOLLOWER]: Raft consensus is shut down!
I20260630 12:16:16.484580 13490 tablet_replica.cc:333] T f0edc5104e324695ab6697d093fb4f12 P 9b72bd5f9dd44a76b54e83da4d472792: stopping tablet replica
I20260630 12:16:16.485484 13490 raft_consensus.cc:2243] T f0edc5104e324695ab6697d093fb4f12 P 9b72bd5f9dd44a76b54e83da4d472792 [term 1 LEADER]: Raft consensus shutting down.
I20260630 12:16:16.485971 14319 tablet_copy_service.cc:342] P f2449030405544708af65d8524ab37be: Request end of tablet copy session c7c7da53c71047da9f9b0b6bb0b88f4f-1dfa1bea27ae4ab998a7c8ca68511974 received from {username='slave'} at 127.0.0.1:56330
I20260630 12:16:16.486442 13490 raft_consensus.cc:2272] T f0edc5104e324695ab6697d093fb4f12 P 9b72bd5f9dd44a76b54e83da4d472792 [term 1 FOLLOWER]: Raft consensus is shut down!
I20260630 12:16:16.486464 14319 tablet_copy_service.cc:434] P f2449030405544708af65d8524ab37be: ending tablet copy session c7c7da53c71047da9f9b0b6bb0b88f4f-1dfa1bea27ae4ab998a7c8ca68511974 on tablet 1dfa1bea27ae4ab998a7c8ca68511974 with peer c7c7da53c71047da9f9b0b6bb0b88f4f
I20260630 12:16:16.489285 13490 tablet_replica.cc:333] T 1dfa1bea27ae4ab998a7c8ca68511974 P 9b72bd5f9dd44a76b54e83da4d472792: stopping tablet replica
I20260630 12:16:16.489817 13490 raft_consensus.cc:2243] T 1dfa1bea27ae4ab998a7c8ca68511974 P 9b72bd5f9dd44a76b54e83da4d472792 [term 2 FOLLOWER]: Raft consensus shutting down.
I20260630 12:16:16.490248 13490 raft_consensus.cc:2272] T 1dfa1bea27ae4ab998a7c8ca68511974 P 9b72bd5f9dd44a76b54e83da4d472792 [term 2 FOLLOWER]: Raft consensus is shut down!
I20260630 12:16:16.492522 13490 tablet_replica.cc:333] T c0de39082e824b26b5238ade24251b41 P 9b72bd5f9dd44a76b54e83da4d472792: stopping tablet replica
I20260630 12:16:16.493597 13490 raft_consensus.cc:2243] T c0de39082e824b26b5238ade24251b41 P 9b72bd5f9dd44a76b54e83da4d472792 [term 1 FOLLOWER]: Raft consensus shutting down.
I20260630 12:16:16.494153 13490 raft_consensus.cc:2272] T c0de39082e824b26b5238ade24251b41 P 9b72bd5f9dd44a76b54e83da4d472792 [term 1 FOLLOWER]: Raft consensus is shut down!
I20260630 12:16:16.496594 13490 tablet_replica.cc:333] T 86228f43bcaa49f9a1b61890c057623d P 9b72bd5f9dd44a76b54e83da4d472792: stopping tablet replica
I20260630 12:16:16.496742 14562 tablet_bootstrap.cc:492] T 1b0e3e8141b64c78b183092bc016f98a P c7c7da53c71047da9f9b0b6bb0b88f4f: Bootstrap replayed 1/1 log segments. Stats: ops{read=2 overwritten=0 applied=2 ignored=0} inserts{seen=0 ignored=0} mutations{seen=0 ignored=0} orphaned_commits=0. Pending: 0 replicates
I20260630 12:16:16.497174 13490 raft_consensus.cc:2243] T 86228f43bcaa49f9a1b61890c057623d P 9b72bd5f9dd44a76b54e83da4d472792 [term 1 LEADER]: Raft consensus shutting down.
I20260630 12:16:16.497617 14562 tablet_bootstrap.cc:492] T 1b0e3e8141b64c78b183092bc016f98a P c7c7da53c71047da9f9b0b6bb0b88f4f: Bootstrap complete.
I20260630 12:16:16.497911 13490 raft_consensus.cc:2272] T 86228f43bcaa49f9a1b61890c057623d P 9b72bd5f9dd44a76b54e83da4d472792 [term 1 FOLLOWER]: Raft consensus is shut down!
I20260630 12:16:16.498306 14562 ts_tablet_manager.cc:1403] T 1b0e3e8141b64c78b183092bc016f98a P c7c7da53c71047da9f9b0b6bb0b88f4f: Time spent bootstrapping tablet: real 0.040s	user 0.022s	sys 0.009s
I20260630 12:16:16.499908 13490 tablet_replica.cc:333] T 55e930896e074db5952562012c1ab9e1 P 9b72bd5f9dd44a76b54e83da4d472792: stopping tablet replica
I20260630 12:16:16.500497 13490 raft_consensus.cc:2243] T 55e930896e074db5952562012c1ab9e1 P 9b72bd5f9dd44a76b54e83da4d472792 [term 1 FOLLOWER]: Raft consensus shutting down.
I20260630 12:16:16.500878 13490 raft_consensus.cc:2272] T 55e930896e074db5952562012c1ab9e1 P 9b72bd5f9dd44a76b54e83da4d472792 [term 1 FOLLOWER]: Raft consensus is shut down!
I20260630 12:16:16.501192 14562 raft_consensus.cc:359] T 1b0e3e8141b64c78b183092bc016f98a P c7c7da53c71047da9f9b0b6bb0b88f4f [term 1 LEARNER]: Replica starting. Triggering 0 pending ops. Active config: opid_index: 2 OBSOLETE_local: false peers { permanent_uuid: "c7325666389b4b9d906483b79e60c018" member_type: VOTER last_known_addr { host: "127.13.44.129" port: 34829 } attrs { replace: true } } peers { permanent_uuid: "9b72bd5f9dd44a76b54e83da4d472792" member_type: VOTER last_known_addr { host: "127.13.44.130" port: 38949 } } peers { permanent_uuid: "f2449030405544708af65d8524ab37be" member_type: VOTER last_known_addr { host: "127.13.44.131" port: 45101 } } peers { permanent_uuid: "c7c7da53c71047da9f9b0b6bb0b88f4f" member_type: NON_VOTER last_known_addr { host: "127.13.44.132" port: 40177 } attrs { promote: true } }
I20260630 12:16:16.502055 14562 raft_consensus.cc:740] T 1b0e3e8141b64c78b183092bc016f98a P c7c7da53c71047da9f9b0b6bb0b88f4f [term 1 LEARNER]: Becoming Follower/Learner. State: Replica: c7c7da53c71047da9f9b0b6bb0b88f4f, State: Initialized, Role: LEARNER
I20260630 12:16:16.502818 13490 tablet_replica.cc:333] T 19370dd0bc104e45927ef9ed06aaa916 P 9b72bd5f9dd44a76b54e83da4d472792: stopping tablet replica
I20260630 12:16:16.503319 13490 raft_consensus.cc:2243] T 19370dd0bc104e45927ef9ed06aaa916 P 9b72bd5f9dd44a76b54e83da4d472792 [term 2 FOLLOWER]: Raft consensus shutting down.
I20260630 12:16:16.502723 14562 consensus_queue.cc:260] T 1b0e3e8141b64c78b183092bc016f98a P c7c7da53c71047da9f9b0b6bb0b88f4f [NON_LEADER]: Queue going to NON_LEADER mode. State: All replicated index: 0, Majority replicated index: 0, Committed index: 2, Last appended: 1.2, Last appended by leader: 2, Current term: 0, Majority size: -1, State: 0, Mode: NON_LEADER, active raft config: opid_index: 2 OBSOLETE_local: false peers { permanent_uuid: "c7325666389b4b9d906483b79e60c018" member_type: VOTER last_known_addr { host: "127.13.44.129" port: 34829 } attrs { replace: true } } peers { permanent_uuid: "9b72bd5f9dd44a76b54e83da4d472792" member_type: VOTER last_known_addr { host: "127.13.44.130" port: 38949 } } peers { permanent_uuid: "f2449030405544708af65d8524ab37be" member_type: VOTER last_known_addr { host: "127.13.44.131" port: 45101 } } peers { permanent_uuid: "c7c7da53c71047da9f9b0b6bb0b88f4f" member_type: NON_VOTER last_known_addr { host: "127.13.44.132" port: 40177 } attrs { promote: true } }
I20260630 12:16:16.503808 13490 raft_consensus.cc:2272] T 19370dd0bc104e45927ef9ed06aaa916 P 9b72bd5f9dd44a76b54e83da4d472792 [term 2 FOLLOWER]: Raft consensus is shut down!
I20260630 12:16:16.505649 14562 ts_tablet_manager.cc:1434] T 1b0e3e8141b64c78b183092bc016f98a P c7c7da53c71047da9f9b0b6bb0b88f4f: Time spent starting tablet: real 0.007s	user 0.004s	sys 0.000s
I20260630 12:16:16.507486 14319 tablet_copy_service.cc:342] P f2449030405544708af65d8524ab37be: Request end of tablet copy session c7c7da53c71047da9f9b0b6bb0b88f4f-1b0e3e8141b64c78b183092bc016f98a received from {username='slave'} at 127.0.0.1:56330
I20260630 12:16:16.508013 14319 tablet_copy_service.cc:434] P f2449030405544708af65d8524ab37be: ending tablet copy session c7c7da53c71047da9f9b0b6bb0b88f4f-1b0e3e8141b64c78b183092bc016f98a on tablet 1b0e3e8141b64c78b183092bc016f98a with peer c7c7da53c71047da9f9b0b6bb0b88f4f
I20260630 12:16:16.539961 13490 tablet_server.cc:196] TabletServer@127.13.44.130:0 shutdown complete.
W20260630 12:16:16.542223 14566 tablet_copy_client.cc:1131] T 0297f42fef1e4555bed5a3f829fe6121 P c7c7da53c71047da9f9b0b6bb0b88f4f: tablet copy: Unable to close tablet copy session: Network error: failure ending tablet copy session: Client connection negotiation failed: client connection to 127.13.44.130:38949: connect: Connection refused (error 111)
I20260630 12:16:16.560091 13490 tablet_server.cc:179] TabletServer@127.13.44.131:0 shutting down...
I20260630 12:16:16.594875 13490 ts_tablet_manager.cc:1507] Shutting down tablet manager...
I20260630 12:16:16.595676 13490 tablet_replica.cc:333] T 0297f42fef1e4555bed5a3f829fe6121 P f2449030405544708af65d8524ab37be: stopping tablet replica
I20260630 12:16:16.596415 13490 raft_consensus.cc:2243] T 0297f42fef1e4555bed5a3f829fe6121 P f2449030405544708af65d8524ab37be [term 1 FOLLOWER]: Raft consensus shutting down.
I20260630 12:16:16.596958 13490 raft_consensus.cc:2272] T 0297f42fef1e4555bed5a3f829fe6121 P f2449030405544708af65d8524ab37be [term 1 FOLLOWER]: Raft consensus is shut down!
I20260630 12:16:16.599730 13490 tablet_replica.cc:333] T c0de39082e824b26b5238ade24251b41 P f2449030405544708af65d8524ab37be: stopping tablet replica
I20260630 12:16:16.600450 13490 raft_consensus.cc:2243] T c0de39082e824b26b5238ade24251b41 P f2449030405544708af65d8524ab37be [term 1 FOLLOWER]: Raft consensus shutting down.
I20260630 12:16:16.600981 13490 raft_consensus.cc:2272] T c0de39082e824b26b5238ade24251b41 P f2449030405544708af65d8524ab37be [term 1 FOLLOWER]: Raft consensus is shut down!
I20260630 12:16:16.603690 13490 tablet_replica.cc:333] T 86228f43bcaa49f9a1b61890c057623d P f2449030405544708af65d8524ab37be: stopping tablet replica
I20260630 12:16:16.604455 13490 raft_consensus.cc:2243] T 86228f43bcaa49f9a1b61890c057623d P f2449030405544708af65d8524ab37be [term 1 FOLLOWER]: Raft consensus shutting down.
I20260630 12:16:16.605028 13490 raft_consensus.cc:2272] T 86228f43bcaa49f9a1b61890c057623d P f2449030405544708af65d8524ab37be [term 1 FOLLOWER]: Raft consensus is shut down!
I20260630 12:16:16.607631 13490 tablet_replica.cc:333] T 55e930896e074db5952562012c1ab9e1 P f2449030405544708af65d8524ab37be: stopping tablet replica
I20260630 12:16:16.608304 13490 raft_consensus.cc:2243] T 55e930896e074db5952562012c1ab9e1 P f2449030405544708af65d8524ab37be [term 1 FOLLOWER]: Raft consensus shutting down.
I20260630 12:16:16.608919 13490 raft_consensus.cc:2272] T 55e930896e074db5952562012c1ab9e1 P f2449030405544708af65d8524ab37be [term 1 FOLLOWER]: Raft consensus is shut down!
I20260630 12:16:16.611388 13490 tablet_replica.cc:333] T 19370dd0bc104e45927ef9ed06aaa916 P f2449030405544708af65d8524ab37be: stopping tablet replica
I20260630 12:16:16.612138 13490 raft_consensus.cc:2243] T 19370dd0bc104e45927ef9ed06aaa916 P f2449030405544708af65d8524ab37be [term 2 FOLLOWER]: Raft consensus shutting down.
I20260630 12:16:16.612747 13490 raft_consensus.cc:2272] T 19370dd0bc104e45927ef9ed06aaa916 P f2449030405544708af65d8524ab37be [term 2 FOLLOWER]: Raft consensus is shut down!
I20260630 12:16:16.615109 13490 tablet_replica.cc:333] T f0edc5104e324695ab6697d093fb4f12 P f2449030405544708af65d8524ab37be: stopping tablet replica
I20260630 12:16:16.615731 13490 raft_consensus.cc:2243] T f0edc5104e324695ab6697d093fb4f12 P f2449030405544708af65d8524ab37be [term 1 FOLLOWER]: Raft consensus shutting down.
I20260630 12:16:16.616207 13490 raft_consensus.cc:2272] T f0edc5104e324695ab6697d093fb4f12 P f2449030405544708af65d8524ab37be [term 1 FOLLOWER]: Raft consensus is shut down!
I20260630 12:16:16.618505 13490 tablet_replica.cc:333] T 1dfa1bea27ae4ab998a7c8ca68511974 P f2449030405544708af65d8524ab37be: stopping tablet replica
I20260630 12:16:16.619113 13490 raft_consensus.cc:2243] T 1dfa1bea27ae4ab998a7c8ca68511974 P f2449030405544708af65d8524ab37be [term 2 LEADER]: Raft consensus shutting down.
I20260630 12:16:16.620270 13490 raft_consensus.cc:2272] T 1dfa1bea27ae4ab998a7c8ca68511974 P f2449030405544708af65d8524ab37be [term 2 FOLLOWER]: Raft consensus is shut down!
I20260630 12:16:16.622916 13490 tablet_replica.cc:333] T 1b0e3e8141b64c78b183092bc016f98a P f2449030405544708af65d8524ab37be: stopping tablet replica
I20260630 12:16:16.623363 13490 raft_consensus.cc:2243] T 1b0e3e8141b64c78b183092bc016f98a P f2449030405544708af65d8524ab37be [term 1 LEADER]: Raft consensus shutting down.
I20260630 12:16:16.624176 13490 raft_consensus.cc:2272] T 1b0e3e8141b64c78b183092bc016f98a P f2449030405544708af65d8524ab37be [term 1 FOLLOWER]: Raft consensus is shut down!
I20260630 12:16:16.652717 13490 tablet_server.cc:196] TabletServer@127.13.44.131:0 shutdown complete.
I20260630 12:16:16.674175 13490 tablet_server.cc:179] TabletServer@127.13.44.132:0 shutting down...
I20260630 12:16:16.698091 13490 ts_tablet_manager.cc:1507] Shutting down tablet manager...
I20260630 12:16:16.699790 13490 tablet_replica.cc:333] T 1b0e3e8141b64c78b183092bc016f98a P c7c7da53c71047da9f9b0b6bb0b88f4f: stopping tablet replica
I20260630 12:16:16.700359 13490 raft_consensus.cc:2243] T 1b0e3e8141b64c78b183092bc016f98a P c7c7da53c71047da9f9b0b6bb0b88f4f [term 1 LEARNER]: Raft consensus shutting down.
I20260630 12:16:16.700731 13490 raft_consensus.cc:2272] T 1b0e3e8141b64c78b183092bc016f98a P c7c7da53c71047da9f9b0b6bb0b88f4f [term 1 LEARNER]: Raft consensus is shut down!
I20260630 12:16:16.702526 13490 tablet_replica.cc:333] T 1dfa1bea27ae4ab998a7c8ca68511974 P c7c7da53c71047da9f9b0b6bb0b88f4f: stopping tablet replica
I20260630 12:16:16.703006 13490 raft_consensus.cc:2243] T 1dfa1bea27ae4ab998a7c8ca68511974 P c7c7da53c71047da9f9b0b6bb0b88f4f [term 2 LEARNER]: Raft consensus shutting down.
I20260630 12:16:16.703351 13490 raft_consensus.cc:2272] T 1dfa1bea27ae4ab998a7c8ca68511974 P c7c7da53c71047da9f9b0b6bb0b88f4f [term 2 LEARNER]: Raft consensus is shut down!
I20260630 12:16:16.705821 13490 tablet_replica.cc:333] T 0297f42fef1e4555bed5a3f829fe6121 P c7c7da53c71047da9f9b0b6bb0b88f4f: stopping tablet replica
I20260630 12:16:16.706298 13490 raft_consensus.cc:2243] T 0297f42fef1e4555bed5a3f829fe6121 P c7c7da53c71047da9f9b0b6bb0b88f4f [term 1 LEARNER]: Raft consensus shutting down.
I20260630 12:16:16.707062 13490 raft_consensus.cc:2272] T 0297f42fef1e4555bed5a3f829fe6121 P c7c7da53c71047da9f9b0b6bb0b88f4f [term 1 LEARNER]: Raft consensus is shut down!
I20260630 12:16:16.728950 13490 tablet_server.cc:196] TabletServer@127.13.44.132:0 shutdown complete.
I20260630 12:16:16.741007 13490 master.cc:562] Master@127.13.44.190:38491 shutting down...
W20260630 12:16:16.761354 14106 auto_rebalancer.cc:340] scheduled replica move failed to complete: Service unavailable: Catalog manager is not initialized. State: Closing
I20260630 12:16:16.762733 13490 raft_consensus.cc:2243] T 00000000000000000000000000000000 P 58ce418e5b184cf7a4f1a98744f04a3f [term 1 LEADER]: Raft consensus shutting down.
I20260630 12:16:16.763170 13490 raft_consensus.cc:2272] T 00000000000000000000000000000000 P 58ce418e5b184cf7a4f1a98744f04a3f [term 1 FOLLOWER]: Raft consensus is shut down!
I20260630 12:16:16.763440 13490 tablet_replica.cc:333] T 00000000000000000000000000000000 P 58ce418e5b184cf7a4f1a98744f04a3f: stopping tablet replica
I20260630 12:16:16.782714 13490 master.cc:584] Master@127.13.44.190:38491 shutdown complete.
[       OK ] AutoRebalancerTest.AutoRebalancingTurnOffAndOn (9292 ms)
[ RUN      ] AutoRebalancerTest.NextLeaderResumesAutoRebalancing
I20260630 12:16:16.820909 13490 internal_mini_cluster.cc:156] Creating distributed mini masters. Addrs: 127.13.44.190:40785,127.13.44.189:33811,127.13.44.188:35943
I20260630 12:16:16.822136 13490 file_cache.cc:492] Constructed file cache file cache with capacity 419430
W20260630 12:16:16.827704 14581 instance_detector.cc:116] could not retrieve AWS instance metadata: Network error: curl error: HTTP response code said error: The requested URL returned error: 404
W20260630 12:16:16.827708 14582 instance_detector.cc:116] could not retrieve Azure instance metadata: Network error: curl error: HTTP response code said error: The requested URL returned error: 404
W20260630 12:16:16.828493 14584 instance_detector.cc:116] could not retrieve OpenStack instance metadata: Network error: curl error: HTTP response code said error: The requested URL returned error: 404
I20260630 12:16:16.829105 13490 server_base.cc:1061] running on GCE node
I20260630 12:16:16.829790 13490 hybrid_clock.cc:584] initializing the hybrid clock with 'system_unsync' time source
W20260630 12:16:16.829967 13490 system_unsync_time.cc:38] NTP support is disabled. Clock error bounds will not be accurate. This configuration is not suitable for distributed clusters.
I20260630 12:16:16.830083 13490 hybrid_clock.cc:648] HybridClock initialized: now 1782821776830072 us; error 0 us; skew 500 ppm
I20260630 12:16:16.830513 13490 server_base.cc:861] Flag tcmalloc_max_total_thread_cache_bytes is not working since tcmalloc is not enabled.
I20260630 12:16:16.832757 13490 webserver.cc:533] Webserver started at http://127.13.44.190:39733/ using document root <none> and password file <none>
I20260630 12:16:16.833177 13490 fs_manager.cc:362] Metadata directory not provided
I20260630 12:16:16.833320 13490 fs_manager.cc:368] Using write-ahead log directory (fs_wal_dir) as metadata directory
I20260630 12:16:16.833549 13490 server_base.cc:909] This appears to be a new deployment of Kudu; creating new FS layout
I20260630 12:16:16.834673 13490 fs_manager.cc:1068] Generated new instance metadata in path /tmp/dist-test-taskOXZNsw/test-tmp/auto_rebalancer-test.0.AutoRebalancerTest.NextLeaderResumesAutoRebalancing.1782821760585933-13490-0/minicluster-data/master-0-root/instance:
uuid: "8f865991b2b2473aa82659e417ea02d4"
format_stamp: "Formatted at 2026-06-30 12:16:16 on dist-test-slave-7dx9"
I20260630 12:16:16.838953 13490 fs_manager.cc:696] Time spent creating directory manager: real 0.004s	user 0.001s	sys 0.003s
I20260630 12:16:16.842623 14589 log_block_manager.cc:4031] Time spent loading block containers with low live blocks: real 0.000s	user 0.000s	sys 0.000s
I20260630 12:16:16.843632 13490 fs_manager.cc:730] Time spent opening block manager: real 0.003s	user 0.002s	sys 0.001s
I20260630 12:16:16.844022 13490 fs_manager.cc:647] Opened local filesystem: /tmp/dist-test-taskOXZNsw/test-tmp/auto_rebalancer-test.0.AutoRebalancerTest.NextLeaderResumesAutoRebalancing.1782821760585933-13490-0/minicluster-data/master-0-root
uuid: "8f865991b2b2473aa82659e417ea02d4"
format_stamp: "Formatted at 2026-06-30 12:16:16 on dist-test-slave-7dx9"
I20260630 12:16:16.844341 13490 fs_report.cc:389] FS layout report
--------------------
wal directory: /tmp/dist-test-taskOXZNsw/test-tmp/auto_rebalancer-test.0.AutoRebalancerTest.NextLeaderResumesAutoRebalancing.1782821760585933-13490-0/minicluster-data/master-0-root
metadata directory: /tmp/dist-test-taskOXZNsw/test-tmp/auto_rebalancer-test.0.AutoRebalancerTest.NextLeaderResumesAutoRebalancing.1782821760585933-13490-0/minicluster-data/master-0-root
1 data directories: /tmp/dist-test-taskOXZNsw/test-tmp/auto_rebalancer-test.0.AutoRebalancerTest.NextLeaderResumesAutoRebalancing.1782821760585933-13490-0/minicluster-data/master-0-root/data
Total live blocks: 0
Total live bytes: 0
Total live bytes (after alignment): 0
Total number of LBM containers: 0 (0 full)
Did not check for missing blocks
Did not check for orphaned blocks
Total full LBM containers with extra space: 0 (0 repaired)
Total full LBM container extra space in bytes: 0 (0 repaired)
Total incomplete LBM containers: 0 (0 repaired)
Total LBM partial records: 0 (0 repaired)
Total corrupted LBM metadata records in RocksDB: 0 (0 repaired)
I20260630 12:16:16.861724 13490 rpc_server.cc:225] running with OpenSSL 1.1.1  11 Sep 2018
I20260630 12:16:16.862939 13490 kserver.cc:163] Server-wide thread pool size limit: 3276
I20260630 12:16:16.899782 13490 rpc_server.cc:307] RPC server started. Bound to: 127.13.44.190:40785
I20260630 12:16:16.899878 14640 acceptor_pool.cc:272] collecting diagnostics on the listening RPC socket 127.13.44.190:40785 every 8 connection(s)
I20260630 12:16:16.903412 14641 data_dirs.cc:400] Could only allocate 1 dirs of requested 3 for tablet 00000000000000000000000000000000. 1 dirs total, 0 dirs full, 0 dirs failed
I20260630 12:16:16.903501 13490 file_cache.cc:492] Constructed file cache file cache with capacity 419430
W20260630 12:16:16.908427 14643 instance_detector.cc:116] could not retrieve AWS instance metadata: Network error: curl error: HTTP response code said error: The requested URL returned error: 404
W20260630 12:16:16.910035 14644 instance_detector.cc:116] could not retrieve Azure instance metadata: Network error: curl error: HTTP response code said error: The requested URL returned error: 404
I20260630 12:16:16.910686 14641 sys_catalog.cc:422] member_type: VOTER last_known_addr { host: "127.13.44.190" port: 40785 } has no permanent_uuid. Determining permanent_uuid...
I20260630 12:16:16.911584 13490 server_base.cc:1061] running on GCE node
W20260630 12:16:16.912678 14646 instance_detector.cc:116] could not retrieve OpenStack instance metadata: Network error: curl error: HTTP response code said error: The requested URL returned error: 404
I20260630 12:16:16.913743 13490 hybrid_clock.cc:584] initializing the hybrid clock with 'system_unsync' time source
W20260630 12:16:16.913957 13490 system_unsync_time.cc:38] NTP support is disabled. Clock error bounds will not be accurate. This configuration is not suitable for distributed clusters.
I20260630 12:16:16.914124 13490 hybrid_clock.cc:648] HybridClock initialized: now 1782821776914107 us; error 0 us; skew 500 ppm
I20260630 12:16:16.914803 13490 server_base.cc:861] Flag tcmalloc_max_total_thread_cache_bytes is not working since tcmalloc is not enabled.
I20260630 12:16:16.917498 13490 webserver.cc:533] Webserver started at http://127.13.44.189:37651/ using document root <none> and password file <none>
I20260630 12:16:16.917999 13490 fs_manager.cc:362] Metadata directory not provided
I20260630 12:16:16.918159 13490 fs_manager.cc:368] Using write-ahead log directory (fs_wal_dir) as metadata directory
I20260630 12:16:16.918426 13490 server_base.cc:909] This appears to be a new deployment of Kudu; creating new FS layout
I20260630 12:16:16.919440 13490 fs_manager.cc:1068] Generated new instance metadata in path /tmp/dist-test-taskOXZNsw/test-tmp/auto_rebalancer-test.0.AutoRebalancerTest.NextLeaderResumesAutoRebalancing.1782821760585933-13490-0/minicluster-data/master-1-root/instance:
uuid: "73b1fd3e78914a8e9f5337f159ff205b"
format_stamp: "Formatted at 2026-06-30 12:16:16 on dist-test-slave-7dx9"
I20260630 12:16:16.923808 14641 sys_catalog.cc:422] member_type: VOTER last_known_addr { host: "127.13.44.189" port: 33811 } has no permanent_uuid. Determining permanent_uuid...
I20260630 12:16:16.924078 13490 fs_manager.cc:696] Time spent creating directory manager: real 0.004s	user 0.005s	sys 0.000s
I20260630 12:16:16.927762 14654 log_block_manager.cc:4031] Time spent loading block containers with low live blocks: real 0.000s	user 0.000s	sys 0.000s
I20260630 12:16:16.928539 13490 fs_manager.cc:730] Time spent opening block manager: real 0.003s	user 0.003s	sys 0.000s
I20260630 12:16:16.928854 13490 fs_manager.cc:647] Opened local filesystem: /tmp/dist-test-taskOXZNsw/test-tmp/auto_rebalancer-test.0.AutoRebalancerTest.NextLeaderResumesAutoRebalancing.1782821760585933-13490-0/minicluster-data/master-1-root
uuid: "73b1fd3e78914a8e9f5337f159ff205b"
format_stamp: "Formatted at 2026-06-30 12:16:16 on dist-test-slave-7dx9"
I20260630 12:16:16.929107 13490 fs_report.cc:389] FS layout report
--------------------
wal directory: /tmp/dist-test-taskOXZNsw/test-tmp/auto_rebalancer-test.0.AutoRebalancerTest.NextLeaderResumesAutoRebalancing.1782821760585933-13490-0/minicluster-data/master-1-root
metadata directory: /tmp/dist-test-taskOXZNsw/test-tmp/auto_rebalancer-test.0.AutoRebalancerTest.NextLeaderResumesAutoRebalancing.1782821760585933-13490-0/minicluster-data/master-1-root
1 data directories: /tmp/dist-test-taskOXZNsw/test-tmp/auto_rebalancer-test.0.AutoRebalancerTest.NextLeaderResumesAutoRebalancing.1782821760585933-13490-0/minicluster-data/master-1-root/data
Total live blocks: 0
Total live bytes: 0
Total live bytes (after alignment): 0
Total number of LBM containers: 0 (0 full)
Did not check for missing blocks
Did not check for orphaned blocks
Total full LBM containers with extra space: 0 (0 repaired)
Total full LBM container extra space in bytes: 0 (0 repaired)
Total incomplete LBM containers: 0 (0 repaired)
Total LBM partial records: 0 (0 repaired)
Total corrupted LBM metadata records in RocksDB: 0 (0 repaired)
W20260630 12:16:16.929250 14641 consensus_peers.cc:760] Error getting permanent uuid from config peer 127.13.44.189:33811: Network error: Client connection negotiation failed: client connection to 127.13.44.189:33811: connect: Connection refused (error 111)
I20260630 12:16:16.969738 14641 consensus_peers.cc:770] Retrying to get permanent uuid for remote peer: member_type: VOTER last_known_addr { host: "127.13.44.189" port: 33811 } attempt: 1
I20260630 12:16:16.973778 13490 rpc_server.cc:225] running with OpenSSL 1.1.1  11 Sep 2018
W20260630 12:16:16.974280 14641 consensus_peers.cc:760] Error getting permanent uuid from config peer 127.13.44.189:33811: Network error: Client connection negotiation failed: client connection to 127.13.44.189:33811: connect: Connection refused (error 111)
I20260630 12:16:16.975013 13490 kserver.cc:163] Server-wide thread pool size limit: 3276
I20260630 12:16:17.013762 13490 rpc_server.cc:307] RPC server started. Bound to: 127.13.44.189:33811
I20260630 12:16:17.013850 14705 acceptor_pool.cc:272] collecting diagnostics on the listening RPC socket 127.13.44.189:33811 every 8 connection(s)
I20260630 12:16:17.017370 14706 data_dirs.cc:400] Could only allocate 1 dirs of requested 3 for tablet 00000000000000000000000000000000. 1 dirs total, 0 dirs full, 0 dirs failed
I20260630 12:16:17.017431 13490 file_cache.cc:492] Constructed file cache file cache with capacity 419430
W20260630 12:16:17.022358 14708 instance_detector.cc:116] could not retrieve AWS instance metadata: Network error: curl error: HTTP response code said error: The requested URL returned error: 404
W20260630 12:16:17.023005 14709 instance_detector.cc:116] could not retrieve Azure instance metadata: Network error: curl error: HTTP response code said error: The requested URL returned error: 404
I20260630 12:16:17.024750 14706 sys_catalog.cc:422] member_type: VOTER last_known_addr { host: "127.13.44.190" port: 40785 } has no permanent_uuid. Determining permanent_uuid...
W20260630 12:16:17.025418 14711 instance_detector.cc:116] could not retrieve OpenStack instance metadata: Network error: curl error: HTTP response code said error: The requested URL returned error: 404
I20260630 12:16:17.025887 13490 server_base.cc:1061] running on GCE node
I20260630 12:16:17.026813 13490 hybrid_clock.cc:584] initializing the hybrid clock with 'system_unsync' time source
W20260630 12:16:17.027055 13490 system_unsync_time.cc:38] NTP support is disabled. Clock error bounds will not be accurate. This configuration is not suitable for distributed clusters.
I20260630 12:16:17.027257 13490 hybrid_clock.cc:648] HybridClock initialized: now 1782821777027235 us; error 0 us; skew 500 ppm
I20260630 12:16:17.027899 13490 server_base.cc:861] Flag tcmalloc_max_total_thread_cache_bytes is not working since tcmalloc is not enabled.
I20260630 12:16:17.030727 13490 webserver.cc:533] Webserver started at http://127.13.44.188:39759/ using document root <none> and password file <none>
I20260630 12:16:17.031255 13490 fs_manager.cc:362] Metadata directory not provided
I20260630 12:16:17.031443 13490 fs_manager.cc:368] Using write-ahead log directory (fs_wal_dir) as metadata directory
I20260630 12:16:17.031742 13490 server_base.cc:909] This appears to be a new deployment of Kudu; creating new FS layout
I20260630 12:16:17.033037 13490 fs_manager.cc:1068] Generated new instance metadata in path /tmp/dist-test-taskOXZNsw/test-tmp/auto_rebalancer-test.0.AutoRebalancerTest.NextLeaderResumesAutoRebalancing.1782821760585933-13490-0/minicluster-data/master-2-root/instance:
uuid: "a495acba5e46438abe5033812b428b3c"
format_stamp: "Formatted at 2026-06-30 12:16:17 on dist-test-slave-7dx9"
I20260630 12:16:17.036751 14706 sys_catalog.cc:422] member_type: VOTER last_known_addr { host: "127.13.44.189" port: 33811 } has no permanent_uuid. Determining permanent_uuid...
I20260630 12:16:17.038437 13490 fs_manager.cc:696] Time spent creating directory manager: real 0.005s	user 0.004s	sys 0.002s
I20260630 12:16:17.042120 14718 log_block_manager.cc:4031] Time spent loading block containers with low live blocks: real 0.000s	user 0.000s	sys 0.000s
I20260630 12:16:17.043097 13490 fs_manager.cc:730] Time spent opening block manager: real 0.003s	user 0.000s	sys 0.003s
I20260630 12:16:17.043426 13490 fs_manager.cc:647] Opened local filesystem: /tmp/dist-test-taskOXZNsw/test-tmp/auto_rebalancer-test.0.AutoRebalancerTest.NextLeaderResumesAutoRebalancing.1782821760585933-13490-0/minicluster-data/master-2-root
uuid: "a495acba5e46438abe5033812b428b3c"
format_stamp: "Formatted at 2026-06-30 12:16:17 on dist-test-slave-7dx9"
I20260630 12:16:17.043777 13490 fs_report.cc:389] FS layout report
--------------------
wal directory: /tmp/dist-test-taskOXZNsw/test-tmp/auto_rebalancer-test.0.AutoRebalancerTest.NextLeaderResumesAutoRebalancing.1782821760585933-13490-0/minicluster-data/master-2-root
metadata directory: /tmp/dist-test-taskOXZNsw/test-tmp/auto_rebalancer-test.0.AutoRebalancerTest.NextLeaderResumesAutoRebalancing.1782821760585933-13490-0/minicluster-data/master-2-root
1 data directories: /tmp/dist-test-taskOXZNsw/test-tmp/auto_rebalancer-test.0.AutoRebalancerTest.NextLeaderResumesAutoRebalancing.1782821760585933-13490-0/minicluster-data/master-2-root/data
Total live blocks: 0
Total live bytes: 0
Total live bytes (after alignment): 0
Total number of LBM containers: 0 (0 full)
Did not check for missing blocks
Did not check for orphaned blocks
Total full LBM containers with extra space: 0 (0 repaired)
Total full LBM container extra space in bytes: 0 (0 repaired)
Total incomplete LBM containers: 0 (0 repaired)
Total LBM partial records: 0 (0 repaired)
Total corrupted LBM metadata records in RocksDB: 0 (0 repaired)
I20260630 12:16:17.051740 14641 consensus_peers.cc:770] Retrying to get permanent uuid for remote peer: member_type: VOTER last_known_addr { host: "127.13.44.189" port: 33811 } attempt: 2
I20260630 12:16:17.052762 14706 sys_catalog.cc:422] member_type: VOTER last_known_addr { host: "127.13.44.188" port: 35943 } has no permanent_uuid. Determining permanent_uuid...
W20260630 12:16:17.058920 14706 consensus_peers.cc:760] Error getting permanent uuid from config peer 127.13.44.188:35943: Network error: Client connection negotiation failed: client connection to 127.13.44.188:35943: connect: Connection refused (error 111)
I20260630 12:16:17.063271 14641 sys_catalog.cc:422] member_type: VOTER last_known_addr { host: "127.13.44.188" port: 35943 } has no permanent_uuid. Determining permanent_uuid...
W20260630 12:16:17.067844 14641 consensus_peers.cc:760] Error getting permanent uuid from config peer 127.13.44.188:35943: Network error: Client connection negotiation failed: client connection to 127.13.44.188:35943: connect: Connection refused (error 111)
I20260630 12:16:17.079595 13490 rpc_server.cc:225] running with OpenSSL 1.1.1  11 Sep 2018
I20260630 12:16:17.080827 13490 kserver.cc:163] Server-wide thread pool size limit: 3276
I20260630 12:16:17.092382 14706 consensus_peers.cc:770] Retrying to get permanent uuid for remote peer: member_type: VOTER last_known_addr { host: "127.13.44.188" port: 35943 } attempt: 1
I20260630 12:16:17.093369 14641 consensus_peers.cc:770] Retrying to get permanent uuid for remote peer: member_type: VOTER last_known_addr { host: "127.13.44.188" port: 35943 } attempt: 1
W20260630 12:16:17.098130 14706 consensus_peers.cc:760] Error getting permanent uuid from config peer 127.13.44.188:35943: Network error: Client connection negotiation failed: client connection to 127.13.44.188:35943: connect: Connection refused (error 111)
W20260630 12:16:17.098827 14641 consensus_peers.cc:760] Error getting permanent uuid from config peer 127.13.44.188:35943: Network error: Client connection negotiation failed: client connection to 127.13.44.188:35943: connect: Connection refused (error 111)
I20260630 12:16:17.119289 13490 rpc_server.cc:307] RPC server started. Bound to: 127.13.44.188:35943
I20260630 12:16:17.119370 14770 acceptor_pool.cc:272] collecting diagnostics on the listening RPC socket 127.13.44.188:35943 every 8 connection(s)
I20260630 12:16:17.122169 13490 internal_mini_cluster.cc:184] Waiting to initialize catalog manager on master 0
I20260630 12:16:17.122823 14771 data_dirs.cc:400] Could only allocate 1 dirs of requested 3 for tablet 00000000000000000000000000000000. 1 dirs total, 0 dirs full, 0 dirs failed
I20260630 12:16:17.128175 14771 sys_catalog.cc:422] member_type: VOTER last_known_addr { host: "127.13.44.190" port: 40785 } has no permanent_uuid. Determining permanent_uuid...
I20260630 12:16:17.138600 14771 sys_catalog.cc:422] member_type: VOTER last_known_addr { host: "127.13.44.189" port: 33811 } has no permanent_uuid. Determining permanent_uuid...
I20260630 12:16:17.147928 14771 sys_catalog.cc:422] member_type: VOTER last_known_addr { host: "127.13.44.188" port: 35943 } has no permanent_uuid. Determining permanent_uuid...
I20260630 12:16:17.148775 14706 consensus_peers.cc:770] Retrying to get permanent uuid for remote peer: member_type: VOTER last_known_addr { host: "127.13.44.188" port: 35943 } attempt: 2
I20260630 12:16:17.164821 14771 tablet_bootstrap.cc:492] T 00000000000000000000000000000000 P a495acba5e46438abe5033812b428b3c: Bootstrap starting.
I20260630 12:16:17.165534 14706 tablet_bootstrap.cc:492] T 00000000000000000000000000000000 P 73b1fd3e78914a8e9f5337f159ff205b: Bootstrap starting.
I20260630 12:16:17.169318 14771 tablet_bootstrap.cc:654] T 00000000000000000000000000000000 P a495acba5e46438abe5033812b428b3c: Neither blocks nor log segments found. Creating new log.
I20260630 12:16:17.169955 14706 tablet_bootstrap.cc:654] T 00000000000000000000000000000000 P 73b1fd3e78914a8e9f5337f159ff205b: Neither blocks nor log segments found. Creating new log.
I20260630 12:16:17.173475 14771 tablet_bootstrap.cc:492] T 00000000000000000000000000000000 P a495acba5e46438abe5033812b428b3c: No bootstrap required, opened a new log
I20260630 12:16:17.174252 14706 tablet_bootstrap.cc:492] T 00000000000000000000000000000000 P 73b1fd3e78914a8e9f5337f159ff205b: No bootstrap required, opened a new log
I20260630 12:16:17.175606 14771 raft_consensus.cc:359] T 00000000000000000000000000000000 P a495acba5e46438abe5033812b428b3c [term 0 FOLLOWER]: Replica starting. Triggering 0 pending ops. Active config: opid_index: -1 OBSOLETE_local: false peers { permanent_uuid: "8f865991b2b2473aa82659e417ea02d4" member_type: VOTER last_known_addr { host: "127.13.44.190" port: 40785 } } peers { permanent_uuid: "73b1fd3e78914a8e9f5337f159ff205b" member_type: VOTER last_known_addr { host: "127.13.44.189" port: 33811 } } peers { permanent_uuid: "a495acba5e46438abe5033812b428b3c" member_type: VOTER last_known_addr { host: "127.13.44.188" port: 35943 } }
I20260630 12:16:17.176100 14771 raft_consensus.cc:385] T 00000000000000000000000000000000 P a495acba5e46438abe5033812b428b3c [term 0 FOLLOWER]: Consensus starting up: Expiring failure detector timer to make a prompt election more likely
I20260630 12:16:17.176347 14771 raft_consensus.cc:740] T 00000000000000000000000000000000 P a495acba5e46438abe5033812b428b3c [term 0 FOLLOWER]: Becoming Follower/Learner. State: Replica: a495acba5e46438abe5033812b428b3c, State: Initialized, Role: FOLLOWER
I20260630 12:16:17.176187 14706 raft_consensus.cc:359] T 00000000000000000000000000000000 P 73b1fd3e78914a8e9f5337f159ff205b [term 0 FOLLOWER]: Replica starting. Triggering 0 pending ops. Active config: opid_index: -1 OBSOLETE_local: false peers { permanent_uuid: "8f865991b2b2473aa82659e417ea02d4" member_type: VOTER last_known_addr { host: "127.13.44.190" port: 40785 } } peers { permanent_uuid: "73b1fd3e78914a8e9f5337f159ff205b" member_type: VOTER last_known_addr { host: "127.13.44.189" port: 33811 } } peers { permanent_uuid: "a495acba5e46438abe5033812b428b3c" member_type: VOTER last_known_addr { host: "127.13.44.188" port: 35943 } }
I20260630 12:16:17.176782 14706 raft_consensus.cc:385] T 00000000000000000000000000000000 P 73b1fd3e78914a8e9f5337f159ff205b [term 0 FOLLOWER]: Consensus starting up: Expiring failure detector timer to make a prompt election more likely
I20260630 12:16:17.177079 14706 raft_consensus.cc:740] T 00000000000000000000000000000000 P 73b1fd3e78914a8e9f5337f159ff205b [term 0 FOLLOWER]: Becoming Follower/Learner. State: Replica: 73b1fd3e78914a8e9f5337f159ff205b, State: Initialized, Role: FOLLOWER
I20260630 12:16:17.176949 14771 consensus_queue.cc:260] T 00000000000000000000000000000000 P a495acba5e46438abe5033812b428b3c [NON_LEADER]: Queue going to NON_LEADER mode. State: All replicated index: 0, Majority replicated index: 0, Committed index: 0, Last appended: 0.0, Last appended by leader: 0, Current term: 0, Majority size: -1, State: 0, Mode: NON_LEADER, active raft config: opid_index: -1 OBSOLETE_local: false peers { permanent_uuid: "8f865991b2b2473aa82659e417ea02d4" member_type: VOTER last_known_addr { host: "127.13.44.190" port: 40785 } } peers { permanent_uuid: "73b1fd3e78914a8e9f5337f159ff205b" member_type: VOTER last_known_addr { host: "127.13.44.189" port: 33811 } } peers { permanent_uuid: "a495acba5e46438abe5033812b428b3c" member_type: VOTER last_known_addr { host: "127.13.44.188" port: 35943 } }
