I20260630 12:12:31.558573  3906 raft_consensus.cc:697] T b286a602429b48d8ac445e1daf12915d P 0faf44af317b4225aa8855dae4f3abf5 [term 2 LEADER]: Becoming Leader. State: Replica: 0faf44af317b4225aa8855dae4f3abf5, State: Running, Role: LEADER
I20260630 12:12:31.559480  3906 consensus_queue.cc:237] T b286a602429b48d8ac445e1daf12915d P 0faf44af317b4225aa8855dae4f3abf5 [LEADER]: Queue going to LEADER mode. State: All replicated index: 0, Majority replicated index: 4, Committed index: 4, Last appended: 1.4, Last appended by leader: 4, Current term: 2, Majority size: 2, State: 0, Mode: LEADER, active raft config: opid_index: 4 OBSOLETE_local: false peers { permanent_uuid: "236ab47aae0647f6b21199d287539110" member_type: VOTER last_known_addr { host: "127.0.107.193" port: 41711 } } peers { permanent_uuid: "8c1ed0675f024aa7893c8877d6601a0e" member_type: VOTER last_known_addr { host: "127.0.107.195" port: 42327 } } peers { permanent_uuid: "0faf44af317b4225aa8855dae4f3abf5" member_type: VOTER last_known_addr { host: "127.0.107.196" port: 42071 } attrs { promote: false } }
I20260630 12:12:31.567899  3306 catalog_manager.cc:5697] T b286a602429b48d8ac445e1daf12915d P 0faf44af317b4225aa8855dae4f3abf5 reported cstate change: term changed from 1 to 2, leader changed from 236ab47aae0647f6b21199d287539110 (127.0.107.193) to 0faf44af317b4225aa8855dae4f3abf5 (127.0.107.196). New cstate: current_term: 2 leader_uuid: "0faf44af317b4225aa8855dae4f3abf5" committed_config { opid_index: 4 OBSOLETE_local: false peers { permanent_uuid: "236ab47aae0647f6b21199d287539110" member_type: VOTER last_known_addr { host: "127.0.107.193" port: 41711 } health_report { overall_health: UNKNOWN } } peers { permanent_uuid: "8c1ed0675f024aa7893c8877d6601a0e" member_type: VOTER last_known_addr { host: "127.0.107.195" port: 42327 } health_report { overall_health: UNKNOWN } } peers { permanent_uuid: "0faf44af317b4225aa8855dae4f3abf5" member_type: VOTER last_known_addr { host: "127.0.107.196" port: 42071 } attrs { promote: false } health_report { overall_health: HEALTHY } } }
I20260630 12:12:31.699757  3703 raft_consensus.cc:1217] T 882596b8f1834476ada62f1d87f73e27 P 0faf44af317b4225aa8855dae4f3abf5 [term 1 LEARNER]: Deduplicated request from leader. Original: 1.1->[1.2-1.2]   Dedup: 1.2->[]
I20260630 12:12:31.994925  3408 raft_consensus.cc:1275] T b286a602429b48d8ac445e1daf12915d P 236ab47aae0647f6b21199d287539110 [term 2 FOLLOWER]: Refusing update from remote peer 0faf44af317b4225aa8855dae4f3abf5: Log matching property violated. Preceding OpId in replica: term: 1 index: 4. Preceding OpId from leader: term: 2 index: 5. (index mismatch)
I20260630 12:12:31.996229  3906 consensus_queue.cc:1048] T b286a602429b48d8ac445e1daf12915d P 0faf44af317b4225aa8855dae4f3abf5 [LEADER]: Connected to new peer: Peer: permanent_uuid: "236ab47aae0647f6b21199d287539110" member_type: VOTER last_known_addr { host: "127.0.107.193" port: 41711 }, Status: LMP_MISMATCH, Last received: 0.0, Next index: 5, Last known committed idx: 4, Time since last communication: 0.000s
I20260630 12:12:32.015728  3557 raft_consensus.cc:1275] T b286a602429b48d8ac445e1daf12915d P 8c1ed0675f024aa7893c8877d6601a0e [term 2 FOLLOWER]: Refusing update from remote peer 0faf44af317b4225aa8855dae4f3abf5: Log matching property violated. Preceding OpId in replica: term: 1 index: 4. Preceding OpId from leader: term: 2 index: 5. (index mismatch)
I20260630 12:12:32.023766  3974 consensus_queue.cc:1048] T b286a602429b48d8ac445e1daf12915d P 0faf44af317b4225aa8855dae4f3abf5 [LEADER]: Connected to new peer: Peer: permanent_uuid: "8c1ed0675f024aa7893c8877d6601a0e" member_type: VOTER last_known_addr { host: "127.0.107.195" port: 42327 }, Status: LMP_MISMATCH, Last received: 0.0, Next index: 5, Last known committed idx: 4, Time since last communication: 0.004s
I20260630 12:12:32.041229  3703 raft_consensus.cc:1217] T c954bbe6c00e42fbb1a2aa1bb51a8ed0 P 0faf44af317b4225aa8855dae4f3abf5 [term 2 LEARNER]: Deduplicated request from leader. Original: 2.2->[2.3-2.3]   Dedup: 2.3->[]
I20260630 12:12:32.155553  3968 raft_consensus.cc:1064] T 882596b8f1834476ada62f1d87f73e27 P 8c1ed0675f024aa7893c8877d6601a0e: attempting to promote NON_VOTER 0faf44af317b4225aa8855dae4f3abf5 to VOTER
I20260630 12:12:32.157670  3968 consensus_queue.cc:237] T 882596b8f1834476ada62f1d87f73e27 P 8c1ed0675f024aa7893c8877d6601a0e [LEADER]: Queue going to LEADER mode. State: All replicated index: 0, Majority replicated index: 2, Committed index: 2, Last appended: 1.2, Last appended by leader: 0, Current term: 1, Majority size: 3, State: 0, Mode: LEADER, active raft config: opid_index: 3 OBSOLETE_local: false peers { permanent_uuid: "236ab47aae0647f6b21199d287539110" member_type: VOTER last_known_addr { host: "127.0.107.193" port: 41711 } attrs { replace: true } } peers { permanent_uuid: "8405e507ccf34ca18915bf9efca00b9a" member_type: VOTER last_known_addr { host: "127.0.107.194" port: 37733 } } peers { permanent_uuid: "8c1ed0675f024aa7893c8877d6601a0e" member_type: VOTER last_known_addr { host: "127.0.107.195" port: 42327 } } peers { permanent_uuid: "0faf44af317b4225aa8855dae4f3abf5" member_type: VOTER last_known_addr { host: "127.0.107.196" port: 42071 } attrs { promote: false } }
I20260630 12:12:32.164657  3484 raft_consensus.cc:1275] T 882596b8f1834476ada62f1d87f73e27 P 8405e507ccf34ca18915bf9efca00b9a [term 1 FOLLOWER]: Refusing update from remote peer 8c1ed0675f024aa7893c8877d6601a0e: Log matching property violated. Preceding OpId in replica: term: 1 index: 2. Preceding OpId from leader: term: 1 index: 3. (index mismatch)
I20260630 12:12:32.165274  3408 raft_consensus.cc:1275] T 882596b8f1834476ada62f1d87f73e27 P 236ab47aae0647f6b21199d287539110 [term 1 FOLLOWER]: Refusing update from remote peer 8c1ed0675f024aa7893c8877d6601a0e: Log matching property violated. Preceding OpId in replica: term: 1 index: 2. Preceding OpId from leader: term: 1 index: 3. (index mismatch)
I20260630 12:12:32.166318  3967 consensus_queue.cc:1048] T 882596b8f1834476ada62f1d87f73e27 P 8c1ed0675f024aa7893c8877d6601a0e [LEADER]: Connected to new peer: Peer: permanent_uuid: "8405e507ccf34ca18915bf9efca00b9a" member_type: VOTER last_known_addr { host: "127.0.107.194" port: 37733 }, Status: LMP_MISMATCH, Last received: 0.0, Next index: 3, Last known committed idx: 2, Time since last communication: 0.000s
I20260630 12:12:32.168139  3967 consensus_queue.cc:1048] T 882596b8f1834476ada62f1d87f73e27 P 8c1ed0675f024aa7893c8877d6601a0e [LEADER]: Connected to new peer: Peer: permanent_uuid: "236ab47aae0647f6b21199d287539110" member_type: VOTER last_known_addr { host: "127.0.107.193" port: 41711 } attrs { replace: true }, Status: LMP_MISMATCH, Last received: 0.0, Next index: 3, Last known committed idx: 2, Time since last communication: 0.000s
I20260630 12:12:32.171399  3707 raft_consensus.cc:1275] T 882596b8f1834476ada62f1d87f73e27 P 0faf44af317b4225aa8855dae4f3abf5 [term 1 LEARNER]: Refusing update from remote peer 8c1ed0675f024aa7893c8877d6601a0e: Log matching property violated. Preceding OpId in replica: term: 1 index: 2. Preceding OpId from leader: term: 1 index: 3. (index mismatch)
I20260630 12:12:32.172910  3967 consensus_queue.cc:1048] T 882596b8f1834476ada62f1d87f73e27 P 8c1ed0675f024aa7893c8877d6601a0e [LEADER]: Connected to new peer: Peer: permanent_uuid: "0faf44af317b4225aa8855dae4f3abf5" member_type: VOTER last_known_addr { host: "127.0.107.196" port: 42071 } attrs { promote: false }, Status: LMP_MISMATCH, Last received: 0.0, Next index: 3, Last known committed idx: 2, Time since last communication: 0.001s
I20260630 12:12:32.188295  3968 raft_consensus.cc:2955] T 882596b8f1834476ada62f1d87f73e27 P 8c1ed0675f024aa7893c8877d6601a0e [term 1 LEADER]: Committing config change with OpId 1.3: config changed from index 2 to 3, 0faf44af317b4225aa8855dae4f3abf5 (127.0.107.196) changed from NON_VOTER to VOTER. New config: { opid_index: 3 OBSOLETE_local: false peers { permanent_uuid: "236ab47aae0647f6b21199d287539110" member_type: VOTER last_known_addr { host: "127.0.107.193" port: 41711 } attrs { replace: true } } peers { permanent_uuid: "8405e507ccf34ca18915bf9efca00b9a" member_type: VOTER last_known_addr { host: "127.0.107.194" port: 37733 } } peers { permanent_uuid: "8c1ed0675f024aa7893c8877d6601a0e" member_type: VOTER last_known_addr { host: "127.0.107.195" port: 42327 } } peers { permanent_uuid: "0faf44af317b4225aa8855dae4f3abf5" member_type: VOTER last_known_addr { host: "127.0.107.196" port: 42071 } attrs { promote: false } } }
I20260630 12:12:32.190836  3408 raft_consensus.cc:2955] T 882596b8f1834476ada62f1d87f73e27 P 236ab47aae0647f6b21199d287539110 [term 1 FOLLOWER]: Committing config change with OpId 1.3: config changed from index 2 to 3, 0faf44af317b4225aa8855dae4f3abf5 (127.0.107.196) changed from NON_VOTER to VOTER. New config: { opid_index: 3 OBSOLETE_local: false peers { permanent_uuid: "236ab47aae0647f6b21199d287539110" member_type: VOTER last_known_addr { host: "127.0.107.193" port: 41711 } attrs { replace: true } } peers { permanent_uuid: "8405e507ccf34ca18915bf9efca00b9a" member_type: VOTER last_known_addr { host: "127.0.107.194" port: 37733 } } peers { permanent_uuid: "8c1ed0675f024aa7893c8877d6601a0e" member_type: VOTER last_known_addr { host: "127.0.107.195" port: 42327 } } peers { permanent_uuid: "0faf44af317b4225aa8855dae4f3abf5" member_type: VOTER last_known_addr { host: "127.0.107.196" port: 42071 } attrs { promote: false } } }
I20260630 12:12:32.191323  3707 raft_consensus.cc:2955] T 882596b8f1834476ada62f1d87f73e27 P 0faf44af317b4225aa8855dae4f3abf5 [term 1 FOLLOWER]: Committing config change with OpId 1.3: config changed from index 2 to 3, 0faf44af317b4225aa8855dae4f3abf5 (127.0.107.196) changed from NON_VOTER to VOTER. New config: { opid_index: 3 OBSOLETE_local: false peers { permanent_uuid: "236ab47aae0647f6b21199d287539110" member_type: VOTER last_known_addr { host: "127.0.107.193" port: 41711 } attrs { replace: true } } peers { permanent_uuid: "8405e507ccf34ca18915bf9efca00b9a" member_type: VOTER last_known_addr { host: "127.0.107.194" port: 37733 } } peers { permanent_uuid: "8c1ed0675f024aa7893c8877d6601a0e" member_type: VOTER last_known_addr { host: "127.0.107.195" port: 42327 } } peers { permanent_uuid: "0faf44af317b4225aa8855dae4f3abf5" member_type: VOTER last_known_addr { host: "127.0.107.196" port: 42071 } attrs { promote: false } } }
I20260630 12:12:32.200914  3484 raft_consensus.cc:2955] T 882596b8f1834476ada62f1d87f73e27 P 8405e507ccf34ca18915bf9efca00b9a [term 1 FOLLOWER]: Committing config change with OpId 1.3: config changed from index 2 to 3, 0faf44af317b4225aa8855dae4f3abf5 (127.0.107.196) changed from NON_VOTER to VOTER. New config: { opid_index: 3 OBSOLETE_local: false peers { permanent_uuid: "236ab47aae0647f6b21199d287539110" member_type: VOTER last_known_addr { host: "127.0.107.193" port: 41711 } attrs { replace: true } } peers { permanent_uuid: "8405e507ccf34ca18915bf9efca00b9a" member_type: VOTER last_known_addr { host: "127.0.107.194" port: 37733 } } peers { permanent_uuid: "8c1ed0675f024aa7893c8877d6601a0e" member_type: VOTER last_known_addr { host: "127.0.107.195" port: 42327 } } peers { permanent_uuid: "0faf44af317b4225aa8855dae4f3abf5" member_type: VOTER last_known_addr { host: "127.0.107.196" port: 42071 } attrs { promote: false } } }
I20260630 12:12:32.203573  3306 catalog_manager.cc:5697] T 882596b8f1834476ada62f1d87f73e27 P 8c1ed0675f024aa7893c8877d6601a0e reported cstate change: config changed from index 2 to 3, 0faf44af317b4225aa8855dae4f3abf5 (127.0.107.196) changed from NON_VOTER to VOTER. New cstate: current_term: 1 leader_uuid: "8c1ed0675f024aa7893c8877d6601a0e" committed_config { opid_index: 3 OBSOLETE_local: false peers { permanent_uuid: "236ab47aae0647f6b21199d287539110" member_type: VOTER last_known_addr { host: "127.0.107.193" port: 41711 } attrs { replace: true } health_report { overall_health: HEALTHY } } peers { permanent_uuid: "8405e507ccf34ca18915bf9efca00b9a" member_type: VOTER last_known_addr { host: "127.0.107.194" port: 37733 } health_report { overall_health: HEALTHY } } peers { permanent_uuid: "8c1ed0675f024aa7893c8877d6601a0e" member_type: VOTER last_known_addr { host: "127.0.107.195" port: 42327 } health_report { overall_health: HEALTHY } } peers { permanent_uuid: "0faf44af317b4225aa8855dae4f3abf5" member_type: VOTER last_known_addr { host: "127.0.107.196" port: 42071 } attrs { promote: false } health_report { overall_health: HEALTHY } } }
I20260630 12:12:32.226393  3557 consensus_queue.cc:237] T 882596b8f1834476ada62f1d87f73e27 P 8c1ed0675f024aa7893c8877d6601a0e [LEADER]: Queue going to LEADER mode. State: All replicated index: 0, Majority replicated index: 3, Committed index: 3, Last appended: 1.3, Last appended by leader: 0, Current term: 1, Majority size: 2, State: 0, Mode: LEADER, active raft config: opid_index: 4 OBSOLETE_local: false peers { permanent_uuid: "8405e507ccf34ca18915bf9efca00b9a" member_type: VOTER last_known_addr { host: "127.0.107.194" port: 37733 } } peers { permanent_uuid: "8c1ed0675f024aa7893c8877d6601a0e" member_type: VOTER last_known_addr { host: "127.0.107.195" port: 42327 } } peers { permanent_uuid: "0faf44af317b4225aa8855dae4f3abf5" member_type: VOTER last_known_addr { host: "127.0.107.196" port: 42071 } attrs { promote: false } }
I20260630 12:12:32.231335  3484 raft_consensus.cc:1275] T 882596b8f1834476ada62f1d87f73e27 P 8405e507ccf34ca18915bf9efca00b9a [term 1 FOLLOWER]: Refusing update from remote peer 8c1ed0675f024aa7893c8877d6601a0e: Log matching property violated. Preceding OpId in replica: term: 1 index: 3. Preceding OpId from leader: term: 1 index: 4. (index mismatch)
I20260630 12:12:32.231346  3707 raft_consensus.cc:1275] T 882596b8f1834476ada62f1d87f73e27 P 0faf44af317b4225aa8855dae4f3abf5 [term 1 FOLLOWER]: Refusing update from remote peer 8c1ed0675f024aa7893c8877d6601a0e: Log matching property violated. Preceding OpId in replica: term: 1 index: 3. Preceding OpId from leader: term: 1 index: 4. (index mismatch)
I20260630 12:12:32.232579  3967 consensus_queue.cc:1048] T 882596b8f1834476ada62f1d87f73e27 P 8c1ed0675f024aa7893c8877d6601a0e [LEADER]: Connected to new peer: Peer: permanent_uuid: "8405e507ccf34ca18915bf9efca00b9a" member_type: VOTER last_known_addr { host: "127.0.107.194" port: 37733 }, Status: LMP_MISMATCH, Last received: 0.0, Next index: 4, Last known committed idx: 3, Time since last communication: 0.000s
I20260630 12:12:32.233446  3789 consensus_queue.cc:1048] T 882596b8f1834476ada62f1d87f73e27 P 8c1ed0675f024aa7893c8877d6601a0e [LEADER]: Connected to new peer: Peer: permanent_uuid: "0faf44af317b4225aa8855dae4f3abf5" member_type: VOTER last_known_addr { host: "127.0.107.196" port: 42071 } attrs { promote: false }, Status: LMP_MISMATCH, Last received: 0.0, Next index: 4, Last known committed idx: 3, Time since last communication: 0.000s
I20260630 12:12:32.239854  3967 raft_consensus.cc:2955] T 882596b8f1834476ada62f1d87f73e27 P 8c1ed0675f024aa7893c8877d6601a0e [term 1 LEADER]: Committing config change with OpId 1.4: config changed from index 3 to 4, VOTER 236ab47aae0647f6b21199d287539110 (127.0.107.193) evicted. New config: { opid_index: 4 OBSOLETE_local: false peers { permanent_uuid: "8405e507ccf34ca18915bf9efca00b9a" member_type: VOTER last_known_addr { host: "127.0.107.194" port: 37733 } } peers { permanent_uuid: "8c1ed0675f024aa7893c8877d6601a0e" member_type: VOTER last_known_addr { host: "127.0.107.195" port: 42327 } } peers { permanent_uuid: "0faf44af317b4225aa8855dae4f3abf5" member_type: VOTER last_known_addr { host: "127.0.107.196" port: 42071 } attrs { promote: false } } }
I20260630 12:12:32.248042  3483 raft_consensus.cc:2955] T 882596b8f1834476ada62f1d87f73e27 P 8405e507ccf34ca18915bf9efca00b9a [term 1 FOLLOWER]: Committing config change with OpId 1.4: config changed from index 3 to 4, VOTER 236ab47aae0647f6b21199d287539110 (127.0.107.193) evicted. New config: { opid_index: 4 OBSOLETE_local: false peers { permanent_uuid: "8405e507ccf34ca18915bf9efca00b9a" member_type: VOTER last_known_addr { host: "127.0.107.194" port: 37733 } } peers { permanent_uuid: "8c1ed0675f024aa7893c8877d6601a0e" member_type: VOTER last_known_addr { host: "127.0.107.195" port: 42327 } } peers { permanent_uuid: "0faf44af317b4225aa8855dae4f3abf5" member_type: VOTER last_known_addr { host: "127.0.107.196" port: 42071 } attrs { promote: false } } }
I20260630 12:12:32.258531  3294 catalog_manager.cc:5210] ChangeConfig:REMOVE_PEER RPC for tablet 882596b8f1834476ada62f1d87f73e27 with cas_config_opid_index 3: ChangeConfig:REMOVE_PEER succeeded (attempt 1)
I20260630 12:12:32.260325  3707 raft_consensus.cc:2955] T 882596b8f1834476ada62f1d87f73e27 P 0faf44af317b4225aa8855dae4f3abf5 [term 1 FOLLOWER]: Committing config change with OpId 1.4: config changed from index 3 to 4, VOTER 236ab47aae0647f6b21199d287539110 (127.0.107.193) evicted. New config: { opid_index: 4 OBSOLETE_local: false peers { permanent_uuid: "8405e507ccf34ca18915bf9efca00b9a" member_type: VOTER last_known_addr { host: "127.0.107.194" port: 37733 } } peers { permanent_uuid: "8c1ed0675f024aa7893c8877d6601a0e" member_type: VOTER last_known_addr { host: "127.0.107.195" port: 42327 } } peers { permanent_uuid: "0faf44af317b4225aa8855dae4f3abf5" member_type: VOTER last_known_addr { host: "127.0.107.196" port: 42071 } attrs { promote: false } } }
I20260630 12:12:32.264829  3306 catalog_manager.cc:5697] T 882596b8f1834476ada62f1d87f73e27 P 8c1ed0675f024aa7893c8877d6601a0e reported cstate change: config changed from index 3 to 4, VOTER 236ab47aae0647f6b21199d287539110 (127.0.107.193) evicted. New cstate: current_term: 1 leader_uuid: "8c1ed0675f024aa7893c8877d6601a0e" committed_config { opid_index: 4 OBSOLETE_local: false peers { permanent_uuid: "8405e507ccf34ca18915bf9efca00b9a" member_type: VOTER last_known_addr { host: "127.0.107.194" port: 37733 } health_report { overall_health: HEALTHY } } peers { permanent_uuid: "8c1ed0675f024aa7893c8877d6601a0e" member_type: VOTER last_known_addr { host: "127.0.107.195" port: 42327 } health_report { overall_health: HEALTHY } } peers { permanent_uuid: "0faf44af317b4225aa8855dae4f3abf5" member_type: VOTER last_known_addr { host: "127.0.107.196" port: 42071 } attrs { promote: false } health_report { overall_health: HEALTHY } } }
I20260630 12:12:32.278071  3397 tablet_service.cc:1558] Processing DeleteTablet for tablet 882596b8f1834476ada62f1d87f73e27 with delete_type TABLET_DATA_TOMBSTONED (TS 236ab47aae0647f6b21199d287539110 not found in new config with opid_index 4) from {username='slave'} at 127.0.0.1:39648
I20260630 12:12:32.279850  3987 tablet_replica.cc:333] T 882596b8f1834476ada62f1d87f73e27 P 236ab47aae0647f6b21199d287539110: stopping tablet replica
I20260630 12:12:32.281201  3987 raft_consensus.cc:2243] T 882596b8f1834476ada62f1d87f73e27 P 236ab47aae0647f6b21199d287539110 [term 1 FOLLOWER]: Raft consensus shutting down.
I20260630 12:12:32.281840  3987 raft_consensus.cc:2272] T 882596b8f1834476ada62f1d87f73e27 P 236ab47aae0647f6b21199d287539110 [term 1 FOLLOWER]: Raft consensus is shut down!
I20260630 12:12:32.285254  3987 ts_tablet_manager.cc:1916] T 882596b8f1834476ada62f1d87f73e27 P 236ab47aae0647f6b21199d287539110: Deleting tablet data with delete state TABLET_DATA_TOMBSTONED
I20260630 12:12:32.296888  3987 ts_tablet_manager.cc:1929] T 882596b8f1834476ada62f1d87f73e27 P 236ab47aae0647f6b21199d287539110: tablet deleted with delete type TABLET_DATA_TOMBSTONED: last-logged OpId 1.3
I20260630 12:12:32.297319  3987 log.cc:1199] T 882596b8f1834476ada62f1d87f73e27 P 236ab47aae0647f6b21199d287539110: Deleting WAL directory at /tmp/dist-test-taskobEKRA/test-tmp/auto_rebalancer-test.0.AutoRebalancerTest.RangeAwareRebalancesNewRangeReplicas.1782821463103925-431-0/minicluster-data/ts-0-root/wals/882596b8f1834476ada62f1d87f73e27
I20260630 12:12:32.298859  3293 catalog_manager.cc:5028] TS 236ab47aae0647f6b21199d287539110 (127.0.107.193:41711): tablet 882596b8f1834476ada62f1d87f73e27 (table range_aware_rebalance_new_range [id=b2ddb8337c7d4d8081eb16699aa9b8af]) successfully deleted
I20260630 12:12:32.633491  3976 raft_consensus.cc:1064] T c954bbe6c00e42fbb1a2aa1bb51a8ed0 P 8405e507ccf34ca18915bf9efca00b9a: attempting to promote NON_VOTER 0faf44af317b4225aa8855dae4f3abf5 to VOTER
I20260630 12:12:32.635398  3976 consensus_queue.cc:237] T c954bbe6c00e42fbb1a2aa1bb51a8ed0 P 8405e507ccf34ca18915bf9efca00b9a [LEADER]: Queue going to LEADER mode. State: All replicated index: 0, Majority replicated index: 3, Committed index: 3, Last appended: 2.3, Last appended by leader: 1, Current term: 2, Majority size: 3, State: 0, Mode: LEADER, active raft config: opid_index: 4 OBSOLETE_local: false peers { permanent_uuid: "236ab47aae0647f6b21199d287539110" member_type: VOTER last_known_addr { host: "127.0.107.193" port: 41711 } } peers { permanent_uuid: "8405e507ccf34ca18915bf9efca00b9a" member_type: VOTER last_known_addr { host: "127.0.107.194" port: 37733 } } peers { permanent_uuid: "8c1ed0675f024aa7893c8877d6601a0e" member_type: VOTER last_known_addr { host: "127.0.107.195" port: 42327 } attrs { replace: true } } peers { permanent_uuid: "0faf44af317b4225aa8855dae4f3abf5" member_type: VOTER last_known_addr { host: "127.0.107.196" port: 42071 } attrs { promote: false } }
I20260630 12:12:32.644325  3707 raft_consensus.cc:1275] T c954bbe6c00e42fbb1a2aa1bb51a8ed0 P 0faf44af317b4225aa8855dae4f3abf5 [term 2 LEARNER]: Refusing update from remote peer 8405e507ccf34ca18915bf9efca00b9a: Log matching property violated. Preceding OpId in replica: term: 2 index: 3. Preceding OpId from leader: term: 2 index: 4. (index mismatch)
I20260630 12:12:32.645051  3557 raft_consensus.cc:1275] T c954bbe6c00e42fbb1a2aa1bb51a8ed0 P 8c1ed0675f024aa7893c8877d6601a0e [term 2 FOLLOWER]: Refusing update from remote peer 8405e507ccf34ca18915bf9efca00b9a: Log matching property violated. Preceding OpId in replica: term: 2 index: 3. Preceding OpId from leader: term: 2 index: 4. (index mismatch)
I20260630 12:12:32.652809  3990 consensus_queue.cc:1048] T c954bbe6c00e42fbb1a2aa1bb51a8ed0 P 8405e507ccf34ca18915bf9efca00b9a [LEADER]: Connected to new peer: Peer: permanent_uuid: "0faf44af317b4225aa8855dae4f3abf5" member_type: VOTER last_known_addr { host: "127.0.107.196" port: 42071 } attrs { promote: false }, Status: LMP_MISMATCH, Last received: 0.0, Next index: 4, Last known committed idx: 3, Time since last communication: 0.000s
I20260630 12:12:32.654392  3409 raft_consensus.cc:1275] T c954bbe6c00e42fbb1a2aa1bb51a8ed0 P 236ab47aae0647f6b21199d287539110 [term 2 FOLLOWER]: Refusing update from remote peer 8405e507ccf34ca18915bf9efca00b9a: Log matching property violated. Preceding OpId in replica: term: 2 index: 3. Preceding OpId from leader: term: 2 index: 4. (index mismatch)
I20260630 12:12:32.656893  3992 consensus_queue.cc:1048] T c954bbe6c00e42fbb1a2aa1bb51a8ed0 P 8405e507ccf34ca18915bf9efca00b9a [LEADER]: Connected to new peer: Peer: permanent_uuid: "8c1ed0675f024aa7893c8877d6601a0e" member_type: VOTER last_known_addr { host: "127.0.107.195" port: 42327 } attrs { replace: true }, Status: LMP_MISMATCH, Last received: 0.0, Next index: 4, Last known committed idx: 3, Time since last communication: 0.000s
I20260630 12:12:32.662722  3995 consensus_queue.cc:1048] T c954bbe6c00e42fbb1a2aa1bb51a8ed0 P 8405e507ccf34ca18915bf9efca00b9a [LEADER]: Connected to new peer: Peer: permanent_uuid: "236ab47aae0647f6b21199d287539110" member_type: VOTER last_known_addr { host: "127.0.107.193" port: 41711 }, Status: LMP_MISMATCH, Last received: 0.0, Next index: 4, Last known committed idx: 3, Time since last communication: 0.000s
I20260630 12:12:32.681746  3992 raft_consensus.cc:2955] T c954bbe6c00e42fbb1a2aa1bb51a8ed0 P 8405e507ccf34ca18915bf9efca00b9a [term 2 LEADER]: Committing config change with OpId 2.4: config changed from index 3 to 4, 0faf44af317b4225aa8855dae4f3abf5 (127.0.107.196) changed from NON_VOTER to VOTER. New config: { opid_index: 4 OBSOLETE_local: false peers { permanent_uuid: "236ab47aae0647f6b21199d287539110" member_type: VOTER last_known_addr { host: "127.0.107.193" port: 41711 } } peers { permanent_uuid: "8405e507ccf34ca18915bf9efca00b9a" member_type: VOTER last_known_addr { host: "127.0.107.194" port: 37733 } } peers { permanent_uuid: "8c1ed0675f024aa7893c8877d6601a0e" member_type: VOTER last_known_addr { host: "127.0.107.195" port: 42327 } attrs { replace: true } } peers { permanent_uuid: "0faf44af317b4225aa8855dae4f3abf5" member_type: VOTER last_known_addr { host: "127.0.107.196" port: 42071 } attrs { promote: false } } }
I20260630 12:12:32.685863  3557 raft_consensus.cc:2955] T c954bbe6c00e42fbb1a2aa1bb51a8ed0 P 8c1ed0675f024aa7893c8877d6601a0e [term 2 FOLLOWER]: Committing config change with OpId 2.4: config changed from index 3 to 4, 0faf44af317b4225aa8855dae4f3abf5 (127.0.107.196) changed from NON_VOTER to VOTER. New config: { opid_index: 4 OBSOLETE_local: false peers { permanent_uuid: "236ab47aae0647f6b21199d287539110" member_type: VOTER last_known_addr { host: "127.0.107.193" port: 41711 } } peers { permanent_uuid: "8405e507ccf34ca18915bf9efca00b9a" member_type: VOTER last_known_addr { host: "127.0.107.194" port: 37733 } } peers { permanent_uuid: "8c1ed0675f024aa7893c8877d6601a0e" member_type: VOTER last_known_addr { host: "127.0.107.195" port: 42327 } attrs { replace: true } } peers { permanent_uuid: "0faf44af317b4225aa8855dae4f3abf5" member_type: VOTER last_known_addr { host: "127.0.107.196" port: 42071 } attrs { promote: false } } }
I20260630 12:12:32.691349  3707 raft_consensus.cc:2955] T c954bbe6c00e42fbb1a2aa1bb51a8ed0 P 0faf44af317b4225aa8855dae4f3abf5 [term 2 FOLLOWER]: Committing config change with OpId 2.4: config changed from index 3 to 4, 0faf44af317b4225aa8855dae4f3abf5 (127.0.107.196) changed from NON_VOTER to VOTER. New config: { opid_index: 4 OBSOLETE_local: false peers { permanent_uuid: "236ab47aae0647f6b21199d287539110" member_type: VOTER last_known_addr { host: "127.0.107.193" port: 41711 } } peers { permanent_uuid: "8405e507ccf34ca18915bf9efca00b9a" member_type: VOTER last_known_addr { host: "127.0.107.194" port: 37733 } } peers { permanent_uuid: "8c1ed0675f024aa7893c8877d6601a0e" member_type: VOTER last_known_addr { host: "127.0.107.195" port: 42327 } attrs { replace: true } } peers { permanent_uuid: "0faf44af317b4225aa8855dae4f3abf5" member_type: VOTER last_known_addr { host: "127.0.107.196" port: 42071 } attrs { promote: false } } }
I20260630 12:12:32.694942  3409 raft_consensus.cc:2955] T c954bbe6c00e42fbb1a2aa1bb51a8ed0 P 236ab47aae0647f6b21199d287539110 [term 2 FOLLOWER]: Committing config change with OpId 2.4: config changed from index 3 to 4, 0faf44af317b4225aa8855dae4f3abf5 (127.0.107.196) changed from NON_VOTER to VOTER. New config: { opid_index: 4 OBSOLETE_local: false peers { permanent_uuid: "236ab47aae0647f6b21199d287539110" member_type: VOTER last_known_addr { host: "127.0.107.193" port: 41711 } } peers { permanent_uuid: "8405e507ccf34ca18915bf9efca00b9a" member_type: VOTER last_known_addr { host: "127.0.107.194" port: 37733 } } peers { permanent_uuid: "8c1ed0675f024aa7893c8877d6601a0e" member_type: VOTER last_known_addr { host: "127.0.107.195" port: 42327 } attrs { replace: true } } peers { permanent_uuid: "0faf44af317b4225aa8855dae4f3abf5" member_type: VOTER last_known_addr { host: "127.0.107.196" port: 42071 } attrs { promote: false } } }
I20260630 12:12:32.698899  3306 catalog_manager.cc:5697] T c954bbe6c00e42fbb1a2aa1bb51a8ed0 P 8c1ed0675f024aa7893c8877d6601a0e reported cstate change: config changed from index 3 to 4, 0faf44af317b4225aa8855dae4f3abf5 (127.0.107.196) changed from NON_VOTER to VOTER. New cstate: current_term: 2 leader_uuid: "8405e507ccf34ca18915bf9efca00b9a" committed_config { opid_index: 4 OBSOLETE_local: false peers { permanent_uuid: "236ab47aae0647f6b21199d287539110" member_type: VOTER last_known_addr { host: "127.0.107.193" port: 41711 } } peers { permanent_uuid: "8405e507ccf34ca18915bf9efca00b9a" member_type: VOTER last_known_addr { host: "127.0.107.194" port: 37733 } } peers { permanent_uuid: "8c1ed0675f024aa7893c8877d6601a0e" member_type: VOTER last_known_addr { host: "127.0.107.195" port: 42327 } attrs { replace: true } } peers { permanent_uuid: "0faf44af317b4225aa8855dae4f3abf5" member_type: VOTER last_known_addr { host: "127.0.107.196" port: 42071 } attrs { promote: false } } }
I20260630 12:12:32.716045  3484 consensus_queue.cc:237] T c954bbe6c00e42fbb1a2aa1bb51a8ed0 P 8405e507ccf34ca18915bf9efca00b9a [LEADER]: Queue going to LEADER mode. State: All replicated index: 0, Majority replicated index: 4, Committed index: 4, Last appended: 2.4, Last appended by leader: 1, Current term: 2, Majority size: 2, State: 0, Mode: LEADER, active raft config: opid_index: 5 OBSOLETE_local: false peers { permanent_uuid: "236ab47aae0647f6b21199d287539110" member_type: VOTER last_known_addr { host: "127.0.107.193" port: 41711 } } peers { permanent_uuid: "8405e507ccf34ca18915bf9efca00b9a" member_type: VOTER last_known_addr { host: "127.0.107.194" port: 37733 } } peers { permanent_uuid: "0faf44af317b4225aa8855dae4f3abf5" member_type: VOTER last_known_addr { host: "127.0.107.196" port: 42071 } attrs { promote: false } }
I20260630 12:12:32.720942  3707 raft_consensus.cc:1275] T c954bbe6c00e42fbb1a2aa1bb51a8ed0 P 0faf44af317b4225aa8855dae4f3abf5 [term 2 FOLLOWER]: Refusing update from remote peer 8405e507ccf34ca18915bf9efca00b9a: Log matching property violated. Preceding OpId in replica: term: 2 index: 4. Preceding OpId from leader: term: 2 index: 5. (index mismatch)
I20260630 12:12:32.721644  3409 raft_consensus.cc:1275] T c954bbe6c00e42fbb1a2aa1bb51a8ed0 P 236ab47aae0647f6b21199d287539110 [term 2 FOLLOWER]: Refusing update from remote peer 8405e507ccf34ca18915bf9efca00b9a: Log matching property violated. Preceding OpId in replica: term: 2 index: 4. Preceding OpId from leader: term: 2 index: 5. (index mismatch)
I20260630 12:12:32.722748  3992 consensus_queue.cc:1048] T c954bbe6c00e42fbb1a2aa1bb51a8ed0 P 8405e507ccf34ca18915bf9efca00b9a [LEADER]: Connected to new peer: Peer: permanent_uuid: "0faf44af317b4225aa8855dae4f3abf5" member_type: VOTER last_known_addr { host: "127.0.107.196" port: 42071 } attrs { promote: false }, Status: LMP_MISMATCH, Last received: 0.0, Next index: 5, Last known committed idx: 4, Time since last communication: 0.000s
I20260630 12:12:32.723579  3993 consensus_queue.cc:1048] T c954bbe6c00e42fbb1a2aa1bb51a8ed0 P 8405e507ccf34ca18915bf9efca00b9a [LEADER]: Connected to new peer: Peer: permanent_uuid: "236ab47aae0647f6b21199d287539110" member_type: VOTER last_known_addr { host: "127.0.107.193" port: 41711 }, Status: LMP_MISMATCH, Last received: 0.0, Next index: 5, Last known committed idx: 4, Time since last communication: 0.000s
I20260630 12:12:32.729503  3993 raft_consensus.cc:2955] T c954bbe6c00e42fbb1a2aa1bb51a8ed0 P 8405e507ccf34ca18915bf9efca00b9a [term 2 LEADER]: Committing config change with OpId 2.5: config changed from index 4 to 5, VOTER 8c1ed0675f024aa7893c8877d6601a0e (127.0.107.195) evicted. New config: { opid_index: 5 OBSOLETE_local: false peers { permanent_uuid: "236ab47aae0647f6b21199d287539110" member_type: VOTER last_known_addr { host: "127.0.107.193" port: 41711 } } peers { permanent_uuid: "8405e507ccf34ca18915bf9efca00b9a" member_type: VOTER last_known_addr { host: "127.0.107.194" port: 37733 } } peers { permanent_uuid: "0faf44af317b4225aa8855dae4f3abf5" member_type: VOTER last_known_addr { host: "127.0.107.196" port: 42071 } attrs { promote: false } } }
I20260630 12:12:32.732263  3409 raft_consensus.cc:2955] T c954bbe6c00e42fbb1a2aa1bb51a8ed0 P 236ab47aae0647f6b21199d287539110 [term 2 FOLLOWER]: Committing config change with OpId 2.5: config changed from index 4 to 5, VOTER 8c1ed0675f024aa7893c8877d6601a0e (127.0.107.195) evicted. New config: { opid_index: 5 OBSOLETE_local: false peers { permanent_uuid: "236ab47aae0647f6b21199d287539110" member_type: VOTER last_known_addr { host: "127.0.107.193" port: 41711 } } peers { permanent_uuid: "8405e507ccf34ca18915bf9efca00b9a" member_type: VOTER last_known_addr { host: "127.0.107.194" port: 37733 } } peers { permanent_uuid: "0faf44af317b4225aa8855dae4f3abf5" member_type: VOTER last_known_addr { host: "127.0.107.196" port: 42071 } attrs { promote: false } } }
I20260630 12:12:32.735589  3707 raft_consensus.cc:2955] T c954bbe6c00e42fbb1a2aa1bb51a8ed0 P 0faf44af317b4225aa8855dae4f3abf5 [term 2 FOLLOWER]: Committing config change with OpId 2.5: config changed from index 4 to 5, VOTER 8c1ed0675f024aa7893c8877d6601a0e (127.0.107.195) evicted. New config: { opid_index: 5 OBSOLETE_local: false peers { permanent_uuid: "236ab47aae0647f6b21199d287539110" member_type: VOTER last_known_addr { host: "127.0.107.193" port: 41711 } } peers { permanent_uuid: "8405e507ccf34ca18915bf9efca00b9a" member_type: VOTER last_known_addr { host: "127.0.107.194" port: 37733 } } peers { permanent_uuid: "0faf44af317b4225aa8855dae4f3abf5" member_type: VOTER last_known_addr { host: "127.0.107.196" port: 42071 } attrs { promote: false } } }
I20260630 12:12:32.744200  3305 catalog_manager.cc:5697] T c954bbe6c00e42fbb1a2aa1bb51a8ed0 P 236ab47aae0647f6b21199d287539110 reported cstate change: config changed from index 4 to 5, VOTER 8c1ed0675f024aa7893c8877d6601a0e (127.0.107.195) evicted. New cstate: current_term: 2 leader_uuid: "8405e507ccf34ca18915bf9efca00b9a" committed_config { opid_index: 5 OBSOLETE_local: false peers { permanent_uuid: "236ab47aae0647f6b21199d287539110" member_type: VOTER last_known_addr { host: "127.0.107.193" port: 41711 } } peers { permanent_uuid: "8405e507ccf34ca18915bf9efca00b9a" member_type: VOTER last_known_addr { host: "127.0.107.194" port: 37733 } } peers { permanent_uuid: "0faf44af317b4225aa8855dae4f3abf5" member_type: VOTER last_known_addr { host: "127.0.107.196" port: 42071 } attrs { promote: false } } }
I20260630 12:12:32.746486  3293 catalog_manager.cc:5210] ChangeConfig:REMOVE_PEER RPC for tablet c954bbe6c00e42fbb1a2aa1bb51a8ed0 with cas_config_opid_index 4: ChangeConfig:REMOVE_PEER succeeded (attempt 1)
I20260630 12:12:32.759784  3546 tablet_service.cc:1558] Processing DeleteTablet for tablet c954bbe6c00e42fbb1a2aa1bb51a8ed0 with delete_type TABLET_DATA_TOMBSTONED (TS 8c1ed0675f024aa7893c8877d6601a0e not found in new config with opid_index 5) from {username='slave'} at 127.0.0.1:36624
I20260630 12:12:32.763103  3999 tablet_replica.cc:333] T c954bbe6c00e42fbb1a2aa1bb51a8ed0 P 8c1ed0675f024aa7893c8877d6601a0e: stopping tablet replica
I20260630 12:12:32.764094  3999 raft_consensus.cc:2243] T c954bbe6c00e42fbb1a2aa1bb51a8ed0 P 8c1ed0675f024aa7893c8877d6601a0e [term 2 FOLLOWER]: Raft consensus shutting down.
I20260630 12:12:32.764871  3999 raft_consensus.cc:2272] T c954bbe6c00e42fbb1a2aa1bb51a8ed0 P 8c1ed0675f024aa7893c8877d6601a0e [term 2 FOLLOWER]: Raft consensus is shut down!
I20260630 12:12:32.767976  3999 ts_tablet_manager.cc:1916] T c954bbe6c00e42fbb1a2aa1bb51a8ed0 P 8c1ed0675f024aa7893c8877d6601a0e: Deleting tablet data with delete state TABLET_DATA_TOMBSTONED
I20260630 12:12:32.778357  3999 ts_tablet_manager.cc:1929] T c954bbe6c00e42fbb1a2aa1bb51a8ed0 P 8c1ed0675f024aa7893c8877d6601a0e: tablet deleted with delete type TABLET_DATA_TOMBSTONED: last-logged OpId 2.4
I20260630 12:12:32.778694  3999 log.cc:1199] T c954bbe6c00e42fbb1a2aa1bb51a8ed0 P 8c1ed0675f024aa7893c8877d6601a0e: Deleting WAL directory at /tmp/dist-test-taskobEKRA/test-tmp/auto_rebalancer-test.0.AutoRebalancerTest.RangeAwareRebalancesNewRangeReplicas.1782821463103925-431-0/minicluster-data/ts-2-root/wals/c954bbe6c00e42fbb1a2aa1bb51a8ed0
I20260630 12:12:32.780123  3294 catalog_manager.cc:5028] TS 8c1ed0675f024aa7893c8877d6601a0e (127.0.107.195:42327): tablet c954bbe6c00e42fbb1a2aa1bb51a8ed0 (table range_aware_rebalance_new_range [id=b2ddb8337c7d4d8081eb16699aa9b8af]) successfully deleted
I20260630 12:12:33.194460  3361 auto_leader_rebalancer.cc:141] leader rebalance for table range_aware_rebalance_new_range
I20260630 12:12:33.205857  3361 auto_leader_rebalancer.cc:440] table: range_aware_rebalance_new_range, leader rebalance finish, leader transfer count: 0
I20260630 12:12:33.206431  3361 auto_leader_rebalancer.cc:515] All tables' leader rebalancing finished this round
I20260630 12:12:33.410409   431 tablet_server.cc:179] TabletServer@127.0.107.193:0 shutting down...
I20260630 12:12:33.433883   431 ts_tablet_manager.cc:1507] Shutting down tablet manager...
I20260630 12:12:33.434607   431 tablet_replica.cc:333] T 23c71e6c7bf94465841de0bce2ac6558 P 236ab47aae0647f6b21199d287539110: stopping tablet replica
I20260630 12:12:33.435485   431 raft_consensus.cc:2243] T 23c71e6c7bf94465841de0bce2ac6558 P 236ab47aae0647f6b21199d287539110 [term 2 FOLLOWER]: Raft consensus shutting down.
I20260630 12:12:33.436060   431 raft_consensus.cc:2272] T 23c71e6c7bf94465841de0bce2ac6558 P 236ab47aae0647f6b21199d287539110 [term 2 FOLLOWER]: Raft consensus is shut down!
I20260630 12:12:33.437722   431 tablet_replica.cc:333] T f8b5f7a55c2546d5aecaf420e00432df P 236ab47aae0647f6b21199d287539110: stopping tablet replica
I20260630 12:12:33.438225   431 raft_consensus.cc:2243] T f8b5f7a55c2546d5aecaf420e00432df P 236ab47aae0647f6b21199d287539110 [term 2 FOLLOWER]: Raft consensus shutting down.
I20260630 12:12:33.438540   431 raft_consensus.cc:2272] T f8b5f7a55c2546d5aecaf420e00432df P 236ab47aae0647f6b21199d287539110 [term 2 FOLLOWER]: Raft consensus is shut down!
I20260630 12:12:33.439975   431 tablet_replica.cc:333] T e968febb173449ba814df9321a2184af P 236ab47aae0647f6b21199d287539110: stopping tablet replica
I20260630 12:12:33.440502   431 raft_consensus.cc:2243] T e968febb173449ba814df9321a2184af P 236ab47aae0647f6b21199d287539110 [term 1 LEADER]: Raft consensus shutting down.
I20260630 12:12:33.441212   431 raft_consensus.cc:2272] T e968febb173449ba814df9321a2184af P 236ab47aae0647f6b21199d287539110 [term 1 FOLLOWER]: Raft consensus is shut down!
I20260630 12:12:33.442811   431 tablet_replica.cc:333] T ba844d00391d447aa8270e3385a664fd P 236ab47aae0647f6b21199d287539110: stopping tablet replica
I20260630 12:12:33.443315   431 raft_consensus.cc:2243] T ba844d00391d447aa8270e3385a664fd P 236ab47aae0647f6b21199d287539110 [term 1 FOLLOWER]: Raft consensus shutting down.
I20260630 12:12:33.443817   431 raft_consensus.cc:2272] T ba844d00391d447aa8270e3385a664fd P 236ab47aae0647f6b21199d287539110 [term 1 FOLLOWER]: Raft consensus is shut down!
I20260630 12:12:33.445442   431 tablet_replica.cc:333] T 2edc6c9bd01c4037891a5450533b86b2 P 236ab47aae0647f6b21199d287539110: stopping tablet replica
I20260630 12:12:33.445932   431 raft_consensus.cc:2243] T 2edc6c9bd01c4037891a5450533b86b2 P 236ab47aae0647f6b21199d287539110 [term 1 FOLLOWER]: Raft consensus shutting down.
I20260630 12:12:33.446301   431 raft_consensus.cc:2272] T 2edc6c9bd01c4037891a5450533b86b2 P 236ab47aae0647f6b21199d287539110 [term 1 FOLLOWER]: Raft consensus is shut down!
I20260630 12:12:33.447805   431 tablet_replica.cc:333] T ee8197dddd4a48899d3298ba28977f93 P 236ab47aae0647f6b21199d287539110: stopping tablet replica
I20260630 12:12:33.448302   431 raft_consensus.cc:2243] T ee8197dddd4a48899d3298ba28977f93 P 236ab47aae0647f6b21199d287539110 [term 1 FOLLOWER]: Raft consensus shutting down.
I20260630 12:12:33.448791   431 raft_consensus.cc:2272] T ee8197dddd4a48899d3298ba28977f93 P 236ab47aae0647f6b21199d287539110 [term 1 FOLLOWER]: Raft consensus is shut down!
I20260630 12:12:33.450515   431 tablet_replica.cc:333] T 1c5aaf8678e0481b9f5ea4ff08285ac3 P 236ab47aae0647f6b21199d287539110: stopping tablet replica
I20260630 12:12:33.451021   431 raft_consensus.cc:2243] T 1c5aaf8678e0481b9f5ea4ff08285ac3 P 236ab47aae0647f6b21199d287539110 [term 2 LEADER]: Raft consensus shutting down.
I20260630 12:12:33.451793   431 raft_consensus.cc:2272] T 1c5aaf8678e0481b9f5ea4ff08285ac3 P 236ab47aae0647f6b21199d287539110 [term 2 FOLLOWER]: Raft consensus is shut down!
I20260630 12:12:33.453464   431 tablet_replica.cc:333] T 4fdbe4f7815a4080b151bbb2c6216b18 P 236ab47aae0647f6b21199d287539110: stopping tablet replica
I20260630 12:12:33.453948   431 raft_consensus.cc:2243] T 4fdbe4f7815a4080b151bbb2c6216b18 P 236ab47aae0647f6b21199d287539110 [term 2 LEADER]: Raft consensus shutting down.
I20260630 12:12:33.454617   431 raft_consensus.cc:2272] T 4fdbe4f7815a4080b151bbb2c6216b18 P 236ab47aae0647f6b21199d287539110 [term 2 FOLLOWER]: Raft consensus is shut down!
I20260630 12:12:33.456550   431 tablet_replica.cc:333] T da5c398dd6084eab97efcfb0df4fb312 P 236ab47aae0647f6b21199d287539110: stopping tablet replica
I20260630 12:12:33.457155   431 raft_consensus.cc:2243] T da5c398dd6084eab97efcfb0df4fb312 P 236ab47aae0647f6b21199d287539110 [term 1 LEADER]: Raft consensus shutting down.
I20260630 12:12:33.457794   431 raft_consensus.cc:2272] T da5c398dd6084eab97efcfb0df4fb312 P 236ab47aae0647f6b21199d287539110 [term 1 FOLLOWER]: Raft consensus is shut down!
I20260630 12:12:33.459354   431 tablet_replica.cc:333] T fdd9485cc4f44c8991fa31034062b77b P 236ab47aae0647f6b21199d287539110: stopping tablet replica
I20260630 12:12:33.459820   431 raft_consensus.cc:2243] T fdd9485cc4f44c8991fa31034062b77b P 236ab47aae0647f6b21199d287539110 [term 1 FOLLOWER]: Raft consensus shutting down.
I20260630 12:12:33.460269   431 raft_consensus.cc:2272] T fdd9485cc4f44c8991fa31034062b77b P 236ab47aae0647f6b21199d287539110 [term 1 FOLLOWER]: Raft consensus is shut down!
I20260630 12:12:33.461964   431 tablet_replica.cc:333] T c954bbe6c00e42fbb1a2aa1bb51a8ed0 P 236ab47aae0647f6b21199d287539110: stopping tablet replica
I20260630 12:12:33.462473   431 raft_consensus.cc:2243] T c954bbe6c00e42fbb1a2aa1bb51a8ed0 P 236ab47aae0647f6b21199d287539110 [term 2 FOLLOWER]: Raft consensus shutting down.
I20260630 12:12:33.463057   431 raft_consensus.cc:2272] T c954bbe6c00e42fbb1a2aa1bb51a8ed0 P 236ab47aae0647f6b21199d287539110 [term 2 FOLLOWER]: Raft consensus is shut down!
I20260630 12:12:33.465201   431 tablet_replica.cc:333] T b286a602429b48d8ac445e1daf12915d P 236ab47aae0647f6b21199d287539110: stopping tablet replica
I20260630 12:12:33.465736   431 raft_consensus.cc:2243] T b286a602429b48d8ac445e1daf12915d P 236ab47aae0647f6b21199d287539110 [term 2 FOLLOWER]: Raft consensus shutting down.
I20260630 12:12:33.466183   431 raft_consensus.cc:2272] T b286a602429b48d8ac445e1daf12915d P 236ab47aae0647f6b21199d287539110 [term 2 FOLLOWER]: Raft consensus is shut down!
W20260630 12:12:33.484229  3449 proxy.cc:239] Call had error, refreshing address and retrying: Network error: recv got EOF from unknown peer (error 108) [suppressed 3 similar messages]
W20260630 12:12:33.488687  3449 consensus_peers.cc:597] T ee8197dddd4a48899d3298ba28977f93 P 8405e507ccf34ca18915bf9efca00b9a -> Peer 236ab47aae0647f6b21199d287539110 (127.0.107.193:41711): Couldn't send request to peer 236ab47aae0647f6b21199d287539110. Status: Network error: Client connection negotiation failed: client connection to 127.0.107.193:41711: connect: Connection refused (error 111). This is attempt 1: this message will repeat every 5th retry.
W20260630 12:12:33.491267  3670 consensus_peers.cc:597] T f8b5f7a55c2546d5aecaf420e00432df P 0faf44af317b4225aa8855dae4f3abf5 -> Peer 236ab47aae0647f6b21199d287539110 (127.0.107.193:41711): Couldn't send request to peer 236ab47aae0647f6b21199d287539110. Status: Network error: Client connection negotiation failed: client connection to 127.0.107.193:41711: connect: Connection refused (error 111). This is attempt 1: this message will repeat every 5th retry.
I20260630 12:12:33.499212   431 tablet_server.cc:196] TabletServer@127.0.107.193:0 shutdown complete.
W20260630 12:12:33.526621  3449 consensus_peers.cc:597] T 2edc6c9bd01c4037891a5450533b86b2 P 8405e507ccf34ca18915bf9efca00b9a -> Peer 236ab47aae0647f6b21199d287539110 (127.0.107.193:41711): Couldn't send request to peer 236ab47aae0647f6b21199d287539110. Status: Network error: Client connection negotiation failed: client connection to 127.0.107.193:41711: connect: Connection refused (error 111). This is attempt 1: this message will repeat every 5th retry.
I20260630 12:12:33.527632   431 tablet_server.cc:179] TabletServer@127.0.107.194:0 shutting down...
W20260630 12:12:33.557284  3670 consensus_peers.cc:597] T b286a602429b48d8ac445e1daf12915d P 0faf44af317b4225aa8855dae4f3abf5 -> Peer 236ab47aae0647f6b21199d287539110 (127.0.107.193:41711): Couldn't send request to peer 236ab47aae0647f6b21199d287539110. Status: Network error: Client connection negotiation failed: client connection to 127.0.107.193:41711: connect: Connection refused (error 111). This is attempt 1: this message will repeat every 5th retry.
I20260630 12:12:33.562237   431 ts_tablet_manager.cc:1507] Shutting down tablet manager...
I20260630 12:12:33.563117   431 tablet_replica.cc:333] T e968febb173449ba814df9321a2184af P 8405e507ccf34ca18915bf9efca00b9a: stopping tablet replica
I20260630 12:12:33.563720   431 raft_consensus.cc:2243] T e968febb173449ba814df9321a2184af P 8405e507ccf34ca18915bf9efca00b9a [term 1 FOLLOWER]: Raft consensus shutting down.
I20260630 12:12:33.564289   431 raft_consensus.cc:2272] T e968febb173449ba814df9321a2184af P 8405e507ccf34ca18915bf9efca00b9a [term 1 FOLLOWER]: Raft consensus is shut down!
I20260630 12:12:33.566260   431 tablet_replica.cc:333] T 23c71e6c7bf94465841de0bce2ac6558 P 8405e507ccf34ca18915bf9efca00b9a: stopping tablet replica
I20260630 12:12:33.566816   431 raft_consensus.cc:2243] T 23c71e6c7bf94465841de0bce2ac6558 P 8405e507ccf34ca18915bf9efca00b9a [term 2 FOLLOWER]: Raft consensus shutting down.
I20260630 12:12:33.567224   431 raft_consensus.cc:2272] T 23c71e6c7bf94465841de0bce2ac6558 P 8405e507ccf34ca18915bf9efca00b9a [term 2 FOLLOWER]: Raft consensus is shut down!
I20260630 12:12:33.568972   431 tablet_replica.cc:333] T 2edc6c9bd01c4037891a5450533b86b2 P 8405e507ccf34ca18915bf9efca00b9a: stopping tablet replica
I20260630 12:12:33.569470   431 raft_consensus.cc:2243] T 2edc6c9bd01c4037891a5450533b86b2 P 8405e507ccf34ca18915bf9efca00b9a [term 1 LEADER]: Raft consensus shutting down.
I20260630 12:12:33.570170   431 raft_consensus.cc:2272] T 2edc6c9bd01c4037891a5450533b86b2 P 8405e507ccf34ca18915bf9efca00b9a [term 1 FOLLOWER]: Raft consensus is shut down!
I20260630 12:12:33.571834   431 tablet_replica.cc:333] T f63e2d9a62c546b1812abdf1d84fc627 P 8405e507ccf34ca18915bf9efca00b9a: stopping tablet replica
I20260630 12:12:33.572438   431 raft_consensus.cc:2243] T f63e2d9a62c546b1812abdf1d84fc627 P 8405e507ccf34ca18915bf9efca00b9a [term 2 FOLLOWER]: Raft consensus shutting down.
I20260630 12:12:33.572841   431 raft_consensus.cc:2272] T f63e2d9a62c546b1812abdf1d84fc627 P 8405e507ccf34ca18915bf9efca00b9a [term 2 FOLLOWER]: Raft consensus is shut down!
I20260630 12:12:33.574492   431 tablet_replica.cc:333] T 9aeae7e276cb4974be6521d8ac401e91 P 8405e507ccf34ca18915bf9efca00b9a: stopping tablet replica
I20260630 12:12:33.575019   431 raft_consensus.cc:2243] T 9aeae7e276cb4974be6521d8ac401e91 P 8405e507ccf34ca18915bf9efca00b9a [term 1 FOLLOWER]: Raft consensus shutting down.
I20260630 12:12:33.575476   431 raft_consensus.cc:2272] T 9aeae7e276cb4974be6521d8ac401e91 P 8405e507ccf34ca18915bf9efca00b9a [term 1 FOLLOWER]: Raft consensus is shut down!
I20260630 12:12:33.577260   431 tablet_replica.cc:333] T ba844d00391d447aa8270e3385a664fd P 8405e507ccf34ca18915bf9efca00b9a: stopping tablet replica
I20260630 12:12:33.577742   431 raft_consensus.cc:2243] T ba844d00391d447aa8270e3385a664fd P 8405e507ccf34ca18915bf9efca00b9a [term 1 LEADER]: Raft consensus shutting down.
I20260630 12:12:33.578860   431 raft_consensus.cc:2272] T ba844d00391d447aa8270e3385a664fd P 8405e507ccf34ca18915bf9efca00b9a [term 1 FOLLOWER]: Raft consensus is shut down!
I20260630 12:12:33.580796   431 tablet_replica.cc:333] T 882596b8f1834476ada62f1d87f73e27 P 8405e507ccf34ca18915bf9efca00b9a: stopping tablet replica
I20260630 12:12:33.581418   431 raft_consensus.cc:2243] T 882596b8f1834476ada62f1d87f73e27 P 8405e507ccf34ca18915bf9efca00b9a [term 1 FOLLOWER]: Raft consensus shutting down.
I20260630 12:12:33.581948   431 raft_consensus.cc:2272] T 882596b8f1834476ada62f1d87f73e27 P 8405e507ccf34ca18915bf9efca00b9a [term 1 FOLLOWER]: Raft consensus is shut down!
I20260630 12:12:33.583709   431 tablet_replica.cc:333] T 4fdbe4f7815a4080b151bbb2c6216b18 P 8405e507ccf34ca18915bf9efca00b9a: stopping tablet replica
I20260630 12:12:33.584255   431 raft_consensus.cc:2243] T 4fdbe4f7815a4080b151bbb2c6216b18 P 8405e507ccf34ca18915bf9efca00b9a [term 2 FOLLOWER]: Raft consensus shutting down.
I20260630 12:12:33.584764   431 raft_consensus.cc:2272] T 4fdbe4f7815a4080b151bbb2c6216b18 P 8405e507ccf34ca18915bf9efca00b9a [term 2 FOLLOWER]: Raft consensus is shut down!
I20260630 12:12:33.586373   431 tablet_replica.cc:333] T ee8197dddd4a48899d3298ba28977f93 P 8405e507ccf34ca18915bf9efca00b9a: stopping tablet replica
I20260630 12:12:33.586902   431 raft_consensus.cc:2243] T ee8197dddd4a48899d3298ba28977f93 P 8405e507ccf34ca18915bf9efca00b9a [term 1 LEADER]: Raft consensus shutting down.
I20260630 12:12:33.587643   431 raft_consensus.cc:2272] T ee8197dddd4a48899d3298ba28977f93 P 8405e507ccf34ca18915bf9efca00b9a [term 1 FOLLOWER]: Raft consensus is shut down!
I20260630 12:12:33.589615   431 tablet_replica.cc:333] T 1c5aaf8678e0481b9f5ea4ff08285ac3 P 8405e507ccf34ca18915bf9efca00b9a: stopping tablet replica
I20260630 12:12:33.590178   431 raft_consensus.cc:2243] T 1c5aaf8678e0481b9f5ea4ff08285ac3 P 8405e507ccf34ca18915bf9efca00b9a [term 2 FOLLOWER]: Raft consensus shutting down.
I20260630 12:12:33.590665   431 raft_consensus.cc:2272] T 1c5aaf8678e0481b9f5ea4ff08285ac3 P 8405e507ccf34ca18915bf9efca00b9a [term 2 FOLLOWER]: Raft consensus is shut down!
I20260630 12:12:33.592581   431 tablet_replica.cc:333] T c954bbe6c00e42fbb1a2aa1bb51a8ed0 P 8405e507ccf34ca18915bf9efca00b9a: stopping tablet replica
