I20260630 12:16:18.527005 13675 raft_consensus.cc:2272] T 61337720867141f68e5f7c88d3e01ffb P 15e9a1489cb54a4c8daea53f00eb46b6 [term 1 FOLLOWER]: Raft consensus is shut down!
I20260630 12:16:18.529386 13675 tablet_replica.cc:333] T 9060ca51ba7b49708437bb1e882d7837 P 15e9a1489cb54a4c8daea53f00eb46b6: stopping tablet replica
I20260630 12:16:18.530128 13675 raft_consensus.cc:2243] T 9060ca51ba7b49708437bb1e882d7837 P 15e9a1489cb54a4c8daea53f00eb46b6 [term 2 LEADER]: Raft consensus shutting down.
I20260630 12:16:18.531312 13675 raft_consensus.cc:2272] T 9060ca51ba7b49708437bb1e882d7837 P 15e9a1489cb54a4c8daea53f00eb46b6 [term 2 FOLLOWER]: Raft consensus is shut down!
W20260630 12:16:18.641892 14460 consensus_peers.cc:597] T ae80e4ca0bc34ddb8dceb721ff8c3470 P fbd555d6542b4df4a44130bffd8a79a8 -> Peer 15e9a1489cb54a4c8daea53f00eb46b6 (127.13.90.194:34885): Couldn't send request to peer 15e9a1489cb54a4c8daea53f00eb46b6. Status: Network error: Client connection negotiation failed: client connection to 127.13.90.194:34885: connect: Connection refused (error 111). This is attempt 1: this message will repeat every 5th retry.
I20260630 12:16:18.873376 14762 raft_consensus.cc:1064] T 61337720867141f68e5f7c88d3e01ffb P fbd555d6542b4df4a44130bffd8a79a8: attempting to promote NON_VOTER b5ba7ed6d1194be0b1497cf096a4478b to VOTER
I20260630 12:16:18.876121 14762 consensus_queue.cc:237] T 61337720867141f68e5f7c88d3e01ffb P fbd555d6542b4df4a44130bffd8a79a8 [LEADER]: Queue going to LEADER mode. State: All replicated index: 0, Majority replicated index: 2, Committed index: 2, Last appended: 1.2, Last appended by leader: 0, Current term: 1, Majority size: 3, State: 0, Mode: LEADER, active raft config: opid_index: 3 OBSOLETE_local: false peers { permanent_uuid: "ef9e1c531f0c4431a972e1b2536a8b86" member_type: VOTER last_known_addr { host: "127.13.90.193" port: 35515 } } peers { permanent_uuid: "15e9a1489cb54a4c8daea53f00eb46b6" member_type: VOTER last_known_addr { host: "127.13.90.194" port: 34885 } attrs { replace: true } } peers { permanent_uuid: "fbd555d6542b4df4a44130bffd8a79a8" member_type: VOTER last_known_addr { host: "127.13.90.195" port: 44831 } } peers { permanent_uuid: "b5ba7ed6d1194be0b1497cf096a4478b" member_type: VOTER last_known_addr { host: "127.13.90.196" port: 35423 } attrs { promote: false } }
I20260630 12:16:18.883536 14665 raft_consensus.cc:1275] T 61337720867141f68e5f7c88d3e01ffb P b5ba7ed6d1194be0b1497cf096a4478b [term 1 LEARNER]: Refusing update from remote peer fbd555d6542b4df4a44130bffd8a79a8: Log matching property violated. Preceding OpId in replica: term: 1 index: 2. Preceding OpId from leader: term: 1 index: 3. (index mismatch)
I20260630 12:16:18.885334 14780 consensus_queue.cc:1048] T 61337720867141f68e5f7c88d3e01ffb P fbd555d6542b4df4a44130bffd8a79a8 [LEADER]: Connected to new peer: Peer: permanent_uuid: "b5ba7ed6d1194be0b1497cf096a4478b" member_type: VOTER last_known_addr { host: "127.13.90.196" port: 35423 } attrs { promote: false }, Status: LMP_MISMATCH, Last received: 0.0, Next index: 3, Last known committed idx: 2, Time since last communication: 0.001s
W20260630 12:16:18.888870 14460 consensus_peers.cc:597] T 61337720867141f68e5f7c88d3e01ffb P fbd555d6542b4df4a44130bffd8a79a8 -> Peer 15e9a1489cb54a4c8daea53f00eb46b6 (127.13.90.194:34885): Couldn't send request to peer 15e9a1489cb54a4c8daea53f00eb46b6. Status: Network error: Client connection negotiation failed: client connection to 127.13.90.194:34885: connect: Connection refused (error 111). This is attempt 1: this message will repeat every 5th retry.
W20260630 12:16:18.894009 14460 consensus_peers.cc:597] T 61337720867141f68e5f7c88d3e01ffb P fbd555d6542b4df4a44130bffd8a79a8 -> Peer ef9e1c531f0c4431a972e1b2536a8b86 (127.13.90.193:35515): Couldn't send request to peer ef9e1c531f0c4431a972e1b2536a8b86. Status: Network error: Client connection negotiation failed: client connection to 127.13.90.193:35515: connect: Connection refused (error 111). This is attempt 1: this message will repeat every 5th retry.
I20260630 12:16:19.101488 14762 raft_consensus.cc:493] T c09a2e9d7e3440a8b3fdf15df82d7512 P fbd555d6542b4df4a44130bffd8a79a8 [term 2 FOLLOWER]: Starting pre-election (detected failure of leader ef9e1c531f0c4431a972e1b2536a8b86)
I20260630 12:16:19.102139 14762 raft_consensus.cc:515] T c09a2e9d7e3440a8b3fdf15df82d7512 P fbd555d6542b4df4a44130bffd8a79a8 [term 2 FOLLOWER]: Starting pre-election with config: opid_index: -1 OBSOLETE_local: false peers { permanent_uuid: "ef9e1c531f0c4431a972e1b2536a8b86" member_type: VOTER last_known_addr { host: "127.13.90.193" port: 35515 } } peers { permanent_uuid: "15e9a1489cb54a4c8daea53f00eb46b6" member_type: VOTER last_known_addr { host: "127.13.90.194" port: 34885 } } peers { permanent_uuid: "fbd555d6542b4df4a44130bffd8a79a8" member_type: VOTER last_known_addr { host: "127.13.90.195" port: 44831 } }
I20260630 12:16:19.104504 14762 leader_election.cc:290] T c09a2e9d7e3440a8b3fdf15df82d7512 P fbd555d6542b4df4a44130bffd8a79a8 [CANDIDATE]: Term 3 pre-election: Requested pre-vote from peers ef9e1c531f0c4431a972e1b2536a8b86 (127.13.90.193:35515), 15e9a1489cb54a4c8daea53f00eb46b6 (127.13.90.194:34885)
W20260630 12:16:19.111048 14460 leader_election.cc:336] T c09a2e9d7e3440a8b3fdf15df82d7512 P fbd555d6542b4df4a44130bffd8a79a8 [CANDIDATE]: Term 3 pre-election: RPC error from VoteRequest() call to peer ef9e1c531f0c4431a972e1b2536a8b86 (127.13.90.193:35515): Network error: Client connection negotiation failed: client connection to 127.13.90.193:35515: connect: Connection refused (error 111)
W20260630 12:16:19.112231 14460 leader_election.cc:336] T c09a2e9d7e3440a8b3fdf15df82d7512 P fbd555d6542b4df4a44130bffd8a79a8 [CANDIDATE]: Term 3 pre-election: RPC error from VoteRequest() call to peer 15e9a1489cb54a4c8daea53f00eb46b6 (127.13.90.194:34885): Network error: Client connection negotiation failed: client connection to 127.13.90.194:34885: connect: Connection refused (error 111)
I20260630 12:16:19.112725 14460 leader_election.cc:304] T c09a2e9d7e3440a8b3fdf15df82d7512 P fbd555d6542b4df4a44130bffd8a79a8 [CANDIDATE]: Term 3 pre-election: Election decided. Result: candidate lost. Election summary: received 3 responses out of 3 voters: 1 yes votes; 2 no votes. yes voters: fbd555d6542b4df4a44130bffd8a79a8; no voters: 15e9a1489cb54a4c8daea53f00eb46b6, ef9e1c531f0c4431a972e1b2536a8b86
I20260630 12:16:19.113647 14762 raft_consensus.cc:2749] T c09a2e9d7e3440a8b3fdf15df82d7512 P fbd555d6542b4df4a44130bffd8a79a8 [term 2 FOLLOWER]: Leader pre-election lost for term 3. Reason: could not achieve majority
W20260630 12:16:19.261570 14516 debug-util.cc:398] Leaking SignalData structure 0x7b08002082c0 after lost signal to thread 13678
W20260630 12:16:19.262705 14516 debug-util.cc:398] Leaking SignalData structure 0x7b08002089a0 after lost signal to thread 14278
W20260630 12:16:19.264991 14516 debug-util.cc:398] Leaking SignalData structure 0x7b0800108800 after lost signal to thread 14519
W20260630 12:16:19.266175 14516 debug-util.cc:398] Leaking SignalData structure 0x7b080023bfe0 after lost signal to thread 14689
I20260630 12:16:19.402027 14779 raft_consensus.cc:493] T a69bb69f10d24eb28b5f9ac05bc40ac5 P fbd555d6542b4df4a44130bffd8a79a8 [term 2 FOLLOWER]: Starting pre-election (detected failure of leader ef9e1c531f0c4431a972e1b2536a8b86)
I20260630 12:16:19.402802 14779 raft_consensus.cc:515] T a69bb69f10d24eb28b5f9ac05bc40ac5 P fbd555d6542b4df4a44130bffd8a79a8 [term 2 FOLLOWER]: Starting pre-election with config: opid_index: 3 OBSOLETE_local: false peers { permanent_uuid: "ef9e1c531f0c4431a972e1b2536a8b86" member_type: VOTER last_known_addr { host: "127.13.90.193" port: 35515 } } peers { permanent_uuid: "15e9a1489cb54a4c8daea53f00eb46b6" member_type: VOTER last_known_addr { host: "127.13.90.194" port: 34885 } attrs { replace: true } } peers { permanent_uuid: "fbd555d6542b4df4a44130bffd8a79a8" member_type: VOTER last_known_addr { host: "127.13.90.195" port: 44831 } } peers { permanent_uuid: "b5ba7ed6d1194be0b1497cf096a4478b" member_type: NON_VOTER last_known_addr { host: "127.13.90.196" port: 35423 } attrs { promote: true } }
I20260630 12:16:19.405524 14779 leader_election.cc:290] T a69bb69f10d24eb28b5f9ac05bc40ac5 P fbd555d6542b4df4a44130bffd8a79a8 [CANDIDATE]: Term 3 pre-election: Requested pre-vote from peers ef9e1c531f0c4431a972e1b2536a8b86 (127.13.90.193:35515), 15e9a1489cb54a4c8daea53f00eb46b6 (127.13.90.194:34885)
W20260630 12:16:19.425021 14460 leader_election.cc:336] T a69bb69f10d24eb28b5f9ac05bc40ac5 P fbd555d6542b4df4a44130bffd8a79a8 [CANDIDATE]: Term 3 pre-election: RPC error from VoteRequest() call to peer ef9e1c531f0c4431a972e1b2536a8b86 (127.13.90.193:35515): Network error: Client connection negotiation failed: client connection to 127.13.90.193:35515: connect: Connection refused (error 111)
W20260630 12:16:19.426196 14460 leader_election.cc:336] T a69bb69f10d24eb28b5f9ac05bc40ac5 P fbd555d6542b4df4a44130bffd8a79a8 [CANDIDATE]: Term 3 pre-election: RPC error from VoteRequest() call to peer 15e9a1489cb54a4c8daea53f00eb46b6 (127.13.90.194:34885): Network error: Client connection negotiation failed: client connection to 127.13.90.194:34885: connect: Connection refused (error 111)
I20260630 12:16:19.426637 14460 leader_election.cc:304] T a69bb69f10d24eb28b5f9ac05bc40ac5 P fbd555d6542b4df4a44130bffd8a79a8 [CANDIDATE]: Term 3 pre-election: Election decided. Result: candidate lost. Election summary: received 3 responses out of 3 voters: 1 yes votes; 2 no votes. yes voters: fbd555d6542b4df4a44130bffd8a79a8; no voters: 15e9a1489cb54a4c8daea53f00eb46b6, ef9e1c531f0c4431a972e1b2536a8b86
I20260630 12:16:19.427434 14762 raft_consensus.cc:2749] T a69bb69f10d24eb28b5f9ac05bc40ac5 P fbd555d6542b4df4a44130bffd8a79a8 [term 2 FOLLOWER]: Leader pre-election lost for term 3. Reason: could not achieve majority
I20260630 12:16:19.506552 14762 raft_consensus.cc:493] T b27c401ec38e486697a021e27ff59833 P fbd555d6542b4df4a44130bffd8a79a8 [term 1 FOLLOWER]: Starting pre-election (detected failure of leader 15e9a1489cb54a4c8daea53f00eb46b6)
I20260630 12:16:19.507190 14762 raft_consensus.cc:515] T b27c401ec38e486697a021e27ff59833 P fbd555d6542b4df4a44130bffd8a79a8 [term 1 FOLLOWER]: Starting pre-election with config: opid_index: -1 OBSOLETE_local: false peers { permanent_uuid: "ef9e1c531f0c4431a972e1b2536a8b86" member_type: VOTER last_known_addr { host: "127.13.90.193" port: 35515 } } peers { permanent_uuid: "15e9a1489cb54a4c8daea53f00eb46b6" member_type: VOTER last_known_addr { host: "127.13.90.194" port: 34885 } } peers { permanent_uuid: "fbd555d6542b4df4a44130bffd8a79a8" member_type: VOTER last_known_addr { host: "127.13.90.195" port: 44831 } }
I20260630 12:16:19.509440 14762 leader_election.cc:290] T b27c401ec38e486697a021e27ff59833 P fbd555d6542b4df4a44130bffd8a79a8 [CANDIDATE]: Term 2 pre-election: Requested pre-vote from peers ef9e1c531f0c4431a972e1b2536a8b86 (127.13.90.193:35515), 15e9a1489cb54a4c8daea53f00eb46b6 (127.13.90.194:34885)
W20260630 12:16:19.518707 14460 leader_election.cc:336] T b27c401ec38e486697a021e27ff59833 P fbd555d6542b4df4a44130bffd8a79a8 [CANDIDATE]: Term 2 pre-election: RPC error from VoteRequest() call to peer ef9e1c531f0c4431a972e1b2536a8b86 (127.13.90.193:35515): Network error: Client connection negotiation failed: client connection to 127.13.90.193:35515: connect: Connection refused (error 111)
W20260630 12:16:19.520650 14460 leader_election.cc:336] T b27c401ec38e486697a021e27ff59833 P fbd555d6542b4df4a44130bffd8a79a8 [CANDIDATE]: Term 2 pre-election: RPC error from VoteRequest() call to peer 15e9a1489cb54a4c8daea53f00eb46b6 (127.13.90.194:34885): Network error: Client connection negotiation failed: client connection to 127.13.90.194:34885: connect: Connection refused (error 111)
I20260630 12:16:19.521085 14460 leader_election.cc:304] T b27c401ec38e486697a021e27ff59833 P fbd555d6542b4df4a44130bffd8a79a8 [CANDIDATE]: Term 2 pre-election: Election decided. Result: candidate lost. Election summary: received 3 responses out of 3 voters: 1 yes votes; 2 no votes. yes voters: fbd555d6542b4df4a44130bffd8a79a8; no voters: 15e9a1489cb54a4c8daea53f00eb46b6, ef9e1c531f0c4431a972e1b2536a8b86
I20260630 12:16:19.521785 14762 raft_consensus.cc:2749] T b27c401ec38e486697a021e27ff59833 P fbd555d6542b4df4a44130bffd8a79a8 [term 1 FOLLOWER]: Leader pre-election lost for term 2. Reason: could not achieve majority
W20260630 12:16:19.563766 13675 thread.cc:527] Waited for 1000ms trying to join with diag-logger (tid 14442)
I20260630 12:16:19.734267 14762 raft_consensus.cc:493] T 48c5e69e881045a2b981f23b3fa3a3f5 P fbd555d6542b4df4a44130bffd8a79a8 [term 2 FOLLOWER]: Starting pre-election (detected failure of leader 15e9a1489cb54a4c8daea53f00eb46b6)
I20260630 12:16:19.735054 14762 raft_consensus.cc:515] T 48c5e69e881045a2b981f23b3fa3a3f5 P fbd555d6542b4df4a44130bffd8a79a8 [term 2 FOLLOWER]: Starting pre-election with config: opid_index: 3 OBSOLETE_local: false peers { permanent_uuid: "ef9e1c531f0c4431a972e1b2536a8b86" member_type: VOTER last_known_addr { host: "127.13.90.193" port: 35515 } } peers { permanent_uuid: "15e9a1489cb54a4c8daea53f00eb46b6" member_type: VOTER last_known_addr { host: "127.13.90.194" port: 34885 } } peers { permanent_uuid: "fbd555d6542b4df4a44130bffd8a79a8" member_type: VOTER last_known_addr { host: "127.13.90.195" port: 44831 } attrs { replace: true } } peers { permanent_uuid: "b5ba7ed6d1194be0b1497cf096a4478b" member_type: NON_VOTER last_known_addr { host: "127.13.90.196" port: 35423 } attrs { promote: true } }
I20260630 12:16:19.737874 14762 leader_election.cc:290] T 48c5e69e881045a2b981f23b3fa3a3f5 P fbd555d6542b4df4a44130bffd8a79a8 [CANDIDATE]: Term 3 pre-election: Requested pre-vote from peers ef9e1c531f0c4431a972e1b2536a8b86 (127.13.90.193:35515), 15e9a1489cb54a4c8daea53f00eb46b6 (127.13.90.194:34885)
W20260630 12:16:19.749951 14460 leader_election.cc:336] T 48c5e69e881045a2b981f23b3fa3a3f5 P fbd555d6542b4df4a44130bffd8a79a8 [CANDIDATE]: Term 3 pre-election: RPC error from VoteRequest() call to peer ef9e1c531f0c4431a972e1b2536a8b86 (127.13.90.193:35515): Network error: Client connection negotiation failed: client connection to 127.13.90.193:35515: connect: Connection refused (error 111)
W20260630 12:16:19.750720 14460 leader_election.cc:336] T 48c5e69e881045a2b981f23b3fa3a3f5 P fbd555d6542b4df4a44130bffd8a79a8 [CANDIDATE]: Term 3 pre-election: RPC error from VoteRequest() call to peer 15e9a1489cb54a4c8daea53f00eb46b6 (127.13.90.194:34885): Network error: Client connection negotiation failed: client connection to 127.13.90.194:34885: connect: Connection refused (error 111)
I20260630 12:16:19.751109 14460 leader_election.cc:304] T 48c5e69e881045a2b981f23b3fa3a3f5 P fbd555d6542b4df4a44130bffd8a79a8 [CANDIDATE]: Term 3 pre-election: Election decided. Result: candidate lost. Election summary: received 3 responses out of 3 voters: 1 yes votes; 2 no votes. yes voters: fbd555d6542b4df4a44130bffd8a79a8; no voters: 15e9a1489cb54a4c8daea53f00eb46b6, ef9e1c531f0c4431a972e1b2536a8b86
I20260630 12:16:19.751888 14762 raft_consensus.cc:2749] T 48c5e69e881045a2b981f23b3fa3a3f5 P fbd555d6542b4df4a44130bffd8a79a8 [term 2 FOLLOWER]: Leader pre-election lost for term 3. Reason: could not achieve majority
I20260630 12:16:19.807981 14762 raft_consensus.cc:493] T 9060ca51ba7b49708437bb1e882d7837 P fbd555d6542b4df4a44130bffd8a79a8 [term 2 FOLLOWER]: Starting pre-election (detected failure of leader 15e9a1489cb54a4c8daea53f00eb46b6)
I20260630 12:16:19.808775 14762 raft_consensus.cc:515] T 9060ca51ba7b49708437bb1e882d7837 P fbd555d6542b4df4a44130bffd8a79a8 [term 2 FOLLOWER]: Starting pre-election with config: opid_index: 3 OBSOLETE_local: false peers { permanent_uuid: "fbd555d6542b4df4a44130bffd8a79a8" member_type: VOTER last_known_addr { host: "127.13.90.195" port: 44831 } } peers { permanent_uuid: "ef9e1c531f0c4431a972e1b2536a8b86" member_type: VOTER last_known_addr { host: "127.13.90.193" port: 35515 } attrs { replace: true } } peers { permanent_uuid: "15e9a1489cb54a4c8daea53f00eb46b6" member_type: VOTER last_known_addr { host: "127.13.90.194" port: 34885 } } peers { permanent_uuid: "b5ba7ed6d1194be0b1497cf096a4478b" member_type: NON_VOTER last_known_addr { host: "127.13.90.196" port: 35423 } attrs { promote: true } }
I20260630 12:16:19.811717 14762 leader_election.cc:290] T 9060ca51ba7b49708437bb1e882d7837 P fbd555d6542b4df4a44130bffd8a79a8 [CANDIDATE]: Term 3 pre-election: Requested pre-vote from peers ef9e1c531f0c4431a972e1b2536a8b86 (127.13.90.193:35515), 15e9a1489cb54a4c8daea53f00eb46b6 (127.13.90.194:34885)
I20260630 12:16:19.819617 14762 raft_consensus.cc:493] T 04b5e61746504e4f91fe11833bc2ffec P fbd555d6542b4df4a44130bffd8a79a8 [term 1 FOLLOWER]: Starting pre-election (detected failure of leader ef9e1c531f0c4431a972e1b2536a8b86)
I20260630 12:16:19.820468 14762 raft_consensus.cc:515] T 04b5e61746504e4f91fe11833bc2ffec P fbd555d6542b4df4a44130bffd8a79a8 [term 1 FOLLOWER]: Starting pre-election with config: opid_index: -1 OBSOLETE_local: false peers { permanent_uuid: "ef9e1c531f0c4431a972e1b2536a8b86" member_type: VOTER last_known_addr { host: "127.13.90.193" port: 35515 } } peers { permanent_uuid: "15e9a1489cb54a4c8daea53f00eb46b6" member_type: VOTER last_known_addr { host: "127.13.90.194" port: 34885 } } peers { permanent_uuid: "fbd555d6542b4df4a44130bffd8a79a8" member_type: VOTER last_known_addr { host: "127.13.90.195" port: 44831 } }
I20260630 12:16:19.822930 14762 leader_election.cc:290] T 04b5e61746504e4f91fe11833bc2ffec P fbd555d6542b4df4a44130bffd8a79a8 [CANDIDATE]: Term 2 pre-election: Requested pre-vote from peers ef9e1c531f0c4431a972e1b2536a8b86 (127.13.90.193:35515), 15e9a1489cb54a4c8daea53f00eb46b6 (127.13.90.194:34885)
W20260630 12:16:19.830020 14460 leader_election.cc:336] T 9060ca51ba7b49708437bb1e882d7837 P fbd555d6542b4df4a44130bffd8a79a8 [CANDIDATE]: Term 3 pre-election: RPC error from VoteRequest() call to peer ef9e1c531f0c4431a972e1b2536a8b86 (127.13.90.193:35515): Network error: Client connection negotiation failed: client connection to 127.13.90.193:35515: connect: Connection refused (error 111)
W20260630 12:16:19.831961 14460 leader_election.cc:336] T 9060ca51ba7b49708437bb1e882d7837 P fbd555d6542b4df4a44130bffd8a79a8 [CANDIDATE]: Term 3 pre-election: RPC error from VoteRequest() call to peer 15e9a1489cb54a4c8daea53f00eb46b6 (127.13.90.194:34885): Network error: Client connection negotiation failed: client connection to 127.13.90.194:34885: connect: Connection refused (error 111)
I20260630 12:16:19.832473 14460 leader_election.cc:304] T 9060ca51ba7b49708437bb1e882d7837 P fbd555d6542b4df4a44130bffd8a79a8 [CANDIDATE]: Term 3 pre-election: Election decided. Result: candidate lost. Election summary: received 3 responses out of 3 voters: 1 yes votes; 2 no votes. yes voters: fbd555d6542b4df4a44130bffd8a79a8; no voters: 15e9a1489cb54a4c8daea53f00eb46b6, ef9e1c531f0c4431a972e1b2536a8b86
I20260630 12:16:19.833328 14762 raft_consensus.cc:2749] T 9060ca51ba7b49708437bb1e882d7837 P fbd555d6542b4df4a44130bffd8a79a8 [term 2 FOLLOWER]: Leader pre-election lost for term 3. Reason: could not achieve majority
W20260630 12:16:19.839083 14460 leader_election.cc:336] T 04b5e61746504e4f91fe11833bc2ffec P fbd555d6542b4df4a44130bffd8a79a8 [CANDIDATE]: Term 2 pre-election: RPC error from VoteRequest() call to peer ef9e1c531f0c4431a972e1b2536a8b86 (127.13.90.193:35515): Network error: Client connection negotiation failed: client connection to 127.13.90.193:35515: connect: Connection refused (error 111)
W20260630 12:16:19.839788 14460 leader_election.cc:336] T 04b5e61746504e4f91fe11833bc2ffec P fbd555d6542b4df4a44130bffd8a79a8 [CANDIDATE]: Term 2 pre-election: RPC error from VoteRequest() call to peer 15e9a1489cb54a4c8daea53f00eb46b6 (127.13.90.194:34885): Network error: Client connection negotiation failed: client connection to 127.13.90.194:34885: connect: Connection refused (error 111)
I20260630 12:16:19.840161 14460 leader_election.cc:304] T 04b5e61746504e4f91fe11833bc2ffec P fbd555d6542b4df4a44130bffd8a79a8 [CANDIDATE]: Term 2 pre-election: Election decided. Result: candidate lost. Election summary: received 3 responses out of 3 voters: 1 yes votes; 2 no votes. yes voters: fbd555d6542b4df4a44130bffd8a79a8; no voters: 15e9a1489cb54a4c8daea53f00eb46b6, ef9e1c531f0c4431a972e1b2536a8b86
I20260630 12:16:19.840924 14762 raft_consensus.cc:2749] T 04b5e61746504e4f91fe11833bc2ffec P fbd555d6542b4df4a44130bffd8a79a8 [term 1 FOLLOWER]: Leader pre-election lost for term 2. Reason: could not achieve majority
I20260630 12:16:19.936075 14297 auto_leader_rebalancer.cc:141] leader rebalance for table test-workload
I20260630 12:16:19.959110 14297 auto_leader_rebalancer.cc:440] table: test-workload, leader rebalance finish, leader transfer count: 0
I20260630 12:16:19.959893 14297 auto_leader_rebalancer.cc:515] All tables' leader rebalancing finished this round
W20260630 12:16:20.564543 13675 thread.cc:527] Waited for 2000ms trying to join with diag-logger (tid 14442)
W20260630 12:16:20.945719 14460 consensus_peers.cc:597] T ae80e4ca0bc34ddb8dceb721ff8c3470 P fbd555d6542b4df4a44130bffd8a79a8 -> Peer ef9e1c531f0c4431a972e1b2536a8b86 (127.13.90.193:35515): Couldn't send request to peer ef9e1c531f0c4431a972e1b2536a8b86. Status: Network error: Client connection negotiation failed: client connection to 127.13.90.193:35515: connect: Connection refused (error 111). This is attempt 6: this message will repeat every 5th retry.
W20260630 12:16:21.136445 14460 consensus_peers.cc:597] T ae80e4ca0bc34ddb8dceb721ff8c3470 P fbd555d6542b4df4a44130bffd8a79a8 -> Peer 15e9a1489cb54a4c8daea53f00eb46b6 (127.13.90.194:34885): Couldn't send request to peer 15e9a1489cb54a4c8daea53f00eb46b6. Status: Network error: Client connection negotiation failed: client connection to 127.13.90.194:34885: connect: Connection refused (error 111). This is attempt 6: this message will repeat every 5th retry.
W20260630 12:16:21.275817 14460 consensus_peers.cc:597] T 61337720867141f68e5f7c88d3e01ffb P fbd555d6542b4df4a44130bffd8a79a8 -> Peer 15e9a1489cb54a4c8daea53f00eb46b6 (127.13.90.194:34885): Couldn't send request to peer 15e9a1489cb54a4c8daea53f00eb46b6. Status: Network error: Client connection negotiation failed: client connection to 127.13.90.194:34885: connect: Connection refused (error 111). This is attempt 6: this message will repeat every 5th retry.
I20260630 12:16:21.279747 14786 raft_consensus.cc:493] T c09a2e9d7e3440a8b3fdf15df82d7512 P fbd555d6542b4df4a44130bffd8a79a8 [term 2 FOLLOWER]: Starting pre-election (detected failure of leader ef9e1c531f0c4431a972e1b2536a8b86)
I20260630 12:16:21.280717 14786 raft_consensus.cc:515] T c09a2e9d7e3440a8b3fdf15df82d7512 P fbd555d6542b4df4a44130bffd8a79a8 [term 2 FOLLOWER]: Starting pre-election with config: opid_index: -1 OBSOLETE_local: false peers { permanent_uuid: "ef9e1c531f0c4431a972e1b2536a8b86" member_type: VOTER last_known_addr { host: "127.13.90.193" port: 35515 } } peers { permanent_uuid: "15e9a1489cb54a4c8daea53f00eb46b6" member_type: VOTER last_known_addr { host: "127.13.90.194" port: 34885 } } peers { permanent_uuid: "fbd555d6542b4df4a44130bffd8a79a8" member_type: VOTER last_known_addr { host: "127.13.90.195" port: 44831 } }
I20260630 12:16:21.283506 14786 leader_election.cc:290] T c09a2e9d7e3440a8b3fdf15df82d7512 P fbd555d6542b4df4a44130bffd8a79a8 [CANDIDATE]: Term 3 pre-election: Requested pre-vote from peers ef9e1c531f0c4431a972e1b2536a8b86 (127.13.90.193:35515), 15e9a1489cb54a4c8daea53f00eb46b6 (127.13.90.194:34885)
W20260630 12:16:21.293651 14460 leader_election.cc:336] T c09a2e9d7e3440a8b3fdf15df82d7512 P fbd555d6542b4df4a44130bffd8a79a8 [CANDIDATE]: Term 3 pre-election: RPC error from VoteRequest() call to peer ef9e1c531f0c4431a972e1b2536a8b86 (127.13.90.193:35515): Network error: Client connection negotiation failed: client connection to 127.13.90.193:35515: connect: Connection refused (error 111)
W20260630 12:16:21.294497 14460 leader_election.cc:336] T c09a2e9d7e3440a8b3fdf15df82d7512 P fbd555d6542b4df4a44130bffd8a79a8 [CANDIDATE]: Term 3 pre-election: RPC error from VoteRequest() call to peer 15e9a1489cb54a4c8daea53f00eb46b6 (127.13.90.194:34885): Network error: Client connection negotiation failed: client connection to 127.13.90.194:34885: connect: Connection refused (error 111)
I20260630 12:16:21.298975 14460 leader_election.cc:304] T c09a2e9d7e3440a8b3fdf15df82d7512 P fbd555d6542b4df4a44130bffd8a79a8 [CANDIDATE]: Term 3 pre-election: Election decided. Result: candidate lost. Election summary: received 3 responses out of 3 voters: 1 yes votes; 2 no votes. yes voters: fbd555d6542b4df4a44130bffd8a79a8; no voters: 15e9a1489cb54a4c8daea53f00eb46b6, ef9e1c531f0c4431a972e1b2536a8b86
I20260630 12:16:21.299849 14786 raft_consensus.cc:2749] T c09a2e9d7e3440a8b3fdf15df82d7512 P fbd555d6542b4df4a44130bffd8a79a8 [term 2 FOLLOWER]: Leader pre-election lost for term 3. Reason: could not achieve majority
I20260630 12:16:21.437386 14786 raft_consensus.cc:493] T a69bb69f10d24eb28b5f9ac05bc40ac5 P fbd555d6542b4df4a44130bffd8a79a8 [term 2 FOLLOWER]: Starting pre-election (detected failure of leader ef9e1c531f0c4431a972e1b2536a8b86)
I20260630 12:16:21.438390 14786 raft_consensus.cc:515] T a69bb69f10d24eb28b5f9ac05bc40ac5 P fbd555d6542b4df4a44130bffd8a79a8 [term 2 FOLLOWER]: Starting pre-election with config: opid_index: 3 OBSOLETE_local: false peers { permanent_uuid: "ef9e1c531f0c4431a972e1b2536a8b86" member_type: VOTER last_known_addr { host: "127.13.90.193" port: 35515 } } peers { permanent_uuid: "15e9a1489cb54a4c8daea53f00eb46b6" member_type: VOTER last_known_addr { host: "127.13.90.194" port: 34885 } attrs { replace: true } } peers { permanent_uuid: "fbd555d6542b4df4a44130bffd8a79a8" member_type: VOTER last_known_addr { host: "127.13.90.195" port: 44831 } } peers { permanent_uuid: "b5ba7ed6d1194be0b1497cf096a4478b" member_type: NON_VOTER last_known_addr { host: "127.13.90.196" port: 35423 } attrs { promote: true } }
I20260630 12:16:21.440835 14786 leader_election.cc:290] T a69bb69f10d24eb28b5f9ac05bc40ac5 P fbd555d6542b4df4a44130bffd8a79a8 [CANDIDATE]: Term 3 pre-election: Requested pre-vote from peers ef9e1c531f0c4431a972e1b2536a8b86 (127.13.90.193:35515), 15e9a1489cb54a4c8daea53f00eb46b6 (127.13.90.194:34885)
W20260630 12:16:21.460703 14460 leader_election.cc:336] T a69bb69f10d24eb28b5f9ac05bc40ac5 P fbd555d6542b4df4a44130bffd8a79a8 [CANDIDATE]: Term 3 pre-election: RPC error from VoteRequest() call to peer ef9e1c531f0c4431a972e1b2536a8b86 (127.13.90.193:35515): Network error: Client connection negotiation failed: client connection to 127.13.90.193:35515: connect: Connection refused (error 111)
W20260630 12:16:21.461414 14460 leader_election.cc:336] T a69bb69f10d24eb28b5f9ac05bc40ac5 P fbd555d6542b4df4a44130bffd8a79a8 [CANDIDATE]: Term 3 pre-election: RPC error from VoteRequest() call to peer 15e9a1489cb54a4c8daea53f00eb46b6 (127.13.90.194:34885): Network error: Client connection negotiation failed: client connection to 127.13.90.194:34885: connect: Connection refused (error 111)
I20260630 12:16:21.461867 14460 leader_election.cc:304] T a69bb69f10d24eb28b5f9ac05bc40ac5 P fbd555d6542b4df4a44130bffd8a79a8 [CANDIDATE]: Term 3 pre-election: Election decided. Result: candidate lost. Election summary: received 3 responses out of 3 voters: 1 yes votes; 2 no votes. yes voters: fbd555d6542b4df4a44130bffd8a79a8; no voters: 15e9a1489cb54a4c8daea53f00eb46b6, ef9e1c531f0c4431a972e1b2536a8b86
I20260630 12:16:21.462590 14786 raft_consensus.cc:2749] T a69bb69f10d24eb28b5f9ac05bc40ac5 P fbd555d6542b4df4a44130bffd8a79a8 [term 2 FOLLOWER]: Leader pre-election lost for term 3. Reason: could not achieve majority
W20260630 12:16:21.500291 14460 consensus_peers.cc:597] T 61337720867141f68e5f7c88d3e01ffb P fbd555d6542b4df4a44130bffd8a79a8 -> Peer ef9e1c531f0c4431a972e1b2536a8b86 (127.13.90.193:35515): Couldn't send request to peer ef9e1c531f0c4431a972e1b2536a8b86. Status: Network error: Client connection negotiation failed: client connection to 127.13.90.193:35515: connect: Connection refused (error 111). This is attempt 6: this message will repeat every 5th retry.
I20260630 12:16:21.565295 14786 raft_consensus.cc:493] T 48c5e69e881045a2b981f23b3fa3a3f5 P fbd555d6542b4df4a44130bffd8a79a8 [term 2 FOLLOWER]: Starting pre-election (detected failure of leader 15e9a1489cb54a4c8daea53f00eb46b6)
I20260630 12:16:21.566082 14786 raft_consensus.cc:515] T 48c5e69e881045a2b981f23b3fa3a3f5 P fbd555d6542b4df4a44130bffd8a79a8 [term 2 FOLLOWER]: Starting pre-election with config: opid_index: 3 OBSOLETE_local: false peers { permanent_uuid: "ef9e1c531f0c4431a972e1b2536a8b86" member_type: VOTER last_known_addr { host: "127.13.90.193" port: 35515 } } peers { permanent_uuid: "15e9a1489cb54a4c8daea53f00eb46b6" member_type: VOTER last_known_addr { host: "127.13.90.194" port: 34885 } } peers { permanent_uuid: "fbd555d6542b4df4a44130bffd8a79a8" member_type: VOTER last_known_addr { host: "127.13.90.195" port: 44831 } attrs { replace: true } } peers { permanent_uuid: "b5ba7ed6d1194be0b1497cf096a4478b" member_type: NON_VOTER last_known_addr { host: "127.13.90.196" port: 35423 } attrs { promote: true } }
W20260630 12:16:21.565402 13675 thread.cc:527] Waited for 3000ms trying to join with diag-logger (tid 14442)
I20260630 12:16:21.568739 14786 leader_election.cc:290] T 48c5e69e881045a2b981f23b3fa3a3f5 P fbd555d6542b4df4a44130bffd8a79a8 [CANDIDATE]: Term 3 pre-election: Requested pre-vote from peers ef9e1c531f0c4431a972e1b2536a8b86 (127.13.90.193:35515), 15e9a1489cb54a4c8daea53f00eb46b6 (127.13.90.194:34885)
W20260630 12:16:21.581146 14460 leader_election.cc:336] T 48c5e69e881045a2b981f23b3fa3a3f5 P fbd555d6542b4df4a44130bffd8a79a8 [CANDIDATE]: Term 3 pre-election: RPC error from VoteRequest() call to peer ef9e1c531f0c4431a972e1b2536a8b86 (127.13.90.193:35515): Network error: Client connection negotiation failed: client connection to 127.13.90.193:35515: connect: Connection refused (error 111)
W20260630 12:16:21.581911 14460 leader_election.cc:336] T 48c5e69e881045a2b981f23b3fa3a3f5 P fbd555d6542b4df4a44130bffd8a79a8 [CANDIDATE]: Term 3 pre-election: RPC error from VoteRequest() call to peer 15e9a1489cb54a4c8daea53f00eb46b6 (127.13.90.194:34885): Network error: Client connection negotiation failed: client connection to 127.13.90.194:34885: connect: Connection refused (error 111)
I20260630 12:16:21.582329 14460 leader_election.cc:304] T 48c5e69e881045a2b981f23b3fa3a3f5 P fbd555d6542b4df4a44130bffd8a79a8 [CANDIDATE]: Term 3 pre-election: Election decided. Result: candidate lost. Election summary: received 3 responses out of 3 voters: 1 yes votes; 2 no votes. yes voters: fbd555d6542b4df4a44130bffd8a79a8; no voters: 15e9a1489cb54a4c8daea53f00eb46b6, ef9e1c531f0c4431a972e1b2536a8b86
I20260630 12:16:21.583063 14786 raft_consensus.cc:2749] T 48c5e69e881045a2b981f23b3fa3a3f5 P fbd555d6542b4df4a44130bffd8a79a8 [term 2 FOLLOWER]: Leader pre-election lost for term 3. Reason: could not achieve majority
I20260630 12:16:21.740038 14786 raft_consensus.cc:493] T b27c401ec38e486697a021e27ff59833 P fbd555d6542b4df4a44130bffd8a79a8 [term 1 FOLLOWER]: Starting pre-election (detected failure of leader 15e9a1489cb54a4c8daea53f00eb46b6)
I20260630 12:16:21.740684 14786 raft_consensus.cc:515] T b27c401ec38e486697a021e27ff59833 P fbd555d6542b4df4a44130bffd8a79a8 [term 1 FOLLOWER]: Starting pre-election with config: opid_index: -1 OBSOLETE_local: false peers { permanent_uuid: "ef9e1c531f0c4431a972e1b2536a8b86" member_type: VOTER last_known_addr { host: "127.13.90.193" port: 35515 } } peers { permanent_uuid: "15e9a1489cb54a4c8daea53f00eb46b6" member_type: VOTER last_known_addr { host: "127.13.90.194" port: 34885 } } peers { permanent_uuid: "fbd555d6542b4df4a44130bffd8a79a8" member_type: VOTER last_known_addr { host: "127.13.90.195" port: 44831 } }
I20260630 12:16:21.742781 14786 leader_election.cc:290] T b27c401ec38e486697a021e27ff59833 P fbd555d6542b4df4a44130bffd8a79a8 [CANDIDATE]: Term 2 pre-election: Requested pre-vote from peers ef9e1c531f0c4431a972e1b2536a8b86 (127.13.90.193:35515), 15e9a1489cb54a4c8daea53f00eb46b6 (127.13.90.194:34885)
W20260630 12:16:21.753027 14460 leader_election.cc:336] T b27c401ec38e486697a021e27ff59833 P fbd555d6542b4df4a44130bffd8a79a8 [CANDIDATE]: Term 2 pre-election: RPC error from VoteRequest() call to peer ef9e1c531f0c4431a972e1b2536a8b86 (127.13.90.193:35515): Network error: Client connection negotiation failed: client connection to 127.13.90.193:35515: connect: Connection refused (error 111)
W20260630 12:16:21.754801 14460 leader_election.cc:336] T b27c401ec38e486697a021e27ff59833 P fbd555d6542b4df4a44130bffd8a79a8 [CANDIDATE]: Term 2 pre-election: RPC error from VoteRequest() call to peer 15e9a1489cb54a4c8daea53f00eb46b6 (127.13.90.194:34885): Network error: Client connection negotiation failed: client connection to 127.13.90.194:34885: connect: Connection refused (error 111)
I20260630 12:16:21.755317 14460 leader_election.cc:304] T b27c401ec38e486697a021e27ff59833 P fbd555d6542b4df4a44130bffd8a79a8 [CANDIDATE]: Term 2 pre-election: Election decided. Result: candidate lost. Election summary: received 3 responses out of 3 voters: 1 yes votes; 2 no votes. yes voters: fbd555d6542b4df4a44130bffd8a79a8; no voters: 15e9a1489cb54a4c8daea53f00eb46b6, ef9e1c531f0c4431a972e1b2536a8b86
I20260630 12:16:21.756060 14786 raft_consensus.cc:2749] T b27c401ec38e486697a021e27ff59833 P fbd555d6542b4df4a44130bffd8a79a8 [term 1 FOLLOWER]: Leader pre-election lost for term 2. Reason: could not achieve majority
I20260630 12:16:21.961407 14297 auto_leader_rebalancer.cc:141] leader rebalance for table test-workload
I20260630 12:16:21.975062 14297 auto_leader_rebalancer.cc:440] table: test-workload, leader rebalance finish, leader transfer count: 0
I20260630 12:16:21.975760 14297 auto_leader_rebalancer.cc:515] All tables' leader rebalancing finished this round
I20260630 12:16:22.038753 14786 raft_consensus.cc:493] T 04b5e61746504e4f91fe11833bc2ffec P fbd555d6542b4df4a44130bffd8a79a8 [term 1 FOLLOWER]: Starting pre-election (detected failure of leader ef9e1c531f0c4431a972e1b2536a8b86)
I20260630 12:16:22.039556 14786 raft_consensus.cc:515] T 04b5e61746504e4f91fe11833bc2ffec P fbd555d6542b4df4a44130bffd8a79a8 [term 1 FOLLOWER]: Starting pre-election with config: opid_index: -1 OBSOLETE_local: false peers { permanent_uuid: "ef9e1c531f0c4431a972e1b2536a8b86" member_type: VOTER last_known_addr { host: "127.13.90.193" port: 35515 } } peers { permanent_uuid: "15e9a1489cb54a4c8daea53f00eb46b6" member_type: VOTER last_known_addr { host: "127.13.90.194" port: 34885 } } peers { permanent_uuid: "fbd555d6542b4df4a44130bffd8a79a8" member_type: VOTER last_known_addr { host: "127.13.90.195" port: 44831 } }
I20260630 12:16:22.041667 14786 leader_election.cc:290] T 04b5e61746504e4f91fe11833bc2ffec P fbd555d6542b4df4a44130bffd8a79a8 [CANDIDATE]: Term 2 pre-election: Requested pre-vote from peers ef9e1c531f0c4431a972e1b2536a8b86 (127.13.90.193:35515), 15e9a1489cb54a4c8daea53f00eb46b6 (127.13.90.194:34885)
W20260630 12:16:22.050827 14460 leader_election.cc:336] T 04b5e61746504e4f91fe11833bc2ffec P fbd555d6542b4df4a44130bffd8a79a8 [CANDIDATE]: Term 2 pre-election: RPC error from VoteRequest() call to peer ef9e1c531f0c4431a972e1b2536a8b86 (127.13.90.193:35515): Network error: Client connection negotiation failed: client connection to 127.13.90.193:35515: connect: Connection refused (error 111)
W20260630 12:16:22.051559 14460 leader_election.cc:336] T 04b5e61746504e4f91fe11833bc2ffec P fbd555d6542b4df4a44130bffd8a79a8 [CANDIDATE]: Term 2 pre-election: RPC error from VoteRequest() call to peer 15e9a1489cb54a4c8daea53f00eb46b6 (127.13.90.194:34885): Network error: Client connection negotiation failed: client connection to 127.13.90.194:34885: connect: Connection refused (error 111)
I20260630 12:16:22.051970 14460 leader_election.cc:304] T 04b5e61746504e4f91fe11833bc2ffec P fbd555d6542b4df4a44130bffd8a79a8 [CANDIDATE]: Term 2 pre-election: Election decided. Result: candidate lost. Election summary: received 3 responses out of 3 voters: 1 yes votes; 2 no votes. yes voters: fbd555d6542b4df4a44130bffd8a79a8; no voters: 15e9a1489cb54a4c8daea53f00eb46b6, ef9e1c531f0c4431a972e1b2536a8b86
I20260630 12:16:22.052693 14786 raft_consensus.cc:2749] T 04b5e61746504e4f91fe11833bc2ffec P fbd555d6542b4df4a44130bffd8a79a8 [term 1 FOLLOWER]: Leader pre-election lost for term 2. Reason: could not achieve majority
I20260630 12:16:22.082628 14786 raft_consensus.cc:493] T 9060ca51ba7b49708437bb1e882d7837 P fbd555d6542b4df4a44130bffd8a79a8 [term 2 FOLLOWER]: Starting pre-election (detected failure of leader 15e9a1489cb54a4c8daea53f00eb46b6)
I20260630 12:16:22.083284 14786 raft_consensus.cc:515] T 9060ca51ba7b49708437bb1e882d7837 P fbd555d6542b4df4a44130bffd8a79a8 [term 2 FOLLOWER]: Starting pre-election with config: opid_index: 3 OBSOLETE_local: false peers { permanent_uuid: "fbd555d6542b4df4a44130bffd8a79a8" member_type: VOTER last_known_addr { host: "127.13.90.195" port: 44831 } } peers { permanent_uuid: "ef9e1c531f0c4431a972e1b2536a8b86" member_type: VOTER last_known_addr { host: "127.13.90.193" port: 35515 } attrs { replace: true } } peers { permanent_uuid: "15e9a1489cb54a4c8daea53f00eb46b6" member_type: VOTER last_known_addr { host: "127.13.90.194" port: 34885 } } peers { permanent_uuid: "b5ba7ed6d1194be0b1497cf096a4478b" member_type: NON_VOTER last_known_addr { host: "127.13.90.196" port: 35423 } attrs { promote: true } }
I20260630 12:16:22.085512 14786 leader_election.cc:290] T 9060ca51ba7b49708437bb1e882d7837 P fbd555d6542b4df4a44130bffd8a79a8 [CANDIDATE]: Term 3 pre-election: Requested pre-vote from peers ef9e1c531f0c4431a972e1b2536a8b86 (127.13.90.193:35515), 15e9a1489cb54a4c8daea53f00eb46b6 (127.13.90.194:34885)
W20260630 12:16:22.094929 14460 leader_election.cc:336] T 9060ca51ba7b49708437bb1e882d7837 P fbd555d6542b4df4a44130bffd8a79a8 [CANDIDATE]: Term 3 pre-election: RPC error from VoteRequest() call to peer ef9e1c531f0c4431a972e1b2536a8b86 (127.13.90.193:35515): Network error: Client connection negotiation failed: client connection to 127.13.90.193:35515: connect: Connection refused (error 111)
W20260630 12:16:22.095652 14460 leader_election.cc:336] T 9060ca51ba7b49708437bb1e882d7837 P fbd555d6542b4df4a44130bffd8a79a8 [CANDIDATE]: Term 3 pre-election: RPC error from VoteRequest() call to peer 15e9a1489cb54a4c8daea53f00eb46b6 (127.13.90.194:34885): Network error: Client connection negotiation failed: client connection to 127.13.90.194:34885: connect: Connection refused (error 111)
I20260630 12:16:22.096066 14460 leader_election.cc:304] T 9060ca51ba7b49708437bb1e882d7837 P fbd555d6542b4df4a44130bffd8a79a8 [CANDIDATE]: Term 3 pre-election: Election decided. Result: candidate lost. Election summary: received 3 responses out of 3 voters: 1 yes votes; 2 no votes. yes voters: fbd555d6542b4df4a44130bffd8a79a8; no voters: 15e9a1489cb54a4c8daea53f00eb46b6, ef9e1c531f0c4431a972e1b2536a8b86
I20260630 12:16:22.096819 14786 raft_consensus.cc:2749] T 9060ca51ba7b49708437bb1e882d7837 P fbd555d6542b4df4a44130bffd8a79a8 [term 2 FOLLOWER]: Leader pre-election lost for term 3. Reason: could not achieve majority
W20260630 12:16:22.568184 13675 thread.cc:527] Waited for 4000ms trying to join with diag-logger (tid 14442)
I20260630 12:16:23.177546 14786 raft_consensus.cc:493] T c09a2e9d7e3440a8b3fdf15df82d7512 P fbd555d6542b4df4a44130bffd8a79a8 [term 2 FOLLOWER]: Starting pre-election (detected failure of leader ef9e1c531f0c4431a972e1b2536a8b86)
I20260630 12:16:23.178314 14786 raft_consensus.cc:515] T c09a2e9d7e3440a8b3fdf15df82d7512 P fbd555d6542b4df4a44130bffd8a79a8 [term 2 FOLLOWER]: Starting pre-election with config: opid_index: -1 OBSOLETE_local: false peers { permanent_uuid: "ef9e1c531f0c4431a972e1b2536a8b86" member_type: VOTER last_known_addr { host: "127.13.90.193" port: 35515 } } peers { permanent_uuid: "15e9a1489cb54a4c8daea53f00eb46b6" member_type: VOTER last_known_addr { host: "127.13.90.194" port: 34885 } } peers { permanent_uuid: "fbd555d6542b4df4a44130bffd8a79a8" member_type: VOTER last_known_addr { host: "127.13.90.195" port: 44831 } }
I20260630 12:16:23.180866 14786 leader_election.cc:290] T c09a2e9d7e3440a8b3fdf15df82d7512 P fbd555d6542b4df4a44130bffd8a79a8 [CANDIDATE]: Term 3 pre-election: Requested pre-vote from peers ef9e1c531f0c4431a972e1b2536a8b86 (127.13.90.193:35515), 15e9a1489cb54a4c8daea53f00eb46b6 (127.13.90.194:34885)
W20260630 12:16:23.195887 14460 leader_election.cc:336] T c09a2e9d7e3440a8b3fdf15df82d7512 P fbd555d6542b4df4a44130bffd8a79a8 [CANDIDATE]: Term 3 pre-election: RPC error from VoteRequest() call to peer ef9e1c531f0c4431a972e1b2536a8b86 (127.13.90.193:35515): Network error: Client connection negotiation failed: client connection to 127.13.90.193:35515: connect: Connection refused (error 111)
W20260630 12:16:23.196659 14460 leader_election.cc:336] T c09a2e9d7e3440a8b3fdf15df82d7512 P fbd555d6542b4df4a44130bffd8a79a8 [CANDIDATE]: Term 3 pre-election: RPC error from VoteRequest() call to peer 15e9a1489cb54a4c8daea53f00eb46b6 (127.13.90.194:34885): Network error: Client connection negotiation failed: client connection to 127.13.90.194:34885: connect: Connection refused (error 111)
I20260630 12:16:23.197119 14460 leader_election.cc:304] T c09a2e9d7e3440a8b3fdf15df82d7512 P fbd555d6542b4df4a44130bffd8a79a8 [CANDIDATE]: Term 3 pre-election: Election decided. Result: candidate lost. Election summary: received 3 responses out of 3 voters: 1 yes votes; 2 no votes. yes voters: fbd555d6542b4df4a44130bffd8a79a8; no voters: 15e9a1489cb54a4c8daea53f00eb46b6, ef9e1c531f0c4431a972e1b2536a8b86
I20260630 12:16:23.197954 14786 raft_consensus.cc:2749] T c09a2e9d7e3440a8b3fdf15df82d7512 P fbd555d6542b4df4a44130bffd8a79a8 [term 2 FOLLOWER]: Leader pre-election lost for term 3. Reason: could not achieve majority
W20260630 12:16:23.358716 14460 proxy.cc:239] Call had error, refreshing address and retrying: Network error: Client connection negotiation failed: client connection to 127.13.90.194:34885: connect: Connection refused (error 111) [suppressed 68 similar messages]
I20260630 12:16:23.452410 14786 raft_consensus.cc:493] T 48c5e69e881045a2b981f23b3fa3a3f5 P fbd555d6542b4df4a44130bffd8a79a8 [term 2 FOLLOWER]: Starting pre-election (detected failure of leader 15e9a1489cb54a4c8daea53f00eb46b6)
I20260630 12:16:23.453058 14786 raft_consensus.cc:515] T 48c5e69e881045a2b981f23b3fa3a3f5 P fbd555d6542b4df4a44130bffd8a79a8 [term 2 FOLLOWER]: Starting pre-election with config: opid_index: 3 OBSOLETE_local: false peers { permanent_uuid: "ef9e1c531f0c4431a972e1b2536a8b86" member_type: VOTER last_known_addr { host: "127.13.90.193" port: 35515 } } peers { permanent_uuid: "15e9a1489cb54a4c8daea53f00eb46b6" member_type: VOTER last_known_addr { host: "127.13.90.194" port: 34885 } } peers { permanent_uuid: "fbd555d6542b4df4a44130bffd8a79a8" member_type: VOTER last_known_addr { host: "127.13.90.195" port: 44831 } attrs { replace: true } } peers { permanent_uuid: "b5ba7ed6d1194be0b1497cf096a4478b" member_type: NON_VOTER last_known_addr { host: "127.13.90.196" port: 35423 } attrs { promote: true } }
I20260630 12:16:23.455662 14786 leader_election.cc:290] T 48c5e69e881045a2b981f23b3fa3a3f5 P fbd555d6542b4df4a44130bffd8a79a8 [CANDIDATE]: Term 3 pre-election: Requested pre-vote from peers ef9e1c531f0c4431a972e1b2536a8b86 (127.13.90.193:35515), 15e9a1489cb54a4c8daea53f00eb46b6 (127.13.90.194:34885)
W20260630 12:16:23.472079 14460 leader_election.cc:336] T 48c5e69e881045a2b981f23b3fa3a3f5 P fbd555d6542b4df4a44130bffd8a79a8 [CANDIDATE]: Term 3 pre-election: RPC error from VoteRequest() call to peer ef9e1c531f0c4431a972e1b2536a8b86 (127.13.90.193:35515): Network error: Client connection negotiation failed: client connection to 127.13.90.193:35515: connect: Connection refused (error 111)
W20260630 12:16:23.472949 14460 leader_election.cc:336] T 48c5e69e881045a2b981f23b3fa3a3f5 P fbd555d6542b4df4a44130bffd8a79a8 [CANDIDATE]: Term 3 pre-election: RPC error from VoteRequest() call to peer 15e9a1489cb54a4c8daea53f00eb46b6 (127.13.90.194:34885): Network error: Client connection negotiation failed: client connection to 127.13.90.194:34885: connect: Connection refused (error 111)
I20260630 12:16:23.475066 14460 leader_election.cc:304] T 48c5e69e881045a2b981f23b3fa3a3f5 P fbd555d6542b4df4a44130bffd8a79a8 [CANDIDATE]: Term 3 pre-election: Election decided. Result: candidate lost. Election summary: received 3 responses out of 3 voters: 1 yes votes; 2 no votes. yes voters: fbd555d6542b4df4a44130bffd8a79a8; no voters: 15e9a1489cb54a4c8daea53f00eb46b6, ef9e1c531f0c4431a972e1b2536a8b86
I20260630 12:16:23.475900 14786 raft_consensus.cc:2749] T 48c5e69e881045a2b981f23b3fa3a3f5 P fbd555d6542b4df4a44130bffd8a79a8 [term 2 FOLLOWER]: Leader pre-election lost for term 3. Reason: could not achieve majority
W20260630 12:16:23.568761 13675 thread.cc:527] Waited for 5000ms trying to join with diag-logger (tid 14442)
W20260630 12:16:23.618012 14460 consensus_peers.cc:597] T 61337720867141f68e5f7c88d3e01ffb P fbd555d6542b4df4a44130bffd8a79a8 -> Peer 15e9a1489cb54a4c8daea53f00eb46b6 (127.13.90.194:34885): Couldn't send request to peer 15e9a1489cb54a4c8daea53f00eb46b6. Status: Network error: Client connection negotiation failed: client connection to 127.13.90.194:34885: connect: Connection refused (error 111). This is attempt 11: this message will repeat every 5th retry.
W20260630 12:16:23.689296 14460 consensus_peers.cc:597] T ae80e4ca0bc34ddb8dceb721ff8c3470 P fbd555d6542b4df4a44130bffd8a79a8 -> Peer ef9e1c531f0c4431a972e1b2536a8b86 (127.13.90.193:35515): Couldn't send request to peer ef9e1c531f0c4431a972e1b2536a8b86. Status: Network error: Client connection negotiation failed: client connection to 127.13.90.193:35515: connect: Connection refused (error 111). This is attempt 11: this message will repeat every 5th retry.
W20260630 12:16:23.814273 14460 consensus_peers.cc:597] T ae80e4ca0bc34ddb8dceb721ff8c3470 P fbd555d6542b4df4a44130bffd8a79a8 -> Peer 15e9a1489cb54a4c8daea53f00eb46b6 (127.13.90.194:34885): Couldn't send request to peer 15e9a1489cb54a4c8daea53f00eb46b6. Status: Network error: Client connection negotiation failed: client connection to 127.13.90.194:34885: connect: Connection refused (error 111). This is attempt 11: this message will repeat every 5th retry.
W20260630 12:16:23.822347 14460 consensus_peers.cc:597] T 61337720867141f68e5f7c88d3e01ffb P fbd555d6542b4df4a44130bffd8a79a8 -> Peer ef9e1c531f0c4431a972e1b2536a8b86 (127.13.90.193:35515): Couldn't send request to peer ef9e1c531f0c4431a972e1b2536a8b86. Status: Network error: Client connection negotiation failed: client connection to 127.13.90.193:35515: connect: Connection refused (error 111). This is attempt 11: this message will repeat every 5th retry.
I20260630 12:16:24.082646 14786 raft_consensus.cc:493] T a69bb69f10d24eb28b5f9ac05bc40ac5 P fbd555d6542b4df4a44130bffd8a79a8 [term 2 FOLLOWER]: Starting pre-election (detected failure of leader ef9e1c531f0c4431a972e1b2536a8b86)
I20260630 12:16:24.083348 14786 raft_consensus.cc:515] T a69bb69f10d24eb28b5f9ac05bc40ac5 P fbd555d6542b4df4a44130bffd8a79a8 [term 2 FOLLOWER]: Starting pre-election with config: opid_index: 3 OBSOLETE_local: false peers { permanent_uuid: "ef9e1c531f0c4431a972e1b2536a8b86" member_type: VOTER last_known_addr { host: "127.13.90.193" port: 35515 } } peers { permanent_uuid: "15e9a1489cb54a4c8daea53f00eb46b6" member_type: VOTER last_known_addr { host: "127.13.90.194" port: 34885 } attrs { replace: true } } peers { permanent_uuid: "fbd555d6542b4df4a44130bffd8a79a8" member_type: VOTER last_known_addr { host: "127.13.90.195" port: 44831 } } peers { permanent_uuid: "b5ba7ed6d1194be0b1497cf096a4478b" member_type: NON_VOTER last_known_addr { host: "127.13.90.196" port: 35423 } attrs { promote: true } }
I20260630 12:16:24.086820 14786 leader_election.cc:290] T a69bb69f10d24eb28b5f9ac05bc40ac5 P fbd555d6542b4df4a44130bffd8a79a8 [CANDIDATE]: Term 3 pre-election: Requested pre-vote from peers ef9e1c531f0c4431a972e1b2536a8b86 (127.13.90.193:35515), 15e9a1489cb54a4c8daea53f00eb46b6 (127.13.90.194:34885)
W20260630 12:16:24.115163 14460 leader_election.cc:336] T a69bb69f10d24eb28b5f9ac05bc40ac5 P fbd555d6542b4df4a44130bffd8a79a8 [CANDIDATE]: Term 3 pre-election: RPC error from VoteRequest() call to peer ef9e1c531f0c4431a972e1b2536a8b86 (127.13.90.193:35515): Network error: Client connection negotiation failed: client connection to 127.13.90.193:35515: connect: Connection refused (error 111)
W20260630 12:16:24.116197 14460 leader_election.cc:336] T a69bb69f10d24eb28b5f9ac05bc40ac5 P fbd555d6542b4df4a44130bffd8a79a8 [CANDIDATE]: Term 3 pre-election: RPC error from VoteRequest() call to peer 15e9a1489cb54a4c8daea53f00eb46b6 (127.13.90.194:34885): Network error: Client connection negotiation failed: client connection to 127.13.90.194:34885: connect: Connection refused (error 111)
I20260630 12:16:24.116724 14460 leader_election.cc:304] T a69bb69f10d24eb28b5f9ac05bc40ac5 P fbd555d6542b4df4a44130bffd8a79a8 [CANDIDATE]: Term 3 pre-election: Election decided. Result: candidate lost. Election summary: received 3 responses out of 3 voters: 1 yes votes; 2 no votes. yes voters: fbd555d6542b4df4a44130bffd8a79a8; no voters: 15e9a1489cb54a4c8daea53f00eb46b6, ef9e1c531f0c4431a972e1b2536a8b86
I20260630 12:16:24.118907 14789 raft_consensus.cc:2749] T a69bb69f10d24eb28b5f9ac05bc40ac5 P fbd555d6542b4df4a44130bffd8a79a8 [term 2 FOLLOWER]: Leader pre-election lost for term 3. Reason: could not achieve majority
I20260630 12:16:24.145675 14297 auto_leader_rebalancer.cc:141] leader rebalance for table test-workload
I20260630 12:16:24.156420 14297 auto_leader_rebalancer.cc:440] table: test-workload, leader rebalance finish, leader transfer count: 0
I20260630 12:16:24.157280 14297 auto_leader_rebalancer.cc:515] All tables' leader rebalancing finished this round
