I20260630 12:17:22.190322 19426 fs_manager.cc:647] Opened local filesystem: /tmp/dist-test-taskciCs_T/test-tmp/auto_rebalancer-test.0.AutoRebalancerTest.RangeAwareBuildClusterInfoGroupsByRange.1782821760155579-19426-0/minicluster-data/master-0-root
uuid: "65a42ac140654ca1988744d03d1d63ae"
format_stamp: "Formatted at 2026-06-30 12:17:22 on dist-test-slave-ncnn"
I20260630 12:17:22.190609 19426 fs_report.cc:389] FS layout report
--------------------
wal directory: /tmp/dist-test-taskciCs_T/test-tmp/auto_rebalancer-test.0.AutoRebalancerTest.RangeAwareBuildClusterInfoGroupsByRange.1782821760155579-19426-0/minicluster-data/master-0-root
metadata directory: /tmp/dist-test-taskciCs_T/test-tmp/auto_rebalancer-test.0.AutoRebalancerTest.RangeAwareBuildClusterInfoGroupsByRange.1782821760155579-19426-0/minicluster-data/master-0-root
1 data directories: /tmp/dist-test-taskciCs_T/test-tmp/auto_rebalancer-test.0.AutoRebalancerTest.RangeAwareBuildClusterInfoGroupsByRange.1782821760155579-19426-0/minicluster-data/master-0-root/data
Total live blocks: 0
Total live bytes: 0
Total live bytes (after alignment): 0
Total number of LBM containers: 0 (0 full)
Did not check for missing blocks
Did not check for orphaned blocks
Total full LBM containers with extra space: 0 (0 repaired)
Total full LBM container extra space in bytes: 0 (0 repaired)
Total incomplete LBM containers: 0 (0 repaired)
Total LBM partial records: 0 (0 repaired)
Total corrupted LBM metadata records in RocksDB: 0 (0 repaired)
I20260630 12:17:22.201244 19426 rpc_server.cc:225] running with OpenSSL 1.1.1  11 Sep 2018
I20260630 12:17:22.202566 19426 kserver.cc:163] Server-wide thread pool size limit: 3276
I20260630 12:17:22.247028 19426 rpc_server.cc:307] RPC server started. Bound to: 127.18.248.190:37643
I20260630 12:17:22.247144 22008 acceptor_pool.cc:272] collecting diagnostics on the listening RPC socket 127.18.248.190:37643 every 8 connection(s)
I20260630 12:17:22.251464 22009 data_dirs.cc:400] Could only allocate 1 dirs of requested 3 for tablet 00000000000000000000000000000000. 1 dirs total, 0 dirs full, 0 dirs failed
I20260630 12:17:22.262197 22009 tablet_bootstrap.cc:492] T 00000000000000000000000000000000 P 65a42ac140654ca1988744d03d1d63ae: Bootstrap starting.
I20260630 12:17:22.266808 22009 tablet_bootstrap.cc:654] T 00000000000000000000000000000000 P 65a42ac140654ca1988744d03d1d63ae: Neither blocks nor log segments found. Creating new log.
I20260630 12:17:22.271325 22009 tablet_bootstrap.cc:492] T 00000000000000000000000000000000 P 65a42ac140654ca1988744d03d1d63ae: No bootstrap required, opened a new log
I20260630 12:17:22.273648 22009 raft_consensus.cc:359] T 00000000000000000000000000000000 P 65a42ac140654ca1988744d03d1d63ae [term 0 FOLLOWER]: Replica starting. Triggering 0 pending ops. Active config: opid_index: -1 OBSOLETE_local: true peers { permanent_uuid: "65a42ac140654ca1988744d03d1d63ae" member_type: VOTER }
I20260630 12:17:22.274104 22009 raft_consensus.cc:385] T 00000000000000000000000000000000 P 65a42ac140654ca1988744d03d1d63ae [term 0 FOLLOWER]: Consensus starting up: Expiring failure detector timer to make a prompt election more likely
I20260630 12:17:22.274282 22009 raft_consensus.cc:740] T 00000000000000000000000000000000 P 65a42ac140654ca1988744d03d1d63ae [term 0 FOLLOWER]: Becoming Follower/Learner. State: Replica: 65a42ac140654ca1988744d03d1d63ae, State: Initialized, Role: FOLLOWER
I20260630 12:17:22.274875 22009 consensus_queue.cc:260] T 00000000000000000000000000000000 P 65a42ac140654ca1988744d03d1d63ae [NON_LEADER]: Queue going to NON_LEADER mode. State: All replicated index: 0, Majority replicated index: 0, Committed index: 0, Last appended: 0.0, Last appended by leader: 0, Current term: 0, Majority size: -1, State: 0, Mode: NON_LEADER, active raft config: opid_index: -1 OBSOLETE_local: true peers { permanent_uuid: "65a42ac140654ca1988744d03d1d63ae" member_type: VOTER }
I20260630 12:17:22.275336 22009 raft_consensus.cc:399] T 00000000000000000000000000000000 P 65a42ac140654ca1988744d03d1d63ae [term 0 FOLLOWER]: Only one voter in the Raft config. Triggering election immediately
I20260630 12:17:22.275537 22009 raft_consensus.cc:493] T 00000000000000000000000000000000 P 65a42ac140654ca1988744d03d1d63ae [term 0 FOLLOWER]: Starting leader election (initial election of a single-replica configuration)
I20260630 12:17:22.275776 22009 raft_consensus.cc:3060] T 00000000000000000000000000000000 P 65a42ac140654ca1988744d03d1d63ae [term 0 FOLLOWER]: Advancing to term 1
I20260630 12:17:22.280099 22009 raft_consensus.cc:515] T 00000000000000000000000000000000 P 65a42ac140654ca1988744d03d1d63ae [term 1 FOLLOWER]: Starting leader election with config: opid_index: -1 OBSOLETE_local: true peers { permanent_uuid: "65a42ac140654ca1988744d03d1d63ae" member_type: VOTER }
I20260630 12:17:22.280670 22009 leader_election.cc:304] T 00000000000000000000000000000000 P 65a42ac140654ca1988744d03d1d63ae [CANDIDATE]: Term 1 election: Election decided. Result: candidate won. Election summary: received 1 responses out of 1 voters: 1 yes votes; 0 no votes. yes voters: 65a42ac140654ca1988744d03d1d63ae; no voters: 
I20260630 12:17:22.281843 22009 leader_election.cc:290] T 00000000000000000000000000000000 P 65a42ac140654ca1988744d03d1d63ae [CANDIDATE]: Term 1 election: Requested vote from peers 
I20260630 12:17:22.282302 22012 raft_consensus.cc:2804] T 00000000000000000000000000000000 P 65a42ac140654ca1988744d03d1d63ae [term 1 FOLLOWER]: Leader election won for term 1
I20260630 12:17:22.283797 22012 raft_consensus.cc:697] T 00000000000000000000000000000000 P 65a42ac140654ca1988744d03d1d63ae [term 1 LEADER]: Becoming Leader. State: Replica: 65a42ac140654ca1988744d03d1d63ae, State: Running, Role: LEADER
I20260630 12:17:22.284642 22012 consensus_queue.cc:237] T 00000000000000000000000000000000 P 65a42ac140654ca1988744d03d1d63ae [LEADER]: Queue going to LEADER mode. State: All replicated index: 0, Majority replicated index: 0, Committed index: 0, Last appended: 0.0, Last appended by leader: 0, Current term: 1, Majority size: 1, State: 0, Mode: LEADER, active raft config: opid_index: -1 OBSOLETE_local: true peers { permanent_uuid: "65a42ac140654ca1988744d03d1d63ae" member_type: VOTER }
I20260630 12:17:22.284953 22009 sys_catalog.cc:565] T 00000000000000000000000000000000 P 65a42ac140654ca1988744d03d1d63ae [sys.catalog]: configured and running, proceeding with master startup.
I20260630 12:17:22.287968 22014 sys_catalog.cc:455] T 00000000000000000000000000000000 P 65a42ac140654ca1988744d03d1d63ae [sys.catalog]: SysCatalogTable state changed. Reason: New leader 65a42ac140654ca1988744d03d1d63ae. Latest consensus state: current_term: 1 leader_uuid: "65a42ac140654ca1988744d03d1d63ae" committed_config { opid_index: -1 OBSOLETE_local: true peers { permanent_uuid: "65a42ac140654ca1988744d03d1d63ae" member_type: VOTER } }
I20260630 12:17:22.287959 22013 sys_catalog.cc:455] T 00000000000000000000000000000000 P 65a42ac140654ca1988744d03d1d63ae [sys.catalog]: SysCatalogTable state changed. Reason: RaftConsensus started. Latest consensus state: current_term: 1 leader_uuid: "65a42ac140654ca1988744d03d1d63ae" committed_config { opid_index: -1 OBSOLETE_local: true peers { permanent_uuid: "65a42ac140654ca1988744d03d1d63ae" member_type: VOTER } }
I20260630 12:17:22.288847 22014 sys_catalog.cc:458] T 00000000000000000000000000000000 P 65a42ac140654ca1988744d03d1d63ae [sys.catalog]: This master's current role is: LEADER
I20260630 12:17:22.288872 22013 sys_catalog.cc:458] T 00000000000000000000000000000000 P 65a42ac140654ca1988744d03d1d63ae [sys.catalog]: This master's current role is: LEADER
I20260630 12:17:22.293015 22019 catalog_manager.cc:1511] Loading table and tablet metadata into memory...
I20260630 12:17:22.298460 22019 catalog_manager.cc:1520] Initializing Kudu cluster ID...
I20260630 12:17:22.301875 19426 internal_mini_cluster.cc:184] Waiting to initialize catalog manager on master 0
I20260630 12:17:22.309942 22019 catalog_manager.cc:1383] Generated new cluster ID: 5cc19e70db9947048972bfdee6744c8a
I20260630 12:17:22.310467 22019 catalog_manager.cc:1531] Initializing Kudu internal certificate authority...
I20260630 12:17:22.326112 22019 catalog_manager.cc:1406] Generated new certificate authority record
I20260630 12:17:22.327682 22019 catalog_manager.cc:1540] Loading token signing keys...
I20260630 12:17:22.343629 22019 catalog_manager.cc:6070] T 00000000000000000000000000000000 P 65a42ac140654ca1988744d03d1d63ae: Generated new TSK 0
I20260630 12:17:22.344399 22019 catalog_manager.cc:1550] Initializing in-progress tserver states...
I20260630 12:17:22.374449 19426 file_cache.cc:492] Constructed file cache file cache with capacity 419430
W20260630 12:17:22.381076 22030 instance_detector.cc:116] could not retrieve AWS instance metadata: Network error: curl error: HTTP response code said error: The requested URL returned error: 404
W20260630 12:17:22.381852 22031 instance_detector.cc:116] could not retrieve Azure instance metadata: Network error: curl error: HTTP response code said error: The requested URL returned error: 404
W20260630 12:17:22.383656 22033 instance_detector.cc:116] could not retrieve OpenStack instance metadata: Network error: curl error: HTTP response code said error: The requested URL returned error: 404
I20260630 12:17:22.384553 19426 server_base.cc:1061] running on GCE node
I20260630 12:17:22.385402 19426 hybrid_clock.cc:584] initializing the hybrid clock with 'system_unsync' time source
W20260630 12:17:22.385588 19426 system_unsync_time.cc:38] NTP support is disabled. Clock error bounds will not be accurate. This configuration is not suitable for distributed clusters.
I20260630 12:17:22.385809 19426 hybrid_clock.cc:648] HybridClock initialized: now 1782821842385773 us; error 0 us; skew 500 ppm
I20260630 12:17:22.386451 19426 server_base.cc:861] Flag tcmalloc_max_total_thread_cache_bytes is not working since tcmalloc is not enabled.
I20260630 12:17:22.388901 19426 webserver.cc:533] Webserver started at http://127.18.248.129:42325/ using document root <none> and password file <none>
I20260630 12:17:22.389465 19426 fs_manager.cc:362] Metadata directory not provided
I20260630 12:17:22.389662 19426 fs_manager.cc:368] Using write-ahead log directory (fs_wal_dir) as metadata directory
I20260630 12:17:22.389973 19426 server_base.cc:909] This appears to be a new deployment of Kudu; creating new FS layout
I20260630 12:17:22.391129 19426 fs_manager.cc:1068] Generated new instance metadata in path /tmp/dist-test-taskciCs_T/test-tmp/auto_rebalancer-test.0.AutoRebalancerTest.RangeAwareBuildClusterInfoGroupsByRange.1782821760155579-19426-0/minicluster-data/ts-0-root/instance:
uuid: "bb81bbd47ace4082bfcf6d86de18d61c"
format_stamp: "Formatted at 2026-06-30 12:17:22 on dist-test-slave-ncnn"
I20260630 12:17:22.395936 19426 fs_manager.cc:696] Time spent creating directory manager: real 0.004s	user 0.004s	sys 0.003s
I20260630 12:17:22.399421 22038 log_block_manager.cc:4031] Time spent loading block containers with low live blocks: real 0.000s	user 0.000s	sys 0.000s
I20260630 12:17:22.400429 19426 fs_manager.cc:730] Time spent opening block manager: real 0.003s	user 0.002s	sys 0.000s
I20260630 12:17:22.400784 19426 fs_manager.cc:647] Opened local filesystem: /tmp/dist-test-taskciCs_T/test-tmp/auto_rebalancer-test.0.AutoRebalancerTest.RangeAwareBuildClusterInfoGroupsByRange.1782821760155579-19426-0/minicluster-data/ts-0-root
uuid: "bb81bbd47ace4082bfcf6d86de18d61c"
format_stamp: "Formatted at 2026-06-30 12:17:22 on dist-test-slave-ncnn"
I20260630 12:17:22.401062 19426 fs_report.cc:389] FS layout report
--------------------
wal directory: /tmp/dist-test-taskciCs_T/test-tmp/auto_rebalancer-test.0.AutoRebalancerTest.RangeAwareBuildClusterInfoGroupsByRange.1782821760155579-19426-0/minicluster-data/ts-0-root
metadata directory: /tmp/dist-test-taskciCs_T/test-tmp/auto_rebalancer-test.0.AutoRebalancerTest.RangeAwareBuildClusterInfoGroupsByRange.1782821760155579-19426-0/minicluster-data/ts-0-root
1 data directories: /tmp/dist-test-taskciCs_T/test-tmp/auto_rebalancer-test.0.AutoRebalancerTest.RangeAwareBuildClusterInfoGroupsByRange.1782821760155579-19426-0/minicluster-data/ts-0-root/data
Total live blocks: 0
Total live bytes: 0
Total live bytes (after alignment): 0
Total number of LBM containers: 0 (0 full)
Did not check for missing blocks
Did not check for orphaned blocks
Total full LBM containers with extra space: 0 (0 repaired)
Total full LBM container extra space in bytes: 0 (0 repaired)
Total incomplete LBM containers: 0 (0 repaired)
Total LBM partial records: 0 (0 repaired)
Total corrupted LBM metadata records in RocksDB: 0 (0 repaired)
I20260630 12:17:22.425112 19426 rpc_server.cc:225] running with OpenSSL 1.1.1  11 Sep 2018
I20260630 12:17:22.426393 19426 kserver.cc:163] Server-wide thread pool size limit: 3276
I20260630 12:17:22.428158 19426 txn_system_client.cc:432] TxnSystemClient initialization is disabled...
I20260630 12:17:22.430721 19426 ts_tablet_manager.cc:585] Loaded tablet metadata (0 total tablets, 0 live tablets)
I20260630 12:17:22.430913 19426 ts_tablet_manager.cc:531] Time spent load tablet metadata: real 0.000s	user 0.000s	sys 0.000s
I20260630 12:17:22.431232 19426 ts_tablet_manager.cc:616] Registered 0 tablets
I20260630 12:17:22.431385 19426 ts_tablet_manager.cc:595] Time spent register tablets: real 0.000s	user 0.000s	sys 0.000s
I20260630 12:17:22.476955 19426 rpc_server.cc:307] RPC server started. Bound to: 127.18.248.129:41111
I20260630 12:17:22.477080 22100 acceptor_pool.cc:272] collecting diagnostics on the listening RPC socket 127.18.248.129:41111 every 8 connection(s)
I20260630 12:17:22.482692 19426 file_cache.cc:492] Constructed file cache file cache with capacity 419430
W20260630 12:17:22.490653 22105 instance_detector.cc:116] could not retrieve AWS instance metadata: Network error: curl error: HTTP response code said error: The requested URL returned error: 404
W20260630 12:17:22.493068 22106 instance_detector.cc:116] could not retrieve Azure instance metadata: Network error: curl error: HTTP response code said error: The requested URL returned error: 404
I20260630 12:17:22.496273 19426 server_base.cc:1061] running on GCE node
I20260630 12:17:22.497097 22101 heartbeater.cc:344] Connected to a master server at 127.18.248.190:37643
I20260630 12:17:22.497519 22101 heartbeater.cc:461] Registering TS with master...
W20260630 12:17:22.497526 22108 instance_detector.cc:116] could not retrieve OpenStack instance metadata: Network error: curl error: HTTP response code said error: The requested URL returned error: 404
I20260630 12:17:22.498543 22101 heartbeater.cc:507] Master 127.18.248.190:37643 requested a full tablet report, sending...
I20260630 12:17:22.498780 19426 hybrid_clock.cc:584] initializing the hybrid clock with 'system_unsync' time source
W20260630 12:17:22.499073 19426 system_unsync_time.cc:38] NTP support is disabled. Clock error bounds will not be accurate. This configuration is not suitable for distributed clusters.
I20260630 12:17:22.499271 19426 hybrid_clock.cc:648] HybridClock initialized: now 1782821842499234 us; error 0 us; skew 500 ppm
I20260630 12:17:22.500023 19426 server_base.cc:861] Flag tcmalloc_max_total_thread_cache_bytes is not working since tcmalloc is not enabled.
I20260630 12:17:22.501212 21974 ts_manager.cc:194] Registered new tserver with Master: bb81bbd47ace4082bfcf6d86de18d61c (127.18.248.129:41111)
I20260630 12:17:22.503094 19426 webserver.cc:533] Webserver started at http://127.18.248.130:43563/ using document root <none> and password file <none>
I20260630 12:17:22.503484 21974 master_service.cc:502] Signed X509 certificate for tserver {username='slave'} at 127.0.0.1:51798
I20260630 12:17:22.503645 19426 fs_manager.cc:362] Metadata directory not provided
I20260630 12:17:22.503997 19426 fs_manager.cc:368] Using write-ahead log directory (fs_wal_dir) as metadata directory
I20260630 12:17:22.504305 19426 server_base.cc:909] This appears to be a new deployment of Kudu; creating new FS layout
I20260630 12:17:22.505764 19426 fs_manager.cc:1068] Generated new instance metadata in path /tmp/dist-test-taskciCs_T/test-tmp/auto_rebalancer-test.0.AutoRebalancerTest.RangeAwareBuildClusterInfoGroupsByRange.1782821760155579-19426-0/minicluster-data/ts-1-root/instance:
uuid: "501936579c3a43d7bf8335d91926c1ff"
format_stamp: "Formatted at 2026-06-30 12:17:22 on dist-test-slave-ncnn"
I20260630 12:17:22.510615 19426 fs_manager.cc:696] Time spent creating directory manager: real 0.004s	user 0.001s	sys 0.004s
I20260630 12:17:22.514310 22113 log_block_manager.cc:4031] Time spent loading block containers with low live blocks: real 0.000s	user 0.000s	sys 0.000s
I20260630 12:17:22.515275 19426 fs_manager.cc:730] Time spent opening block manager: real 0.003s	user 0.001s	sys 0.000s
I20260630 12:17:22.515635 19426 fs_manager.cc:647] Opened local filesystem: /tmp/dist-test-taskciCs_T/test-tmp/auto_rebalancer-test.0.AutoRebalancerTest.RangeAwareBuildClusterInfoGroupsByRange.1782821760155579-19426-0/minicluster-data/ts-1-root
uuid: "501936579c3a43d7bf8335d91926c1ff"
format_stamp: "Formatted at 2026-06-30 12:17:22 on dist-test-slave-ncnn"
I20260630 12:17:22.515964 19426 fs_report.cc:389] FS layout report
--------------------
wal directory: /tmp/dist-test-taskciCs_T/test-tmp/auto_rebalancer-test.0.AutoRebalancerTest.RangeAwareBuildClusterInfoGroupsByRange.1782821760155579-19426-0/minicluster-data/ts-1-root
metadata directory: /tmp/dist-test-taskciCs_T/test-tmp/auto_rebalancer-test.0.AutoRebalancerTest.RangeAwareBuildClusterInfoGroupsByRange.1782821760155579-19426-0/minicluster-data/ts-1-root
1 data directories: /tmp/dist-test-taskciCs_T/test-tmp/auto_rebalancer-test.0.AutoRebalancerTest.RangeAwareBuildClusterInfoGroupsByRange.1782821760155579-19426-0/minicluster-data/ts-1-root/data
Total live blocks: 0
Total live bytes: 0
Total live bytes (after alignment): 0
Total number of LBM containers: 0 (0 full)
Did not check for missing blocks
Did not check for orphaned blocks
Total full LBM containers with extra space: 0 (0 repaired)
Total full LBM container extra space in bytes: 0 (0 repaired)
Total incomplete LBM containers: 0 (0 repaired)
Total LBM partial records: 0 (0 repaired)
Total corrupted LBM metadata records in RocksDB: 0 (0 repaired)
I20260630 12:17:22.552203 19426 rpc_server.cc:225] running with OpenSSL 1.1.1  11 Sep 2018
I20260630 12:17:22.553606 19426 kserver.cc:163] Server-wide thread pool size limit: 3276
I20260630 12:17:22.555244 19426 txn_system_client.cc:432] TxnSystemClient initialization is disabled...
I20260630 12:17:22.557716 19426 ts_tablet_manager.cc:585] Loaded tablet metadata (0 total tablets, 0 live tablets)
I20260630 12:17:22.557971 19426 ts_tablet_manager.cc:531] Time spent load tablet metadata: real 0.000s	user 0.000s	sys 0.000s
I20260630 12:17:22.558221 19426 ts_tablet_manager.cc:616] Registered 0 tablets
I20260630 12:17:22.558393 19426 ts_tablet_manager.cc:595] Time spent register tablets: real 0.000s	user 0.000s	sys 0.000s
I20260630 12:17:22.605245 19426 rpc_server.cc:307] RPC server started. Bound to: 127.18.248.130:35291
I20260630 12:17:22.605342 22175 acceptor_pool.cc:272] collecting diagnostics on the listening RPC socket 127.18.248.130:35291 every 8 connection(s)
I20260630 12:17:22.610631 19426 file_cache.cc:492] Constructed file cache file cache with capacity 419430
W20260630 12:17:22.618973 22179 instance_detector.cc:116] could not retrieve AWS instance metadata: Network error: curl error: HTTP response code said error: The requested URL returned error: 404
W20260630 12:17:22.620079 22180 instance_detector.cc:116] could not retrieve Azure instance metadata: Network error: curl error: HTTP response code said error: The requested URL returned error: 404
I20260630 12:17:22.623376 19426 server_base.cc:1061] running on GCE node
W20260630 12:17:22.624174 22182 instance_detector.cc:116] could not retrieve OpenStack instance metadata: Network error: curl error: HTTP response code said error: The requested URL returned error: 404
I20260630 12:17:22.625293 22176 heartbeater.cc:344] Connected to a master server at 127.18.248.190:37643
I20260630 12:17:22.625342 19426 hybrid_clock.cc:584] initializing the hybrid clock with 'system_unsync' time source
I20260630 12:17:22.625792 22176 heartbeater.cc:461] Registering TS with master...
W20260630 12:17:22.625804 19426 system_unsync_time.cc:38] NTP support is disabled. Clock error bounds will not be accurate. This configuration is not suitable for distributed clusters.
I20260630 12:17:22.626374 19426 hybrid_clock.cc:648] HybridClock initialized: now 1782821842626354 us; error 0 us; skew 500 ppm
I20260630 12:17:22.626943 22176 heartbeater.cc:507] Master 127.18.248.190:37643 requested a full tablet report, sending...
I20260630 12:17:22.627046 19426 server_base.cc:861] Flag tcmalloc_max_total_thread_cache_bytes is not working since tcmalloc is not enabled.
I20260630 12:17:22.629508 21974 ts_manager.cc:194] Registered new tserver with Master: 501936579c3a43d7bf8335d91926c1ff (127.18.248.130:35291)
I20260630 12:17:22.630724 19426 webserver.cc:533] Webserver started at http://127.18.248.131:41533/ using document root <none> and password file <none>
I20260630 12:17:22.631381 19426 fs_manager.cc:362] Metadata directory not provided
I20260630 12:17:22.631446 21974 master_service.cc:502] Signed X509 certificate for tserver {username='slave'} at 127.0.0.1:51802
I20260630 12:17:22.631739 19426 fs_manager.cc:368] Using write-ahead log directory (fs_wal_dir) as metadata directory
I20260630 12:17:22.632099 19426 server_base.cc:909] This appears to be a new deployment of Kudu; creating new FS layout
I20260630 12:17:22.633488 19426 fs_manager.cc:1068] Generated new instance metadata in path /tmp/dist-test-taskciCs_T/test-tmp/auto_rebalancer-test.0.AutoRebalancerTest.RangeAwareBuildClusterInfoGroupsByRange.1782821760155579-19426-0/minicluster-data/ts-2-root/instance:
uuid: "060468b1dddc4835b9fbb0d5f6dc5a81"
format_stamp: "Formatted at 2026-06-30 12:17:22 on dist-test-slave-ncnn"
I20260630 12:17:22.638059 19426 fs_manager.cc:696] Time spent creating directory manager: real 0.004s	user 0.004s	sys 0.000s
I20260630 12:17:22.641358 22187 log_block_manager.cc:4031] Time spent loading block containers with low live blocks: real 0.000s	user 0.000s	sys 0.000s
I20260630 12:17:22.642230 19426 fs_manager.cc:730] Time spent opening block manager: real 0.002s	user 0.003s	sys 0.000s
I20260630 12:17:22.642542 19426 fs_manager.cc:647] Opened local filesystem: /tmp/dist-test-taskciCs_T/test-tmp/auto_rebalancer-test.0.AutoRebalancerTest.RangeAwareBuildClusterInfoGroupsByRange.1782821760155579-19426-0/minicluster-data/ts-2-root
uuid: "060468b1dddc4835b9fbb0d5f6dc5a81"
format_stamp: "Formatted at 2026-06-30 12:17:22 on dist-test-slave-ncnn"
I20260630 12:17:22.642825 19426 fs_report.cc:389] FS layout report
--------------------
wal directory: /tmp/dist-test-taskciCs_T/test-tmp/auto_rebalancer-test.0.AutoRebalancerTest.RangeAwareBuildClusterInfoGroupsByRange.1782821760155579-19426-0/minicluster-data/ts-2-root
metadata directory: /tmp/dist-test-taskciCs_T/test-tmp/auto_rebalancer-test.0.AutoRebalancerTest.RangeAwareBuildClusterInfoGroupsByRange.1782821760155579-19426-0/minicluster-data/ts-2-root
1 data directories: /tmp/dist-test-taskciCs_T/test-tmp/auto_rebalancer-test.0.AutoRebalancerTest.RangeAwareBuildClusterInfoGroupsByRange.1782821760155579-19426-0/minicluster-data/ts-2-root/data
Total live blocks: 0
Total live bytes: 0
Total live bytes (after alignment): 0
Total number of LBM containers: 0 (0 full)
Did not check for missing blocks
Did not check for orphaned blocks
Total full LBM containers with extra space: 0 (0 repaired)
Total full LBM container extra space in bytes: 0 (0 repaired)
Total incomplete LBM containers: 0 (0 repaired)
Total LBM partial records: 0 (0 repaired)
Total corrupted LBM metadata records in RocksDB: 0 (0 repaired)
I20260630 12:17:22.678794 19426 rpc_server.cc:225] running with OpenSSL 1.1.1  11 Sep 2018
I20260630 12:17:22.679996 19426 kserver.cc:163] Server-wide thread pool size limit: 3276
I20260630 12:17:22.681532 19426 txn_system_client.cc:432] TxnSystemClient initialization is disabled...
I20260630 12:17:22.683856 19426 ts_tablet_manager.cc:585] Loaded tablet metadata (0 total tablets, 0 live tablets)
I20260630 12:17:22.684103 19426 ts_tablet_manager.cc:531] Time spent load tablet metadata: real 0.000s	user 0.000s	sys 0.000s
I20260630 12:17:22.684343 19426 ts_tablet_manager.cc:616] Registered 0 tablets
I20260630 12:17:22.684520 19426 ts_tablet_manager.cc:595] Time spent register tablets: real 0.000s	user 0.000s	sys 0.000s
I20260630 12:17:22.734665 19426 rpc_server.cc:307] RPC server started. Bound to: 127.18.248.131:37155
I20260630 12:17:22.734745 22249 acceptor_pool.cc:272] collecting diagnostics on the listening RPC socket 127.18.248.131:37155 every 8 connection(s)
I20260630 12:17:22.751161 22250 heartbeater.cc:344] Connected to a master server at 127.18.248.190:37643
I20260630 12:17:22.751664 22250 heartbeater.cc:461] Registering TS with master...
I20260630 12:17:22.752745 22250 heartbeater.cc:507] Master 127.18.248.190:37643 requested a full tablet report, sending...
I20260630 12:17:22.755735 21974 ts_manager.cc:194] Registered new tserver with Master: 060468b1dddc4835b9fbb0d5f6dc5a81 (127.18.248.131:37155)
I20260630 12:17:22.755911 19426 internal_mini_cluster.cc:371] 3 TS(s) registered with all masters after 0.017631339s
I20260630 12:17:22.757831 21974 master_service.cc:502] Signed X509 certificate for tserver {username='slave'} at 127.0.0.1:51812
I20260630 12:17:23.506134 22101 heartbeater.cc:499] Master 127.18.248.190:37643 was elected leader, sending a full tablet report...
I20260630 12:17:23.634668 22176 heartbeater.cc:499] Master 127.18.248.190:37643 was elected leader, sending a full tablet report...
I20260630 12:17:23.761366 22250 heartbeater.cc:499] Master 127.18.248.190:37643 was elected leader, sending a full tablet report...
I20260630 12:17:23.813838 21974 catalog_manager.cc:2283] Servicing CreateTable request from {username='slave'} at 127.0.0.1:51824:
name: "range_aware_auto_rebalancer_test"
schema {
  columns {
    name: "key"
    type: INT32
    is_key: true
    is_nullable: false
    encoding: AUTO_ENCODING
    compression: DEFAULT_COMPRESSION
    cfile_block_size: 0
    immutable: false
  }
}
num_replicas: 3
split_rows_range_bounds {
  rows: "\006\001\000\000\000\000\007\001\n\000\000\000\006\001\n\000\000\000\007\001\024\000\000\000""\006\001\000\000\000\000\007\001\n\000\000\000\006\001\n\000\000\000\007\001\024\000\000\000"
  indirect_data: """"
}
partition_schema {
  hash_schema {
    columns {
      name: "key"
    }
    num_buckets: 2
    seed: 0
  }
  range_schema {
    columns {
      name: "key"
    }
  }
}
W20260630 12:17:23.816687 21974 catalog_manager.cc:7077] The number of live tablet servers is not enough to re-replicate a tablet replica of the newly created table range_aware_auto_rebalancer_test in case of a server failure: 4 tablet servers would be needed, 3 are available. Consider bringing up more tablet servers.
I20260630 12:17:23.878556 22215 tablet_service.cc:1511] Processing CreateTablet for tablet b2e30cf171c24cc0b7bec02b916f70a3 (DEFAULT_TABLE table=range_aware_auto_rebalancer_test [id=f2d876eacd1c4920b51eddb810d2bab3]), partition=HASH (key) PARTITION 0, RANGE (key) PARTITION 0 <= VALUES < 10
I20260630 12:17:23.879092 22214 tablet_service.cc:1511] Processing CreateTablet for tablet b19cce615cb84dfc88942a1347ae6889 (DEFAULT_TABLE table=range_aware_auto_rebalancer_test [id=f2d876eacd1c4920b51eddb810d2bab3]), partition=HASH (key) PARTITION 0, RANGE (key) PARTITION 10 <= VALUES < 20
I20260630 12:17:23.879946 22213 tablet_service.cc:1511] Processing CreateTablet for tablet aa0177d71ae34293b2dabc8a9e22a9a0 (DEFAULT_TABLE table=range_aware_auto_rebalancer_test [id=f2d876eacd1c4920b51eddb810d2bab3]), partition=HASH (key) PARTITION 1, RANGE (key) PARTITION 0 <= VALUES < 10
I20260630 12:17:23.881052 22215 data_dirs.cc:400] Could only allocate 1 dirs of requested 3 for tablet b2e30cf171c24cc0b7bec02b916f70a3. 1 dirs total, 0 dirs full, 0 dirs failed
I20260630 12:17:23.881865 22213 data_dirs.cc:400] Could only allocate 1 dirs of requested 3 for tablet aa0177d71ae34293b2dabc8a9e22a9a0. 1 dirs total, 0 dirs full, 0 dirs failed
I20260630 12:17:23.882596 22212 tablet_service.cc:1511] Processing CreateTablet for tablet dc002fc4057443bc970f89414b4c13b9 (DEFAULT_TABLE table=range_aware_auto_rebalancer_test [id=f2d876eacd1c4920b51eddb810d2bab3]), partition=HASH (key) PARTITION 1, RANGE (key) PARTITION 10 <= VALUES < 20
I20260630 12:17:23.884006 22214 data_dirs.cc:400] Could only allocate 1 dirs of requested 3 for tablet b19cce615cb84dfc88942a1347ae6889. 1 dirs total, 0 dirs full, 0 dirs failed
I20260630 12:17:23.888695 22212 data_dirs.cc:400] Could only allocate 1 dirs of requested 3 for tablet dc002fc4057443bc970f89414b4c13b9. 1 dirs total, 0 dirs full, 0 dirs failed
I20260630 12:17:23.895795 22141 tablet_service.cc:1511] Processing CreateTablet for tablet b2e30cf171c24cc0b7bec02b916f70a3 (DEFAULT_TABLE table=range_aware_auto_rebalancer_test [id=f2d876eacd1c4920b51eddb810d2bab3]), partition=HASH (key) PARTITION 0, RANGE (key) PARTITION 0 <= VALUES < 10
I20260630 12:17:23.897403 22141 data_dirs.cc:400] Could only allocate 1 dirs of requested 3 for tablet b2e30cf171c24cc0b7bec02b916f70a3. 1 dirs total, 0 dirs full, 0 dirs failed
I20260630 12:17:23.914951 22140 tablet_service.cc:1511] Processing CreateTablet for tablet b19cce615cb84dfc88942a1347ae6889 (DEFAULT_TABLE table=range_aware_auto_rebalancer_test [id=f2d876eacd1c4920b51eddb810d2bab3]), partition=HASH (key) PARTITION 0, RANGE (key) PARTITION 10 <= VALUES < 20
I20260630 12:17:23.916747 22140 data_dirs.cc:400] Could only allocate 1 dirs of requested 3 for tablet b19cce615cb84dfc88942a1347ae6889. 1 dirs total, 0 dirs full, 0 dirs failed
I20260630 12:17:23.919816 22139 tablet_service.cc:1511] Processing CreateTablet for tablet aa0177d71ae34293b2dabc8a9e22a9a0 (DEFAULT_TABLE table=range_aware_auto_rebalancer_test [id=f2d876eacd1c4920b51eddb810d2bab3]), partition=HASH (key) PARTITION 1, RANGE (key) PARTITION 0 <= VALUES < 10
I20260630 12:17:23.921602 22139 data_dirs.cc:400] Could only allocate 1 dirs of requested 3 for tablet aa0177d71ae34293b2dabc8a9e22a9a0. 1 dirs total, 0 dirs full, 0 dirs failed
I20260630 12:17:23.924261 22138 tablet_service.cc:1511] Processing CreateTablet for tablet dc002fc4057443bc970f89414b4c13b9 (DEFAULT_TABLE table=range_aware_auto_rebalancer_test [id=f2d876eacd1c4920b51eddb810d2bab3]), partition=HASH (key) PARTITION 1, RANGE (key) PARTITION 10 <= VALUES < 20
I20260630 12:17:23.925734 22138 data_dirs.cc:400] Could only allocate 1 dirs of requested 3 for tablet dc002fc4057443bc970f89414b4c13b9. 1 dirs total, 0 dirs full, 0 dirs failed
I20260630 12:17:23.926535 22270 tablet_bootstrap.cc:492] T b2e30cf171c24cc0b7bec02b916f70a3 P 060468b1dddc4835b9fbb0d5f6dc5a81: Bootstrap starting.
I20260630 12:17:23.932708 22270 tablet_bootstrap.cc:654] T b2e30cf171c24cc0b7bec02b916f70a3 P 060468b1dddc4835b9fbb0d5f6dc5a81: Neither blocks nor log segments found. Creating new log.
I20260630 12:17:23.946990 22270 tablet_bootstrap.cc:492] T b2e30cf171c24cc0b7bec02b916f70a3 P 060468b1dddc4835b9fbb0d5f6dc5a81: No bootstrap required, opened a new log
I20260630 12:17:23.947494 22270 ts_tablet_manager.cc:1403] T b2e30cf171c24cc0b7bec02b916f70a3 P 060468b1dddc4835b9fbb0d5f6dc5a81: Time spent bootstrapping tablet: real 0.026s	user 0.008s	sys 0.009s
I20260630 12:17:23.950245 22270 raft_consensus.cc:359] T b2e30cf171c24cc0b7bec02b916f70a3 P 060468b1dddc4835b9fbb0d5f6dc5a81 [term 0 FOLLOWER]: Replica starting. Triggering 0 pending ops. Active config: opid_index: -1 OBSOLETE_local: false peers { permanent_uuid: "060468b1dddc4835b9fbb0d5f6dc5a81" member_type: VOTER last_known_addr { host: "127.18.248.131" port: 37155 } } peers { permanent_uuid: "501936579c3a43d7bf8335d91926c1ff" member_type: VOTER last_known_addr { host: "127.18.248.130" port: 35291 } } peers { permanent_uuid: "bb81bbd47ace4082bfcf6d86de18d61c" member_type: VOTER last_known_addr { host: "127.18.248.129" port: 41111 } }
I20260630 12:17:23.951079 22270 raft_consensus.cc:385] T b2e30cf171c24cc0b7bec02b916f70a3 P 060468b1dddc4835b9fbb0d5f6dc5a81 [term 0 FOLLOWER]: Consensus starting up: Expiring failure detector timer to make a prompt election more likely
I20260630 12:17:23.951416 22270 raft_consensus.cc:740] T b2e30cf171c24cc0b7bec02b916f70a3 P 060468b1dddc4835b9fbb0d5f6dc5a81 [term 0 FOLLOWER]: Becoming Follower/Learner. State: Replica: 060468b1dddc4835b9fbb0d5f6dc5a81, State: Initialized, Role: FOLLOWER
I20260630 12:17:23.952286 22270 consensus_queue.cc:260] T b2e30cf171c24cc0b7bec02b916f70a3 P 060468b1dddc4835b9fbb0d5f6dc5a81 [NON_LEADER]: Queue going to NON_LEADER mode. State: All replicated index: 0, Majority replicated index: 0, Committed index: 0, Last appended: 0.0, Last appended by leader: 0, Current term: 0, Majority size: -1, State: 0, Mode: NON_LEADER, active raft config: opid_index: -1 OBSOLETE_local: false peers { permanent_uuid: "060468b1dddc4835b9fbb0d5f6dc5a81" member_type: VOTER last_known_addr { host: "127.18.248.131" port: 37155 } } peers { permanent_uuid: "501936579c3a43d7bf8335d91926c1ff" member_type: VOTER last_known_addr { host: "127.18.248.130" port: 35291 } } peers { permanent_uuid: "bb81bbd47ace4082bfcf6d86de18d61c" member_type: VOTER last_known_addr { host: "127.18.248.129" port: 41111 } }
I20260630 12:17:23.953250 22272 tablet_bootstrap.cc:492] T dc002fc4057443bc970f89414b4c13b9 P 501936579c3a43d7bf8335d91926c1ff: Bootstrap starting.
I20260630 12:17:23.957573 22066 tablet_service.cc:1511] Processing CreateTablet for tablet b2e30cf171c24cc0b7bec02b916f70a3 (DEFAULT_TABLE table=range_aware_auto_rebalancer_test [id=f2d876eacd1c4920b51eddb810d2bab3]), partition=HASH (key) PARTITION 0, RANGE (key) PARTITION 0 <= VALUES < 10
I20260630 12:17:23.958655 22063 tablet_service.cc:1511] Processing CreateTablet for tablet dc002fc4057443bc970f89414b4c13b9 (DEFAULT_TABLE table=range_aware_auto_rebalancer_test [id=f2d876eacd1c4920b51eddb810d2bab3]), partition=HASH (key) PARTITION 1, RANGE (key) PARTITION 10 <= VALUES < 20
I20260630 12:17:23.959322 22066 data_dirs.cc:400] Could only allocate 1 dirs of requested 3 for tablet b2e30cf171c24cc0b7bec02b916f70a3. 1 dirs total, 0 dirs full, 0 dirs failed
I20260630 12:17:23.960227 22063 data_dirs.cc:400] Could only allocate 1 dirs of requested 3 for tablet dc002fc4057443bc970f89414b4c13b9. 1 dirs total, 0 dirs full, 0 dirs failed
I20260630 12:17:23.963096 22272 tablet_bootstrap.cc:654] T dc002fc4057443bc970f89414b4c13b9 P 501936579c3a43d7bf8335d91926c1ff: Neither blocks nor log segments found. Creating new log.
I20260630 12:17:23.963752 22064 tablet_service.cc:1511] Processing CreateTablet for tablet aa0177d71ae34293b2dabc8a9e22a9a0 (DEFAULT_TABLE table=range_aware_auto_rebalancer_test [id=f2d876eacd1c4920b51eddb810d2bab3]), partition=HASH (key) PARTITION 1, RANGE (key) PARTITION 0 <= VALUES < 10
I20260630 12:17:23.967548 22064 data_dirs.cc:400] Could only allocate 1 dirs of requested 3 for tablet aa0177d71ae34293b2dabc8a9e22a9a0. 1 dirs total, 0 dirs full, 0 dirs failed
I20260630 12:17:23.968442 22270 ts_tablet_manager.cc:1434] T b2e30cf171c24cc0b7bec02b916f70a3 P 060468b1dddc4835b9fbb0d5f6dc5a81: Time spent starting tablet: real 0.021s	user 0.015s	sys 0.005s
I20260630 12:17:23.969519 22270 tablet_bootstrap.cc:492] T dc002fc4057443bc970f89414b4c13b9 P 060468b1dddc4835b9fbb0d5f6dc5a81: Bootstrap starting.
I20260630 12:17:23.976207 22270 tablet_bootstrap.cc:654] T dc002fc4057443bc970f89414b4c13b9 P 060468b1dddc4835b9fbb0d5f6dc5a81: Neither blocks nor log segments found. Creating new log.
I20260630 12:17:23.966360 22065 tablet_service.cc:1511] Processing CreateTablet for tablet b19cce615cb84dfc88942a1347ae6889 (DEFAULT_TABLE table=range_aware_auto_rebalancer_test [id=f2d876eacd1c4920b51eddb810d2bab3]), partition=HASH (key) PARTITION 0, RANGE (key) PARTITION 10 <= VALUES < 20
I20260630 12:17:23.978926 22065 data_dirs.cc:400] Could only allocate 1 dirs of requested 3 for tablet b19cce615cb84dfc88942a1347ae6889. 1 dirs total, 0 dirs full, 0 dirs failed
W20260630 12:17:23.990327 22251 tablet.cc:2406] T b2e30cf171c24cc0b7bec02b916f70a3 P 060468b1dddc4835b9fbb0d5f6dc5a81: Can't schedule compaction. Clean time has not been advanced past its initial value.
I20260630 12:17:24.002702 22270 tablet_bootstrap.cc:492] T dc002fc4057443bc970f89414b4c13b9 P 060468b1dddc4835b9fbb0d5f6dc5a81: No bootstrap required, opened a new log
I20260630 12:17:24.003013 22276 tablet_bootstrap.cc:492] T b2e30cf171c24cc0b7bec02b916f70a3 P bb81bbd47ace4082bfcf6d86de18d61c: Bootstrap starting.
I20260630 12:17:24.003351 22270 ts_tablet_manager.cc:1403] T dc002fc4057443bc970f89414b4c13b9 P 060468b1dddc4835b9fbb0d5f6dc5a81: Time spent bootstrapping tablet: real 0.034s	user 0.020s	sys 0.009s
I20260630 12:17:24.005899 22272 tablet_bootstrap.cc:492] T dc002fc4057443bc970f89414b4c13b9 P 501936579c3a43d7bf8335d91926c1ff: No bootstrap required, opened a new log
I20260630 12:17:24.006820 22270 raft_consensus.cc:359] T dc002fc4057443bc970f89414b4c13b9 P 060468b1dddc4835b9fbb0d5f6dc5a81 [term 0 FOLLOWER]: Replica starting. Triggering 0 pending ops. Active config: opid_index: -1 OBSOLETE_local: false peers { permanent_uuid: "bb81bbd47ace4082bfcf6d86de18d61c" member_type: VOTER last_known_addr { host: "127.18.248.129" port: 41111 } } peers { permanent_uuid: "501936579c3a43d7bf8335d91926c1ff" member_type: VOTER last_known_addr { host: "127.18.248.130" port: 35291 } } peers { permanent_uuid: "060468b1dddc4835b9fbb0d5f6dc5a81" member_type: VOTER last_known_addr { host: "127.18.248.131" port: 37155 } }
I20260630 12:17:24.007766 22272 ts_tablet_manager.cc:1403] T dc002fc4057443bc970f89414b4c13b9 P 501936579c3a43d7bf8335d91926c1ff: Time spent bootstrapping tablet: real 0.055s	user 0.013s	sys 0.018s
I20260630 12:17:24.007742 22270 raft_consensus.cc:385] T dc002fc4057443bc970f89414b4c13b9 P 060468b1dddc4835b9fbb0d5f6dc5a81 [term 0 FOLLOWER]: Consensus starting up: Expiring failure detector timer to make a prompt election more likely
I20260630 12:17:24.008587 22270 raft_consensus.cc:740] T dc002fc4057443bc970f89414b4c13b9 P 060468b1dddc4835b9fbb0d5f6dc5a81 [term 0 FOLLOWER]: Becoming Follower/Learner. State: Replica: 060468b1dddc4835b9fbb0d5f6dc5a81, State: Initialized, Role: FOLLOWER
I20260630 12:17:24.009486 22270 consensus_queue.cc:260] T dc002fc4057443bc970f89414b4c13b9 P 060468b1dddc4835b9fbb0d5f6dc5a81 [NON_LEADER]: Queue going to NON_LEADER mode. State: All replicated index: 0, Majority replicated index: 0, Committed index: 0, Last appended: 0.0, Last appended by leader: 0, Current term: 0, Majority size: -1, State: 0, Mode: NON_LEADER, active raft config: opid_index: -1 OBSOLETE_local: false peers { permanent_uuid: "bb81bbd47ace4082bfcf6d86de18d61c" member_type: VOTER last_known_addr { host: "127.18.248.129" port: 41111 } } peers { permanent_uuid: "501936579c3a43d7bf8335d91926c1ff" member_type: VOTER last_known_addr { host: "127.18.248.130" port: 35291 } } peers { permanent_uuid: "060468b1dddc4835b9fbb0d5f6dc5a81" member_type: VOTER last_known_addr { host: "127.18.248.131" port: 37155 } }
I20260630 12:17:24.010759 22276 tablet_bootstrap.cc:654] T b2e30cf171c24cc0b7bec02b916f70a3 P bb81bbd47ace4082bfcf6d86de18d61c: Neither blocks nor log segments found. Creating new log.
I20260630 12:17:24.011514 22272 raft_consensus.cc:359] T dc002fc4057443bc970f89414b4c13b9 P 501936579c3a43d7bf8335d91926c1ff [term 0 FOLLOWER]: Replica starting. Triggering 0 pending ops. Active config: opid_index: -1 OBSOLETE_local: false peers { permanent_uuid: "bb81bbd47ace4082bfcf6d86de18d61c" member_type: VOTER last_known_addr { host: "127.18.248.129" port: 41111 } } peers { permanent_uuid: "501936579c3a43d7bf8335d91926c1ff" member_type: VOTER last_known_addr { host: "127.18.248.130" port: 35291 } } peers { permanent_uuid: "060468b1dddc4835b9fbb0d5f6dc5a81" member_type: VOTER last_known_addr { host: "127.18.248.131" port: 37155 } }
I20260630 12:17:24.011986 22270 ts_tablet_manager.cc:1434] T dc002fc4057443bc970f89414b4c13b9 P 060468b1dddc4835b9fbb0d5f6dc5a81: Time spent starting tablet: real 0.008s	user 0.006s	sys 0.000s
I20260630 12:17:24.012485 22272 raft_consensus.cc:385] T dc002fc4057443bc970f89414b4c13b9 P 501936579c3a43d7bf8335d91926c1ff [term 0 FOLLOWER]: Consensus starting up: Expiring failure detector timer to make a prompt election more likely
I20260630 12:17:24.012928 22272 raft_consensus.cc:740] T dc002fc4057443bc970f89414b4c13b9 P 501936579c3a43d7bf8335d91926c1ff [term 0 FOLLOWER]: Becoming Follower/Learner. State: Replica: 501936579c3a43d7bf8335d91926c1ff, State: Initialized, Role: FOLLOWER
I20260630 12:17:24.013396 22270 tablet_bootstrap.cc:492] T aa0177d71ae34293b2dabc8a9e22a9a0 P 060468b1dddc4835b9fbb0d5f6dc5a81: Bootstrap starting.
I20260630 12:17:24.013844 22272 consensus_queue.cc:260] T dc002fc4057443bc970f89414b4c13b9 P 501936579c3a43d7bf8335d91926c1ff [NON_LEADER]: Queue going to NON_LEADER mode. State: All replicated index: 0, Majority replicated index: 0, Committed index: 0, Last appended: 0.0, Last appended by leader: 0, Current term: 0, Majority size: -1, State: 0, Mode: NON_LEADER, active raft config: opid_index: -1 OBSOLETE_local: false peers { permanent_uuid: "bb81bbd47ace4082bfcf6d86de18d61c" member_type: VOTER last_known_addr { host: "127.18.248.129" port: 41111 } } peers { permanent_uuid: "501936579c3a43d7bf8335d91926c1ff" member_type: VOTER last_known_addr { host: "127.18.248.130" port: 35291 } } peers { permanent_uuid: "060468b1dddc4835b9fbb0d5f6dc5a81" member_type: VOTER last_known_addr { host: "127.18.248.131" port: 37155 } }
I20260630 12:17:24.022360 22270 tablet_bootstrap.cc:654] T aa0177d71ae34293b2dabc8a9e22a9a0 P 060468b1dddc4835b9fbb0d5f6dc5a81: Neither blocks nor log segments found. Creating new log.
I20260630 12:17:24.023543 22276 tablet_bootstrap.cc:492] T b2e30cf171c24cc0b7bec02b916f70a3 P bb81bbd47ace4082bfcf6d86de18d61c: No bootstrap required, opened a new log
I20260630 12:17:24.024108 22276 ts_tablet_manager.cc:1403] T b2e30cf171c24cc0b7bec02b916f70a3 P bb81bbd47ace4082bfcf6d86de18d61c: Time spent bootstrapping tablet: real 0.022s	user 0.008s	sys 0.009s
I20260630 12:17:24.028703 22272 ts_tablet_manager.cc:1434] T dc002fc4057443bc970f89414b4c13b9 P 501936579c3a43d7bf8335d91926c1ff: Time spent starting tablet: real 0.020s	user 0.019s	sys 0.001s
I20260630 12:17:24.028072 22276 raft_consensus.cc:359] T b2e30cf171c24cc0b7bec02b916f70a3 P bb81bbd47ace4082bfcf6d86de18d61c [term 0 FOLLOWER]: Replica starting. Triggering 0 pending ops. Active config: opid_index: -1 OBSOLETE_local: false peers { permanent_uuid: "060468b1dddc4835b9fbb0d5f6dc5a81" member_type: VOTER last_known_addr { host: "127.18.248.131" port: 37155 } } peers { permanent_uuid: "501936579c3a43d7bf8335d91926c1ff" member_type: VOTER last_known_addr { host: "127.18.248.130" port: 35291 } } peers { permanent_uuid: "bb81bbd47ace4082bfcf6d86de18d61c" member_type: VOTER last_known_addr { host: "127.18.248.129" port: 41111 } }
I20260630 12:17:24.029335 22276 raft_consensus.cc:385] T b2e30cf171c24cc0b7bec02b916f70a3 P bb81bbd47ace4082bfcf6d86de18d61c [term 0 FOLLOWER]: Consensus starting up: Expiring failure detector timer to make a prompt election more likely
I20260630 12:17:24.029771 22276 raft_consensus.cc:740] T b2e30cf171c24cc0b7bec02b916f70a3 P bb81bbd47ace4082bfcf6d86de18d61c [term 0 FOLLOWER]: Becoming Follower/Learner. State: Replica: bb81bbd47ace4082bfcf6d86de18d61c, State: Initialized, Role: FOLLOWER
I20260630 12:17:24.029971 22272 tablet_bootstrap.cc:492] T aa0177d71ae34293b2dabc8a9e22a9a0 P 501936579c3a43d7bf8335d91926c1ff: Bootstrap starting.
I20260630 12:17:24.031082 22276 consensus_queue.cc:260] T b2e30cf171c24cc0b7bec02b916f70a3 P bb81bbd47ace4082bfcf6d86de18d61c [NON_LEADER]: Queue going to NON_LEADER mode. State: All replicated index: 0, Majority replicated index: 0, Committed index: 0, Last appended: 0.0, Last appended by leader: 0, Current term: 0, Majority size: -1, State: 0, Mode: NON_LEADER, active raft config: opid_index: -1 OBSOLETE_local: false peers { permanent_uuid: "060468b1dddc4835b9fbb0d5f6dc5a81" member_type: VOTER last_known_addr { host: "127.18.248.131" port: 37155 } } peers { permanent_uuid: "501936579c3a43d7bf8335d91926c1ff" member_type: VOTER last_known_addr { host: "127.18.248.130" port: 35291 } } peers { permanent_uuid: "bb81bbd47ace4082bfcf6d86de18d61c" member_type: VOTER last_known_addr { host: "127.18.248.129" port: 41111 } }
I20260630 12:17:24.036788 22270 tablet_bootstrap.cc:492] T aa0177d71ae34293b2dabc8a9e22a9a0 P 060468b1dddc4835b9fbb0d5f6dc5a81: No bootstrap required, opened a new log
I20260630 12:17:24.037405 22272 tablet_bootstrap.cc:654] T aa0177d71ae34293b2dabc8a9e22a9a0 P 501936579c3a43d7bf8335d91926c1ff: Neither blocks nor log segments found. Creating new log.
I20260630 12:17:24.037519 22270 ts_tablet_manager.cc:1403] T aa0177d71ae34293b2dabc8a9e22a9a0 P 060468b1dddc4835b9fbb0d5f6dc5a81: Time spent bootstrapping tablet: real 0.024s	user 0.021s	sys 0.002s
I20260630 12:17:24.042651 22276 ts_tablet_manager.cc:1434] T b2e30cf171c24cc0b7bec02b916f70a3 P bb81bbd47ace4082bfcf6d86de18d61c: Time spent starting tablet: real 0.018s	user 0.014s	sys 0.002s
I20260630 12:17:24.042788 22270 raft_consensus.cc:359] T aa0177d71ae34293b2dabc8a9e22a9a0 P 060468b1dddc4835b9fbb0d5f6dc5a81 [term 0 FOLLOWER]: Replica starting. Triggering 0 pending ops. Active config: opid_index: -1 OBSOLETE_local: false peers { permanent_uuid: "bb81bbd47ace4082bfcf6d86de18d61c" member_type: VOTER last_known_addr { host: "127.18.248.129" port: 41111 } } peers { permanent_uuid: "501936579c3a43d7bf8335d91926c1ff" member_type: VOTER last_known_addr { host: "127.18.248.130" port: 35291 } } peers { permanent_uuid: "060468b1dddc4835b9fbb0d5f6dc5a81" member_type: VOTER last_known_addr { host: "127.18.248.131" port: 37155 } }
I20260630 12:17:24.043560 22270 raft_consensus.cc:385] T aa0177d71ae34293b2dabc8a9e22a9a0 P 060468b1dddc4835b9fbb0d5f6dc5a81 [term 0 FOLLOWER]: Consensus starting up: Expiring failure detector timer to make a prompt election more likely
I20260630 12:17:24.043854 22270 raft_consensus.cc:740] T aa0177d71ae34293b2dabc8a9e22a9a0 P 060468b1dddc4835b9fbb0d5f6dc5a81 [term 0 FOLLOWER]: Becoming Follower/Learner. State: Replica: 060468b1dddc4835b9fbb0d5f6dc5a81, State: Initialized, Role: FOLLOWER
I20260630 12:17:24.044718 22270 consensus_queue.cc:260] T aa0177d71ae34293b2dabc8a9e22a9a0 P 060468b1dddc4835b9fbb0d5f6dc5a81 [NON_LEADER]: Queue going to NON_LEADER mode. State: All replicated index: 0, Majority replicated index: 0, Committed index: 0, Last appended: 0.0, Last appended by leader: 0, Current term: 0, Majority size: -1, State: 0, Mode: NON_LEADER, active raft config: opid_index: -1 OBSOLETE_local: false peers { permanent_uuid: "bb81bbd47ace4082bfcf6d86de18d61c" member_type: VOTER last_known_addr { host: "127.18.248.129" port: 41111 } } peers { permanent_uuid: "501936579c3a43d7bf8335d91926c1ff" member_type: VOTER last_known_addr { host: "127.18.248.130" port: 35291 } } peers { permanent_uuid: "060468b1dddc4835b9fbb0d5f6dc5a81" member_type: VOTER last_known_addr { host: "127.18.248.131" port: 37155 } }
I20260630 12:17:24.046573 22276 tablet_bootstrap.cc:492] T dc002fc4057443bc970f89414b4c13b9 P bb81bbd47ace4082bfcf6d86de18d61c: Bootstrap starting.
I20260630 12:17:24.047046 22270 ts_tablet_manager.cc:1434] T aa0177d71ae34293b2dabc8a9e22a9a0 P 060468b1dddc4835b9fbb0d5f6dc5a81: Time spent starting tablet: real 0.009s	user 0.004s	sys 0.002s
I20260630 12:17:24.048101 22270 tablet_bootstrap.cc:492] T b19cce615cb84dfc88942a1347ae6889 P 060468b1dddc4835b9fbb0d5f6dc5a81: Bootstrap starting.
I20260630 12:17:24.053712 22272 tablet_bootstrap.cc:492] T aa0177d71ae34293b2dabc8a9e22a9a0 P 501936579c3a43d7bf8335d91926c1ff: No bootstrap required, opened a new log
I20260630 12:17:24.054286 22272 ts_tablet_manager.cc:1403] T aa0177d71ae34293b2dabc8a9e22a9a0 P 501936579c3a43d7bf8335d91926c1ff: Time spent bootstrapping tablet: real 0.025s	user 0.008s	sys 0.007s
I20260630 12:17:24.055006 22270 tablet_bootstrap.cc:654] T b19cce615cb84dfc88942a1347ae6889 P 060468b1dddc4835b9fbb0d5f6dc5a81: Neither blocks nor log segments found. Creating new log.
I20260630 12:17:24.057729 22276 tablet_bootstrap.cc:654] T dc002fc4057443bc970f89414b4c13b9 P bb81bbd47ace4082bfcf6d86de18d61c: Neither blocks nor log segments found. Creating new log.
I20260630 12:17:24.057193 22272 raft_consensus.cc:359] T aa0177d71ae34293b2dabc8a9e22a9a0 P 501936579c3a43d7bf8335d91926c1ff [term 0 FOLLOWER]: Replica starting. Triggering 0 pending ops. Active config: opid_index: -1 OBSOLETE_local: false peers { permanent_uuid: "bb81bbd47ace4082bfcf6d86de18d61c" member_type: VOTER last_known_addr { host: "127.18.248.129" port: 41111 } } peers { permanent_uuid: "501936579c3a43d7bf8335d91926c1ff" member_type: VOTER last_known_addr { host: "127.18.248.130" port: 35291 } } peers { permanent_uuid: "060468b1dddc4835b9fbb0d5f6dc5a81" member_type: VOTER last_known_addr { host: "127.18.248.131" port: 37155 } }
I20260630 12:17:24.058210 22272 raft_consensus.cc:385] T aa0177d71ae34293b2dabc8a9e22a9a0 P 501936579c3a43d7bf8335d91926c1ff [term 0 FOLLOWER]: Consensus starting up: Expiring failure detector timer to make a prompt election more likely
I20260630 12:17:24.058542 22272 raft_consensus.cc:740] T aa0177d71ae34293b2dabc8a9e22a9a0 P 501936579c3a43d7bf8335d91926c1ff [term 0 FOLLOWER]: Becoming Follower/Learner. State: Replica: 501936579c3a43d7bf8335d91926c1ff, State: Initialized, Role: FOLLOWER
