I20260630 12:18:01.530386 18159 ts_tablet_manager.cc:1434] T 0b3fb63b3718427084a712a9747bde53 P ae011eba96444ccb8db0e5b2b5bcf5a4: Time spent starting tablet: real 0.006s	user 0.005s	sys 0.000s
I20260630 12:18:01.531287 18159 tablet_bootstrap.cc:492] T 694fad15675946ac9ec1f75bda425f3e P ae011eba96444ccb8db0e5b2b5bcf5a4: Bootstrap starting.
I20260630 12:18:01.530683 17862 catalog_manager.cc:5697] T 64577d6657a847eca77753a258479f70 P ae011eba96444ccb8db0e5b2b5bcf5a4 reported cstate change: term changed from 0 to 1, leader changed from <none> to ae011eba96444ccb8db0e5b2b5bcf5a4 (127.13.26.1). New cstate: current_term: 1 leader_uuid: "ae011eba96444ccb8db0e5b2b5bcf5a4" committed_config { opid_index: -1 OBSOLETE_local: false peers { permanent_uuid: "ae011eba96444ccb8db0e5b2b5bcf5a4" member_type: VOTER last_known_addr { host: "127.13.26.1" port: 35385 } health_report { overall_health: HEALTHY } } peers { permanent_uuid: "bbc43211e64d4be3a059bb8af19b2c2e" member_type: VOTER last_known_addr { host: "127.13.26.2" port: 42069 } health_report { overall_health: UNKNOWN } } peers { permanent_uuid: "d340220b6a58448f84165f12249f9baf" member_type: VOTER last_known_addr { host: "127.13.26.3" port: 34521 } health_report { overall_health: UNKNOWN } } }
I20260630 12:18:01.536954 18159 tablet_bootstrap.cc:654] T 694fad15675946ac9ec1f75bda425f3e P ae011eba96444ccb8db0e5b2b5bcf5a4: Neither blocks nor log segments found. Creating new log.
I20260630 12:18:01.537096 18164 tablet_bootstrap.cc:654] T d1ab989ff3114db1875ae36ec5e8a5b1 P bbc43211e64d4be3a059bb8af19b2c2e: Neither blocks nor log segments found. Creating new log.
I20260630 12:18:01.526469 18160 raft_consensus.cc:359] T 694fad15675946ac9ec1f75bda425f3e P d340220b6a58448f84165f12249f9baf [term 0 FOLLOWER]: Replica starting. Triggering 0 pending ops. Active config: opid_index: -1 OBSOLETE_local: false peers { permanent_uuid: "ae011eba96444ccb8db0e5b2b5bcf5a4" member_type: VOTER last_known_addr { host: "127.13.26.1" port: 35385 } } peers { permanent_uuid: "d340220b6a58448f84165f12249f9baf" member_type: VOTER last_known_addr { host: "127.13.26.3" port: 34521 } } peers { permanent_uuid: "bbc43211e64d4be3a059bb8af19b2c2e" member_type: VOTER last_known_addr { host: "127.13.26.2" port: 42069 } }
I20260630 12:18:01.541546 18160 raft_consensus.cc:385] T 694fad15675946ac9ec1f75bda425f3e P d340220b6a58448f84165f12249f9baf [term 0 FOLLOWER]: Consensus starting up: Expiring failure detector timer to make a prompt election more likely
I20260630 12:18:01.541929 18160 raft_consensus.cc:740] T 694fad15675946ac9ec1f75bda425f3e P d340220b6a58448f84165f12249f9baf [term 0 FOLLOWER]: Becoming Follower/Learner. State: Replica: d340220b6a58448f84165f12249f9baf, State: Initialized, Role: FOLLOWER
I20260630 12:18:01.542796 18160 consensus_queue.cc:260] T 694fad15675946ac9ec1f75bda425f3e P d340220b6a58448f84165f12249f9baf [NON_LEADER]: Queue going to NON_LEADER mode. State: All replicated index: 0, Majority replicated index: 0, Committed index: 0, Last appended: 0.0, Last appended by leader: 0, Current term: 0, Majority size: -1, State: 0, Mode: NON_LEADER, active raft config: opid_index: -1 OBSOLETE_local: false peers { permanent_uuid: "ae011eba96444ccb8db0e5b2b5bcf5a4" member_type: VOTER last_known_addr { host: "127.13.26.1" port: 35385 } } peers { permanent_uuid: "d340220b6a58448f84165f12249f9baf" member_type: VOTER last_known_addr { host: "127.13.26.3" port: 34521 } } peers { permanent_uuid: "bbc43211e64d4be3a059bb8af19b2c2e" member_type: VOTER last_known_addr { host: "127.13.26.2" port: 42069 } }
I20260630 12:18:01.544482 18164 tablet_bootstrap.cc:492] T d1ab989ff3114db1875ae36ec5e8a5b1 P bbc43211e64d4be3a059bb8af19b2c2e: No bootstrap required, opened a new log
I20260630 12:18:01.545073 18164 ts_tablet_manager.cc:1403] T d1ab989ff3114db1875ae36ec5e8a5b1 P bbc43211e64d4be3a059bb8af19b2c2e: Time spent bootstrapping tablet: real 0.015s	user 0.010s	sys 0.003s
I20260630 12:18:01.545387 18160 ts_tablet_manager.cc:1434] T 694fad15675946ac9ec1f75bda425f3e P d340220b6a58448f84165f12249f9baf: Time spent starting tablet: real 0.021s	user 0.006s	sys 0.000s
I20260630 12:18:01.546481 18160 tablet_bootstrap.cc:492] T ff7fe2d5787446adbbcf8932898f672f P d340220b6a58448f84165f12249f9baf: Bootstrap starting.
I20260630 12:18:01.546797 18159 tablet_bootstrap.cc:492] T 694fad15675946ac9ec1f75bda425f3e P ae011eba96444ccb8db0e5b2b5bcf5a4: No bootstrap required, opened a new log
I20260630 12:18:01.547232 18159 ts_tablet_manager.cc:1403] T 694fad15675946ac9ec1f75bda425f3e P ae011eba96444ccb8db0e5b2b5bcf5a4: Time spent bootstrapping tablet: real 0.016s	user 0.011s	sys 0.001s
I20260630 12:18:01.547544 18164 raft_consensus.cc:359] T d1ab989ff3114db1875ae36ec5e8a5b1 P bbc43211e64d4be3a059bb8af19b2c2e [term 0 FOLLOWER]: Replica starting. Triggering 0 pending ops. Active config: opid_index: -1 OBSOLETE_local: false peers { permanent_uuid: "ae011eba96444ccb8db0e5b2b5bcf5a4" member_type: VOTER last_known_addr { host: "127.13.26.1" port: 35385 } } peers { permanent_uuid: "bbc43211e64d4be3a059bb8af19b2c2e" member_type: VOTER last_known_addr { host: "127.13.26.2" port: 42069 } } peers { permanent_uuid: "d340220b6a58448f84165f12249f9baf" member_type: VOTER last_known_addr { host: "127.13.26.3" port: 34521 } }
I20260630 12:18:01.547971 18168 raft_consensus.cc:493] T 694fad15675946ac9ec1f75bda425f3e P d340220b6a58448f84165f12249f9baf [term 0 FOLLOWER]: Starting pre-election (no leader contacted us within the election timeout)
I20260630 12:18:01.548261 18164 raft_consensus.cc:385] T d1ab989ff3114db1875ae36ec5e8a5b1 P bbc43211e64d4be3a059bb8af19b2c2e [term 0 FOLLOWER]: Consensus starting up: Expiring failure detector timer to make a prompt election more likely
I20260630 12:18:01.548548 18164 raft_consensus.cc:740] T d1ab989ff3114db1875ae36ec5e8a5b1 P bbc43211e64d4be3a059bb8af19b2c2e [term 0 FOLLOWER]: Becoming Follower/Learner. State: Replica: bbc43211e64d4be3a059bb8af19b2c2e, State: Initialized, Role: FOLLOWER
I20260630 12:18:01.548441 18168 raft_consensus.cc:515] T 694fad15675946ac9ec1f75bda425f3e P d340220b6a58448f84165f12249f9baf [term 0 FOLLOWER]: Starting pre-election with config: opid_index: -1 OBSOLETE_local: false peers { permanent_uuid: "ae011eba96444ccb8db0e5b2b5bcf5a4" member_type: VOTER last_known_addr { host: "127.13.26.1" port: 35385 } } peers { permanent_uuid: "d340220b6a58448f84165f12249f9baf" member_type: VOTER last_known_addr { host: "127.13.26.3" port: 34521 } } peers { permanent_uuid: "bbc43211e64d4be3a059bb8af19b2c2e" member_type: VOTER last_known_addr { host: "127.13.26.2" port: 42069 } }
I20260630 12:18:01.549268 18164 consensus_queue.cc:260] T d1ab989ff3114db1875ae36ec5e8a5b1 P bbc43211e64d4be3a059bb8af19b2c2e [NON_LEADER]: Queue going to NON_LEADER mode. State: All replicated index: 0, Majority replicated index: 0, Committed index: 0, Last appended: 0.0, Last appended by leader: 0, Current term: 0, Majority size: -1, State: 0, Mode: NON_LEADER, active raft config: opid_index: -1 OBSOLETE_local: false peers { permanent_uuid: "ae011eba96444ccb8db0e5b2b5bcf5a4" member_type: VOTER last_known_addr { host: "127.13.26.1" port: 35385 } } peers { permanent_uuid: "bbc43211e64d4be3a059bb8af19b2c2e" member_type: VOTER last_known_addr { host: "127.13.26.2" port: 42069 } } peers { permanent_uuid: "d340220b6a58448f84165f12249f9baf" member_type: VOTER last_known_addr { host: "127.13.26.3" port: 34521 } }
I20260630 12:18:01.550612 18168 leader_election.cc:290] T 694fad15675946ac9ec1f75bda425f3e P d340220b6a58448f84165f12249f9baf [CANDIDATE]: Term 1 pre-election: Requested pre-vote from peers ae011eba96444ccb8db0e5b2b5bcf5a4 (127.13.26.1:35385), bbc43211e64d4be3a059bb8af19b2c2e (127.13.26.2:42069)
I20260630 12:18:01.551334 18164 ts_tablet_manager.cc:1434] T d1ab989ff3114db1875ae36ec5e8a5b1 P bbc43211e64d4be3a059bb8af19b2c2e: Time spent starting tablet: real 0.006s	user 0.005s	sys 0.000s
I20260630 12:18:01.552249 18164 tablet_bootstrap.cc:492] T 0b3fb63b3718427084a712a9747bde53 P bbc43211e64d4be3a059bb8af19b2c2e: Bootstrap starting.
I20260630 12:18:01.552218 17963 tablet_service.cc:1917] Received RequestConsensusVote() RPC: tablet_id: "694fad15675946ac9ec1f75bda425f3e" candidate_uuid: "d340220b6a58448f84165f12249f9baf" candidate_term: 1 candidate_status { last_received { term: 0 index: 0 } } ignore_live_leader: false dest_uuid: "ae011eba96444ccb8db0e5b2b5bcf5a4" is_pre_election: true
I20260630 12:18:01.553655 18039 tablet_service.cc:1917] Received RequestConsensusVote() RPC: tablet_id: "694fad15675946ac9ec1f75bda425f3e" candidate_uuid: "d340220b6a58448f84165f12249f9baf" candidate_term: 1 candidate_status { last_received { term: 0 index: 0 } } ignore_live_leader: false dest_uuid: "bbc43211e64d4be3a059bb8af19b2c2e" is_pre_election: true
I20260630 12:18:01.554432 18039 raft_consensus.cc:2468] T 694fad15675946ac9ec1f75bda425f3e P bbc43211e64d4be3a059bb8af19b2c2e [term 0 FOLLOWER]: Leader pre-election vote request: Granting yes vote for candidate d340220b6a58448f84165f12249f9baf in term 0.
W20260630 12:18:01.555991 18078 leader_election.cc:343] T 694fad15675946ac9ec1f75bda425f3e P d340220b6a58448f84165f12249f9baf [CANDIDATE]: Term 1 pre-election: Tablet error from VoteRequest() call to peer ae011eba96444ccb8db0e5b2b5bcf5a4 (127.13.26.1:35385): Illegal state: must be running to vote when last-logged opid is not known
I20260630 12:18:01.557133 18168 raft_consensus.cc:493] T 44b56d0d5fe3431fa3f4b295c58e53dd P d340220b6a58448f84165f12249f9baf [term 0 FOLLOWER]: Starting pre-election (no leader contacted us within the election timeout)
I20260630 12:18:01.557358 18077 leader_election.cc:304] T 694fad15675946ac9ec1f75bda425f3e P d340220b6a58448f84165f12249f9baf [CANDIDATE]: Term 1 pre-election: Election decided. Result: candidate won. Election summary: received 3 responses out of 3 voters: 2 yes votes; 1 no votes. yes voters: bbc43211e64d4be3a059bb8af19b2c2e, d340220b6a58448f84165f12249f9baf; no voters: ae011eba96444ccb8db0e5b2b5bcf5a4
I20260630 12:18:01.557665 18168 raft_consensus.cc:515] T 44b56d0d5fe3431fa3f4b295c58e53dd P d340220b6a58448f84165f12249f9baf [term 0 FOLLOWER]: Starting pre-election with config: opid_index: -1 OBSOLETE_local: false peers { permanent_uuid: "ae011eba96444ccb8db0e5b2b5bcf5a4" member_type: VOTER last_known_addr { host: "127.13.26.1" port: 35385 } } peers { permanent_uuid: "bbc43211e64d4be3a059bb8af19b2c2e" member_type: VOTER last_known_addr { host: "127.13.26.2" port: 42069 } } peers { permanent_uuid: "d340220b6a58448f84165f12249f9baf" member_type: VOTER last_known_addr { host: "127.13.26.3" port: 34521 } }
I20260630 12:18:01.558463 18164 tablet_bootstrap.cc:654] T 0b3fb63b3718427084a712a9747bde53 P bbc43211e64d4be3a059bb8af19b2c2e: Neither blocks nor log segments found. Creating new log.
I20260630 12:18:01.554440 18160 tablet_bootstrap.cc:654] T ff7fe2d5787446adbbcf8932898f672f P d340220b6a58448f84165f12249f9baf: Neither blocks nor log segments found. Creating new log.
I20260630 12:18:01.560520 18184 raft_consensus.cc:2804] T 694fad15675946ac9ec1f75bda425f3e P d340220b6a58448f84165f12249f9baf [term 0 FOLLOWER]: Leader pre-election won for term 1
I20260630 12:18:01.560897 18184 raft_consensus.cc:493] T 694fad15675946ac9ec1f75bda425f3e P d340220b6a58448f84165f12249f9baf [term 0 FOLLOWER]: Starting leader election (no leader contacted us within the election timeout)
I20260630 12:18:01.561287 18184 raft_consensus.cc:3060] T 694fad15675946ac9ec1f75bda425f3e P d340220b6a58448f84165f12249f9baf [term 0 FOLLOWER]: Advancing to term 1
I20260630 12:18:01.568641 17963 tablet_service.cc:1917] Received RequestConsensusVote() RPC: tablet_id: "44b56d0d5fe3431fa3f4b295c58e53dd" candidate_uuid: "d340220b6a58448f84165f12249f9baf" candidate_term: 1 candidate_status { last_received { term: 0 index: 0 } } ignore_live_leader: false dest_uuid: "ae011eba96444ccb8db0e5b2b5bcf5a4" is_pre_election: true
I20260630 12:18:01.569554 17963 raft_consensus.cc:2468] T 44b56d0d5fe3431fa3f4b295c58e53dd P ae011eba96444ccb8db0e5b2b5bcf5a4 [term 0 FOLLOWER]: Leader pre-election vote request: Granting yes vote for candidate d340220b6a58448f84165f12249f9baf in term 0.
I20260630 12:18:01.571051 18078 leader_election.cc:304] T 44b56d0d5fe3431fa3f4b295c58e53dd P d340220b6a58448f84165f12249f9baf [CANDIDATE]: Term 1 pre-election: Election decided. Result: candidate won. Election summary: received 2 responses out of 3 voters: 2 yes votes; 0 no votes. yes voters: ae011eba96444ccb8db0e5b2b5bcf5a4, d340220b6a58448f84165f12249f9baf; no voters: 
I20260630 12:18:01.574002 18168 leader_election.cc:290] T 44b56d0d5fe3431fa3f4b295c58e53dd P d340220b6a58448f84165f12249f9baf [CANDIDATE]: Term 1 pre-election: Requested pre-vote from peers ae011eba96444ccb8db0e5b2b5bcf5a4 (127.13.26.1:35385), bbc43211e64d4be3a059bb8af19b2c2e (127.13.26.2:42069)
I20260630 12:18:01.574656 18039 tablet_service.cc:1917] Received RequestConsensusVote() RPC: tablet_id: "44b56d0d5fe3431fa3f4b295c58e53dd" candidate_uuid: "d340220b6a58448f84165f12249f9baf" candidate_term: 1 candidate_status { last_received { term: 0 index: 0 } } ignore_live_leader: false dest_uuid: "bbc43211e64d4be3a059bb8af19b2c2e" is_pre_election: true
I20260630 12:18:01.575639 18039 raft_consensus.cc:2468] T 44b56d0d5fe3431fa3f4b295c58e53dd P bbc43211e64d4be3a059bb8af19b2c2e [term 0 FOLLOWER]: Leader pre-election vote request: Granting yes vote for candidate d340220b6a58448f84165f12249f9baf in term 0.
I20260630 12:18:01.574716 18168 raft_consensus.cc:2804] T 44b56d0d5fe3431fa3f4b295c58e53dd P d340220b6a58448f84165f12249f9baf [term 0 FOLLOWER]: Leader pre-election won for term 1
I20260630 12:18:01.583642 18168 raft_consensus.cc:493] T 44b56d0d5fe3431fa3f4b295c58e53dd P d340220b6a58448f84165f12249f9baf [term 0 FOLLOWER]: Starting leader election (no leader contacted us within the election timeout)
I20260630 12:18:01.584110 18168 raft_consensus.cc:3060] T 44b56d0d5fe3431fa3f4b295c58e53dd P d340220b6a58448f84165f12249f9baf [term 0 FOLLOWER]: Advancing to term 1
I20260630 12:18:01.586242 18199 raft_consensus.cc:493] T 0b3fb63b3718427084a712a9747bde53 P ae011eba96444ccb8db0e5b2b5bcf5a4 [term 0 FOLLOWER]: Starting pre-election (no leader contacted us within the election timeout)
I20260630 12:18:01.586544 18160 tablet_bootstrap.cc:492] T ff7fe2d5787446adbbcf8932898f672f P d340220b6a58448f84165f12249f9baf: No bootstrap required, opened a new log
I20260630 12:18:01.587049 18160 ts_tablet_manager.cc:1403] T ff7fe2d5787446adbbcf8932898f672f P d340220b6a58448f84165f12249f9baf: Time spent bootstrapping tablet: real 0.041s	user 0.030s	sys 0.002s
I20260630 12:18:01.586755 18199 raft_consensus.cc:515] T 0b3fb63b3718427084a712a9747bde53 P ae011eba96444ccb8db0e5b2b5bcf5a4 [term 0 FOLLOWER]: Starting pre-election with config: opid_index: -1 OBSOLETE_local: false peers { permanent_uuid: "ae011eba96444ccb8db0e5b2b5bcf5a4" member_type: VOTER last_known_addr { host: "127.13.26.1" port: 35385 } } peers { permanent_uuid: "bbc43211e64d4be3a059bb8af19b2c2e" member_type: VOTER last_known_addr { host: "127.13.26.2" port: 42069 } } peers { permanent_uuid: "d340220b6a58448f84165f12249f9baf" member_type: VOTER last_known_addr { host: "127.13.26.3" port: 34521 } }
I20260630 12:18:01.587148 18164 tablet_bootstrap.cc:492] T 0b3fb63b3718427084a712a9747bde53 P bbc43211e64d4be3a059bb8af19b2c2e: No bootstrap required, opened a new log
I20260630 12:18:01.587777 18164 ts_tablet_manager.cc:1403] T 0b3fb63b3718427084a712a9747bde53 P bbc43211e64d4be3a059bb8af19b2c2e: Time spent bootstrapping tablet: real 0.036s	user 0.014s	sys 0.018s
I20260630 12:18:01.588943 18199 leader_election.cc:290] T 0b3fb63b3718427084a712a9747bde53 P ae011eba96444ccb8db0e5b2b5bcf5a4 [CANDIDATE]: Term 1 pre-election: Requested pre-vote from peers bbc43211e64d4be3a059bb8af19b2c2e (127.13.26.2:42069), d340220b6a58448f84165f12249f9baf (127.13.26.3:34521)
I20260630 12:18:01.582943 18159 raft_consensus.cc:359] T 694fad15675946ac9ec1f75bda425f3e P ae011eba96444ccb8db0e5b2b5bcf5a4 [term 0 FOLLOWER]: Replica starting. Triggering 0 pending ops. Active config: opid_index: -1 OBSOLETE_local: false peers { permanent_uuid: "ae011eba96444ccb8db0e5b2b5bcf5a4" member_type: VOTER last_known_addr { host: "127.13.26.1" port: 35385 } } peers { permanent_uuid: "d340220b6a58448f84165f12249f9baf" member_type: VOTER last_known_addr { host: "127.13.26.3" port: 34521 } } peers { permanent_uuid: "bbc43211e64d4be3a059bb8af19b2c2e" member_type: VOTER last_known_addr { host: "127.13.26.2" port: 42069 } }
I20260630 12:18:01.590209 18159 raft_consensus.cc:385] T 694fad15675946ac9ec1f75bda425f3e P ae011eba96444ccb8db0e5b2b5bcf5a4 [term 0 FOLLOWER]: Consensus starting up: Expiring failure detector timer to make a prompt election more likely
I20260630 12:18:01.592314 18159 raft_consensus.cc:740] T 694fad15675946ac9ec1f75bda425f3e P ae011eba96444ccb8db0e5b2b5bcf5a4 [term 0 FOLLOWER]: Becoming Follower/Learner. State: Replica: ae011eba96444ccb8db0e5b2b5bcf5a4, State: Initialized, Role: FOLLOWER
I20260630 12:18:01.590624 18039 tablet_service.cc:1917] Received RequestConsensusVote() RPC: tablet_id: "0b3fb63b3718427084a712a9747bde53" candidate_uuid: "ae011eba96444ccb8db0e5b2b5bcf5a4" candidate_term: 1 candidate_status { last_received { term: 0 index: 0 } } ignore_live_leader: false dest_uuid: "bbc43211e64d4be3a059bb8af19b2c2e" is_pre_election: true
I20260630 12:18:01.590878 18164 raft_consensus.cc:359] T 0b3fb63b3718427084a712a9747bde53 P bbc43211e64d4be3a059bb8af19b2c2e [term 0 FOLLOWER]: Replica starting. Triggering 0 pending ops. Active config: opid_index: -1 OBSOLETE_local: false peers { permanent_uuid: "ae011eba96444ccb8db0e5b2b5bcf5a4" member_type: VOTER last_known_addr { host: "127.13.26.1" port: 35385 } } peers { permanent_uuid: "bbc43211e64d4be3a059bb8af19b2c2e" member_type: VOTER last_known_addr { host: "127.13.26.2" port: 42069 } } peers { permanent_uuid: "d340220b6a58448f84165f12249f9baf" member_type: VOTER last_known_addr { host: "127.13.26.3" port: 34521 } }
I20260630 12:18:01.591516 18184 raft_consensus.cc:515] T 694fad15675946ac9ec1f75bda425f3e P d340220b6a58448f84165f12249f9baf [term 1 FOLLOWER]: Starting leader election with config: opid_index: -1 OBSOLETE_local: false peers { permanent_uuid: "ae011eba96444ccb8db0e5b2b5bcf5a4" member_type: VOTER last_known_addr { host: "127.13.26.1" port: 35385 } } peers { permanent_uuid: "d340220b6a58448f84165f12249f9baf" member_type: VOTER last_known_addr { host: "127.13.26.3" port: 34521 } } peers { permanent_uuid: "bbc43211e64d4be3a059bb8af19b2c2e" member_type: VOTER last_known_addr { host: "127.13.26.2" port: 42069 } }
I20260630 12:18:01.592167 18114 tablet_service.cc:1917] Received RequestConsensusVote() RPC: tablet_id: "0b3fb63b3718427084a712a9747bde53" candidate_uuid: "ae011eba96444ccb8db0e5b2b5bcf5a4" candidate_term: 1 candidate_status { last_received { term: 0 index: 0 } } ignore_live_leader: false dest_uuid: "d340220b6a58448f84165f12249f9baf" is_pre_election: true
I20260630 12:18:01.592927 18164 raft_consensus.cc:385] T 0b3fb63b3718427084a712a9747bde53 P bbc43211e64d4be3a059bb8af19b2c2e [term 0 FOLLOWER]: Consensus starting up: Expiring failure detector timer to make a prompt election more likely
I20260630 12:18:01.593292 18164 raft_consensus.cc:740] T 0b3fb63b3718427084a712a9747bde53 P bbc43211e64d4be3a059bb8af19b2c2e [term 0 FOLLOWER]: Becoming Follower/Learner. State: Replica: bbc43211e64d4be3a059bb8af19b2c2e, State: Initialized, Role: FOLLOWER
I20260630 12:18:01.593146 18159 consensus_queue.cc:260] T 694fad15675946ac9ec1f75bda425f3e P ae011eba96444ccb8db0e5b2b5bcf5a4 [NON_LEADER]: Queue going to NON_LEADER mode. State: All replicated index: 0, Majority replicated index: 0, Committed index: 0, Last appended: 0.0, Last appended by leader: 0, Current term: 0, Majority size: -1, State: 0, Mode: NON_LEADER, active raft config: opid_index: -1 OBSOLETE_local: false peers { permanent_uuid: "ae011eba96444ccb8db0e5b2b5bcf5a4" member_type: VOTER last_known_addr { host: "127.13.26.1" port: 35385 } } peers { permanent_uuid: "d340220b6a58448f84165f12249f9baf" member_type: VOTER last_known_addr { host: "127.13.26.3" port: 34521 } } peers { permanent_uuid: "bbc43211e64d4be3a059bb8af19b2c2e" member_type: VOTER last_known_addr { host: "127.13.26.2" port: 42069 } }
W20260630 12:18:01.594329 17930 leader_election.cc:343] T 0b3fb63b3718427084a712a9747bde53 P ae011eba96444ccb8db0e5b2b5bcf5a4 [CANDIDATE]: Term 1 pre-election: Tablet error from VoteRequest() call to peer d340220b6a58448f84165f12249f9baf (127.13.26.3:34521): Illegal state: must be running to vote when last-logged opid is not known
I20260630 12:18:01.594094 18164 consensus_queue.cc:260] T 0b3fb63b3718427084a712a9747bde53 P bbc43211e64d4be3a059bb8af19b2c2e [NON_LEADER]: Queue going to NON_LEADER mode. State: All replicated index: 0, Majority replicated index: 0, Committed index: 0, Last appended: 0.0, Last appended by leader: 0, Current term: 0, Majority size: -1, State: 0, Mode: NON_LEADER, active raft config: opid_index: -1 OBSOLETE_local: false peers { permanent_uuid: "ae011eba96444ccb8db0e5b2b5bcf5a4" member_type: VOTER last_known_addr { host: "127.13.26.1" port: 35385 } } peers { permanent_uuid: "bbc43211e64d4be3a059bb8af19b2c2e" member_type: VOTER last_known_addr { host: "127.13.26.2" port: 42069 } } peers { permanent_uuid: "d340220b6a58448f84165f12249f9baf" member_type: VOTER last_known_addr { host: "127.13.26.3" port: 34521 } }
I20260630 12:18:01.595162 18159 ts_tablet_manager.cc:1434] T 694fad15675946ac9ec1f75bda425f3e P ae011eba96444ccb8db0e5b2b5bcf5a4: Time spent starting tablet: real 0.048s	user 0.003s	sys 0.003s
I20260630 12:18:01.590139 18160 raft_consensus.cc:359] T ff7fe2d5787446adbbcf8932898f672f P d340220b6a58448f84165f12249f9baf [term 0 FOLLOWER]: Replica starting. Triggering 0 pending ops. Active config: opid_index: -1 OBSOLETE_local: false peers { permanent_uuid: "ae011eba96444ccb8db0e5b2b5bcf5a4" member_type: VOTER last_known_addr { host: "127.13.26.1" port: 35385 } } peers { permanent_uuid: "bbc43211e64d4be3a059bb8af19b2c2e" member_type: VOTER last_known_addr { host: "127.13.26.2" port: 42069 } } peers { permanent_uuid: "d340220b6a58448f84165f12249f9baf" member_type: VOTER last_known_addr { host: "127.13.26.3" port: 34521 } }
I20260630 12:18:01.595698 18160 raft_consensus.cc:385] T ff7fe2d5787446adbbcf8932898f672f P d340220b6a58448f84165f12249f9baf [term 0 FOLLOWER]: Consensus starting up: Expiring failure detector timer to make a prompt election more likely
I20260630 12:18:01.596030 18160 raft_consensus.cc:740] T ff7fe2d5787446adbbcf8932898f672f P d340220b6a58448f84165f12249f9baf [term 0 FOLLOWER]: Becoming Follower/Learner. State: Replica: d340220b6a58448f84165f12249f9baf, State: Initialized, Role: FOLLOWER
I20260630 12:18:01.596400 18164 ts_tablet_manager.cc:1434] T 0b3fb63b3718427084a712a9747bde53 P bbc43211e64d4be3a059bb8af19b2c2e: Time spent starting tablet: real 0.008s	user 0.003s	sys 0.004s
I20260630 12:18:01.596120 18039 raft_consensus.cc:2468] T 0b3fb63b3718427084a712a9747bde53 P bbc43211e64d4be3a059bb8af19b2c2e [term 0 FOLLOWER]: Leader pre-election vote request: Granting yes vote for candidate ae011eba96444ccb8db0e5b2b5bcf5a4 in term 0.
I20260630 12:18:01.597186 18160 consensus_queue.cc:260] T ff7fe2d5787446adbbcf8932898f672f P d340220b6a58448f84165f12249f9baf [NON_LEADER]: Queue going to NON_LEADER mode. State: All replicated index: 0, Majority replicated index: 0, Committed index: 0, Last appended: 0.0, Last appended by leader: 0, Current term: 0, Majority size: -1, State: 0, Mode: NON_LEADER, active raft config: opid_index: -1 OBSOLETE_local: false peers { permanent_uuid: "ae011eba96444ccb8db0e5b2b5bcf5a4" member_type: VOTER last_known_addr { host: "127.13.26.1" port: 35385 } } peers { permanent_uuid: "bbc43211e64d4be3a059bb8af19b2c2e" member_type: VOTER last_known_addr { host: "127.13.26.2" port: 42069 } } peers { permanent_uuid: "d340220b6a58448f84165f12249f9baf" member_type: VOTER last_known_addr { host: "127.13.26.3" port: 34521 } }
I20260630 12:18:01.598048 18164 tablet_bootstrap.cc:492] T ba770e4fa4794b4ba403fe0eb91bae5e P bbc43211e64d4be3a059bb8af19b2c2e: Bootstrap starting.
I20260630 12:18:01.599629 18160 ts_tablet_manager.cc:1434] T ff7fe2d5787446adbbcf8932898f672f P d340220b6a58448f84165f12249f9baf: Time spent starting tablet: real 0.012s	user 0.007s	sys 0.000s
I20260630 12:18:01.599707 18184 leader_election.cc:290] T 694fad15675946ac9ec1f75bda425f3e P d340220b6a58448f84165f12249f9baf [CANDIDATE]: Term 1 election: Requested vote from peers ae011eba96444ccb8db0e5b2b5bcf5a4 (127.13.26.1:35385), bbc43211e64d4be3a059bb8af19b2c2e (127.13.26.2:42069)
I20260630 12:18:01.601553 18160 tablet_bootstrap.cc:492] T 0b3fb63b3718427084a712a9747bde53 P d340220b6a58448f84165f12249f9baf: Bootstrap starting.
I20260630 12:18:01.602936 17928 leader_election.cc:304] T 0b3fb63b3718427084a712a9747bde53 P ae011eba96444ccb8db0e5b2b5bcf5a4 [CANDIDATE]: Term 1 pre-election: Election decided. Result: candidate won. Election summary: received 3 responses out of 3 voters: 2 yes votes; 1 no votes. yes voters: ae011eba96444ccb8db0e5b2b5bcf5a4, bbc43211e64d4be3a059bb8af19b2c2e; no voters: d340220b6a58448f84165f12249f9baf
I20260630 12:18:01.603624 18163 raft_consensus.cc:2804] T 0b3fb63b3718427084a712a9747bde53 P ae011eba96444ccb8db0e5b2b5bcf5a4 [term 0 FOLLOWER]: Leader pre-election won for term 1
I20260630 12:18:01.603976 18163 raft_consensus.cc:493] T 0b3fb63b3718427084a712a9747bde53 P ae011eba96444ccb8db0e5b2b5bcf5a4 [term 0 FOLLOWER]: Starting leader election (no leader contacted us within the election timeout)
I20260630 12:18:01.604341 18163 raft_consensus.cc:3060] T 0b3fb63b3718427084a712a9747bde53 P ae011eba96444ccb8db0e5b2b5bcf5a4 [term 0 FOLLOWER]: Advancing to term 1
I20260630 12:18:01.606356 18164 tablet_bootstrap.cc:654] T ba770e4fa4794b4ba403fe0eb91bae5e P bbc43211e64d4be3a059bb8af19b2c2e: Neither blocks nor log segments found. Creating new log.
I20260630 12:18:01.607781 18160 tablet_bootstrap.cc:654] T 0b3fb63b3718427084a712a9747bde53 P d340220b6a58448f84165f12249f9baf: Neither blocks nor log segments found. Creating new log.
I20260630 12:18:01.608692 18159 tablet_bootstrap.cc:492] T 12abc04d33124ad3973788b41ecf1431 P ae011eba96444ccb8db0e5b2b5bcf5a4: Bootstrap starting.
I20260630 12:18:01.608901 18039 tablet_service.cc:1917] Received RequestConsensusVote() RPC: tablet_id: "694fad15675946ac9ec1f75bda425f3e" candidate_uuid: "d340220b6a58448f84165f12249f9baf" candidate_term: 1 candidate_status { last_received { term: 0 index: 0 } } ignore_live_leader: false dest_uuid: "bbc43211e64d4be3a059bb8af19b2c2e"
I20260630 12:18:01.609513 18039 raft_consensus.cc:3060] T 694fad15675946ac9ec1f75bda425f3e P bbc43211e64d4be3a059bb8af19b2c2e [term 0 FOLLOWER]: Advancing to term 1
I20260630 12:18:01.610896 17963 tablet_service.cc:1917] Received RequestConsensusVote() RPC: tablet_id: "694fad15675946ac9ec1f75bda425f3e" candidate_uuid: "d340220b6a58448f84165f12249f9baf" candidate_term: 1 candidate_status { last_received { term: 0 index: 0 } } ignore_live_leader: false dest_uuid: "ae011eba96444ccb8db0e5b2b5bcf5a4"
I20260630 12:18:01.611500 17963 raft_consensus.cc:3060] T 694fad15675946ac9ec1f75bda425f3e P ae011eba96444ccb8db0e5b2b5bcf5a4 [term 0 FOLLOWER]: Advancing to term 1
I20260630 12:18:01.619256 18159 tablet_bootstrap.cc:654] T 12abc04d33124ad3973788b41ecf1431 P ae011eba96444ccb8db0e5b2b5bcf5a4: Neither blocks nor log segments found. Creating new log.
I20260630 12:18:01.629999 18163 raft_consensus.cc:515] T 0b3fb63b3718427084a712a9747bde53 P ae011eba96444ccb8db0e5b2b5bcf5a4 [term 1 FOLLOWER]: Starting leader election with config: opid_index: -1 OBSOLETE_local: false peers { permanent_uuid: "ae011eba96444ccb8db0e5b2b5bcf5a4" member_type: VOTER last_known_addr { host: "127.13.26.1" port: 35385 } } peers { permanent_uuid: "bbc43211e64d4be3a059bb8af19b2c2e" member_type: VOTER last_known_addr { host: "127.13.26.2" port: 42069 } } peers { permanent_uuid: "d340220b6a58448f84165f12249f9baf" member_type: VOTER last_known_addr { host: "127.13.26.3" port: 34521 } }
I20260630 12:18:01.633226 17963 raft_consensus.cc:2468] T 694fad15675946ac9ec1f75bda425f3e P ae011eba96444ccb8db0e5b2b5bcf5a4 [term 1 FOLLOWER]: Leader election vote request: Granting yes vote for candidate d340220b6a58448f84165f12249f9baf in term 1.
I20260630 12:18:01.633188 18040 tablet_service.cc:1917] Received RequestConsensusVote() RPC: tablet_id: "0b3fb63b3718427084a712a9747bde53" candidate_uuid: "ae011eba96444ccb8db0e5b2b5bcf5a4" candidate_term: 1 candidate_status { last_received { term: 0 index: 0 } } ignore_live_leader: false dest_uuid: "bbc43211e64d4be3a059bb8af19b2c2e"
I20260630 12:18:01.633962 18040 raft_consensus.cc:3060] T 0b3fb63b3718427084a712a9747bde53 P bbc43211e64d4be3a059bb8af19b2c2e [term 0 FOLLOWER]: Advancing to term 1
I20260630 12:18:01.636276 18039 raft_consensus.cc:2468] T 694fad15675946ac9ec1f75bda425f3e P bbc43211e64d4be3a059bb8af19b2c2e [term 1 FOLLOWER]: Leader election vote request: Granting yes vote for candidate d340220b6a58448f84165f12249f9baf in term 1.
I20260630 12:18:01.637506 18077 leader_election.cc:304] T 694fad15675946ac9ec1f75bda425f3e P d340220b6a58448f84165f12249f9baf [CANDIDATE]: Term 1 election: Election decided. Result: candidate won. Election summary: received 2 responses out of 3 voters: 2 yes votes; 0 no votes. yes voters: bbc43211e64d4be3a059bb8af19b2c2e, d340220b6a58448f84165f12249f9baf; no voters: 
I20260630 12:18:01.638365 18184 raft_consensus.cc:2804] T 694fad15675946ac9ec1f75bda425f3e P d340220b6a58448f84165f12249f9baf [term 1 FOLLOWER]: Leader election won for term 1
I20260630 12:18:01.638836 18184 raft_consensus.cc:697] T 694fad15675946ac9ec1f75bda425f3e P d340220b6a58448f84165f12249f9baf [term 1 LEADER]: Becoming Leader. State: Replica: d340220b6a58448f84165f12249f9baf, State: Running, Role: LEADER
I20260630 12:18:01.639613 18184 consensus_queue.cc:237] T 694fad15675946ac9ec1f75bda425f3e P d340220b6a58448f84165f12249f9baf [LEADER]: Queue going to LEADER mode. State: All replicated index: 0, Majority replicated index: 0, Committed index: 0, Last appended: 0.0, Last appended by leader: 0, Current term: 1, Majority size: 2, State: 0, Mode: LEADER, active raft config: opid_index: -1 OBSOLETE_local: false peers { permanent_uuid: "ae011eba96444ccb8db0e5b2b5bcf5a4" member_type: VOTER last_known_addr { host: "127.13.26.1" port: 35385 } } peers { permanent_uuid: "d340220b6a58448f84165f12249f9baf" member_type: VOTER last_known_addr { host: "127.13.26.3" port: 34521 } } peers { permanent_uuid: "bbc43211e64d4be3a059bb8af19b2c2e" member_type: VOTER last_known_addr { host: "127.13.26.2" port: 42069 } }
I20260630 12:18:01.641482 18040 raft_consensus.cc:2468] T 0b3fb63b3718427084a712a9747bde53 P bbc43211e64d4be3a059bb8af19b2c2e [term 1 FOLLOWER]: Leader election vote request: Granting yes vote for candidate ae011eba96444ccb8db0e5b2b5bcf5a4 in term 1.
I20260630 12:18:01.644042 17928 leader_election.cc:304] T 0b3fb63b3718427084a712a9747bde53 P ae011eba96444ccb8db0e5b2b5bcf5a4 [CANDIDATE]: Term 1 election: Election decided. Result: candidate won. Election summary: received 2 responses out of 3 voters: 2 yes votes; 0 no votes. yes voters: ae011eba96444ccb8db0e5b2b5bcf5a4, bbc43211e64d4be3a059bb8af19b2c2e; no voters: 
I20260630 12:18:01.645152 18199 raft_consensus.cc:2804] T 0b3fb63b3718427084a712a9747bde53 P ae011eba96444ccb8db0e5b2b5bcf5a4 [term 1 FOLLOWER]: Leader election won for term 1
I20260630 12:18:01.653626 18168 raft_consensus.cc:515] T 44b56d0d5fe3431fa3f4b295c58e53dd P d340220b6a58448f84165f12249f9baf [term 1 FOLLOWER]: Starting leader election with config: opid_index: -1 OBSOLETE_local: false peers { permanent_uuid: "ae011eba96444ccb8db0e5b2b5bcf5a4" member_type: VOTER last_known_addr { host: "127.13.26.1" port: 35385 } } peers { permanent_uuid: "bbc43211e64d4be3a059bb8af19b2c2e" member_type: VOTER last_known_addr { host: "127.13.26.2" port: 42069 } } peers { permanent_uuid: "d340220b6a58448f84165f12249f9baf" member_type: VOTER last_known_addr { host: "127.13.26.3" port: 34521 } }
I20260630 12:18:01.660120 18039 tablet_service.cc:1917] Received RequestConsensusVote() RPC: tablet_id: "44b56d0d5fe3431fa3f4b295c58e53dd" candidate_uuid: "d340220b6a58448f84165f12249f9baf" candidate_term: 1 candidate_status { last_received { term: 0 index: 0 } } ignore_live_leader: false dest_uuid: "bbc43211e64d4be3a059bb8af19b2c2e"
I20260630 12:18:01.660918 18039 raft_consensus.cc:3060] T 44b56d0d5fe3431fa3f4b295c58e53dd P bbc43211e64d4be3a059bb8af19b2c2e [term 0 FOLLOWER]: Advancing to term 1
I20260630 12:18:01.663375 18114 tablet_service.cc:1917] Received RequestConsensusVote() RPC: tablet_id: "0b3fb63b3718427084a712a9747bde53" candidate_uuid: "ae011eba96444ccb8db0e5b2b5bcf5a4" candidate_term: 1 candidate_status { last_received { term: 0 index: 0 } } ignore_live_leader: false dest_uuid: "d340220b6a58448f84165f12249f9baf"
I20260630 12:18:01.660084 17963 tablet_service.cc:1917] Received RequestConsensusVote() RPC: tablet_id: "44b56d0d5fe3431fa3f4b295c58e53dd" candidate_uuid: "d340220b6a58448f84165f12249f9baf" candidate_term: 1 candidate_status { last_received { term: 0 index: 0 } } ignore_live_leader: false dest_uuid: "ae011eba96444ccb8db0e5b2b5bcf5a4"
I20260630 12:18:01.664337 17963 raft_consensus.cc:3060] T 44b56d0d5fe3431fa3f4b295c58e53dd P ae011eba96444ccb8db0e5b2b5bcf5a4 [term 0 FOLLOWER]: Advancing to term 1
W20260630 12:18:01.665005 17930 leader_election.cc:343] T 0b3fb63b3718427084a712a9747bde53 P ae011eba96444ccb8db0e5b2b5bcf5a4 [CANDIDATE]: Term 1 election: Tablet error from VoteRequest() call to peer d340220b6a58448f84165f12249f9baf (127.13.26.3:34521): Illegal state: must be running to vote when last-logged opid is not known
I20260630 12:18:01.665679 18163 leader_election.cc:290] T 0b3fb63b3718427084a712a9747bde53 P ae011eba96444ccb8db0e5b2b5bcf5a4 [CANDIDATE]: Term 1 election: Requested vote from peers bbc43211e64d4be3a059bb8af19b2c2e (127.13.26.2:42069), d340220b6a58448f84165f12249f9baf (127.13.26.3:34521)
I20260630 12:18:01.668429 18199 raft_consensus.cc:697] T 0b3fb63b3718427084a712a9747bde53 P ae011eba96444ccb8db0e5b2b5bcf5a4 [term 1 LEADER]: Becoming Leader. State: Replica: ae011eba96444ccb8db0e5b2b5bcf5a4, State: Running, Role: LEADER
I20260630 12:18:01.669845 18193 raft_consensus.cc:493] T 12abc04d33124ad3973788b41ecf1431 P bbc43211e64d4be3a059bb8af19b2c2e [term 0 FOLLOWER]: Starting pre-election (no leader contacted us within the election timeout)
I20260630 12:18:01.670367 18193 raft_consensus.cc:515] T 12abc04d33124ad3973788b41ecf1431 P bbc43211e64d4be3a059bb8af19b2c2e [term 0 FOLLOWER]: Starting pre-election with config: opid_index: -1 OBSOLETE_local: false peers { permanent_uuid: "ae011eba96444ccb8db0e5b2b5bcf5a4" member_type: VOTER last_known_addr { host: "127.13.26.1" port: 35385 } } peers { permanent_uuid: "bbc43211e64d4be3a059bb8af19b2c2e" member_type: VOTER last_known_addr { host: "127.13.26.2" port: 42069 } } peers { permanent_uuid: "d340220b6a58448f84165f12249f9baf" member_type: VOTER last_known_addr { host: "127.13.26.3" port: 34521 } }
I20260630 12:18:01.670935 18160 tablet_bootstrap.cc:492] T 0b3fb63b3718427084a712a9747bde53 P d340220b6a58448f84165f12249f9baf: No bootstrap required, opened a new log
I20260630 12:18:01.671434 18160 ts_tablet_manager.cc:1403] T 0b3fb63b3718427084a712a9747bde53 P d340220b6a58448f84165f12249f9baf: Time spent bootstrapping tablet: real 0.070s	user 0.013s	sys 0.019s
I20260630 12:18:01.672683 18193 leader_election.cc:290] T 12abc04d33124ad3973788b41ecf1431 P bbc43211e64d4be3a059bb8af19b2c2e [CANDIDATE]: Term 1 pre-election: Requested pre-vote from peers ae011eba96444ccb8db0e5b2b5bcf5a4 (127.13.26.1:35385), d340220b6a58448f84165f12249f9baf (127.13.26.3:34521)
I20260630 12:18:01.674955 18160 raft_consensus.cc:359] T 0b3fb63b3718427084a712a9747bde53 P d340220b6a58448f84165f12249f9baf [term 0 FOLLOWER]: Replica starting. Triggering 0 pending ops. Active config: opid_index: -1 OBSOLETE_local: false peers { permanent_uuid: "ae011eba96444ccb8db0e5b2b5bcf5a4" member_type: VOTER last_known_addr { host: "127.13.26.1" port: 35385 } } peers { permanent_uuid: "bbc43211e64d4be3a059bb8af19b2c2e" member_type: VOTER last_known_addr { host: "127.13.26.2" port: 42069 } } peers { permanent_uuid: "d340220b6a58448f84165f12249f9baf" member_type: VOTER last_known_addr { host: "127.13.26.3" port: 34521 } }
I20260630 12:18:01.675397 17965 tablet_service.cc:1917] Received RequestConsensusVote() RPC: tablet_id: "12abc04d33124ad3973788b41ecf1431" candidate_uuid: "bbc43211e64d4be3a059bb8af19b2c2e" candidate_term: 1 candidate_status { last_received { term: 0 index: 0 } } ignore_live_leader: false dest_uuid: "ae011eba96444ccb8db0e5b2b5bcf5a4" is_pre_election: true
I20260630 12:18:01.676937 18168 leader_election.cc:290] T 44b56d0d5fe3431fa3f4b295c58e53dd P d340220b6a58448f84165f12249f9baf [CANDIDATE]: Term 1 election: Requested vote from peers ae011eba96444ccb8db0e5b2b5bcf5a4 (127.13.26.1:35385), bbc43211e64d4be3a059bb8af19b2c2e (127.13.26.2:42069)
I20260630 12:18:01.675947 18160 raft_consensus.cc:385] T 0b3fb63b3718427084a712a9747bde53 P d340220b6a58448f84165f12249f9baf [term 0 FOLLOWER]: Consensus starting up: Expiring failure detector timer to make a prompt election more likely
I20260630 12:18:01.677286 18114 tablet_service.cc:1917] Received RequestConsensusVote() RPC: tablet_id: "12abc04d33124ad3973788b41ecf1431" candidate_uuid: "bbc43211e64d4be3a059bb8af19b2c2e" candidate_term: 1 candidate_status { last_received { term: 0 index: 0 } } ignore_live_leader: false dest_uuid: "d340220b6a58448f84165f12249f9baf" is_pre_election: true
I20260630 12:18:01.677780 18160 raft_consensus.cc:740] T 0b3fb63b3718427084a712a9747bde53 P d340220b6a58448f84165f12249f9baf [term 0 FOLLOWER]: Becoming Follower/Learner. State: Replica: d340220b6a58448f84165f12249f9baf, State: Initialized, Role: FOLLOWER
W20260630 12:18:01.679045 18005 leader_election.cc:343] T 12abc04d33124ad3973788b41ecf1431 P bbc43211e64d4be3a059bb8af19b2c2e [CANDIDATE]: Term 1 pre-election: Tablet error from VoteRequest() call to peer d340220b6a58448f84165f12249f9baf (127.13.26.3:34521): Illegal state: must be running to vote when last-logged opid is not known
W20260630 12:18:01.680642 18004 leader_election.cc:343] T 12abc04d33124ad3973788b41ecf1431 P bbc43211e64d4be3a059bb8af19b2c2e [CANDIDATE]: Term 1 pre-election: Tablet error from VoteRequest() call to peer ae011eba96444ccb8db0e5b2b5bcf5a4 (127.13.26.1:35385): Illegal state: must be running to vote when last-logged opid is not known
I20260630 12:18:01.681190 18004 leader_election.cc:304] T 12abc04d33124ad3973788b41ecf1431 P bbc43211e64d4be3a059bb8af19b2c2e [CANDIDATE]: Term 1 pre-election: Election decided. Result: candidate lost. Election summary: received 3 responses out of 3 voters: 1 yes votes; 2 no votes. yes voters: bbc43211e64d4be3a059bb8af19b2c2e; no voters: ae011eba96444ccb8db0e5b2b5bcf5a4, d340220b6a58448f84165f12249f9baf
I20260630 12:18:01.680159 18160 consensus_queue.cc:260] T 0b3fb63b3718427084a712a9747bde53 P d340220b6a58448f84165f12249f9baf [NON_LEADER]: Queue going to NON_LEADER mode. State: All replicated index: 0, Majority replicated index: 0, Committed index: 0, Last appended: 0.0, Last appended by leader: 0, Current term: 0, Majority size: -1, State: 0, Mode: NON_LEADER, active raft config: opid_index: -1 OBSOLETE_local: false peers { permanent_uuid: "ae011eba96444ccb8db0e5b2b5bcf5a4" member_type: VOTER last_known_addr { host: "127.13.26.1" port: 35385 } } peers { permanent_uuid: "bbc43211e64d4be3a059bb8af19b2c2e" member_type: VOTER last_known_addr { host: "127.13.26.2" port: 42069 } } peers { permanent_uuid: "d340220b6a58448f84165f12249f9baf" member_type: VOTER last_known_addr { host: "127.13.26.3" port: 34521 } }
I20260630 12:18:01.682376 18193 raft_consensus.cc:2749] T 12abc04d33124ad3973788b41ecf1431 P bbc43211e64d4be3a059bb8af19b2c2e [term 0 FOLLOWER]: Leader pre-election lost for term 1. Reason: could not achieve majority
I20260630 12:18:01.683120 18039 raft_consensus.cc:2468] T 44b56d0d5fe3431fa3f4b295c58e53dd P bbc43211e64d4be3a059bb8af19b2c2e [term 1 FOLLOWER]: Leader election vote request: Granting yes vote for candidate d340220b6a58448f84165f12249f9baf in term 1.
I20260630 12:18:01.669492 18199 consensus_queue.cc:237] T 0b3fb63b3718427084a712a9747bde53 P ae011eba96444ccb8db0e5b2b5bcf5a4 [LEADER]: Queue going to LEADER mode. State: All replicated index: 0, Majority replicated index: 0, Committed index: 0, Last appended: 0.0, Last appended by leader: 0, Current term: 1, Majority size: 2, State: 0, Mode: LEADER, active raft config: opid_index: -1 OBSOLETE_local: false peers { permanent_uuid: "ae011eba96444ccb8db0e5b2b5bcf5a4" member_type: VOTER last_known_addr { host: "127.13.26.1" port: 35385 } } peers { permanent_uuid: "bbc43211e64d4be3a059bb8af19b2c2e" member_type: VOTER last_known_addr { host: "127.13.26.2" port: 42069 } } peers { permanent_uuid: "d340220b6a58448f84165f12249f9baf" member_type: VOTER last_known_addr { host: "127.13.26.3" port: 34521 } }
I20260630 12:18:01.684293 18077 leader_election.cc:304] T 44b56d0d5fe3431fa3f4b295c58e53dd P d340220b6a58448f84165f12249f9baf [CANDIDATE]: Term 1 election: Election decided. Result: candidate won. Election summary: received 2 responses out of 3 voters: 2 yes votes; 0 no votes. yes voters: bbc43211e64d4be3a059bb8af19b2c2e, d340220b6a58448f84165f12249f9baf; no voters: 
I20260630 12:18:01.684742 18164 tablet_bootstrap.cc:492] T ba770e4fa4794b4ba403fe0eb91bae5e P bbc43211e64d4be3a059bb8af19b2c2e: No bootstrap required, opened a new log
I20260630 12:18:01.685201 18168 raft_consensus.cc:2804] T 44b56d0d5fe3431fa3f4b295c58e53dd P d340220b6a58448f84165f12249f9baf [term 1 FOLLOWER]: Leader election won for term 1
I20260630 12:18:01.685271 18164 ts_tablet_manager.cc:1403] T ba770e4fa4794b4ba403fe0eb91bae5e P bbc43211e64d4be3a059bb8af19b2c2e: Time spent bootstrapping tablet: real 0.087s	user 0.030s	sys 0.046s
I20260630 12:18:01.683506 18160 ts_tablet_manager.cc:1434] T 0b3fb63b3718427084a712a9747bde53 P d340220b6a58448f84165f12249f9baf: Time spent starting tablet: real 0.012s	user 0.006s	sys 0.003s
I20260630 12:18:01.685988 18168 raft_consensus.cc:697] T 44b56d0d5fe3431fa3f4b295c58e53dd P d340220b6a58448f84165f12249f9baf [term 1 LEADER]: Becoming Leader. State: Replica: d340220b6a58448f84165f12249f9baf, State: Running, Role: LEADER
I20260630 12:18:01.686654 18160 tablet_bootstrap.cc:492] T 5e555a8fb8734a5187084ca329feb8d8 P d340220b6a58448f84165f12249f9baf: Bootstrap starting.
I20260630 12:18:01.686825 18168 consensus_queue.cc:237] T 44b56d0d5fe3431fa3f4b295c58e53dd P d340220b6a58448f84165f12249f9baf [LEADER]: Queue going to LEADER mode. State: All replicated index: 0, Majority replicated index: 0, Committed index: 0, Last appended: 0.0, Last appended by leader: 0, Current term: 1, Majority size: 2, State: 0, Mode: LEADER, active raft config: opid_index: -1 OBSOLETE_local: false peers { permanent_uuid: "ae011eba96444ccb8db0e5b2b5bcf5a4" member_type: VOTER last_known_addr { host: "127.13.26.1" port: 35385 } } peers { permanent_uuid: "bbc43211e64d4be3a059bb8af19b2c2e" member_type: VOTER last_known_addr { host: "127.13.26.2" port: 42069 } } peers { permanent_uuid: "d340220b6a58448f84165f12249f9baf" member_type: VOTER last_known_addr { host: "127.13.26.3" port: 34521 } }
I20260630 12:18:01.688236 18164 raft_consensus.cc:359] T ba770e4fa4794b4ba403fe0eb91bae5e P bbc43211e64d4be3a059bb8af19b2c2e [term 0 FOLLOWER]: Replica starting. Triggering 0 pending ops. Active config: opid_index: -1 OBSOLETE_local: false peers { permanent_uuid: "ae011eba96444ccb8db0e5b2b5bcf5a4" member_type: VOTER last_known_addr { host: "127.13.26.1" port: 35385 } } peers { permanent_uuid: "bbc43211e64d4be3a059bb8af19b2c2e" member_type: VOTER last_known_addr { host: "127.13.26.2" port: 42069 } } peers { permanent_uuid: "d340220b6a58448f84165f12249f9baf" member_type: VOTER last_known_addr { host: "127.13.26.3" port: 34521 } }
I20260630 12:18:01.689126 18164 raft_consensus.cc:385] T ba770e4fa4794b4ba403fe0eb91bae5e P bbc43211e64d4be3a059bb8af19b2c2e [term 0 FOLLOWER]: Consensus starting up: Expiring failure detector timer to make a prompt election more likely
I20260630 12:18:01.689479 18164 raft_consensus.cc:740] T ba770e4fa4794b4ba403fe0eb91bae5e P bbc43211e64d4be3a059bb8af19b2c2e [term 0 FOLLOWER]: Becoming Follower/Learner. State: Replica: bbc43211e64d4be3a059bb8af19b2c2e, State: Initialized, Role: FOLLOWER
I20260630 12:18:01.690284 18164 consensus_queue.cc:260] T ba770e4fa4794b4ba403fe0eb91bae5e P bbc43211e64d4be3a059bb8af19b2c2e [NON_LEADER]: Queue going to NON_LEADER mode. State: All replicated index: 0, Majority replicated index: 0, Committed index: 0, Last appended: 0.0, Last appended by leader: 0, Current term: 0, Majority size: -1, State: 0, Mode: NON_LEADER, active raft config: opid_index: -1 OBSOLETE_local: false peers { permanent_uuid: "ae011eba96444ccb8db0e5b2b5bcf5a4" member_type: VOTER last_known_addr { host: "127.13.26.1" port: 35385 } } peers { permanent_uuid: "bbc43211e64d4be3a059bb8af19b2c2e" member_type: VOTER last_known_addr { host: "127.13.26.2" port: 42069 } } peers { permanent_uuid: "d340220b6a58448f84165f12249f9baf" member_type: VOTER last_known_addr { host: "127.13.26.3" port: 34521 } }
I20260630 12:18:01.692283 18159 tablet_bootstrap.cc:492] T 12abc04d33124ad3973788b41ecf1431 P ae011eba96444ccb8db0e5b2b5bcf5a4: No bootstrap required, opened a new log
I20260630 12:18:01.692749 18159 ts_tablet_manager.cc:1403] T 12abc04d33124ad3973788b41ecf1431 P ae011eba96444ccb8db0e5b2b5bcf5a4: Time spent bootstrapping tablet: real 0.084s	user 0.021s	sys 0.020s
I20260630 12:18:01.694476 18164 ts_tablet_manager.cc:1434] T ba770e4fa4794b4ba403fe0eb91bae5e P bbc43211e64d4be3a059bb8af19b2c2e: Time spent starting tablet: real 0.009s	user 0.007s	sys 0.000s
I20260630 12:18:01.694337 17963 raft_consensus.cc:2468] T 44b56d0d5fe3431fa3f4b295c58e53dd P ae011eba96444ccb8db0e5b2b5bcf5a4 [term 1 FOLLOWER]: Leader election vote request: Granting yes vote for candidate d340220b6a58448f84165f12249f9baf in term 1.
I20260630 12:18:01.695369 18164 tablet_bootstrap.cc:492] T 5e555a8fb8734a5187084ca329feb8d8 P bbc43211e64d4be3a059bb8af19b2c2e: Bootstrap starting.
I20260630 12:18:01.695515 18184 raft_consensus.cc:493] T 0b3fb63b3718427084a712a9747bde53 P d340220b6a58448f84165f12249f9baf [term 0 FOLLOWER]: Starting pre-election (no leader contacted us within the election timeout)
I20260630 12:18:01.695935 18184 raft_consensus.cc:515] T 0b3fb63b3718427084a712a9747bde53 P d340220b6a58448f84165f12249f9baf [term 0 FOLLOWER]: Starting pre-election with config: opid_index: -1 OBSOLETE_local: false peers { permanent_uuid: "ae011eba96444ccb8db0e5b2b5bcf5a4" member_type: VOTER last_known_addr { host: "127.13.26.1" port: 35385 } } peers { permanent_uuid: "bbc43211e64d4be3a059bb8af19b2c2e" member_type: VOTER last_known_addr { host: "127.13.26.2" port: 42069 } } peers { permanent_uuid: "d340220b6a58448f84165f12249f9baf" member_type: VOTER last_known_addr { host: "127.13.26.3" port: 34521 } }
I20260630 12:18:01.698133 18184 leader_election.cc:290] T 0b3fb63b3718427084a712a9747bde53 P d340220b6a58448f84165f12249f9baf [CANDIDATE]: Term 1 pre-election: Requested pre-vote from peers ae011eba96444ccb8db0e5b2b5bcf5a4 (127.13.26.1:35385), bbc43211e64d4be3a059bb8af19b2c2e (127.13.26.2:42069)
I20260630 12:18:01.695396 18159 raft_consensus.cc:359] T 12abc04d33124ad3973788b41ecf1431 P ae011eba96444ccb8db0e5b2b5bcf5a4 [term 0 FOLLOWER]: Replica starting. Triggering 0 pending ops. Active config: opid_index: -1 OBSOLETE_local: false peers { permanent_uuid: "ae011eba96444ccb8db0e5b2b5bcf5a4" member_type: VOTER last_known_addr { host: "127.13.26.1" port: 35385 } } peers { permanent_uuid: "bbc43211e64d4be3a059bb8af19b2c2e" member_type: VOTER last_known_addr { host: "127.13.26.2" port: 42069 } } peers { permanent_uuid: "d340220b6a58448f84165f12249f9baf" member_type: VOTER last_known_addr { host: "127.13.26.3" port: 34521 } }
I20260630 12:18:01.699213 18039 tablet_service.cc:1917] Received RequestConsensusVote() RPC: tablet_id: "0b3fb63b3718427084a712a9747bde53" candidate_uuid: "d340220b6a58448f84165f12249f9baf" candidate_term: 1 candidate_status { last_received { term: 0 index: 0 } } ignore_live_leader: false dest_uuid: "bbc43211e64d4be3a059bb8af19b2c2e" is_pre_election: true
I20260630 12:18:01.700027 18039 raft_consensus.cc:2393] T 0b3fb63b3718427084a712a9747bde53 P bbc43211e64d4be3a059bb8af19b2c2e [term 1 FOLLOWER]: Leader pre-election vote request: Denying vote to candidate d340220b6a58448f84165f12249f9baf in current term 1: Already voted for candidate ae011eba96444ccb8db0e5b2b5bcf5a4 in this term.
I20260630 12:18:01.700525 17861 catalog_manager.cc:5697] T 694fad15675946ac9ec1f75bda425f3e P d340220b6a58448f84165f12249f9baf reported cstate change: term changed from 0 to 1, leader changed from <none> to d340220b6a58448f84165f12249f9baf (127.13.26.3). New cstate: current_term: 1 leader_uuid: "d340220b6a58448f84165f12249f9baf" committed_config { opid_index: -1 OBSOLETE_local: false peers { permanent_uuid: "ae011eba96444ccb8db0e5b2b5bcf5a4" member_type: VOTER last_known_addr { host: "127.13.26.1" port: 35385 } health_report { overall_health: UNKNOWN } } peers { permanent_uuid: "d340220b6a58448f84165f12249f9baf" member_type: VOTER last_known_addr { host: "127.13.26.3" port: 34521 } health_report { overall_health: HEALTHY } } peers { permanent_uuid: "bbc43211e64d4be3a059bb8af19b2c2e" member_type: VOTER last_known_addr { host: "127.13.26.2" port: 42069 } health_report { overall_health: UNKNOWN } } }
I20260630 12:18:01.701687 18164 tablet_bootstrap.cc:654] T 5e555a8fb8734a5187084ca329feb8d8 P bbc43211e64d4be3a059bb8af19b2c2e: Neither blocks nor log segments found. Creating new log.
