I20260630 12:12:18.563230  3683 leader_election.cc:304] T 5ae5d90bb88c421b81b457b6e4ec6593 P 41399910583146198c5d3d530a591a16 [CANDIDATE]: Term 1 election: Election decided. Result: candidate won. Election summary: received 2 responses out of 3 voters: 2 yes votes; 0 no votes. yes voters: 41399910583146198c5d3d530a591a16, b5d67f26c1dc4a63b60803bb841a9031; no voters: 
I20260630 12:12:18.561888  3493 raft_consensus.cc:2468] T 5ae5d90bb88c421b81b457b6e4ec6593 P ec045ae810ed4a1a9788d73862a6ab1c [term 1 FOLLOWER]: Leader election vote request: Granting yes vote for candidate 41399910583146198c5d3d530a591a16 in term 1.
I20260630 12:12:18.563953  3758 ts_tablet_manager.cc:1434] T 0e655b434b234c73a84b16ab39a86839 P b5d67f26c1dc4a63b60803bb841a9031: Time spent starting tablet: real 0.046s	user 0.006s	sys 0.006s
I20260630 12:12:18.564621  3787 raft_consensus.cc:2804] T 5ae5d90bb88c421b81b457b6e4ec6593 P 41399910583146198c5d3d530a591a16 [term 1 FOLLOWER]: Leader election won for term 1
I20260630 12:12:18.566897  3787 raft_consensus.cc:697] T 5ae5d90bb88c421b81b457b6e4ec6593 P 41399910583146198c5d3d530a591a16 [term 1 LEADER]: Becoming Leader. State: Replica: 41399910583146198c5d3d530a591a16, State: Running, Role: LEADER
I20260630 12:12:18.568177  3787 consensus_queue.cc:237] T 5ae5d90bb88c421b81b457b6e4ec6593 P 41399910583146198c5d3d530a591a16 [LEADER]: Queue going to LEADER mode. State: All replicated index: 0, Majority replicated index: 0, Committed index: 0, Last appended: 0.0, Last appended by leader: 0, Current term: 1, Majority size: 2, State: 0, Mode: LEADER, active raft config: opid_index: -1 OBSOLETE_local: false peers { permanent_uuid: "ec045ae810ed4a1a9788d73862a6ab1c" member_type: VOTER last_known_addr { host: "127.0.107.194" port: 42669 } } peers { permanent_uuid: "41399910583146198c5d3d530a591a16" member_type: VOTER last_known_addr { host: "127.0.107.196" port: 39567 } } peers { permanent_uuid: "b5d67f26c1dc4a63b60803bb841a9031" member_type: VOTER last_known_addr { host: "127.0.107.195" port: 35033 } }
I20260630 12:12:18.570374  3759 tablet_bootstrap.cc:654] T 9bd2247c02c74bdca55432de5c11fbc3 P ec045ae810ed4a1a9788d73862a6ab1c: Neither blocks nor log segments found. Creating new log.
I20260630 12:12:18.572499  3650 raft_consensus.cc:493] T 0e655b434b234c73a84b16ab39a86839 P ec045ae810ed4a1a9788d73862a6ab1c [term 0 FOLLOWER]: Starting pre-election (no leader contacted us within the election timeout)
I20260630 12:12:18.573038  3650 raft_consensus.cc:515] T 0e655b434b234c73a84b16ab39a86839 P ec045ae810ed4a1a9788d73862a6ab1c [term 0 FOLLOWER]: Starting pre-election with config: opid_index: -1 OBSOLETE_local: false peers { permanent_uuid: "41399910583146198c5d3d530a591a16" member_type: VOTER last_known_addr { host: "127.0.107.196" port: 39567 } } peers { permanent_uuid: "ec045ae810ed4a1a9788d73862a6ab1c" member_type: VOTER last_known_addr { host: "127.0.107.194" port: 42669 } } peers { permanent_uuid: "b5d67f26c1dc4a63b60803bb841a9031" member_type: VOTER last_known_addr { host: "127.0.107.195" port: 35033 } }
I20260630 12:12:18.574517  3756 tablet_bootstrap.cc:654] T 02e5020842d9424eb9f85ccb58b8728f P 72feff9bd0dd4a80be764762fab548d6: Neither blocks nor log segments found. Creating new log.
I20260630 12:12:18.575593  3650 leader_election.cc:290] T 0e655b434b234c73a84b16ab39a86839 P ec045ae810ed4a1a9788d73862a6ab1c [CANDIDATE]: Term 1 pre-election: Requested pre-vote from peers 41399910583146198c5d3d530a591a16 (127.0.107.196:39567), b5d67f26c1dc4a63b60803bb841a9031 (127.0.107.195:35033)
I20260630 12:12:18.589339  3721 tablet_service.cc:1917] Received RequestConsensusVote() RPC: tablet_id: "0e655b434b234c73a84b16ab39a86839" candidate_uuid: "ec045ae810ed4a1a9788d73862a6ab1c" candidate_term: 1 candidate_status { last_received { term: 0 index: 0 } } ignore_live_leader: false dest_uuid: "41399910583146198c5d3d530a591a16" is_pre_election: true
W20260630 12:12:18.591929  3457 leader_election.cc:343] T 0e655b434b234c73a84b16ab39a86839 P ec045ae810ed4a1a9788d73862a6ab1c [CANDIDATE]: Term 1 pre-election: Tablet error from VoteRequest() call to peer 41399910583146198c5d3d530a591a16 (127.0.107.196:39567): Illegal state: must be running to vote when last-logged opid is not known
I20260630 12:12:18.594065  3316 catalog_manager.cc:5697] T 02e5020842d9424eb9f85ccb58b8728f P b5d67f26c1dc4a63b60803bb841a9031 reported cstate change: term changed from 0 to 1, leader changed from <none> to b5d67f26c1dc4a63b60803bb841a9031 (127.0.107.195). New cstate: current_term: 1 leader_uuid: "b5d67f26c1dc4a63b60803bb841a9031" committed_config { opid_index: -1 OBSOLETE_local: false peers { permanent_uuid: "41399910583146198c5d3d530a591a16" member_type: VOTER last_known_addr { host: "127.0.107.196" port: 39567 } health_report { overall_health: UNKNOWN } } peers { permanent_uuid: "b5d67f26c1dc4a63b60803bb841a9031" member_type: VOTER last_known_addr { host: "127.0.107.195" port: 35033 } health_report { overall_health: HEALTHY } } peers { permanent_uuid: "72feff9bd0dd4a80be764762fab548d6" member_type: VOTER last_known_addr { host: "127.0.107.193" port: 38371 } health_report { overall_health: UNKNOWN } } }
I20260630 12:12:18.598126  3567 tablet_service.cc:1917] Received RequestConsensusVote() RPC: tablet_id: "0e655b434b234c73a84b16ab39a86839" candidate_uuid: "ec045ae810ed4a1a9788d73862a6ab1c" candidate_term: 1 candidate_status { last_received { term: 0 index: 0 } } ignore_live_leader: false dest_uuid: "b5d67f26c1dc4a63b60803bb841a9031" is_pre_election: true
I20260630 12:12:18.599105  3567 raft_consensus.cc:2468] T 0e655b434b234c73a84b16ab39a86839 P b5d67f26c1dc4a63b60803bb841a9031 [term 0 FOLLOWER]: Leader pre-election vote request: Granting yes vote for candidate ec045ae810ed4a1a9788d73862a6ab1c in term 0.
I20260630 12:12:18.600752  3457 leader_election.cc:304] T 0e655b434b234c73a84b16ab39a86839 P ec045ae810ed4a1a9788d73862a6ab1c [CANDIDATE]: Term 1 pre-election: Election decided. Result: candidate won. Election summary: received 3 responses out of 3 voters: 2 yes votes; 1 no votes. yes voters: b5d67f26c1dc4a63b60803bb841a9031, ec045ae810ed4a1a9788d73862a6ab1c; no voters: 41399910583146198c5d3d530a591a16
I20260630 12:12:18.601997  3650 raft_consensus.cc:2804] T 0e655b434b234c73a84b16ab39a86839 P ec045ae810ed4a1a9788d73862a6ab1c [term 0 FOLLOWER]: Leader pre-election won for term 1
I20260630 12:12:18.602629  3650 raft_consensus.cc:493] T 0e655b434b234c73a84b16ab39a86839 P ec045ae810ed4a1a9788d73862a6ab1c [term 0 FOLLOWER]: Starting leader election (no leader contacted us within the election timeout)
I20260630 12:12:18.603408  3650 raft_consensus.cc:3060] T 0e655b434b234c73a84b16ab39a86839 P ec045ae810ed4a1a9788d73862a6ab1c [term 0 FOLLOWER]: Advancing to term 1
I20260630 12:12:18.605253  3492 raft_consensus.cc:2468] T ed5f4a315ebb434595cace75a620089a P ec045ae810ed4a1a9788d73862a6ab1c [term 1 FOLLOWER]: Leader election vote request: Granting yes vote for candidate 72feff9bd0dd4a80be764762fab548d6 in term 1.
I20260630 12:12:18.607617  3384 leader_election.cc:304] T ed5f4a315ebb434595cace75a620089a P 72feff9bd0dd4a80be764762fab548d6 [CANDIDATE]: Term 1 election: Election decided. Result: candidate won. Election summary: received 3 responses out of 3 voters: 2 yes votes; 1 no votes. yes voters: 72feff9bd0dd4a80be764762fab548d6, ec045ae810ed4a1a9788d73862a6ab1c; no voters: 41399910583146198c5d3d530a591a16
I20260630 12:12:18.616279  3634 raft_consensus.cc:2804] T ed5f4a315ebb434595cace75a620089a P 72feff9bd0dd4a80be764762fab548d6 [term 1 FOLLOWER]: Leader election won for term 1
I20260630 12:12:18.616910  3634 raft_consensus.cc:697] T ed5f4a315ebb434595cace75a620089a P 72feff9bd0dd4a80be764762fab548d6 [term 1 LEADER]: Becoming Leader. State: Replica: 72feff9bd0dd4a80be764762fab548d6, State: Running, Role: LEADER
I20260630 12:12:18.618065  3634 consensus_queue.cc:237] T ed5f4a315ebb434595cace75a620089a P 72feff9bd0dd4a80be764762fab548d6 [LEADER]: Queue going to LEADER mode. State: All replicated index: 0, Majority replicated index: 0, Committed index: 0, Last appended: 0.0, Last appended by leader: 0, Current term: 1, Majority size: 2, State: 0, Mode: LEADER, active raft config: opid_index: -1 OBSOLETE_local: false peers { permanent_uuid: "ec045ae810ed4a1a9788d73862a6ab1c" member_type: VOTER last_known_addr { host: "127.0.107.194" port: 42669 } } peers { permanent_uuid: "72feff9bd0dd4a80be764762fab548d6" member_type: VOTER last_known_addr { host: "127.0.107.193" port: 38371 } } peers { permanent_uuid: "41399910583146198c5d3d530a591a16" member_type: VOTER last_known_addr { host: "127.0.107.196" port: 39567 } }
I20260630 12:12:18.622040  3315 catalog_manager.cc:5697] T 5ae5d90bb88c421b81b457b6e4ec6593 P 41399910583146198c5d3d530a591a16 reported cstate change: term changed from 0 to 1, leader changed from <none> to 41399910583146198c5d3d530a591a16 (127.0.107.196). New cstate: current_term: 1 leader_uuid: "41399910583146198c5d3d530a591a16" committed_config { opid_index: -1 OBSOLETE_local: false peers { permanent_uuid: "ec045ae810ed4a1a9788d73862a6ab1c" member_type: VOTER last_known_addr { host: "127.0.107.194" port: 42669 } health_report { overall_health: UNKNOWN } } peers { permanent_uuid: "41399910583146198c5d3d530a591a16" member_type: VOTER last_known_addr { host: "127.0.107.196" port: 39567 } health_report { overall_health: HEALTHY } } peers { permanent_uuid: "b5d67f26c1dc4a63b60803bb841a9031" member_type: VOTER last_known_addr { host: "127.0.107.195" port: 35033 } health_report { overall_health: UNKNOWN } } }
I20260630 12:12:18.638900  3762 tablet_bootstrap.cc:654] T 0e655b434b234c73a84b16ab39a86839 P 41399910583146198c5d3d530a591a16: Neither blocks nor log segments found. Creating new log.
I20260630 12:12:18.645574  3759 tablet_bootstrap.cc:492] T 9bd2247c02c74bdca55432de5c11fbc3 P ec045ae810ed4a1a9788d73862a6ab1c: No bootstrap required, opened a new log
I20260630 12:12:18.646407  3759 ts_tablet_manager.cc:1403] T 9bd2247c02c74bdca55432de5c11fbc3 P ec045ae810ed4a1a9788d73862a6ab1c: Time spent bootstrapping tablet: real 0.144s	user 0.016s	sys 0.009s
I20260630 12:12:18.650425  3780 consensus_queue.cc:1048] T 90bedcafa4e04120b80ca5a02cde7dfa P b5d67f26c1dc4a63b60803bb841a9031 [LEADER]: Connected to new peer: Peer: permanent_uuid: "72feff9bd0dd4a80be764762fab548d6" member_type: VOTER last_known_addr { host: "127.0.107.193" port: 38371 }, Status: LMP_MISMATCH, Last received: 0.0, Next index: 1, Last known committed idx: 0, Time since last communication: 0.001s
W20260630 12:12:18.652915  3364 auto_rebalancer.cc:298] Could not retrieve cluster info: Service unavailable: Tablet not running
I20260630 12:12:18.654794  3759 raft_consensus.cc:359] T 9bd2247c02c74bdca55432de5c11fbc3 P ec045ae810ed4a1a9788d73862a6ab1c [term 0 FOLLOWER]: Replica starting. Triggering 0 pending ops. Active config: opid_index: -1 OBSOLETE_local: false peers { permanent_uuid: "72feff9bd0dd4a80be764762fab548d6" member_type: VOTER last_known_addr { host: "127.0.107.193" port: 38371 } } peers { permanent_uuid: "41399910583146198c5d3d530a591a16" member_type: VOTER last_known_addr { host: "127.0.107.196" port: 39567 } } peers { permanent_uuid: "ec045ae810ed4a1a9788d73862a6ab1c" member_type: VOTER last_known_addr { host: "127.0.107.194" port: 42669 } }
I20260630 12:12:18.656737  3759 raft_consensus.cc:385] T 9bd2247c02c74bdca55432de5c11fbc3 P ec045ae810ed4a1a9788d73862a6ab1c [term 0 FOLLOWER]: Consensus starting up: Expiring failure detector timer to make a prompt election more likely
I20260630 12:12:18.657159  3759 raft_consensus.cc:740] T 9bd2247c02c74bdca55432de5c11fbc3 P ec045ae810ed4a1a9788d73862a6ab1c [term 0 FOLLOWER]: Becoming Follower/Learner. State: Replica: ec045ae810ed4a1a9788d73862a6ab1c, State: Initialized, Role: FOLLOWER
I20260630 12:12:18.664610  3756 tablet_bootstrap.cc:492] T 02e5020842d9424eb9f85ccb58b8728f P 72feff9bd0dd4a80be764762fab548d6: No bootstrap required, opened a new log
I20260630 12:12:18.659238  3759 consensus_queue.cc:260] T 9bd2247c02c74bdca55432de5c11fbc3 P ec045ae810ed4a1a9788d73862a6ab1c [NON_LEADER]: Queue going to NON_LEADER mode. State: All replicated index: 0, Majority replicated index: 0, Committed index: 0, Last appended: 0.0, Last appended by leader: 0, Current term: 0, Majority size: -1, State: 0, Mode: NON_LEADER, active raft config: opid_index: -1 OBSOLETE_local: false peers { permanent_uuid: "72feff9bd0dd4a80be764762fab548d6" member_type: VOTER last_known_addr { host: "127.0.107.193" port: 38371 } } peers { permanent_uuid: "41399910583146198c5d3d530a591a16" member_type: VOTER last_known_addr { host: "127.0.107.196" port: 39567 } } peers { permanent_uuid: "ec045ae810ed4a1a9788d73862a6ab1c" member_type: VOTER last_known_addr { host: "127.0.107.194" port: 42669 } }
I20260630 12:12:18.665336  3756 ts_tablet_manager.cc:1403] T 02e5020842d9424eb9f85ccb58b8728f P 72feff9bd0dd4a80be764762fab548d6: Time spent bootstrapping tablet: real 0.112s	user 0.004s	sys 0.024s
I20260630 12:12:18.668982  3316 catalog_manager.cc:5697] T ed5f4a315ebb434595cace75a620089a P 72feff9bd0dd4a80be764762fab548d6 reported cstate change: term changed from 0 to 1, leader changed from <none> to 72feff9bd0dd4a80be764762fab548d6 (127.0.107.193). New cstate: current_term: 1 leader_uuid: "72feff9bd0dd4a80be764762fab548d6" committed_config { opid_index: -1 OBSOLETE_local: false peers { permanent_uuid: "ec045ae810ed4a1a9788d73862a6ab1c" member_type: VOTER last_known_addr { host: "127.0.107.194" port: 42669 } health_report { overall_health: UNKNOWN } } peers { permanent_uuid: "72feff9bd0dd4a80be764762fab548d6" member_type: VOTER last_known_addr { host: "127.0.107.193" port: 38371 } health_report { overall_health: HEALTHY } } peers { permanent_uuid: "41399910583146198c5d3d530a591a16" member_type: VOTER last_known_addr { host: "127.0.107.196" port: 39567 } health_report { overall_health: UNKNOWN } } }
I20260630 12:12:18.674744  3759 ts_tablet_manager.cc:1434] T 9bd2247c02c74bdca55432de5c11fbc3 P ec045ae810ed4a1a9788d73862a6ab1c: Time spent starting tablet: real 0.028s	user 0.007s	sys 0.005s
I20260630 12:12:18.692878  3650 raft_consensus.cc:515] T 0e655b434b234c73a84b16ab39a86839 P ec045ae810ed4a1a9788d73862a6ab1c [term 1 FOLLOWER]: Starting leader election with config: opid_index: -1 OBSOLETE_local: false peers { permanent_uuid: "41399910583146198c5d3d530a591a16" member_type: VOTER last_known_addr { host: "127.0.107.196" port: 39567 } } peers { permanent_uuid: "ec045ae810ed4a1a9788d73862a6ab1c" member_type: VOTER last_known_addr { host: "127.0.107.194" port: 42669 } } peers { permanent_uuid: "b5d67f26c1dc4a63b60803bb841a9031" member_type: VOTER last_known_addr { host: "127.0.107.195" port: 35033 } }
I20260630 12:12:18.698596  3650 leader_election.cc:290] T 0e655b434b234c73a84b16ab39a86839 P ec045ae810ed4a1a9788d73862a6ab1c [CANDIDATE]: Term 1 election: Requested vote from peers 41399910583146198c5d3d530a591a16 (127.0.107.196:39567), b5d67f26c1dc4a63b60803bb841a9031 (127.0.107.195:35033)
I20260630 12:12:18.695082  3756 raft_consensus.cc:359] T 02e5020842d9424eb9f85ccb58b8728f P 72feff9bd0dd4a80be764762fab548d6 [term 0 FOLLOWER]: Replica starting. Triggering 0 pending ops. Active config: opid_index: -1 OBSOLETE_local: false peers { permanent_uuid: "41399910583146198c5d3d530a591a16" member_type: VOTER last_known_addr { host: "127.0.107.196" port: 39567 } } peers { permanent_uuid: "b5d67f26c1dc4a63b60803bb841a9031" member_type: VOTER last_known_addr { host: "127.0.107.195" port: 35033 } } peers { permanent_uuid: "72feff9bd0dd4a80be764762fab548d6" member_type: VOTER last_known_addr { host: "127.0.107.193" port: 38371 } }
I20260630 12:12:18.728308  3721 tablet_service.cc:1917] Received RequestConsensusVote() RPC: tablet_id: "0e655b434b234c73a84b16ab39a86839" candidate_uuid: "ec045ae810ed4a1a9788d73862a6ab1c" candidate_term: 1 candidate_status { last_received { term: 0 index: 0 } } ignore_live_leader: false dest_uuid: "41399910583146198c5d3d530a591a16"
W20260630 12:12:18.704104  3382 consensus_peers.cc:597] T fc4e9d522a0a4d059bd94c2215f0abef P 72feff9bd0dd4a80be764762fab548d6 -> Peer 41399910583146198c5d3d530a591a16 (127.0.107.196:39567): Couldn't send request to peer 41399910583146198c5d3d530a591a16. Error code: TABLET_NOT_RUNNING (12). Status: Illegal state: Tablet not RUNNING: INITIALIZED. This is attempt 1: this message will repeat every 5th retry.
I20260630 12:12:18.740118  3789 consensus_queue.cc:1048] T 6a9fd4692abe45b0a98c1aa8abdf75a4 P ec045ae810ed4a1a9788d73862a6ab1c [LEADER]: Connected to new peer: Peer: permanent_uuid: "72feff9bd0dd4a80be764762fab548d6" member_type: VOTER last_known_addr { host: "127.0.107.193" port: 38371 }, Status: LMP_MISMATCH, Last received: 0.0, Next index: 1, Last known committed idx: 0, Time since last communication: 0.002s
I20260630 12:12:18.734514  3756 raft_consensus.cc:385] T 02e5020842d9424eb9f85ccb58b8728f P 72feff9bd0dd4a80be764762fab548d6 [term 0 FOLLOWER]: Consensus starting up: Expiring failure detector timer to make a prompt election more likely
I20260630 12:12:18.750389  3756 raft_consensus.cc:740] T 02e5020842d9424eb9f85ccb58b8728f P 72feff9bd0dd4a80be764762fab548d6 [term 0 FOLLOWER]: Becoming Follower/Learner. State: Replica: 72feff9bd0dd4a80be764762fab548d6, State: Initialized, Role: FOLLOWER
I20260630 12:12:18.762115  3634 raft_consensus.cc:493] T 9bd2247c02c74bdca55432de5c11fbc3 P 72feff9bd0dd4a80be764762fab548d6 [term 0 FOLLOWER]: Starting pre-election (no leader contacted us within the election timeout)
I20260630 12:12:18.762363  3756 consensus_queue.cc:260] T 02e5020842d9424eb9f85ccb58b8728f P 72feff9bd0dd4a80be764762fab548d6 [NON_LEADER]: Queue going to NON_LEADER mode. State: All replicated index: 0, Majority replicated index: 0, Committed index: 0, Last appended: 0.0, Last appended by leader: 0, Current term: 0, Majority size: -1, State: 0, Mode: NON_LEADER, active raft config: opid_index: -1 OBSOLETE_local: false peers { permanent_uuid: "41399910583146198c5d3d530a591a16" member_type: VOTER last_known_addr { host: "127.0.107.196" port: 39567 } } peers { permanent_uuid: "b5d67f26c1dc4a63b60803bb841a9031" member_type: VOTER last_known_addr { host: "127.0.107.195" port: 35033 } } peers { permanent_uuid: "72feff9bd0dd4a80be764762fab548d6" member_type: VOTER last_known_addr { host: "127.0.107.193" port: 38371 } }
I20260630 12:12:18.762884  3634 raft_consensus.cc:515] T 9bd2247c02c74bdca55432de5c11fbc3 P 72feff9bd0dd4a80be764762fab548d6 [term 0 FOLLOWER]: Starting pre-election with config: opid_index: -1 OBSOLETE_local: false peers { permanent_uuid: "72feff9bd0dd4a80be764762fab548d6" member_type: VOTER last_known_addr { host: "127.0.107.193" port: 38371 } } peers { permanent_uuid: "41399910583146198c5d3d530a591a16" member_type: VOTER last_known_addr { host: "127.0.107.196" port: 39567 } } peers { permanent_uuid: "ec045ae810ed4a1a9788d73862a6ab1c" member_type: VOTER last_known_addr { host: "127.0.107.194" port: 42669 } }
W20260630 12:12:18.754547  3457 leader_election.cc:343] T 0e655b434b234c73a84b16ab39a86839 P ec045ae810ed4a1a9788d73862a6ab1c [CANDIDATE]: Term 1 election: Tablet error from VoteRequest() call to peer 41399910583146198c5d3d530a591a16 (127.0.107.196:39567): Illegal state: must be running to vote when last-logged opid is not known
I20260630 12:12:18.754562  3567 tablet_service.cc:1917] Received RequestConsensusVote() RPC: tablet_id: "0e655b434b234c73a84b16ab39a86839" candidate_uuid: "ec045ae810ed4a1a9788d73862a6ab1c" candidate_term: 1 candidate_status { last_received { term: 0 index: 0 } } ignore_live_leader: false dest_uuid: "b5d67f26c1dc4a63b60803bb841a9031"
I20260630 12:12:18.758584  3762 tablet_bootstrap.cc:492] T 0e655b434b234c73a84b16ab39a86839 P 41399910583146198c5d3d530a591a16: No bootstrap required, opened a new log
I20260630 12:12:18.766290  3567 raft_consensus.cc:3060] T 0e655b434b234c73a84b16ab39a86839 P b5d67f26c1dc4a63b60803bb841a9031 [term 0 FOLLOWER]: Advancing to term 1
I20260630 12:12:18.770450  3721 tablet_service.cc:1917] Received RequestConsensusVote() RPC: tablet_id: "9bd2247c02c74bdca55432de5c11fbc3" candidate_uuid: "72feff9bd0dd4a80be764762fab548d6" candidate_term: 1 candidate_status { last_received { term: 0 index: 0 } } ignore_live_leader: false dest_uuid: "41399910583146198c5d3d530a591a16" is_pre_election: true
I20260630 12:12:18.771308  3721 raft_consensus.cc:2468] T 9bd2247c02c74bdca55432de5c11fbc3 P 41399910583146198c5d3d530a591a16 [term 0 FOLLOWER]: Leader pre-election vote request: Granting yes vote for candidate 72feff9bd0dd4a80be764762fab548d6 in term 0.
I20260630 12:12:18.777544  3492 tablet_service.cc:1917] Received RequestConsensusVote() RPC: tablet_id: "9bd2247c02c74bdca55432de5c11fbc3" candidate_uuid: "72feff9bd0dd4a80be764762fab548d6" candidate_term: 1 candidate_status { last_received { term: 0 index: 0 } } ignore_live_leader: false dest_uuid: "ec045ae810ed4a1a9788d73862a6ab1c" is_pre_election: true
I20260630 12:12:18.778417  3492 raft_consensus.cc:2468] T 9bd2247c02c74bdca55432de5c11fbc3 P ec045ae810ed4a1a9788d73862a6ab1c [term 0 FOLLOWER]: Leader pre-election vote request: Granting yes vote for candidate 72feff9bd0dd4a80be764762fab548d6 in term 0.
I20260630 12:12:18.768782  3762 ts_tablet_manager.cc:1403] T 0e655b434b234c73a84b16ab39a86839 P 41399910583146198c5d3d530a591a16: Time spent bootstrapping tablet: real 0.315s	user 0.015s	sys 0.020s
I20260630 12:12:18.780138  3384 leader_election.cc:304] T 9bd2247c02c74bdca55432de5c11fbc3 P 72feff9bd0dd4a80be764762fab548d6 [CANDIDATE]: Term 1 pre-election: Election decided. Result: candidate won. Election summary: received 2 responses out of 3 voters: 2 yes votes; 0 no votes. yes voters: 72feff9bd0dd4a80be764762fab548d6, ec045ae810ed4a1a9788d73862a6ab1c; no voters: 
I20260630 12:12:18.780607  3634 leader_election.cc:290] T 9bd2247c02c74bdca55432de5c11fbc3 P 72feff9bd0dd4a80be764762fab548d6 [CANDIDATE]: Term 1 pre-election: Requested pre-vote from peers 41399910583146198c5d3d530a591a16 (127.0.107.196:39567), ec045ae810ed4a1a9788d73862a6ab1c (127.0.107.194:42669)
I20260630 12:12:18.781324  3634 raft_consensus.cc:2804] T 9bd2247c02c74bdca55432de5c11fbc3 P 72feff9bd0dd4a80be764762fab548d6 [term 0 FOLLOWER]: Leader pre-election won for term 1
I20260630 12:12:18.781785  3634 raft_consensus.cc:493] T 9bd2247c02c74bdca55432de5c11fbc3 P 72feff9bd0dd4a80be764762fab548d6 [term 0 FOLLOWER]: Starting leader election (no leader contacted us within the election timeout)
I20260630 12:12:18.782264  3634 raft_consensus.cc:3060] T 9bd2247c02c74bdca55432de5c11fbc3 P 72feff9bd0dd4a80be764762fab548d6 [term 0 FOLLOWER]: Advancing to term 1
I20260630 12:12:18.799944  3756 ts_tablet_manager.cc:1434] T 02e5020842d9424eb9f85ccb58b8728f P 72feff9bd0dd4a80be764762fab548d6: Time spent starting tablet: real 0.134s	user 0.006s	sys 0.026s
I20260630 12:12:18.802362  3762 raft_consensus.cc:359] T 0e655b434b234c73a84b16ab39a86839 P 41399910583146198c5d3d530a591a16 [term 0 FOLLOWER]: Replica starting. Triggering 0 pending ops. Active config: opid_index: -1 OBSOLETE_local: false peers { permanent_uuid: "41399910583146198c5d3d530a591a16" member_type: VOTER last_known_addr { host: "127.0.107.196" port: 39567 } } peers { permanent_uuid: "ec045ae810ed4a1a9788d73862a6ab1c" member_type: VOTER last_known_addr { host: "127.0.107.194" port: 42669 } } peers { permanent_uuid: "b5d67f26c1dc4a63b60803bb841a9031" member_type: VOTER last_known_addr { host: "127.0.107.195" port: 35033 } }
I20260630 12:12:18.803158  3762 raft_consensus.cc:385] T 0e655b434b234c73a84b16ab39a86839 P 41399910583146198c5d3d530a591a16 [term 0 FOLLOWER]: Consensus starting up: Expiring failure detector timer to make a prompt election more likely
I20260630 12:12:18.803408  3762 raft_consensus.cc:740] T 0e655b434b234c73a84b16ab39a86839 P 41399910583146198c5d3d530a591a16 [term 0 FOLLOWER]: Becoming Follower/Learner. State: Replica: 41399910583146198c5d3d530a591a16, State: Initialized, Role: FOLLOWER
I20260630 12:12:18.803609  3634 raft_consensus.cc:515] T 9bd2247c02c74bdca55432de5c11fbc3 P 72feff9bd0dd4a80be764762fab548d6 [term 1 FOLLOWER]: Starting leader election with config: opid_index: -1 OBSOLETE_local: false peers { permanent_uuid: "72feff9bd0dd4a80be764762fab548d6" member_type: VOTER last_known_addr { host: "127.0.107.193" port: 38371 } } peers { permanent_uuid: "41399910583146198c5d3d530a591a16" member_type: VOTER last_known_addr { host: "127.0.107.196" port: 39567 } } peers { permanent_uuid: "ec045ae810ed4a1a9788d73862a6ab1c" member_type: VOTER last_known_addr { host: "127.0.107.194" port: 42669 } }
I20260630 12:12:18.804369  3762 consensus_queue.cc:260] T 0e655b434b234c73a84b16ab39a86839 P 41399910583146198c5d3d530a591a16 [NON_LEADER]: Queue going to NON_LEADER mode. State: All replicated index: 0, Majority replicated index: 0, Committed index: 0, Last appended: 0.0, Last appended by leader: 0, Current term: 0, Majority size: -1, State: 0, Mode: NON_LEADER, active raft config: opid_index: -1 OBSOLETE_local: false peers { permanent_uuid: "41399910583146198c5d3d530a591a16" member_type: VOTER last_known_addr { host: "127.0.107.196" port: 39567 } } peers { permanent_uuid: "ec045ae810ed4a1a9788d73862a6ab1c" member_type: VOTER last_known_addr { host: "127.0.107.194" port: 42669 } } peers { permanent_uuid: "b5d67f26c1dc4a63b60803bb841a9031" member_type: VOTER last_known_addr { host: "127.0.107.195" port: 35033 } }
I20260630 12:12:18.807530  3721 tablet_service.cc:1917] Received RequestConsensusVote() RPC: tablet_id: "9bd2247c02c74bdca55432de5c11fbc3" candidate_uuid: "72feff9bd0dd4a80be764762fab548d6" candidate_term: 1 candidate_status { last_received { term: 0 index: 0 } } ignore_live_leader: false dest_uuid: "41399910583146198c5d3d530a591a16"
I20260630 12:12:18.808252  3721 raft_consensus.cc:3060] T 9bd2247c02c74bdca55432de5c11fbc3 P 41399910583146198c5d3d530a591a16 [term 0 FOLLOWER]: Advancing to term 1
I20260630 12:12:18.808429  3762 ts_tablet_manager.cc:1434] T 0e655b434b234c73a84b16ab39a86839 P 41399910583146198c5d3d530a591a16: Time spent starting tablet: real 0.028s	user 0.005s	sys 0.005s
I20260630 12:12:18.809486  3567 raft_consensus.cc:2468] T 0e655b434b234c73a84b16ab39a86839 P b5d67f26c1dc4a63b60803bb841a9031 [term 1 FOLLOWER]: Leader election vote request: Granting yes vote for candidate ec045ae810ed4a1a9788d73862a6ab1c in term 1.
I20260630 12:12:18.812848  3457 leader_election.cc:304] T 0e655b434b234c73a84b16ab39a86839 P ec045ae810ed4a1a9788d73862a6ab1c [CANDIDATE]: Term 1 election: Election decided. Result: candidate won. Election summary: received 3 responses out of 3 voters: 2 yes votes; 1 no votes. yes voters: b5d67f26c1dc4a63b60803bb841a9031, ec045ae810ed4a1a9788d73862a6ab1c; no voters: 41399910583146198c5d3d530a591a16
I20260630 12:12:18.815332  3812 raft_consensus.cc:2804] T 0e655b434b234c73a84b16ab39a86839 P ec045ae810ed4a1a9788d73862a6ab1c [term 1 FOLLOWER]: Leader election won for term 1
I20260630 12:12:18.815999  3812 raft_consensus.cc:697] T 0e655b434b234c73a84b16ab39a86839 P ec045ae810ed4a1a9788d73862a6ab1c [term 1 LEADER]: Becoming Leader. State: Replica: ec045ae810ed4a1a9788d73862a6ab1c, State: Running, Role: LEADER
I20260630 12:12:18.816970  3762 tablet_bootstrap.cc:492] T 90bedcafa4e04120b80ca5a02cde7dfa P 41399910583146198c5d3d530a591a16: Bootstrap starting.
I20260630 12:12:18.817145  3812 consensus_queue.cc:237] T 0e655b434b234c73a84b16ab39a86839 P ec045ae810ed4a1a9788d73862a6ab1c [LEADER]: Queue going to LEADER mode. State: All replicated index: 0, Majority replicated index: 0, Committed index: 0, Last appended: 0.0, Last appended by leader: 0, Current term: 1, Majority size: 2, State: 0, Mode: LEADER, active raft config: opid_index: -1 OBSOLETE_local: false peers { permanent_uuid: "41399910583146198c5d3d530a591a16" member_type: VOTER last_known_addr { host: "127.0.107.196" port: 39567 } } peers { permanent_uuid: "ec045ae810ed4a1a9788d73862a6ab1c" member_type: VOTER last_known_addr { host: "127.0.107.194" port: 42669 } } peers { permanent_uuid: "b5d67f26c1dc4a63b60803bb841a9031" member_type: VOTER last_known_addr { host: "127.0.107.195" port: 35033 } }
I20260630 12:12:18.828146  3789 consensus_queue.cc:1048] T 6a9fd4692abe45b0a98c1aa8abdf75a4 P ec045ae810ed4a1a9788d73862a6ab1c [LEADER]: Connected to new peer: Peer: permanent_uuid: "41399910583146198c5d3d530a591a16" member_type: VOTER last_known_addr { host: "127.0.107.196" port: 39567 }, Status: LMP_MISMATCH, Last received: 0.0, Next index: 1, Last known committed idx: 0, Time since last communication: 0.001s
I20260630 12:12:18.832579  3762 tablet_bootstrap.cc:654] T 90bedcafa4e04120b80ca5a02cde7dfa P 41399910583146198c5d3d530a591a16: Neither blocks nor log segments found. Creating new log.
I20260630 12:12:18.837347  3721 raft_consensus.cc:2468] T 9bd2247c02c74bdca55432de5c11fbc3 P 41399910583146198c5d3d530a591a16 [term 1 FOLLOWER]: Leader election vote request: Granting yes vote for candidate 72feff9bd0dd4a80be764762fab548d6 in term 1.
I20260630 12:12:18.838927  3382 leader_election.cc:304] T 9bd2247c02c74bdca55432de5c11fbc3 P 72feff9bd0dd4a80be764762fab548d6 [CANDIDATE]: Term 1 election: Election decided. Result: candidate won. Election summary: received 2 responses out of 3 voters: 2 yes votes; 0 no votes. yes voters: 41399910583146198c5d3d530a591a16, 72feff9bd0dd4a80be764762fab548d6; no voters: 
I20260630 12:12:18.843874  3809 raft_consensus.cc:2804] T 9bd2247c02c74bdca55432de5c11fbc3 P 72feff9bd0dd4a80be764762fab548d6 [term 1 FOLLOWER]: Leader election won for term 1
I20260630 12:12:18.844084  3634 leader_election.cc:290] T 9bd2247c02c74bdca55432de5c11fbc3 P 72feff9bd0dd4a80be764762fab548d6 [CANDIDATE]: Term 1 election: Requested vote from peers 41399910583146198c5d3d530a591a16 (127.0.107.196:39567), ec045ae810ed4a1a9788d73862a6ab1c (127.0.107.194:42669)
I20260630 12:12:18.845698  3492 tablet_service.cc:1917] Received RequestConsensusVote() RPC: tablet_id: "9bd2247c02c74bdca55432de5c11fbc3" candidate_uuid: "72feff9bd0dd4a80be764762fab548d6" candidate_term: 1 candidate_status { last_received { term: 0 index: 0 } } ignore_live_leader: false dest_uuid: "ec045ae810ed4a1a9788d73862a6ab1c"
I20260630 12:12:18.846541  3492 raft_consensus.cc:3060] T 9bd2247c02c74bdca55432de5c11fbc3 P ec045ae810ed4a1a9788d73862a6ab1c [term 0 FOLLOWER]: Advancing to term 1
I20260630 12:12:18.847352  3316 catalog_manager.cc:5697] T 0e655b434b234c73a84b16ab39a86839 P ec045ae810ed4a1a9788d73862a6ab1c reported cstate change: term changed from 0 to 1, leader changed from <none> to ec045ae810ed4a1a9788d73862a6ab1c (127.0.107.194). New cstate: current_term: 1 leader_uuid: "ec045ae810ed4a1a9788d73862a6ab1c" committed_config { opid_index: -1 OBSOLETE_local: false peers { permanent_uuid: "41399910583146198c5d3d530a591a16" member_type: VOTER last_known_addr { host: "127.0.107.196" port: 39567 } health_report { overall_health: UNKNOWN } } peers { permanent_uuid: "ec045ae810ed4a1a9788d73862a6ab1c" member_type: VOTER last_known_addr { host: "127.0.107.194" port: 42669 } health_report { overall_health: HEALTHY } } peers { permanent_uuid: "b5d67f26c1dc4a63b60803bb841a9031" member_type: VOTER last_known_addr { host: "127.0.107.195" port: 35033 } health_report { overall_health: UNKNOWN } } }
I20260630 12:12:18.851215  3762 tablet_bootstrap.cc:492] T 90bedcafa4e04120b80ca5a02cde7dfa P 41399910583146198c5d3d530a591a16: No bootstrap required, opened a new log
I20260630 12:12:18.851701  3762 ts_tablet_manager.cc:1403] T 90bedcafa4e04120b80ca5a02cde7dfa P 41399910583146198c5d3d530a591a16: Time spent bootstrapping tablet: real 0.035s	user 0.008s	sys 0.013s
I20260630 12:12:18.844591  3809 raft_consensus.cc:697] T 9bd2247c02c74bdca55432de5c11fbc3 P 72feff9bd0dd4a80be764762fab548d6 [term 1 LEADER]: Becoming Leader. State: Replica: 72feff9bd0dd4a80be764762fab548d6, State: Running, Role: LEADER
I20260630 12:12:18.853338  3809 consensus_queue.cc:237] T 9bd2247c02c74bdca55432de5c11fbc3 P 72feff9bd0dd4a80be764762fab548d6 [LEADER]: Queue going to LEADER mode. State: All replicated index: 0, Majority replicated index: 0, Committed index: 0, Last appended: 0.0, Last appended by leader: 0, Current term: 1, Majority size: 2, State: 0, Mode: LEADER, active raft config: opid_index: -1 OBSOLETE_local: false peers { permanent_uuid: "72feff9bd0dd4a80be764762fab548d6" member_type: VOTER last_known_addr { host: "127.0.107.193" port: 38371 } } peers { permanent_uuid: "41399910583146198c5d3d530a591a16" member_type: VOTER last_known_addr { host: "127.0.107.196" port: 39567 } } peers { permanent_uuid: "ec045ae810ed4a1a9788d73862a6ab1c" member_type: VOTER last_known_addr { host: "127.0.107.194" port: 42669 } }
I20260630 12:12:18.854435  3762 raft_consensus.cc:359] T 90bedcafa4e04120b80ca5a02cde7dfa P 41399910583146198c5d3d530a591a16 [term 0 FOLLOWER]: Replica starting. Triggering 0 pending ops. Active config: opid_index: -1 OBSOLETE_local: false peers { permanent_uuid: "41399910583146198c5d3d530a591a16" member_type: VOTER last_known_addr { host: "127.0.107.196" port: 39567 } } peers { permanent_uuid: "b5d67f26c1dc4a63b60803bb841a9031" member_type: VOTER last_known_addr { host: "127.0.107.195" port: 35033 } } peers { permanent_uuid: "72feff9bd0dd4a80be764762fab548d6" member_type: VOTER last_known_addr { host: "127.0.107.193" port: 38371 } }
I20260630 12:12:18.855147  3762 raft_consensus.cc:385] T 90bedcafa4e04120b80ca5a02cde7dfa P 41399910583146198c5d3d530a591a16 [term 0 FOLLOWER]: Consensus starting up: Expiring failure detector timer to make a prompt election more likely
I20260630 12:12:18.855417  3762 raft_consensus.cc:740] T 90bedcafa4e04120b80ca5a02cde7dfa P 41399910583146198c5d3d530a591a16 [term 0 FOLLOWER]: Becoming Follower/Learner. State: Replica: 41399910583146198c5d3d530a591a16, State: Initialized, Role: FOLLOWER
I20260630 12:12:18.856262  3762 consensus_queue.cc:260] T 90bedcafa4e04120b80ca5a02cde7dfa P 41399910583146198c5d3d530a591a16 [NON_LEADER]: Queue going to NON_LEADER mode. State: All replicated index: 0, Majority replicated index: 0, Committed index: 0, Last appended: 0.0, Last appended by leader: 0, Current term: 0, Majority size: -1, State: 0, Mode: NON_LEADER, active raft config: opid_index: -1 OBSOLETE_local: false peers { permanent_uuid: "41399910583146198c5d3d530a591a16" member_type: VOTER last_known_addr { host: "127.0.107.196" port: 39567 } } peers { permanent_uuid: "b5d67f26c1dc4a63b60803bb841a9031" member_type: VOTER last_known_addr { host: "127.0.107.195" port: 35033 } } peers { permanent_uuid: "72feff9bd0dd4a80be764762fab548d6" member_type: VOTER last_known_addr { host: "127.0.107.193" port: 38371 } }
I20260630 12:12:18.857582  3492 raft_consensus.cc:2468] T 9bd2247c02c74bdca55432de5c11fbc3 P ec045ae810ed4a1a9788d73862a6ab1c [term 1 FOLLOWER]: Leader election vote request: Granting yes vote for candidate 72feff9bd0dd4a80be764762fab548d6 in term 1.
I20260630 12:12:18.859835  3762 ts_tablet_manager.cc:1434] T 90bedcafa4e04120b80ca5a02cde7dfa P 41399910583146198c5d3d530a591a16: Time spent starting tablet: real 0.008s	user 0.004s	sys 0.003s
I20260630 12:12:18.862566  3762 tablet_bootstrap.cc:492] T ed5f4a315ebb434595cace75a620089a P 41399910583146198c5d3d530a591a16: Bootstrap starting.
I20260630 12:12:18.873498  3762 tablet_bootstrap.cc:654] T ed5f4a315ebb434595cace75a620089a P 41399910583146198c5d3d530a591a16: Neither blocks nor log segments found. Creating new log.
I20260630 12:12:18.874434  3316 catalog_manager.cc:5697] T 9bd2247c02c74bdca55432de5c11fbc3 P 72feff9bd0dd4a80be764762fab548d6 reported cstate change: term changed from 0 to 1, leader changed from <none> to 72feff9bd0dd4a80be764762fab548d6 (127.0.107.193). New cstate: current_term: 1 leader_uuid: "72feff9bd0dd4a80be764762fab548d6" committed_config { opid_index: -1 OBSOLETE_local: false peers { permanent_uuid: "72feff9bd0dd4a80be764762fab548d6" member_type: VOTER last_known_addr { host: "127.0.107.193" port: 38371 } health_report { overall_health: HEALTHY } } peers { permanent_uuid: "41399910583146198c5d3d530a591a16" member_type: VOTER last_known_addr { host: "127.0.107.196" port: 39567 } health_report { overall_health: UNKNOWN } } peers { permanent_uuid: "ec045ae810ed4a1a9788d73862a6ab1c" member_type: VOTER last_known_addr { host: "127.0.107.194" port: 42669 } health_report { overall_health: UNKNOWN } } }
I20260630 12:12:18.883529  3762 tablet_bootstrap.cc:492] T ed5f4a315ebb434595cace75a620089a P 41399910583146198c5d3d530a591a16: No bootstrap required, opened a new log
I20260630 12:12:18.884241  3762 ts_tablet_manager.cc:1403] T ed5f4a315ebb434595cace75a620089a P 41399910583146198c5d3d530a591a16: Time spent bootstrapping tablet: real 0.023s	user 0.019s	sys 0.002s
I20260630 12:12:18.888470  3762 raft_consensus.cc:359] T ed5f4a315ebb434595cace75a620089a P 41399910583146198c5d3d530a591a16 [term 0 FOLLOWER]: Replica starting. Triggering 0 pending ops. Active config: opid_index: -1 OBSOLETE_local: false peers { permanent_uuid: "ec045ae810ed4a1a9788d73862a6ab1c" member_type: VOTER last_known_addr { host: "127.0.107.194" port: 42669 } } peers { permanent_uuid: "72feff9bd0dd4a80be764762fab548d6" member_type: VOTER last_known_addr { host: "127.0.107.193" port: 38371 } } peers { permanent_uuid: "41399910583146198c5d3d530a591a16" member_type: VOTER last_known_addr { host: "127.0.107.196" port: 39567 } }
I20260630 12:12:18.889237  3762 raft_consensus.cc:385] T ed5f4a315ebb434595cace75a620089a P 41399910583146198c5d3d530a591a16 [term 0 FOLLOWER]: Consensus starting up: Expiring failure detector timer to make a prompt election more likely
I20260630 12:12:18.889545  3762 raft_consensus.cc:740] T ed5f4a315ebb434595cace75a620089a P 41399910583146198c5d3d530a591a16 [term 0 FOLLOWER]: Becoming Follower/Learner. State: Replica: 41399910583146198c5d3d530a591a16, State: Initialized, Role: FOLLOWER
I20260630 12:12:18.890354  3762 consensus_queue.cc:260] T ed5f4a315ebb434595cace75a620089a P 41399910583146198c5d3d530a591a16 [NON_LEADER]: Queue going to NON_LEADER mode. State: All replicated index: 0, Majority replicated index: 0, Committed index: 0, Last appended: 0.0, Last appended by leader: 0, Current term: 0, Majority size: -1, State: 0, Mode: NON_LEADER, active raft config: opid_index: -1 OBSOLETE_local: false peers { permanent_uuid: "ec045ae810ed4a1a9788d73862a6ab1c" member_type: VOTER last_known_addr { host: "127.0.107.194" port: 42669 } } peers { permanent_uuid: "72feff9bd0dd4a80be764762fab548d6" member_type: VOTER last_known_addr { host: "127.0.107.193" port: 38371 } } peers { permanent_uuid: "41399910583146198c5d3d530a591a16" member_type: VOTER last_known_addr { host: "127.0.107.196" port: 39567 } }
I20260630 12:12:18.893304  3762 ts_tablet_manager.cc:1434] T ed5f4a315ebb434595cace75a620089a P 41399910583146198c5d3d530a591a16: Time spent starting tablet: real 0.009s	user 0.004s	sys 0.002s
I20260630 12:12:18.894574  3762 tablet_bootstrap.cc:492] T fc4e9d522a0a4d059bd94c2215f0abef P 41399910583146198c5d3d530a591a16: Bootstrap starting.
I20260630 12:12:18.903627  3809 consensus_queue.cc:1048] T fc4e9d522a0a4d059bd94c2215f0abef P 72feff9bd0dd4a80be764762fab548d6 [LEADER]: Connected to new peer: Peer: permanent_uuid: "b5d67f26c1dc4a63b60803bb841a9031" member_type: VOTER last_known_addr { host: "127.0.107.195" port: 35033 }, Status: LMP_MISMATCH, Last received: 0.0, Next index: 1, Last known committed idx: 0, Time since last communication: 0.001s
I20260630 12:12:18.905866  3762 tablet_bootstrap.cc:654] T fc4e9d522a0a4d059bd94c2215f0abef P 41399910583146198c5d3d530a591a16: Neither blocks nor log segments found. Creating new log.
I20260630 12:12:18.915525  3762 tablet_bootstrap.cc:492] T fc4e9d522a0a4d059bd94c2215f0abef P 41399910583146198c5d3d530a591a16: No bootstrap required, opened a new log
I20260630 12:12:18.916002  3762 ts_tablet_manager.cc:1403] T fc4e9d522a0a4d059bd94c2215f0abef P 41399910583146198c5d3d530a591a16: Time spent bootstrapping tablet: real 0.022s	user 0.007s	sys 0.012s
I20260630 12:12:18.920018  3762 raft_consensus.cc:359] T fc4e9d522a0a4d059bd94c2215f0abef P 41399910583146198c5d3d530a591a16 [term 0 FOLLOWER]: Replica starting. Triggering 0 pending ops. Active config: opid_index: -1 OBSOLETE_local: false peers { permanent_uuid: "41399910583146198c5d3d530a591a16" member_type: VOTER last_known_addr { host: "127.0.107.196" port: 39567 } } peers { permanent_uuid: "b5d67f26c1dc4a63b60803bb841a9031" member_type: VOTER last_known_addr { host: "127.0.107.195" port: 35033 } } peers { permanent_uuid: "72feff9bd0dd4a80be764762fab548d6" member_type: VOTER last_known_addr { host: "127.0.107.193" port: 38371 } }
I20260630 12:12:18.920717  3762 raft_consensus.cc:385] T fc4e9d522a0a4d059bd94c2215f0abef P 41399910583146198c5d3d530a591a16 [term 0 FOLLOWER]: Consensus starting up: Expiring failure detector timer to make a prompt election more likely
I20260630 12:12:18.920989  3762 raft_consensus.cc:740] T fc4e9d522a0a4d059bd94c2215f0abef P 41399910583146198c5d3d530a591a16 [term 0 FOLLOWER]: Becoming Follower/Learner. State: Replica: 41399910583146198c5d3d530a591a16, State: Initialized, Role: FOLLOWER
I20260630 12:12:18.921626  3762 consensus_queue.cc:260] T fc4e9d522a0a4d059bd94c2215f0abef P 41399910583146198c5d3d530a591a16 [NON_LEADER]: Queue going to NON_LEADER mode. State: All replicated index: 0, Majority replicated index: 0, Committed index: 0, Last appended: 0.0, Last appended by leader: 0, Current term: 0, Majority size: -1, State: 0, Mode: NON_LEADER, active raft config: opid_index: -1 OBSOLETE_local: false peers { permanent_uuid: "41399910583146198c5d3d530a591a16" member_type: VOTER last_known_addr { host: "127.0.107.196" port: 39567 } } peers { permanent_uuid: "b5d67f26c1dc4a63b60803bb841a9031" member_type: VOTER last_known_addr { host: "127.0.107.195" port: 35033 } } peers { permanent_uuid: "72feff9bd0dd4a80be764762fab548d6" member_type: VOTER last_known_addr { host: "127.0.107.193" port: 38371 } }
I20260630 12:12:18.923975  3762 ts_tablet_manager.cc:1434] T fc4e9d522a0a4d059bd94c2215f0abef P 41399910583146198c5d3d530a591a16: Time spent starting tablet: real 0.008s	user 0.006s	sys 0.002s
I20260630 12:12:18.993641  3720 raft_consensus.cc:3060] T 90bedcafa4e04120b80ca5a02cde7dfa P 41399910583146198c5d3d530a591a16 [term 0 FOLLOWER]: Advancing to term 1
I20260630 12:12:18.999804  3418 raft_consensus.cc:3060] T 02e5020842d9424eb9f85ccb58b8728f P 72feff9bd0dd4a80be764762fab548d6 [term 0 FOLLOWER]: Advancing to term 1
I20260630 12:12:19.010885  3804 consensus_queue.cc:1048] T 02e5020842d9424eb9f85ccb58b8728f P b5d67f26c1dc4a63b60803bb841a9031 [LEADER]: Connected to new peer: Peer: permanent_uuid: "72feff9bd0dd4a80be764762fab548d6" member_type: VOTER last_known_addr { host: "127.0.107.193" port: 38371 }, Status: LMP_MISMATCH, Last received: 0.0, Next index: 1, Last known committed idx: 0, Time since last communication: 0.000s
I20260630 12:12:19.017902  3804 consensus_queue.cc:1048] T 02e5020842d9424eb9f85ccb58b8728f P b5d67f26c1dc4a63b60803bb841a9031 [LEADER]: Connected to new peer: Peer: permanent_uuid: "41399910583146198c5d3d530a591a16" member_type: VOTER last_known_addr { host: "127.0.107.196" port: 39567 }, Status: LMP_MISMATCH, Last received: 0.0, Next index: 1, Last known committed idx: 0, Time since last communication: 0.001s
I20260630 12:12:19.062886  3634 consensus_queue.cc:1048] T ed5f4a315ebb434595cace75a620089a P 72feff9bd0dd4a80be764762fab548d6 [LEADER]: Connected to new peer: Peer: permanent_uuid: "ec045ae810ed4a1a9788d73862a6ab1c" member_type: VOTER last_known_addr { host: "127.0.107.194" port: 42669 }, Status: LMP_MISMATCH, Last received: 0.0, Next index: 1, Last known committed idx: 0, Time since last communication: 0.001s
I20260630 12:12:19.073846  3720 raft_consensus.cc:3060] T ed5f4a315ebb434595cace75a620089a P 41399910583146198c5d3d530a591a16 [term 0 FOLLOWER]: Advancing to term 1
I20260630 12:12:19.083036  3637 consensus_queue.cc:1048] T ed5f4a315ebb434595cace75a620089a P 72feff9bd0dd4a80be764762fab548d6 [LEADER]: Connected to new peer: Peer: permanent_uuid: "41399910583146198c5d3d530a591a16" member_type: VOTER last_known_addr { host: "127.0.107.196" port: 39567 }, Status: LMP_MISMATCH, Last received: 0.0, Next index: 1, Last known committed idx: 0, Time since last communication: 0.000s
I20260630 12:12:19.099589  3720 raft_consensus.cc:3060] T fc4e9d522a0a4d059bd94c2215f0abef P 41399910583146198c5d3d530a591a16 [term 0 FOLLOWER]: Advancing to term 1
I20260630 12:12:19.171379  3787 consensus_queue.cc:1048] T 5ae5d90bb88c421b81b457b6e4ec6593 P 41399910583146198c5d3d530a591a16 [LEADER]: Connected to new peer: Peer: permanent_uuid: "ec045ae810ed4a1a9788d73862a6ab1c" member_type: VOTER last_known_addr { host: "127.0.107.194" port: 42669 }, Status: LMP_MISMATCH, Last received: 0.0, Next index: 1, Last known committed idx: 0, Time since last communication: 0.001s
I20260630 12:12:19.173851  3787 raft_consensus.cc:493] T 0e655b434b234c73a84b16ab39a86839 P 41399910583146198c5d3d530a591a16 [term 0 FOLLOWER]: Starting pre-election (no leader contacted us within the election timeout)
I20260630 12:12:19.174381  3787 raft_consensus.cc:515] T 0e655b434b234c73a84b16ab39a86839 P 41399910583146198c5d3d530a591a16 [term 0 FOLLOWER]: Starting pre-election with config: opid_index: -1 OBSOLETE_local: false peers { permanent_uuid: "41399910583146198c5d3d530a591a16" member_type: VOTER last_known_addr { host: "127.0.107.196" port: 39567 } } peers { permanent_uuid: "ec045ae810ed4a1a9788d73862a6ab1c" member_type: VOTER last_known_addr { host: "127.0.107.194" port: 42669 } } peers { permanent_uuid: "b5d67f26c1dc4a63b60803bb841a9031" member_type: VOTER last_known_addr { host: "127.0.107.195" port: 35033 } }
I20260630 12:12:19.177883  3787 leader_election.cc:290] T 0e655b434b234c73a84b16ab39a86839 P 41399910583146198c5d3d530a591a16 [CANDIDATE]: Term 1 pre-election: Requested pre-vote from peers ec045ae810ed4a1a9788d73862a6ab1c (127.0.107.194:42669), b5d67f26c1dc4a63b60803bb841a9031 (127.0.107.195:35033)
I20260630 12:12:19.178205  3493 tablet_service.cc:1917] Received RequestConsensusVote() RPC: tablet_id: "0e655b434b234c73a84b16ab39a86839" candidate_uuid: "41399910583146198c5d3d530a591a16" candidate_term: 1 candidate_status { last_received { term: 0 index: 0 } } ignore_live_leader: false dest_uuid: "ec045ae810ed4a1a9788d73862a6ab1c" is_pre_election: true
I20260630 12:12:19.179098  3567 tablet_service.cc:1917] Received RequestConsensusVote() RPC: tablet_id: "0e655b434b234c73a84b16ab39a86839" candidate_uuid: "41399910583146198c5d3d530a591a16" candidate_term: 1 candidate_status { last_received { term: 0 index: 0 } } ignore_live_leader: false dest_uuid: "b5d67f26c1dc4a63b60803bb841a9031" is_pre_election: true
I20260630 12:12:19.180158  3567 raft_consensus.cc:2393] T 0e655b434b234c73a84b16ab39a86839 P b5d67f26c1dc4a63b60803bb841a9031 [term 1 FOLLOWER]: Leader pre-election vote request: Denying vote to candidate 41399910583146198c5d3d530a591a16 in current term 1: Already voted for candidate ec045ae810ed4a1a9788d73862a6ab1c in this term.
I20260630 12:12:19.181603  3683 leader_election.cc:304] T 0e655b434b234c73a84b16ab39a86839 P 41399910583146198c5d3d530a591a16 [CANDIDATE]: Term 1 pre-election: Election decided. Result: candidate lost. Election summary: received 3 responses out of 3 voters: 1 yes votes; 2 no votes. yes voters: 41399910583146198c5d3d530a591a16; no voters: b5d67f26c1dc4a63b60803bb841a9031, ec045ae810ed4a1a9788d73862a6ab1c
I20260630 12:12:19.185278  3835 raft_consensus.cc:3060] T 0e655b434b234c73a84b16ab39a86839 P 41399910583146198c5d3d530a591a16 [term 0 FOLLOWER]: Advancing to term 1
I20260630 12:12:19.194015  3836 consensus_queue.cc:1048] T 5ae5d90bb88c421b81b457b6e4ec6593 P 41399910583146198c5d3d530a591a16 [LEADER]: Connected to new peer: Peer: permanent_uuid: "b5d67f26c1dc4a63b60803bb841a9031" member_type: VOTER last_known_addr { host: "127.0.107.195" port: 35033 }, Status: LMP_MISMATCH, Last received: 0.0, Next index: 1, Last known committed idx: 0, Time since last communication: 0.001s
I20260630 12:12:19.202419  3835 raft_consensus.cc:2749] T 0e655b434b234c73a84b16ab39a86839 P 41399910583146198c5d3d530a591a16 [term 1 FOLLOWER]: Leader pre-election lost for term 1. Reason: could not achieve majority
I20260630 12:12:19.242169  3789 consensus_queue.cc:1048] T 0e655b434b234c73a84b16ab39a86839 P ec045ae810ed4a1a9788d73862a6ab1c [LEADER]: Connected to new peer: Peer: permanent_uuid: "41399910583146198c5d3d530a591a16" member_type: VOTER last_known_addr { host: "127.0.107.196" port: 39567 }, Status: LMP_MISMATCH, Last received: 0.0, Next index: 1, Last known committed idx: 0, Time since last communication: 0.000s
I20260630 12:12:19.253047  3789 consensus_queue.cc:1048] T 0e655b434b234c73a84b16ab39a86839 P ec045ae810ed4a1a9788d73862a6ab1c [LEADER]: Connected to new peer: Peer: permanent_uuid: "b5d67f26c1dc4a63b60803bb841a9031" member_type: VOTER last_known_addr { host: "127.0.107.195" port: 35033 }, Status: LMP_MISMATCH, Last received: 0.0, Next index: 1, Last known committed idx: 0, Time since last communication: 0.001s
I20260630 12:12:19.333351  3637 consensus_queue.cc:1048] T 9bd2247c02c74bdca55432de5c11fbc3 P 72feff9bd0dd4a80be764762fab548d6 [LEADER]: Connected to new peer: Peer: permanent_uuid: "41399910583146198c5d3d530a591a16" member_type: VOTER last_known_addr { host: "127.0.107.196" port: 39567 }, Status: LMP_MISMATCH, Last received: 0.0, Next index: 1, Last known committed idx: 0, Time since last communication: 0.000s
I20260630 12:12:19.345783  3637 consensus_queue.cc:1048] T 9bd2247c02c74bdca55432de5c11fbc3 P 72feff9bd0dd4a80be764762fab548d6 [LEADER]: Connected to new peer: Peer: permanent_uuid: "ec045ae810ed4a1a9788d73862a6ab1c" member_type: VOTER last_known_addr { host: "127.0.107.194" port: 42669 }, Status: LMP_MISMATCH, Last received: 0.0, Next index: 1, Last known committed idx: 0, Time since last communication: 0.000s
