Did not check for missing blocks
Did not check for orphaned blocks
Total full LBM containers with extra space: 0 (0 repaired)
Total full LBM container extra space in bytes: 0 (0 repaired)
Total incomplete LBM containers: 0 (0 repaired)
Total LBM partial records: 0 (0 repaired)
Total corrupted LBM metadata records in RocksDB: 0 (0 repaired)
I20260630 12:16:05.251875 14325 consensus_queue.cc:1048] T 7bf6a169630a421c9bba3472983a852d P 804f134f86de452ba1748423627866e1 [LEADER]: Connected to new peer: Peer: permanent_uuid: "53b68173571140a7a28f1b9a184239e1" member_type: VOTER last_known_addr { host: "127.13.29.3" port: 40659 }, Status: LMP_MISMATCH, Last received: 0.0, Next index: 1, Last known committed idx: 0, Time since last communication: 0.000s
I20260630 12:16:05.262036 13428 rpc_server.cc:225] running with OpenSSL 1.1.1  11 Sep 2018
I20260630 12:16:05.263607 13428 kserver.cc:163] Server-wide thread pool size limit: 3276
I20260630 12:16:05.265444 13428 txn_system_client.cc:432] TxnSystemClient initialization is disabled...
I20260630 12:16:05.268283 13428 ts_tablet_manager.cc:585] Loaded tablet metadata (0 total tablets, 0 live tablets)
I20260630 12:16:05.268487 13428 ts_tablet_manager.cc:531] Time spent load tablet metadata: real 0.000s	user 0.000s	sys 0.000s
I20260630 12:16:05.268782 13428 ts_tablet_manager.cc:616] Registered 0 tablets
I20260630 12:16:05.268941 13428 ts_tablet_manager.cc:595] Time spent register tablets: real 0.000s	user 0.000s	sys 0.000s
I20260630 12:16:05.312687 13428 rpc_server.cc:307] RPC server started. Bound to: 127.13.29.4:42039
I20260630 12:16:05.312785 14435 acceptor_pool.cc:272] collecting diagnostics on the listening RPC socket 127.13.29.4:42039 every 8 connection(s)
I20260630 12:16:05.328967 14436 heartbeater.cc:344] Connected to a master server at 127.13.29.62:40927
I20260630 12:16:05.329406 14436 heartbeater.cc:461] Registering TS with master...
I20260630 12:16:05.330255 14436 heartbeater.cc:507] Master 127.13.29.62:40927 requested a full tablet report, sending...
I20260630 12:16:05.332304 13995 ts_manager.cc:194] Registered new tserver with Master: b74f8bba5ced4b57b358fc26b003b7ef (127.13.29.4:42039)
I20260630 12:16:05.333976 13995 master_service.cc:502] Signed X509 certificate for tserver {username='slave'} at 127.0.0.1:46320
I20260630 12:16:05.426507 14335 consensus_queue.cc:1048] T ca8f917b219e49399282d3b3d8162d52 P 53b68173571140a7a28f1b9a184239e1 [LEADER]: Connected to new peer: Peer: permanent_uuid: "804f134f86de452ba1748423627866e1" member_type: VOTER last_known_addr { host: "127.13.29.1" port: 43095 }, Status: LMP_MISMATCH, Last received: 0.0, Next index: 1, Last known committed idx: 0, Time since last communication: 0.001s
I20260630 12:16:05.436784 14335 consensus_queue.cc:1048] T c1ed26771ce14f968a2b2d5af485cef8 P 53b68173571140a7a28f1b9a184239e1 [LEADER]: Connected to new peer: Peer: permanent_uuid: "80844c62469d4508936fc19107a38d9e" member_type: VOTER last_known_addr { host: "127.13.29.2" port: 41219 }, Status: LMP_MISMATCH, Last received: 0.0, Next index: 1, Last known committed idx: 0, Time since last communication: 0.001s
I20260630 12:16:05.449319 14300 consensus_queue.cc:1048] T ca8f917b219e49399282d3b3d8162d52 P 53b68173571140a7a28f1b9a184239e1 [LEADER]: Connected to new peer: Peer: permanent_uuid: "80844c62469d4508936fc19107a38d9e" member_type: VOTER last_known_addr { host: "127.13.29.2" port: 41219 }, Status: LMP_MISMATCH, Last received: 0.0, Next index: 1, Last known committed idx: 0, Time since last communication: 0.001s
I20260630 12:16:05.462510 14358 consensus_queue.cc:1048] T c1ed26771ce14f968a2b2d5af485cef8 P 53b68173571140a7a28f1b9a184239e1 [LEADER]: Connected to new peer: Peer: permanent_uuid: "804f134f86de452ba1748423627866e1" member_type: VOTER last_known_addr { host: "127.13.29.1" port: 43095 }, Status: LMP_MISMATCH, Last received: 0.0, Next index: 1, Last known committed idx: 0, Time since last communication: 0.001s
I20260630 12:16:06.336800 14436 heartbeater.cc:499] Master 127.13.29.62:40927 was elected leader, sending a full tablet report...
I20260630 12:16:06.516798 14051 auto_leader_rebalancer.cc:141] leader rebalance for table test-workload
I20260630 12:16:06.539702 14249 tablet_service.cc:2072] Received LeaderStepDown RPC: tablet_id: "c1ed26771ce14f968a2b2d5af485cef8"
dest_uuid: "53b68173571140a7a28f1b9a184239e1"
mode: GRACEFUL
new_leader_uuid: "80844c62469d4508936fc19107a38d9e"
 from {username='slave'} at 127.0.0.1:33158
I20260630 12:16:06.540722 14249 raft_consensus.cc:606] T c1ed26771ce14f968a2b2d5af485cef8 P 53b68173571140a7a28f1b9a184239e1 [term 1 LEADER]: Received request to transfer leadership to TS 80844c62469d4508936fc19107a38d9e
I20260630 12:16:06.542176 14051 auto_leader_rebalancer.cc:440] table: test-workload, leader rebalance finish, leader transfer count: 1
I20260630 12:16:06.542791 14051 auto_leader_rebalancer.cc:515] All tables' leader rebalancing finished this round
I20260630 12:16:06.939172 14448 raft_consensus.cc:993] T c1ed26771ce14f968a2b2d5af485cef8 P 53b68173571140a7a28f1b9a184239e1: : Instructing follower 80844c62469d4508936fc19107a38d9e to start an election
I20260630 12:16:06.939687 14448 raft_consensus.cc:1081] T c1ed26771ce14f968a2b2d5af485cef8 P 53b68173571140a7a28f1b9a184239e1 [term 1 LEADER]: Signalling peer 80844c62469d4508936fc19107a38d9e to start an election
I20260630 12:16:06.941695 14173 tablet_service.cc:2044] Received Run Leader Election RPC: tablet_id: "c1ed26771ce14f968a2b2d5af485cef8"
dest_uuid: "80844c62469d4508936fc19107a38d9e"
 from {username='slave'} at 127.0.0.1:48988
I20260630 12:16:06.942474 14173 raft_consensus.cc:493] T c1ed26771ce14f968a2b2d5af485cef8 P 80844c62469d4508936fc19107a38d9e [term 1 FOLLOWER]: Starting forced leader election (received explicit request)
I20260630 12:16:06.942816 14173 raft_consensus.cc:3060] T c1ed26771ce14f968a2b2d5af485cef8 P 80844c62469d4508936fc19107a38d9e [term 1 FOLLOWER]: Advancing to term 2
I20260630 12:16:06.949900 14173 raft_consensus.cc:515] T c1ed26771ce14f968a2b2d5af485cef8 P 80844c62469d4508936fc19107a38d9e [term 2 FOLLOWER]: Starting forced leader election with config: opid_index: -1 OBSOLETE_local: false peers { permanent_uuid: "804f134f86de452ba1748423627866e1" member_type: VOTER last_known_addr { host: "127.13.29.1" port: 43095 } } peers { permanent_uuid: "80844c62469d4508936fc19107a38d9e" member_type: VOTER last_known_addr { host: "127.13.29.2" port: 41219 } } peers { permanent_uuid: "53b68173571140a7a28f1b9a184239e1" member_type: VOTER last_known_addr { host: "127.13.29.3" port: 40659 } }
I20260630 12:16:06.951730 14173 leader_election.cc:290] T c1ed26771ce14f968a2b2d5af485cef8 P 80844c62469d4508936fc19107a38d9e [CANDIDATE]: Term 2 election: Requested vote from peers 804f134f86de452ba1748423627866e1 (127.13.29.1:43095), 53b68173571140a7a28f1b9a184239e1 (127.13.29.3:40659)
I20260630 12:16:06.953346 14099 tablet_service.cc:1917] Received RequestConsensusVote() RPC: tablet_id: "c1ed26771ce14f968a2b2d5af485cef8" candidate_uuid: "80844c62469d4508936fc19107a38d9e" candidate_term: 2 candidate_status { last_received { term: 1 index: 1 } } ignore_live_leader: true dest_uuid: "804f134f86de452ba1748423627866e1"
I20260630 12:16:06.953706 14249 tablet_service.cc:1917] Received RequestConsensusVote() RPC: tablet_id: "c1ed26771ce14f968a2b2d5af485cef8" candidate_uuid: "80844c62469d4508936fc19107a38d9e" candidate_term: 2 candidate_status { last_received { term: 1 index: 1 } } ignore_live_leader: true dest_uuid: "53b68173571140a7a28f1b9a184239e1"
I20260630 12:16:06.954331 14099 raft_consensus.cc:3060] T c1ed26771ce14f968a2b2d5af485cef8 P 804f134f86de452ba1748423627866e1 [term 1 FOLLOWER]: Advancing to term 2
I20260630 12:16:06.954435 14249 raft_consensus.cc:3055] T c1ed26771ce14f968a2b2d5af485cef8 P 53b68173571140a7a28f1b9a184239e1 [term 1 LEADER]: Stepping down as leader of term 1
I20260630 12:16:06.954973 14249 raft_consensus.cc:740] T c1ed26771ce14f968a2b2d5af485cef8 P 53b68173571140a7a28f1b9a184239e1 [term 1 LEADER]: Becoming Follower/Learner. State: Replica: 53b68173571140a7a28f1b9a184239e1, State: Running, Role: LEADER
I20260630 12:16:06.955947 14249 consensus_queue.cc:260] T c1ed26771ce14f968a2b2d5af485cef8 P 53b68173571140a7a28f1b9a184239e1 [NON_LEADER]: Queue going to NON_LEADER mode. State: All replicated index: 0, Majority replicated index: 1, Committed index: 1, Last appended: 1.1, Last appended by leader: 1, Current term: 1, Majority size: -1, State: 0, Mode: NON_LEADER, active raft config: opid_index: -1 OBSOLETE_local: false peers { permanent_uuid: "804f134f86de452ba1748423627866e1" member_type: VOTER last_known_addr { host: "127.13.29.1" port: 43095 } } peers { permanent_uuid: "80844c62469d4508936fc19107a38d9e" member_type: VOTER last_known_addr { host: "127.13.29.2" port: 41219 } } peers { permanent_uuid: "53b68173571140a7a28f1b9a184239e1" member_type: VOTER last_known_addr { host: "127.13.29.3" port: 40659 } }
I20260630 12:16:06.957103 14249 raft_consensus.cc:3060] T c1ed26771ce14f968a2b2d5af485cef8 P 53b68173571140a7a28f1b9a184239e1 [term 1 FOLLOWER]: Advancing to term 2
I20260630 12:16:06.960464 14099 raft_consensus.cc:2468] T c1ed26771ce14f968a2b2d5af485cef8 P 804f134f86de452ba1748423627866e1 [term 2 FOLLOWER]: Leader election vote request: Granting yes vote for candidate 80844c62469d4508936fc19107a38d9e in term 2.
I20260630 12:16:06.962044 14141 leader_election.cc:304] T c1ed26771ce14f968a2b2d5af485cef8 P 80844c62469d4508936fc19107a38d9e [CANDIDATE]: Term 2 election: Election decided. Result: candidate won. Election summary: received 2 responses out of 3 voters: 2 yes votes; 0 no votes. yes voters: 804f134f86de452ba1748423627866e1, 80844c62469d4508936fc19107a38d9e; no voters: 
I20260630 12:16:06.962909 14314 raft_consensus.cc:2804] T c1ed26771ce14f968a2b2d5af485cef8 P 80844c62469d4508936fc19107a38d9e [term 2 FOLLOWER]: Leader election won for term 2
I20260630 12:16:06.963398 14249 raft_consensus.cc:2468] T c1ed26771ce14f968a2b2d5af485cef8 P 53b68173571140a7a28f1b9a184239e1 [term 2 FOLLOWER]: Leader election vote request: Granting yes vote for candidate 80844c62469d4508936fc19107a38d9e in term 2.
I20260630 12:16:06.963956 14314 raft_consensus.cc:697] T c1ed26771ce14f968a2b2d5af485cef8 P 80844c62469d4508936fc19107a38d9e [term 2 LEADER]: Becoming Leader. State: Replica: 80844c62469d4508936fc19107a38d9e, State: Running, Role: LEADER
I20260630 12:16:06.964919 14314 consensus_queue.cc:237] T c1ed26771ce14f968a2b2d5af485cef8 P 80844c62469d4508936fc19107a38d9e [LEADER]: Queue going to LEADER mode. State: All replicated index: 0, Majority replicated index: 1, Committed index: 1, Last appended: 1.1, Last appended by leader: 1, Current term: 2, Majority size: 2, State: 0, Mode: LEADER, active raft config: opid_index: -1 OBSOLETE_local: false peers { permanent_uuid: "804f134f86de452ba1748423627866e1" member_type: VOTER last_known_addr { host: "127.13.29.1" port: 43095 } } peers { permanent_uuid: "80844c62469d4508936fc19107a38d9e" member_type: VOTER last_known_addr { host: "127.13.29.2" port: 41219 } } peers { permanent_uuid: "53b68173571140a7a28f1b9a184239e1" member_type: VOTER last_known_addr { host: "127.13.29.3" port: 40659 } }
I20260630 12:16:06.974696 13997 catalog_manager.cc:5697] T c1ed26771ce14f968a2b2d5af485cef8 P 80844c62469d4508936fc19107a38d9e reported cstate change: term changed from 1 to 2, leader changed from 53b68173571140a7a28f1b9a184239e1 (127.13.29.3) to 80844c62469d4508936fc19107a38d9e (127.13.29.2). New cstate: current_term: 2 leader_uuid: "80844c62469d4508936fc19107a38d9e" committed_config { opid_index: -1 OBSOLETE_local: false peers { permanent_uuid: "804f134f86de452ba1748423627866e1" member_type: VOTER last_known_addr { host: "127.13.29.1" port: 43095 } health_report { overall_health: UNKNOWN } } peers { permanent_uuid: "80844c62469d4508936fc19107a38d9e" member_type: VOTER last_known_addr { host: "127.13.29.2" port: 41219 } health_report { overall_health: HEALTHY } } peers { permanent_uuid: "53b68173571140a7a28f1b9a184239e1" member_type: VOTER last_known_addr { host: "127.13.29.3" port: 40659 } health_report { overall_health: UNKNOWN } } }
I20260630 12:16:07.407975 14249 raft_consensus.cc:1275] T c1ed26771ce14f968a2b2d5af485cef8 P 53b68173571140a7a28f1b9a184239e1 [term 2 FOLLOWER]: Refusing update from remote peer 80844c62469d4508936fc19107a38d9e: Log matching property violated. Preceding OpId in replica: term: 1 index: 1. Preceding OpId from leader: term: 2 index: 2. (index mismatch)
I20260630 12:16:07.409412 14314 consensus_queue.cc:1048] T c1ed26771ce14f968a2b2d5af485cef8 P 80844c62469d4508936fc19107a38d9e [LEADER]: Connected to new peer: Peer: permanent_uuid: "53b68173571140a7a28f1b9a184239e1" member_type: VOTER last_known_addr { host: "127.13.29.3" port: 40659 }, Status: LMP_MISMATCH, Last received: 0.0, Next index: 2, Last known committed idx: 1, Time since last communication: 0.000s
I20260630 12:16:07.419008 14099 raft_consensus.cc:1275] T c1ed26771ce14f968a2b2d5af485cef8 P 804f134f86de452ba1748423627866e1 [term 2 FOLLOWER]: Refusing update from remote peer 80844c62469d4508936fc19107a38d9e: Log matching property violated. Preceding OpId in replica: term: 1 index: 1. Preceding OpId from leader: term: 2 index: 2. (index mismatch)
I20260630 12:16:07.421700 14314 consensus_queue.cc:1048] T c1ed26771ce14f968a2b2d5af485cef8 P 80844c62469d4508936fc19107a38d9e [LEADER]: Connected to new peer: Peer: permanent_uuid: "804f134f86de452ba1748423627866e1" member_type: VOTER last_known_addr { host: "127.13.29.1" port: 43095 }, Status: LMP_MISMATCH, Last received: 0.0, Next index: 2, Last known committed idx: 1, Time since last communication: 0.000s
I20260630 12:16:08.543910 14051 auto_leader_rebalancer.cc:141] leader rebalance for table test-workload
I20260630 12:16:08.549594 14051 auto_leader_rebalancer.cc:440] table: test-workload, leader rebalance finish, leader transfer count: 0
I20260630 12:16:08.550100 14051 auto_leader_rebalancer.cc:515] All tables' leader rebalancing finished this round
I20260630 12:16:10.547331 14249 consensus_queue.cc:237] T 7eb3b8c08bb947b3805773ccbe29ca89 P 53b68173571140a7a28f1b9a184239e1 [LEADER]: Queue going to LEADER mode. State: All replicated index: 0, Majority replicated index: 1, Committed index: 1, Last appended: 1.1, Last appended by leader: 0, Current term: 1, Majority size: 2, State: 0, Mode: LEADER, active raft config: opid_index: 2 OBSOLETE_local: false peers { permanent_uuid: "804f134f86de452ba1748423627866e1" member_type: VOTER last_known_addr { host: "127.13.29.1" port: 43095 } attrs { replace: true } } peers { permanent_uuid: "80844c62469d4508936fc19107a38d9e" member_type: VOTER last_known_addr { host: "127.13.29.2" port: 41219 } } peers { permanent_uuid: "53b68173571140a7a28f1b9a184239e1" member_type: VOTER last_known_addr { host: "127.13.29.3" port: 40659 } } peers { permanent_uuid: "b74f8bba5ced4b57b358fc26b003b7ef" member_type: NON_VOTER last_known_addr { host: "127.13.29.4" port: 42039 } attrs { promote: true } }
I20260630 12:16:10.551069 14051 auto_leader_rebalancer.cc:141] leader rebalance for table test-workload
I20260630 12:16:10.555044 14099 raft_consensus.cc:1275] T 7eb3b8c08bb947b3805773ccbe29ca89 P 804f134f86de452ba1748423627866e1 [term 1 FOLLOWER]: Refusing update from remote peer 53b68173571140a7a28f1b9a184239e1: Log matching property violated. Preceding OpId in replica: term: 1 index: 1. Preceding OpId from leader: term: 1 index: 2. (index mismatch)
I20260630 12:16:10.557101 14173 raft_consensus.cc:1275] T 7eb3b8c08bb947b3805773ccbe29ca89 P 80844c62469d4508936fc19107a38d9e [term 1 FOLLOWER]: Refusing update from remote peer 53b68173571140a7a28f1b9a184239e1: Log matching property violated. Preceding OpId in replica: term: 1 index: 1. Preceding OpId from leader: term: 1 index: 2. (index mismatch)
I20260630 12:16:10.557041 14463 consensus_queue.cc:1048] T 7eb3b8c08bb947b3805773ccbe29ca89 P 53b68173571140a7a28f1b9a184239e1 [LEADER]: Connected to new peer: Peer: permanent_uuid: "804f134f86de452ba1748423627866e1" member_type: VOTER last_known_addr { host: "127.13.29.1" port: 43095 } attrs { replace: true }, Status: LMP_MISMATCH, Last received: 0.0, Next index: 2, Last known committed idx: 1, Time since last communication: 0.000s
I20260630 12:16:10.558939 14448 consensus_queue.cc:1048] T 7eb3b8c08bb947b3805773ccbe29ca89 P 53b68173571140a7a28f1b9a184239e1 [LEADER]: Connected to new peer: Peer: permanent_uuid: "80844c62469d4508936fc19107a38d9e" member_type: VOTER last_known_addr { host: "127.13.29.2" port: 41219 }, Status: LMP_MISMATCH, Last received: 0.0, Next index: 2, Last known committed idx: 1, Time since last communication: 0.000s
I20260630 12:16:10.560745 14051 auto_leader_rebalancer.cc:440] table: test-workload, leader rebalance finish, leader transfer count: 0
I20260630 12:16:10.561508 14051 auto_leader_rebalancer.cc:515] All tables' leader rebalancing finished this round
I20260630 12:16:10.568794 14463 raft_consensus.cc:2955] T 7eb3b8c08bb947b3805773ccbe29ca89 P 53b68173571140a7a28f1b9a184239e1 [term 1 LEADER]: Committing config change with OpId 1.2: config changed from index -1 to 2, NON_VOTER b74f8bba5ced4b57b358fc26b003b7ef (127.13.29.4) added. New config: { opid_index: 2 OBSOLETE_local: false peers { permanent_uuid: "804f134f86de452ba1748423627866e1" member_type: VOTER last_known_addr { host: "127.13.29.1" port: 43095 } attrs { replace: true } } peers { permanent_uuid: "80844c62469d4508936fc19107a38d9e" member_type: VOTER last_known_addr { host: "127.13.29.2" port: 41219 } } peers { permanent_uuid: "53b68173571140a7a28f1b9a184239e1" member_type: VOTER last_known_addr { host: "127.13.29.3" port: 40659 } } peers { permanent_uuid: "b74f8bba5ced4b57b358fc26b003b7ef" member_type: NON_VOTER last_known_addr { host: "127.13.29.4" port: 42039 } attrs { promote: true } } }
W20260630 12:16:10.572327 14212 consensus_peers.cc:597] T 7eb3b8c08bb947b3805773ccbe29ca89 P 53b68173571140a7a28f1b9a184239e1 -> Peer b74f8bba5ced4b57b358fc26b003b7ef (127.13.29.4:42039): Couldn't send request to peer b74f8bba5ced4b57b358fc26b003b7ef. Error code: TABLET_NOT_FOUND (6). Status: Not found: Tablet not found: 7eb3b8c08bb947b3805773ccbe29ca89. This is attempt 1: this message will repeat every 5th retry.
I20260630 12:16:10.570348 14173 raft_consensus.cc:2955] T 7eb3b8c08bb947b3805773ccbe29ca89 P 80844c62469d4508936fc19107a38d9e [term 1 FOLLOWER]: Committing config change with OpId 1.2: config changed from index -1 to 2, NON_VOTER b74f8bba5ced4b57b358fc26b003b7ef (127.13.29.4) added. New config: { opid_index: 2 OBSOLETE_local: false peers { permanent_uuid: "804f134f86de452ba1748423627866e1" member_type: VOTER last_known_addr { host: "127.13.29.1" port: 43095 } attrs { replace: true } } peers { permanent_uuid: "80844c62469d4508936fc19107a38d9e" member_type: VOTER last_known_addr { host: "127.13.29.2" port: 41219 } } peers { permanent_uuid: "53b68173571140a7a28f1b9a184239e1" member_type: VOTER last_known_addr { host: "127.13.29.3" port: 40659 } } peers { permanent_uuid: "b74f8bba5ced4b57b358fc26b003b7ef" member_type: NON_VOTER last_known_addr { host: "127.13.29.4" port: 42039 } attrs { promote: true } } }
I20260630 12:16:10.572443 14099 raft_consensus.cc:2955] T 7eb3b8c08bb947b3805773ccbe29ca89 P 804f134f86de452ba1748423627866e1 [term 1 FOLLOWER]: Committing config change with OpId 1.2: config changed from index -1 to 2, NON_VOTER b74f8bba5ced4b57b358fc26b003b7ef (127.13.29.4) added. New config: { opid_index: 2 OBSOLETE_local: false peers { permanent_uuid: "804f134f86de452ba1748423627866e1" member_type: VOTER last_known_addr { host: "127.13.29.1" port: 43095 } attrs { replace: true } } peers { permanent_uuid: "80844c62469d4508936fc19107a38d9e" member_type: VOTER last_known_addr { host: "127.13.29.2" port: 41219 } } peers { permanent_uuid: "53b68173571140a7a28f1b9a184239e1" member_type: VOTER last_known_addr { host: "127.13.29.3" port: 40659 } } peers { permanent_uuid: "b74f8bba5ced4b57b358fc26b003b7ef" member_type: NON_VOTER last_known_addr { host: "127.13.29.4" port: 42039 } attrs { promote: true } } }
I20260630 12:16:10.585247 13998 catalog_manager.cc:5697] T 7eb3b8c08bb947b3805773ccbe29ca89 P 804f134f86de452ba1748423627866e1 reported cstate change: config changed from index -1 to 2, NON_VOTER b74f8bba5ced4b57b358fc26b003b7ef (127.13.29.4) added. New cstate: current_term: 1 leader_uuid: "53b68173571140a7a28f1b9a184239e1" committed_config { opid_index: 2 OBSOLETE_local: false peers { permanent_uuid: "804f134f86de452ba1748423627866e1" member_type: VOTER last_known_addr { host: "127.13.29.1" port: 43095 } attrs { replace: true } } peers { permanent_uuid: "80844c62469d4508936fc19107a38d9e" member_type: VOTER last_known_addr { host: "127.13.29.2" port: 41219 } } peers { permanent_uuid: "53b68173571140a7a28f1b9a184239e1" member_type: VOTER last_known_addr { host: "127.13.29.3" port: 40659 } } peers { permanent_uuid: "b74f8bba5ced4b57b358fc26b003b7ef" member_type: NON_VOTER last_known_addr { host: "127.13.29.4" port: 42039 } attrs { promote: true } } }
I20260630 12:16:10.589219 14249 consensus_queue.cc:237] T ca8f917b219e49399282d3b3d8162d52 P 53b68173571140a7a28f1b9a184239e1 [LEADER]: Queue going to LEADER mode. State: All replicated index: 0, Majority replicated index: 1, Committed index: 1, Last appended: 1.1, Last appended by leader: 0, Current term: 1, Majority size: 2, State: 0, Mode: LEADER, active raft config: opid_index: 2 OBSOLETE_local: false peers { permanent_uuid: "804f134f86de452ba1748423627866e1" member_type: VOTER last_known_addr { host: "127.13.29.1" port: 43095 } } peers { permanent_uuid: "80844c62469d4508936fc19107a38d9e" member_type: VOTER last_known_addr { host: "127.13.29.2" port: 41219 } attrs { replace: true } } peers { permanent_uuid: "53b68173571140a7a28f1b9a184239e1" member_type: VOTER last_known_addr { host: "127.13.29.3" port: 40659 } } peers { permanent_uuid: "b74f8bba5ced4b57b358fc26b003b7ef" member_type: NON_VOTER last_known_addr { host: "127.13.29.4" port: 42039 } attrs { promote: true } }
I20260630 12:16:10.598093 14173 raft_consensus.cc:1275] T ca8f917b219e49399282d3b3d8162d52 P 80844c62469d4508936fc19107a38d9e [term 1 FOLLOWER]: Refusing update from remote peer 53b68173571140a7a28f1b9a184239e1: Log matching property violated. Preceding OpId in replica: term: 1 index: 1. Preceding OpId from leader: term: 1 index: 2. (index mismatch)
I20260630 12:16:10.598634 14099 raft_consensus.cc:1275] T ca8f917b219e49399282d3b3d8162d52 P 804f134f86de452ba1748423627866e1 [term 1 FOLLOWER]: Refusing update from remote peer 53b68173571140a7a28f1b9a184239e1: Log matching property violated. Preceding OpId in replica: term: 1 index: 1. Preceding OpId from leader: term: 1 index: 2. (index mismatch)
W20260630 12:16:10.599045 14212 consensus_peers.cc:597] T ca8f917b219e49399282d3b3d8162d52 P 53b68173571140a7a28f1b9a184239e1 -> Peer b74f8bba5ced4b57b358fc26b003b7ef (127.13.29.4:42039): Couldn't send request to peer b74f8bba5ced4b57b358fc26b003b7ef. Error code: TABLET_NOT_FOUND (6). Status: Not found: Tablet not found: ca8f917b219e49399282d3b3d8162d52. This is attempt 1: this message will repeat every 5th retry.
I20260630 12:16:10.599581 14472 consensus_queue.cc:1048] T ca8f917b219e49399282d3b3d8162d52 P 53b68173571140a7a28f1b9a184239e1 [LEADER]: Connected to new peer: Peer: permanent_uuid: "80844c62469d4508936fc19107a38d9e" member_type: VOTER last_known_addr { host: "127.13.29.2" port: 41219 } attrs { replace: true }, Status: LMP_MISMATCH, Last received: 0.0, Next index: 2, Last known committed idx: 1, Time since last communication: 0.001s
I20260630 12:16:10.601050 14471 consensus_queue.cc:1048] T ca8f917b219e49399282d3b3d8162d52 P 53b68173571140a7a28f1b9a184239e1 [LEADER]: Connected to new peer: Peer: permanent_uuid: "804f134f86de452ba1748423627866e1" member_type: VOTER last_known_addr { host: "127.13.29.1" port: 43095 }, Status: LMP_MISMATCH, Last received: 0.0, Next index: 2, Last known committed idx: 1, Time since last communication: 0.000s
I20260630 12:16:10.614151 14463 raft_consensus.cc:2955] T ca8f917b219e49399282d3b3d8162d52 P 53b68173571140a7a28f1b9a184239e1 [term 1 LEADER]: Committing config change with OpId 1.2: config changed from index -1 to 2, NON_VOTER b74f8bba5ced4b57b358fc26b003b7ef (127.13.29.4) added. New config: { opid_index: 2 OBSOLETE_local: false peers { permanent_uuid: "804f134f86de452ba1748423627866e1" member_type: VOTER last_known_addr { host: "127.13.29.1" port: 43095 } } peers { permanent_uuid: "80844c62469d4508936fc19107a38d9e" member_type: VOTER last_known_addr { host: "127.13.29.2" port: 41219 } attrs { replace: true } } peers { permanent_uuid: "53b68173571140a7a28f1b9a184239e1" member_type: VOTER last_known_addr { host: "127.13.29.3" port: 40659 } } peers { permanent_uuid: "b74f8bba5ced4b57b358fc26b003b7ef" member_type: NON_VOTER last_known_addr { host: "127.13.29.4" port: 42039 } attrs { promote: true } } }
I20260630 12:16:10.616731 14173 raft_consensus.cc:2955] T ca8f917b219e49399282d3b3d8162d52 P 80844c62469d4508936fc19107a38d9e [term 1 FOLLOWER]: Committing config change with OpId 1.2: config changed from index -1 to 2, NON_VOTER b74f8bba5ced4b57b358fc26b003b7ef (127.13.29.4) added. New config: { opid_index: 2 OBSOLETE_local: false peers { permanent_uuid: "804f134f86de452ba1748423627866e1" member_type: VOTER last_known_addr { host: "127.13.29.1" port: 43095 } } peers { permanent_uuid: "80844c62469d4508936fc19107a38d9e" member_type: VOTER last_known_addr { host: "127.13.29.2" port: 41219 } attrs { replace: true } } peers { permanent_uuid: "53b68173571140a7a28f1b9a184239e1" member_type: VOTER last_known_addr { host: "127.13.29.3" port: 40659 } } peers { permanent_uuid: "b74f8bba5ced4b57b358fc26b003b7ef" member_type: NON_VOTER last_known_addr { host: "127.13.29.4" port: 42039 } attrs { promote: true } } }
I20260630 12:16:10.624235 14099 raft_consensus.cc:2955] T ca8f917b219e49399282d3b3d8162d52 P 804f134f86de452ba1748423627866e1 [term 1 FOLLOWER]: Committing config change with OpId 1.2: config changed from index -1 to 2, NON_VOTER b74f8bba5ced4b57b358fc26b003b7ef (127.13.29.4) added. New config: { opid_index: 2 OBSOLETE_local: false peers { permanent_uuid: "804f134f86de452ba1748423627866e1" member_type: VOTER last_known_addr { host: "127.13.29.1" port: 43095 } } peers { permanent_uuid: "80844c62469d4508936fc19107a38d9e" member_type: VOTER last_known_addr { host: "127.13.29.2" port: 41219 } attrs { replace: true } } peers { permanent_uuid: "53b68173571140a7a28f1b9a184239e1" member_type: VOTER last_known_addr { host: "127.13.29.3" port: 40659 } } peers { permanent_uuid: "b74f8bba5ced4b57b358fc26b003b7ef" member_type: NON_VOTER last_known_addr { host: "127.13.29.4" port: 42039 } attrs { promote: true } } }
I20260630 12:16:10.632442 13998 catalog_manager.cc:5697] T ca8f917b219e49399282d3b3d8162d52 P 53b68173571140a7a28f1b9a184239e1 reported cstate change: config changed from index -1 to 2, NON_VOTER b74f8bba5ced4b57b358fc26b003b7ef (127.13.29.4) added. New cstate: current_term: 1 leader_uuid: "53b68173571140a7a28f1b9a184239e1" committed_config { opid_index: 2 OBSOLETE_local: false peers { permanent_uuid: "804f134f86de452ba1748423627866e1" member_type: VOTER last_known_addr { host: "127.13.29.1" port: 43095 } health_report { overall_health: HEALTHY } } peers { permanent_uuid: "80844c62469d4508936fc19107a38d9e" member_type: VOTER last_known_addr { host: "127.13.29.2" port: 41219 } attrs { replace: true } health_report { overall_health: HEALTHY } } peers { permanent_uuid: "53b68173571140a7a28f1b9a184239e1" member_type: VOTER last_known_addr { host: "127.13.29.3" port: 40659 } health_report { overall_health: HEALTHY } } peers { permanent_uuid: "b74f8bba5ced4b57b358fc26b003b7ef" member_type: NON_VOTER last_known_addr { host: "127.13.29.4" port: 42039 } attrs { promote: true } health_report { overall_health: UNKNOWN } } }
I20260630 12:16:10.652127 14099 consensus_queue.cc:237] T 7bf6a169630a421c9bba3472983a852d P 804f134f86de452ba1748423627866e1 [LEADER]: Queue going to LEADER mode. State: All replicated index: 0, Majority replicated index: 1, Committed index: 1, Last appended: 1.1, Last appended by leader: 0, Current term: 1, Majority size: 2, State: 0, Mode: LEADER, active raft config: opid_index: 2 OBSOLETE_local: false peers { permanent_uuid: "804f134f86de452ba1748423627866e1" member_type: VOTER last_known_addr { host: "127.13.29.1" port: 43095 } } peers { permanent_uuid: "80844c62469d4508936fc19107a38d9e" member_type: VOTER last_known_addr { host: "127.13.29.2" port: 41219 } } peers { permanent_uuid: "53b68173571140a7a28f1b9a184239e1" member_type: VOTER last_known_addr { host: "127.13.29.3" port: 40659 } attrs { replace: true } } peers { permanent_uuid: "b74f8bba5ced4b57b358fc26b003b7ef" member_type: NON_VOTER last_known_addr { host: "127.13.29.4" port: 42039 } attrs { promote: true } }
I20260630 12:16:10.659750 14249 raft_consensus.cc:1275] T 7bf6a169630a421c9bba3472983a852d P 53b68173571140a7a28f1b9a184239e1 [term 1 FOLLOWER]: Refusing update from remote peer 804f134f86de452ba1748423627866e1: Log matching property violated. Preceding OpId in replica: term: 1 index: 1. Preceding OpId from leader: term: 1 index: 2. (index mismatch)
I20260630 12:16:10.661286 14173 raft_consensus.cc:1275] T 7bf6a169630a421c9bba3472983a852d P 80844c62469d4508936fc19107a38d9e [term 1 FOLLOWER]: Refusing update from remote peer 804f134f86de452ba1748423627866e1: Log matching property violated. Preceding OpId in replica: term: 1 index: 1. Preceding OpId from leader: term: 1 index: 2. (index mismatch)
I20260630 12:16:10.661482 14483 consensus_queue.cc:1048] T 7bf6a169630a421c9bba3472983a852d P 804f134f86de452ba1748423627866e1 [LEADER]: Connected to new peer: Peer: permanent_uuid: "53b68173571140a7a28f1b9a184239e1" member_type: VOTER last_known_addr { host: "127.13.29.3" port: 40659 } attrs { replace: true }, Status: LMP_MISMATCH, Last received: 0.0, Next index: 2, Last known committed idx: 1, Time since last communication: 0.001s
I20260630 12:16:10.663075 14339 consensus_queue.cc:1048] T 7bf6a169630a421c9bba3472983a852d P 804f134f86de452ba1748423627866e1 [LEADER]: Connected to new peer: Peer: permanent_uuid: "80844c62469d4508936fc19107a38d9e" member_type: VOTER last_known_addr { host: "127.13.29.2" port: 41219 }, Status: LMP_MISMATCH, Last received: 0.0, Next index: 2, Last known committed idx: 1, Time since last communication: 0.001s
W20260630 12:16:10.672724 14063 consensus_peers.cc:597] T 7bf6a169630a421c9bba3472983a852d P 804f134f86de452ba1748423627866e1 -> Peer b74f8bba5ced4b57b358fc26b003b7ef (127.13.29.4:42039): Couldn't send request to peer b74f8bba5ced4b57b358fc26b003b7ef. Error code: TABLET_NOT_FOUND (6). Status: Not found: Tablet not found: 7bf6a169630a421c9bba3472983a852d. This is attempt 1: this message will repeat every 5th retry.
I20260630 12:16:10.674986 14480 raft_consensus.cc:2955] T 7bf6a169630a421c9bba3472983a852d P 804f134f86de452ba1748423627866e1 [term 1 LEADER]: Committing config change with OpId 1.2: config changed from index -1 to 2, NON_VOTER b74f8bba5ced4b57b358fc26b003b7ef (127.13.29.4) added. New config: { opid_index: 2 OBSOLETE_local: false peers { permanent_uuid: "804f134f86de452ba1748423627866e1" member_type: VOTER last_known_addr { host: "127.13.29.1" port: 43095 } } peers { permanent_uuid: "80844c62469d4508936fc19107a38d9e" member_type: VOTER last_known_addr { host: "127.13.29.2" port: 41219 } } peers { permanent_uuid: "53b68173571140a7a28f1b9a184239e1" member_type: VOTER last_known_addr { host: "127.13.29.3" port: 40659 } attrs { replace: true } } peers { permanent_uuid: "b74f8bba5ced4b57b358fc26b003b7ef" member_type: NON_VOTER last_known_addr { host: "127.13.29.4" port: 42039 } attrs { promote: true } } }
I20260630 12:16:10.676618 14173 raft_consensus.cc:2955] T 7bf6a169630a421c9bba3472983a852d P 80844c62469d4508936fc19107a38d9e [term 1 FOLLOWER]: Committing config change with OpId 1.2: config changed from index -1 to 2, NON_VOTER b74f8bba5ced4b57b358fc26b003b7ef (127.13.29.4) added. New config: { opid_index: 2 OBSOLETE_local: false peers { permanent_uuid: "804f134f86de452ba1748423627866e1" member_type: VOTER last_known_addr { host: "127.13.29.1" port: 43095 } } peers { permanent_uuid: "80844c62469d4508936fc19107a38d9e" member_type: VOTER last_known_addr { host: "127.13.29.2" port: 41219 } } peers { permanent_uuid: "53b68173571140a7a28f1b9a184239e1" member_type: VOTER last_known_addr { host: "127.13.29.3" port: 40659 } attrs { replace: true } } peers { permanent_uuid: "b74f8bba5ced4b57b358fc26b003b7ef" member_type: NON_VOTER last_known_addr { host: "127.13.29.4" port: 42039 } attrs { promote: true } } }
I20260630 12:16:10.676615 14249 raft_consensus.cc:2955] T 7bf6a169630a421c9bba3472983a852d P 53b68173571140a7a28f1b9a184239e1 [term 1 FOLLOWER]: Committing config change with OpId 1.2: config changed from index -1 to 2, NON_VOTER b74f8bba5ced4b57b358fc26b003b7ef (127.13.29.4) added. New config: { opid_index: 2 OBSOLETE_local: false peers { permanent_uuid: "804f134f86de452ba1748423627866e1" member_type: VOTER last_known_addr { host: "127.13.29.1" port: 43095 } } peers { permanent_uuid: "80844c62469d4508936fc19107a38d9e" member_type: VOTER last_known_addr { host: "127.13.29.2" port: 41219 } } peers { permanent_uuid: "53b68173571140a7a28f1b9a184239e1" member_type: VOTER last_known_addr { host: "127.13.29.3" port: 40659 } attrs { replace: true } } peers { permanent_uuid: "b74f8bba5ced4b57b358fc26b003b7ef" member_type: NON_VOTER last_known_addr { host: "127.13.29.4" port: 42039 } attrs { promote: true } } }
I20260630 12:16:10.687916 13997 catalog_manager.cc:5697] T 7bf6a169630a421c9bba3472983a852d P 80844c62469d4508936fc19107a38d9e reported cstate change: config changed from index -1 to 2, NON_VOTER b74f8bba5ced4b57b358fc26b003b7ef (127.13.29.4) added. New cstate: current_term: 1 leader_uuid: "804f134f86de452ba1748423627866e1" committed_config { opid_index: 2 OBSOLETE_local: false peers { permanent_uuid: "804f134f86de452ba1748423627866e1" member_type: VOTER last_known_addr { host: "127.13.29.1" port: 43095 } } peers { permanent_uuid: "80844c62469d4508936fc19107a38d9e" member_type: VOTER last_known_addr { host: "127.13.29.2" port: 41219 } } peers { permanent_uuid: "53b68173571140a7a28f1b9a184239e1" member_type: VOTER last_known_addr { host: "127.13.29.3" port: 40659 } attrs { replace: true } } peers { permanent_uuid: "b74f8bba5ced4b57b358fc26b003b7ef" member_type: NON_VOTER last_known_addr { host: "127.13.29.4" port: 42039 } attrs { promote: true } } }
I20260630 12:16:10.690758 14249 consensus_queue.cc:237] T f40dd7a219144aad8bde78be79d9fd61 P 53b68173571140a7a28f1b9a184239e1 [LEADER]: Queue going to LEADER mode. State: All replicated index: 0, Majority replicated index: 1, Committed index: 1, Last appended: 1.1, Last appended by leader: 0, Current term: 1, Majority size: 2, State: 0, Mode: LEADER, active raft config: opid_index: 2 OBSOLETE_local: false peers { permanent_uuid: "804f134f86de452ba1748423627866e1" member_type: VOTER last_known_addr { host: "127.13.29.1" port: 43095 } } peers { permanent_uuid: "80844c62469d4508936fc19107a38d9e" member_type: VOTER last_known_addr { host: "127.13.29.2" port: 41219 } attrs { replace: true } } peers { permanent_uuid: "53b68173571140a7a28f1b9a184239e1" member_type: VOTER last_known_addr { host: "127.13.29.3" port: 40659 } } peers { permanent_uuid: "b74f8bba5ced4b57b358fc26b003b7ef" member_type: NON_VOTER last_known_addr { host: "127.13.29.4" port: 42039 } attrs { promote: true } }
I20260630 12:16:10.698021 14173 raft_consensus.cc:1275] T f40dd7a219144aad8bde78be79d9fd61 P 80844c62469d4508936fc19107a38d9e [term 1 FOLLOWER]: Refusing update from remote peer 53b68173571140a7a28f1b9a184239e1: Log matching property violated. Preceding OpId in replica: term: 1 index: 1. Preceding OpId from leader: term: 1 index: 2. (index mismatch)
W20260630 12:16:10.699244 14212 consensus_peers.cc:597] T f40dd7a219144aad8bde78be79d9fd61 P 53b68173571140a7a28f1b9a184239e1 -> Peer b74f8bba5ced4b57b358fc26b003b7ef (127.13.29.4:42039): Couldn't send request to peer b74f8bba5ced4b57b358fc26b003b7ef. Error code: TABLET_NOT_FOUND (6). Status: Not found: Tablet not found: f40dd7a219144aad8bde78be79d9fd61. This is attempt 1: this message will repeat every 5th retry.
I20260630 12:16:10.700165 14099 raft_consensus.cc:1275] T f40dd7a219144aad8bde78be79d9fd61 P 804f134f86de452ba1748423627866e1 [term 1 FOLLOWER]: Refusing update from remote peer 53b68173571140a7a28f1b9a184239e1: Log matching property violated. Preceding OpId in replica: term: 1 index: 1. Preceding OpId from leader: term: 1 index: 2. (index mismatch)
I20260630 12:16:10.701026 14472 consensus_queue.cc:1048] T f40dd7a219144aad8bde78be79d9fd61 P 53b68173571140a7a28f1b9a184239e1 [LEADER]: Connected to new peer: Peer: permanent_uuid: "80844c62469d4508936fc19107a38d9e" member_type: VOTER last_known_addr { host: "127.13.29.2" port: 41219 } attrs { replace: true }, Status: LMP_MISMATCH, Last received: 0.0, Next index: 2, Last known committed idx: 1, Time since last communication: 0.000s
I20260630 12:16:10.702464 14463 consensus_queue.cc:1048] T f40dd7a219144aad8bde78be79d9fd61 P 53b68173571140a7a28f1b9a184239e1 [LEADER]: Connected to new peer: Peer: permanent_uuid: "804f134f86de452ba1748423627866e1" member_type: VOTER last_known_addr { host: "127.13.29.1" port: 43095 }, Status: LMP_MISMATCH, Last received: 0.0, Next index: 2, Last known committed idx: 1, Time since last communication: 0.000s
I20260630 12:16:10.711371 14448 raft_consensus.cc:2955] T f40dd7a219144aad8bde78be79d9fd61 P 53b68173571140a7a28f1b9a184239e1 [term 1 LEADER]: Committing config change with OpId 1.2: config changed from index -1 to 2, NON_VOTER b74f8bba5ced4b57b358fc26b003b7ef (127.13.29.4) added. New config: { opid_index: 2 OBSOLETE_local: false peers { permanent_uuid: "804f134f86de452ba1748423627866e1" member_type: VOTER last_known_addr { host: "127.13.29.1" port: 43095 } } peers { permanent_uuid: "80844c62469d4508936fc19107a38d9e" member_type: VOTER last_known_addr { host: "127.13.29.2" port: 41219 } attrs { replace: true } } peers { permanent_uuid: "53b68173571140a7a28f1b9a184239e1" member_type: VOTER last_known_addr { host: "127.13.29.3" port: 40659 } } peers { permanent_uuid: "b74f8bba5ced4b57b358fc26b003b7ef" member_type: NON_VOTER last_known_addr { host: "127.13.29.4" port: 42039 } attrs { promote: true } } }
I20260630 12:16:10.713254 14173 raft_consensus.cc:2955] T f40dd7a219144aad8bde78be79d9fd61 P 80844c62469d4508936fc19107a38d9e [term 1 FOLLOWER]: Committing config change with OpId 1.2: config changed from index -1 to 2, NON_VOTER b74f8bba5ced4b57b358fc26b003b7ef (127.13.29.4) added. New config: { opid_index: 2 OBSOLETE_local: false peers { permanent_uuid: "804f134f86de452ba1748423627866e1" member_type: VOTER last_known_addr { host: "127.13.29.1" port: 43095 } } peers { permanent_uuid: "80844c62469d4508936fc19107a38d9e" member_type: VOTER last_known_addr { host: "127.13.29.2" port: 41219 } attrs { replace: true } } peers { permanent_uuid: "53b68173571140a7a28f1b9a184239e1" member_type: VOTER last_known_addr { host: "127.13.29.3" port: 40659 } } peers { permanent_uuid: "b74f8bba5ced4b57b358fc26b003b7ef" member_type: NON_VOTER last_known_addr { host: "127.13.29.4" port: 42039 } attrs { promote: true } } }
I20260630 12:16:10.713773 14099 raft_consensus.cc:2955] T f40dd7a219144aad8bde78be79d9fd61 P 804f134f86de452ba1748423627866e1 [term 1 FOLLOWER]: Committing config change with OpId 1.2: config changed from index -1 to 2, NON_VOTER b74f8bba5ced4b57b358fc26b003b7ef (127.13.29.4) added. New config: { opid_index: 2 OBSOLETE_local: false peers { permanent_uuid: "804f134f86de452ba1748423627866e1" member_type: VOTER last_known_addr { host: "127.13.29.1" port: 43095 } } peers { permanent_uuid: "80844c62469d4508936fc19107a38d9e" member_type: VOTER last_known_addr { host: "127.13.29.2" port: 41219 } attrs { replace: true } } peers { permanent_uuid: "53b68173571140a7a28f1b9a184239e1" member_type: VOTER last_known_addr { host: "127.13.29.3" port: 40659 } } peers { permanent_uuid: "b74f8bba5ced4b57b358fc26b003b7ef" member_type: NON_VOTER last_known_addr { host: "127.13.29.4" port: 42039 } attrs { promote: true } } }
I20260630 12:16:10.724431 13995 catalog_manager.cc:5697] T f40dd7a219144aad8bde78be79d9fd61 P 804f134f86de452ba1748423627866e1 reported cstate change: config changed from index -1 to 2, NON_VOTER b74f8bba5ced4b57b358fc26b003b7ef (127.13.29.4) added. New cstate: current_term: 1 leader_uuid: "53b68173571140a7a28f1b9a184239e1" committed_config { opid_index: 2 OBSOLETE_local: false peers { permanent_uuid: "804f134f86de452ba1748423627866e1" member_type: VOTER last_known_addr { host: "127.13.29.1" port: 43095 } } peers { permanent_uuid: "80844c62469d4508936fc19107a38d9e" member_type: VOTER last_known_addr { host: "127.13.29.2" port: 41219 } attrs { replace: true } } peers { permanent_uuid: "53b68173571140a7a28f1b9a184239e1" member_type: VOTER last_known_addr { host: "127.13.29.3" port: 40659 } } peers { permanent_uuid: "b74f8bba5ced4b57b358fc26b003b7ef" member_type: NON_VOTER last_known_addr { host: "127.13.29.4" port: 42039 } attrs { promote: true } } }
I20260630 12:16:10.836892 13428 tablet_server.cc:179] TabletServer@127.13.29.1:0 shutting down...
W20260630 12:16:10.861753 14141 proxy.cc:239] Call had error, refreshing address and retrying: Remote error: Service unavailable: service kudu.consensus.ConsensusService not registered on TabletServer
W20260630 12:16:10.870528 14141 consensus_peers.cc:597] T 05e770dc8f3c446d83804067016205bf P 80844c62469d4508936fc19107a38d9e -> Peer 804f134f86de452ba1748423627866e1 (127.13.29.1:43095): Couldn't send request to peer 804f134f86de452ba1748423627866e1. Status: Remote error: Service unavailable: service kudu.consensus.ConsensusService not registered on TabletServer. This is attempt 1: this message will repeat every 5th retry.
I20260630 12:16:10.872557 13428 ts_tablet_manager.cc:1507] Shutting down tablet manager...
I20260630 12:16:10.873605 13428 tablet_replica.cc:333] T 7bf6a169630a421c9bba3472983a852d P 804f134f86de452ba1748423627866e1: stopping tablet replica
I20260630 12:16:10.874505 13428 raft_consensus.cc:2243] T 7bf6a169630a421c9bba3472983a852d P 804f134f86de452ba1748423627866e1 [term 1 LEADER]: Raft consensus shutting down.
I20260630 12:16:10.875577 13428 raft_consensus.cc:2272] T 7bf6a169630a421c9bba3472983a852d P 804f134f86de452ba1748423627866e1 [term 1 FOLLOWER]: Raft consensus is shut down!
I20260630 12:16:10.879058 13428 tablet_replica.cc:333] T ca8f917b219e49399282d3b3d8162d52 P 804f134f86de452ba1748423627866e1: stopping tablet replica
I20260630 12:16:10.879765 13428 raft_consensus.cc:2243] T ca8f917b219e49399282d3b3d8162d52 P 804f134f86de452ba1748423627866e1 [term 1 FOLLOWER]: Raft consensus shutting down.
I20260630 12:16:10.880319 13428 raft_consensus.cc:2272] T ca8f917b219e49399282d3b3d8162d52 P 804f134f86de452ba1748423627866e1 [term 1 FOLLOWER]: Raft consensus is shut down!
I20260630 12:16:10.883008 13428 tablet_replica.cc:333] T c7b8071445b24cdcb180222352492d79 P 804f134f86de452ba1748423627866e1: stopping tablet replica
I20260630 12:16:10.883594 13428 raft_consensus.cc:2243] T c7b8071445b24cdcb180222352492d79 P 804f134f86de452ba1748423627866e1 [term 1 LEADER]: Raft consensus shutting down.
I20260630 12:16:10.884351 13428 raft_consensus.cc:2272] T c7b8071445b24cdcb180222352492d79 P 804f134f86de452ba1748423627866e1 [term 1 FOLLOWER]: Raft consensus is shut down!
I20260630 12:16:10.886194 13428 tablet_replica.cc:333] T 7eb3b8c08bb947b3805773ccbe29ca89 P 804f134f86de452ba1748423627866e1: stopping tablet replica
I20260630 12:16:10.886718 13428 raft_consensus.cc:2243] T 7eb3b8c08bb947b3805773ccbe29ca89 P 804f134f86de452ba1748423627866e1 [term 1 FOLLOWER]: Raft consensus shutting down.
I20260630 12:16:10.887169 13428 raft_consensus.cc:2272] T 7eb3b8c08bb947b3805773ccbe29ca89 P 804f134f86de452ba1748423627866e1 [term 1 FOLLOWER]: Raft consensus is shut down!
I20260630 12:16:10.889381 13428 tablet_replica.cc:333] T c1ed26771ce14f968a2b2d5af485cef8 P 804f134f86de452ba1748423627866e1: stopping tablet replica
I20260630 12:16:10.889977 13428 raft_consensus.cc:2243] T c1ed26771ce14f968a2b2d5af485cef8 P 804f134f86de452ba1748423627866e1 [term 2 FOLLOWER]: Raft consensus shutting down.
I20260630 12:16:10.890388 13428 raft_consensus.cc:2272] T c1ed26771ce14f968a2b2d5af485cef8 P 804f134f86de452ba1748423627866e1 [term 2 FOLLOWER]: Raft consensus is shut down!
I20260630 12:16:10.892086 13428 tablet_replica.cc:333] T 05e770dc8f3c446d83804067016205bf P 804f134f86de452ba1748423627866e1: stopping tablet replica
I20260630 12:16:10.892583 13428 raft_consensus.cc:2243] T 05e770dc8f3c446d83804067016205bf P 804f134f86de452ba1748423627866e1 [term 1 FOLLOWER]: Raft consensus shutting down.
I20260630 12:16:10.892979 13428 raft_consensus.cc:2272] T 05e770dc8f3c446d83804067016205bf P 804f134f86de452ba1748423627866e1 [term 1 FOLLOWER]: Raft consensus is shut down!
I20260630 12:16:10.894841 13428 tablet_replica.cc:333] T f40dd7a219144aad8bde78be79d9fd61 P 804f134f86de452ba1748423627866e1: stopping tablet replica
I20260630 12:16:10.895417 13428 raft_consensus.cc:2243] T f40dd7a219144aad8bde78be79d9fd61 P 804f134f86de452ba1748423627866e1 [term 1 FOLLOWER]: Raft consensus shutting down.
I20260630 12:16:10.895888 13428 raft_consensus.cc:2272] T f40dd7a219144aad8bde78be79d9fd61 P 804f134f86de452ba1748423627866e1 [term 1 FOLLOWER]: Raft consensus is shut down!
I20260630 12:16:10.898245 13428 tablet_replica.cc:333] T 4c542198fcef4348be3fca82202b76fe P 804f134f86de452ba1748423627866e1: stopping tablet replica
I20260630 12:16:10.898784 13428 raft_consensus.cc:2243] T 4c542198fcef4348be3fca82202b76fe P 804f134f86de452ba1748423627866e1 [term 1 LEADER]: Raft consensus shutting down.
I20260630 12:16:10.899504 13428 raft_consensus.cc:2272] T 4c542198fcef4348be3fca82202b76fe P 804f134f86de452ba1748423627866e1 [term 1 FOLLOWER]: Raft consensus is shut down!
W20260630 12:16:10.909516 14141 consensus_peers.cc:597] T c1ed26771ce14f968a2b2d5af485cef8 P 80844c62469d4508936fc19107a38d9e -> Peer 804f134f86de452ba1748423627866e1 (127.13.29.1:43095): Couldn't send request to peer 804f134f86de452ba1748423627866e1. Status: Remote error: Service unavailable: service kudu.consensus.ConsensusService not registered on TabletServer. This is attempt 1: this message will repeat every 5th retry.
I20260630 12:16:10.921541 13428 tablet_server.cc:196] TabletServer@127.13.29.1:0 shutdown complete.
I20260630 12:16:10.942413 13428 tablet_server.cc:179] TabletServer@127.13.29.2:0 shutting down...
W20260630 12:16:10.964613 14215 consensus_peers.cc:597] T 7eb3b8c08bb947b3805773ccbe29ca89 P 53b68173571140a7a28f1b9a184239e1 -> Peer 804f134f86de452ba1748423627866e1 (127.13.29.1:43095): Couldn't send request to peer 804f134f86de452ba1748423627866e1. Status: Network error: Client connection negotiation failed: client connection to 127.13.29.1:43095: connect: Connection refused (error 111). This is attempt 1: this message will repeat every 5th retry.
I20260630 12:16:10.984535 13428 ts_tablet_manager.cc:1507] Shutting down tablet manager...
I20260630 12:16:10.985441 13428 tablet_replica.cc:333] T 4c542198fcef4348be3fca82202b76fe P 80844c62469d4508936fc19107a38d9e: stopping tablet replica
I20260630 12:16:10.986562 13428 raft_consensus.cc:2243] T 4c542198fcef4348be3fca82202b76fe P 80844c62469d4508936fc19107a38d9e [term 1 FOLLOWER]: Raft consensus shutting down.
I20260630 12:16:10.987253 13428 raft_consensus.cc:2272] T 4c542198fcef4348be3fca82202b76fe P 80844c62469d4508936fc19107a38d9e [term 1 FOLLOWER]: Raft consensus is shut down!
I20260630 12:16:10.989382 13428 tablet_replica.cc:333] T 7eb3b8c08bb947b3805773ccbe29ca89 P 80844c62469d4508936fc19107a38d9e: stopping tablet replica
I20260630 12:16:10.990116 13428 raft_consensus.cc:2243] T 7eb3b8c08bb947b3805773ccbe29ca89 P 80844c62469d4508936fc19107a38d9e [term 1 FOLLOWER]: Raft consensus shutting down.
I20260630 12:16:10.990710 13428 raft_consensus.cc:2272] T 7eb3b8c08bb947b3805773ccbe29ca89 P 80844c62469d4508936fc19107a38d9e [term 1 FOLLOWER]: Raft consensus is shut down!
I20260630 12:16:10.994320 13428 tablet_replica.cc:333] T c1ed26771ce14f968a2b2d5af485cef8 P 80844c62469d4508936fc19107a38d9e: stopping tablet replica
I20260630 12:16:10.995606 13428 raft_consensus.cc:2243] T c1ed26771ce14f968a2b2d5af485cef8 P 80844c62469d4508936fc19107a38d9e [term 2 LEADER]: Raft consensus shutting down.
I20260630 12:16:10.997098 13428 raft_consensus.cc:2272] T c1ed26771ce14f968a2b2d5af485cef8 P 80844c62469d4508936fc19107a38d9e [term 2 FOLLOWER]: Raft consensus is shut down!
I20260630 12:16:11.000525 13428 tablet_replica.cc:333] T ca8f917b219e49399282d3b3d8162d52 P 80844c62469d4508936fc19107a38d9e: stopping tablet replica
W20260630 12:16:11.001654 14214 consensus_peers.cc:597] T ca8f917b219e49399282d3b3d8162d52 P 53b68173571140a7a28f1b9a184239e1 -> Peer 80844c62469d4508936fc19107a38d9e (127.13.29.2:41219): Couldn't send request to peer 80844c62469d4508936fc19107a38d9e. Status: Remote error: Service unavailable: service kudu.consensus.ConsensusService not registered on TabletServer. This is attempt 1: this message will repeat every 5th retry.
I20260630 12:16:11.001725 13428 raft_consensus.cc:2243] T ca8f917b219e49399282d3b3d8162d52 P 80844c62469d4508936fc19107a38d9e [term 1 FOLLOWER]: Raft consensus shutting down.
I20260630 12:16:11.002696 13428 raft_consensus.cc:2272] T ca8f917b219e49399282d3b3d8162d52 P 80844c62469d4508936fc19107a38d9e [term 1 FOLLOWER]: Raft consensus is shut down!
I20260630 12:16:11.006400 13428 tablet_replica.cc:333] T 7bf6a169630a421c9bba3472983a852d P 80844c62469d4508936fc19107a38d9e: stopping tablet replica
I20260630 12:16:11.007382 13428 raft_consensus.cc:2243] T 7bf6a169630a421c9bba3472983a852d P 80844c62469d4508936fc19107a38d9e [term 1 FOLLOWER]: Raft consensus shutting down.
