W20260630 12:15:59.835456 16749 instance_detector.cc:116] could not retrieve AWS instance metadata: Network error: curl error: HTTP response code said error: The requested URL returned error: 404
W20260630 12:15:59.836248 16750 instance_detector.cc:116] could not retrieve Azure instance metadata: Network error: curl error: HTTP response code said error: The requested URL returned error: 404
W20260630 12:15:59.837451 16752 instance_detector.cc:116] could not retrieve OpenStack instance metadata: Network error: curl error: HTTP response code said error: The requested URL returned error: 404
I20260630 12:15:59.838537 16207 server_base.cc:1061] running on GCE node
I20260630 12:15:59.839243 16207 hybrid_clock.cc:584] initializing the hybrid clock with 'system_unsync' time source
W20260630 12:15:59.839447 16207 system_unsync_time.cc:38] NTP support is disabled. Clock error bounds will not be accurate. This configuration is not suitable for distributed clusters.
I20260630 12:15:59.839565 16207 hybrid_clock.cc:648] HybridClock initialized: now 1782821759839553 us; error 0 us; skew 500 ppm
I20260630 12:15:59.840010 16207 server_base.cc:861] Flag tcmalloc_max_total_thread_cache_bytes is not working since tcmalloc is not enabled.
I20260630 12:15:59.842247 16207 webserver.cc:533] Webserver started at http://127.15.211.254:44533/ using document root <none> and password file <none>
I20260630 12:15:59.842715 16207 fs_manager.cc:362] Metadata directory not provided
I20260630 12:15:59.842872 16207 fs_manager.cc:368] Using write-ahead log directory (fs_wal_dir) as metadata directory
I20260630 12:15:59.843092 16207 server_base.cc:909] This appears to be a new deployment of Kudu; creating new FS layout
I20260630 12:15:59.844096 16207 fs_manager.cc:1068] Generated new instance metadata in path /tmp/dist-test-task5T7M_D/test-tmp/auto_rebalancer-test.0.AutoRebalancerTest.AutoRebalancingTurnOffAndOn.1782821752878706-16207-0/minicluster-data/master-0-root/instance:
uuid: "e219776991ec490fbd57abf7c311916b"
format_stamp: "Formatted at 2026-06-30 12:15:59 on dist-test-slave-mk6m"
I20260630 12:15:59.848531 16207 fs_manager.cc:696] Time spent creating directory manager: real 0.004s	user 0.003s	sys 0.002s
I20260630 12:15:59.851853 16757 log_block_manager.cc:4031] Time spent loading block containers with low live blocks: real 0.000s	user 0.000s	sys 0.000s
I20260630 12:15:59.852690 16207 fs_manager.cc:730] Time spent opening block manager: real 0.002s	user 0.001s	sys 0.000s
I20260630 12:15:59.852988 16207 fs_manager.cc:647] Opened local filesystem: /tmp/dist-test-task5T7M_D/test-tmp/auto_rebalancer-test.0.AutoRebalancerTest.AutoRebalancingTurnOffAndOn.1782821752878706-16207-0/minicluster-data/master-0-root
uuid: "e219776991ec490fbd57abf7c311916b"
format_stamp: "Formatted at 2026-06-30 12:15:59 on dist-test-slave-mk6m"
I20260630 12:15:59.853291 16207 fs_report.cc:389] FS layout report
--------------------
wal directory: /tmp/dist-test-task5T7M_D/test-tmp/auto_rebalancer-test.0.AutoRebalancerTest.AutoRebalancingTurnOffAndOn.1782821752878706-16207-0/minicluster-data/master-0-root
metadata directory: /tmp/dist-test-task5T7M_D/test-tmp/auto_rebalancer-test.0.AutoRebalancerTest.AutoRebalancingTurnOffAndOn.1782821752878706-16207-0/minicluster-data/master-0-root
1 data directories: /tmp/dist-test-task5T7M_D/test-tmp/auto_rebalancer-test.0.AutoRebalancerTest.AutoRebalancingTurnOffAndOn.1782821752878706-16207-0/minicluster-data/master-0-root/data
Total live blocks: 0
Total live bytes: 0
Total live bytes (after alignment): 0
Total number of LBM containers: 0 (0 full)
Did not check for missing blocks
Did not check for orphaned blocks
Total full LBM containers with extra space: 0 (0 repaired)
Total full LBM container extra space in bytes: 0 (0 repaired)
Total incomplete LBM containers: 0 (0 repaired)
Total LBM partial records: 0 (0 repaired)
Total corrupted LBM metadata records in RocksDB: 0 (0 repaired)
I20260630 12:15:59.877529 16207 rpc_server.cc:225] running with OpenSSL 1.1.1  11 Sep 2018
I20260630 12:15:59.878587 16207 kserver.cc:163] Server-wide thread pool size limit: 3276
I20260630 12:15:59.912791 16207 rpc_server.cc:307] RPC server started. Bound to: 127.15.211.254:46629
I20260630 12:15:59.912868 16808 acceptor_pool.cc:272] collecting diagnostics on the listening RPC socket 127.15.211.254:46629 every 8 connection(s)
I20260630 12:15:59.916594 16809 data_dirs.cc:400] Could only allocate 1 dirs of requested 3 for tablet 00000000000000000000000000000000. 1 dirs total, 0 dirs full, 0 dirs failed
I20260630 12:15:59.925910 16809 tablet_bootstrap.cc:492] T 00000000000000000000000000000000 P e219776991ec490fbd57abf7c311916b: Bootstrap starting.
I20260630 12:15:59.930114 16809 tablet_bootstrap.cc:654] T 00000000000000000000000000000000 P e219776991ec490fbd57abf7c311916b: Neither blocks nor log segments found. Creating new log.
I20260630 12:15:59.934013 16809 tablet_bootstrap.cc:492] T 00000000000000000000000000000000 P e219776991ec490fbd57abf7c311916b: No bootstrap required, opened a new log
I20260630 12:15:59.935940 16809 raft_consensus.cc:359] T 00000000000000000000000000000000 P e219776991ec490fbd57abf7c311916b [term 0 FOLLOWER]: Replica starting. Triggering 0 pending ops. Active config: opid_index: -1 OBSOLETE_local: true peers { permanent_uuid: "e219776991ec490fbd57abf7c311916b" member_type: VOTER }
I20260630 12:15:59.936316 16809 raft_consensus.cc:385] T 00000000000000000000000000000000 P e219776991ec490fbd57abf7c311916b [term 0 FOLLOWER]: Consensus starting up: Expiring failure detector timer to make a prompt election more likely
I20260630 12:15:59.936551 16809 raft_consensus.cc:740] T 00000000000000000000000000000000 P e219776991ec490fbd57abf7c311916b [term 0 FOLLOWER]: Becoming Follower/Learner. State: Replica: e219776991ec490fbd57abf7c311916b, State: Initialized, Role: FOLLOWER
I20260630 12:15:59.937126 16809 consensus_queue.cc:260] T 00000000000000000000000000000000 P e219776991ec490fbd57abf7c311916b [NON_LEADER]: Queue going to NON_LEADER mode. State: All replicated index: 0, Majority replicated index: 0, Committed index: 0, Last appended: 0.0, Last appended by leader: 0, Current term: 0, Majority size: -1, State: 0, Mode: NON_LEADER, active raft config: opid_index: -1 OBSOLETE_local: true peers { permanent_uuid: "e219776991ec490fbd57abf7c311916b" member_type: VOTER }
I20260630 12:15:59.937590 16809 raft_consensus.cc:399] T 00000000000000000000000000000000 P e219776991ec490fbd57abf7c311916b [term 0 FOLLOWER]: Only one voter in the Raft config. Triggering election immediately
I20260630 12:15:59.937810 16809 raft_consensus.cc:493] T 00000000000000000000000000000000 P e219776991ec490fbd57abf7c311916b [term 0 FOLLOWER]: Starting leader election (initial election of a single-replica configuration)
I20260630 12:15:59.938056 16809 raft_consensus.cc:3060] T 00000000000000000000000000000000 P e219776991ec490fbd57abf7c311916b [term 0 FOLLOWER]: Advancing to term 1
I20260630 12:15:59.942022 16809 raft_consensus.cc:515] T 00000000000000000000000000000000 P e219776991ec490fbd57abf7c311916b [term 1 FOLLOWER]: Starting leader election with config: opid_index: -1 OBSOLETE_local: true peers { permanent_uuid: "e219776991ec490fbd57abf7c311916b" member_type: VOTER }
I20260630 12:15:59.942579 16809 leader_election.cc:304] T 00000000000000000000000000000000 P e219776991ec490fbd57abf7c311916b [CANDIDATE]: Term 1 election: Election decided. Result: candidate won. Election summary: received 1 responses out of 1 voters: 1 yes votes; 0 no votes. yes voters: e219776991ec490fbd57abf7c311916b; no voters: 
I20260630 12:15:59.943730 16809 leader_election.cc:290] T 00000000000000000000000000000000 P e219776991ec490fbd57abf7c311916b [CANDIDATE]: Term 1 election: Requested vote from peers 
I20260630 12:15:59.944010 16812 raft_consensus.cc:2804] T 00000000000000000000000000000000 P e219776991ec490fbd57abf7c311916b [term 1 FOLLOWER]: Leader election won for term 1
I20260630 12:15:59.945214 16812 raft_consensus.cc:697] T 00000000000000000000000000000000 P e219776991ec490fbd57abf7c311916b [term 1 LEADER]: Becoming Leader. State: Replica: e219776991ec490fbd57abf7c311916b, State: Running, Role: LEADER
I20260630 12:15:59.945881 16812 consensus_queue.cc:237] T 00000000000000000000000000000000 P e219776991ec490fbd57abf7c311916b [LEADER]: Queue going to LEADER mode. State: All replicated index: 0, Majority replicated index: 0, Committed index: 0, Last appended: 0.0, Last appended by leader: 0, Current term: 1, Majority size: 1, State: 0, Mode: LEADER, active raft config: opid_index: -1 OBSOLETE_local: true peers { permanent_uuid: "e219776991ec490fbd57abf7c311916b" member_type: VOTER }
I20260630 12:15:59.946508 16809 sys_catalog.cc:565] T 00000000000000000000000000000000 P e219776991ec490fbd57abf7c311916b [sys.catalog]: configured and running, proceeding with master startup.
I20260630 12:15:59.950337 16813 sys_catalog.cc:455] T 00000000000000000000000000000000 P e219776991ec490fbd57abf7c311916b [sys.catalog]: SysCatalogTable state changed. Reason: RaftConsensus started. Latest consensus state: current_term: 1 leader_uuid: "e219776991ec490fbd57abf7c311916b" committed_config { opid_index: -1 OBSOLETE_local: true peers { permanent_uuid: "e219776991ec490fbd57abf7c311916b" member_type: VOTER } }
I20260630 12:15:59.950454 16814 sys_catalog.cc:455] T 00000000000000000000000000000000 P e219776991ec490fbd57abf7c311916b [sys.catalog]: SysCatalogTable state changed. Reason: New leader e219776991ec490fbd57abf7c311916b. Latest consensus state: current_term: 1 leader_uuid: "e219776991ec490fbd57abf7c311916b" committed_config { opid_index: -1 OBSOLETE_local: true peers { permanent_uuid: "e219776991ec490fbd57abf7c311916b" member_type: VOTER } }
I20260630 12:15:59.951202 16814 sys_catalog.cc:458] T 00000000000000000000000000000000 P e219776991ec490fbd57abf7c311916b [sys.catalog]: This master's current role is: LEADER
I20260630 12:15:59.956015 16813 sys_catalog.cc:458] T 00000000000000000000000000000000 P e219776991ec490fbd57abf7c311916b [sys.catalog]: This master's current role is: LEADER
I20260630 12:15:59.962179 16819 catalog_manager.cc:1511] Loading table and tablet metadata into memory...
I20260630 12:15:59.967476 16819 catalog_manager.cc:1520] Initializing Kudu cluster ID...
I20260630 12:15:59.971231 16207 internal_mini_cluster.cc:184] Waiting to initialize catalog manager on master 0
I20260630 12:15:59.976320 16819 catalog_manager.cc:1383] Generated new cluster ID: eb2a42c79a5442a4b05bfb2e0849820b
I20260630 12:15:59.976665 16819 catalog_manager.cc:1531] Initializing Kudu internal certificate authority...
I20260630 12:15:59.999445 16819 catalog_manager.cc:1406] Generated new certificate authority record
I20260630 12:16:00.000784 16819 catalog_manager.cc:1540] Loading token signing keys...
I20260630 12:16:00.021265 16819 catalog_manager.cc:6070] T 00000000000000000000000000000000 P e219776991ec490fbd57abf7c311916b: Generated new TSK 0
I20260630 12:16:00.022259 16819 catalog_manager.cc:1550] Initializing in-progress tserver states...
I20260630 12:16:00.038820 16207 file_cache.cc:492] Constructed file cache file cache with capacity 419430
W20260630 12:16:00.045138 16830 instance_detector.cc:116] could not retrieve AWS instance metadata: Network error: curl error: HTTP response code said error: The requested URL returned error: 404
W20260630 12:16:00.045887 16831 instance_detector.cc:116] could not retrieve Azure instance metadata: Network error: curl error: HTTP response code said error: The requested URL returned error: 404
I20260630 12:16:00.048519 16207 server_base.cc:1061] running on GCE node
W20260630 12:16:00.049131 16833 instance_detector.cc:116] could not retrieve OpenStack instance metadata: Network error: curl error: HTTP response code said error: The requested URL returned error: 404
I20260630 12:16:00.049993 16207 hybrid_clock.cc:584] initializing the hybrid clock with 'system_unsync' time source
W20260630 12:16:00.050200 16207 system_unsync_time.cc:38] NTP support is disabled. Clock error bounds will not be accurate. This configuration is not suitable for distributed clusters.
I20260630 12:16:00.050395 16207 hybrid_clock.cc:648] HybridClock initialized: now 1782821760050377 us; error 0 us; skew 500 ppm
I20260630 12:16:00.050875 16207 server_base.cc:861] Flag tcmalloc_max_total_thread_cache_bytes is not working since tcmalloc is not enabled.
I20260630 12:16:00.053248 16207 webserver.cc:533] Webserver started at http://127.15.211.193:38919/ using document root <none> and password file <none>
I20260630 12:16:00.053687 16207 fs_manager.cc:362] Metadata directory not provided
I20260630 12:16:00.053845 16207 fs_manager.cc:368] Using write-ahead log directory (fs_wal_dir) as metadata directory
I20260630 12:16:00.054057 16207 server_base.cc:909] This appears to be a new deployment of Kudu; creating new FS layout
I20260630 12:16:00.055219 16207 fs_manager.cc:1068] Generated new instance metadata in path /tmp/dist-test-task5T7M_D/test-tmp/auto_rebalancer-test.0.AutoRebalancerTest.AutoRebalancingTurnOffAndOn.1782821752878706-16207-0/minicluster-data/ts-0-root/instance:
uuid: "48cb73fd0ad24ca1a7864e62dc41186a"
format_stamp: "Formatted at 2026-06-30 12:16:00 on dist-test-slave-mk6m"
I20260630 12:16:00.060005 16207 fs_manager.cc:696] Time spent creating directory manager: real 0.004s	user 0.005s	sys 0.000s
I20260630 12:16:00.064170 16838 log_block_manager.cc:4031] Time spent loading block containers with low live blocks: real 0.000s	user 0.000s	sys 0.000s
I20260630 12:16:00.065065 16207 fs_manager.cc:730] Time spent opening block manager: real 0.003s	user 0.001s	sys 0.000s
I20260630 12:16:00.065407 16207 fs_manager.cc:647] Opened local filesystem: /tmp/dist-test-task5T7M_D/test-tmp/auto_rebalancer-test.0.AutoRebalancerTest.AutoRebalancingTurnOffAndOn.1782821752878706-16207-0/minicluster-data/ts-0-root
uuid: "48cb73fd0ad24ca1a7864e62dc41186a"
format_stamp: "Formatted at 2026-06-30 12:16:00 on dist-test-slave-mk6m"
I20260630 12:16:00.065711 16207 fs_report.cc:389] FS layout report
--------------------
wal directory: /tmp/dist-test-task5T7M_D/test-tmp/auto_rebalancer-test.0.AutoRebalancerTest.AutoRebalancingTurnOffAndOn.1782821752878706-16207-0/minicluster-data/ts-0-root
metadata directory: /tmp/dist-test-task5T7M_D/test-tmp/auto_rebalancer-test.0.AutoRebalancerTest.AutoRebalancingTurnOffAndOn.1782821752878706-16207-0/minicluster-data/ts-0-root
1 data directories: /tmp/dist-test-task5T7M_D/test-tmp/auto_rebalancer-test.0.AutoRebalancerTest.AutoRebalancingTurnOffAndOn.1782821752878706-16207-0/minicluster-data/ts-0-root/data
Total live blocks: 0
Total live bytes: 0
Total live bytes (after alignment): 0
Total number of LBM containers: 0 (0 full)
Did not check for missing blocks
Did not check for orphaned blocks
Total full LBM containers with extra space: 0 (0 repaired)
Total full LBM container extra space in bytes: 0 (0 repaired)
Total incomplete LBM containers: 0 (0 repaired)
Total LBM partial records: 0 (0 repaired)
Total corrupted LBM metadata records in RocksDB: 0 (0 repaired)
I20260630 12:16:00.079005 16207 rpc_server.cc:225] running with OpenSSL 1.1.1  11 Sep 2018
I20260630 12:16:00.080010 16207 kserver.cc:163] Server-wide thread pool size limit: 3276
I20260630 12:16:00.081434 16207 txn_system_client.cc:432] TxnSystemClient initialization is disabled...
I20260630 12:16:00.083801 16207 ts_tablet_manager.cc:585] Loaded tablet metadata (0 total tablets, 0 live tablets)
I20260630 12:16:00.084017 16207 ts_tablet_manager.cc:531] Time spent load tablet metadata: real 0.000s	user 0.000s	sys 0.000s
I20260630 12:16:00.084240 16207 ts_tablet_manager.cc:616] Registered 0 tablets
I20260630 12:16:00.084398 16207 ts_tablet_manager.cc:595] Time spent register tablets: real 0.000s	user 0.000s	sys 0.000s
I20260630 12:16:00.121963 16207 rpc_server.cc:307] RPC server started. Bound to: 127.15.211.193:39911
I20260630 12:16:00.122069 16900 acceptor_pool.cc:272] collecting diagnostics on the listening RPC socket 127.15.211.193:39911 every 8 connection(s)
I20260630 12:16:00.126863 16207 file_cache.cc:492] Constructed file cache file cache with capacity 419430
W20260630 12:16:00.134253 16905 instance_detector.cc:116] could not retrieve AWS instance metadata: Network error: curl error: HTTP response code said error: The requested URL returned error: 404
W20260630 12:16:00.135587 16906 instance_detector.cc:116] could not retrieve Azure instance metadata: Network error: curl error: HTTP response code said error: The requested URL returned error: 404
I20260630 12:16:00.139163 16207 server_base.cc:1061] running on GCE node
W20260630 12:16:00.139213 16908 instance_detector.cc:116] could not retrieve OpenStack instance metadata: Network error: curl error: HTTP response code said error: The requested URL returned error: 404
I20260630 12:16:00.140144 16901 heartbeater.cc:344] Connected to a master server at 127.15.211.254:46629
I20260630 12:16:00.140524 16901 heartbeater.cc:461] Registering TS with master...
I20260630 12:16:00.140612 16207 hybrid_clock.cc:584] initializing the hybrid clock with 'system_unsync' time source
W20260630 12:16:00.140872 16207 system_unsync_time.cc:38] NTP support is disabled. Clock error bounds will not be accurate. This configuration is not suitable for distributed clusters.
I20260630 12:16:00.141029 16207 hybrid_clock.cc:648] HybridClock initialized: now 1782821760141013 us; error 0 us; skew 500 ppm
I20260630 12:16:00.141345 16901 heartbeater.cc:507] Master 127.15.211.254:46629 requested a full tablet report, sending...
I20260630 12:16:00.141579 16207 server_base.cc:861] Flag tcmalloc_max_total_thread_cache_bytes is not working since tcmalloc is not enabled.
I20260630 12:16:00.143802 16774 ts_manager.cc:194] Registered new tserver with Master: 48cb73fd0ad24ca1a7864e62dc41186a (127.15.211.193:39911)
I20260630 12:16:00.144611 16207 webserver.cc:533] Webserver started at http://127.15.211.194:42571/ using document root <none> and password file <none>
I20260630 12:16:00.145267 16207 fs_manager.cc:362] Metadata directory not provided
I20260630 12:16:00.145529 16207 fs_manager.cc:368] Using write-ahead log directory (fs_wal_dir) as metadata directory
I20260630 12:16:00.145856 16207 server_base.cc:909] This appears to be a new deployment of Kudu; creating new FS layout
I20260630 12:16:00.146312 16774 master_service.cc:502] Signed X509 certificate for tserver {username='slave'} at 127.0.0.1:50470
I20260630 12:16:00.147316 16207 fs_manager.cc:1068] Generated new instance metadata in path /tmp/dist-test-task5T7M_D/test-tmp/auto_rebalancer-test.0.AutoRebalancerTest.AutoRebalancingTurnOffAndOn.1782821752878706-16207-0/minicluster-data/ts-1-root/instance:
uuid: "18f3e37bbcce443eba40597f41fbba32"
format_stamp: "Formatted at 2026-06-30 12:16:00 on dist-test-slave-mk6m"
I20260630 12:16:00.152442 16207 fs_manager.cc:696] Time spent creating directory manager: real 0.004s	user 0.003s	sys 0.002s
I20260630 12:16:00.155982 16913 log_block_manager.cc:4031] Time spent loading block containers with low live blocks: real 0.000s	user 0.000s	sys 0.000s
I20260630 12:16:00.156913 16207 fs_manager.cc:730] Time spent opening block manager: real 0.002s	user 0.001s	sys 0.000s
I20260630 12:16:00.157231 16207 fs_manager.cc:647] Opened local filesystem: /tmp/dist-test-task5T7M_D/test-tmp/auto_rebalancer-test.0.AutoRebalancerTest.AutoRebalancingTurnOffAndOn.1782821752878706-16207-0/minicluster-data/ts-1-root
uuid: "18f3e37bbcce443eba40597f41fbba32"
format_stamp: "Formatted at 2026-06-30 12:16:00 on dist-test-slave-mk6m"
I20260630 12:16:00.157552 16207 fs_report.cc:389] FS layout report
--------------------
wal directory: /tmp/dist-test-task5T7M_D/test-tmp/auto_rebalancer-test.0.AutoRebalancerTest.AutoRebalancingTurnOffAndOn.1782821752878706-16207-0/minicluster-data/ts-1-root
metadata directory: /tmp/dist-test-task5T7M_D/test-tmp/auto_rebalancer-test.0.AutoRebalancerTest.AutoRebalancingTurnOffAndOn.1782821752878706-16207-0/minicluster-data/ts-1-root
1 data directories: /tmp/dist-test-task5T7M_D/test-tmp/auto_rebalancer-test.0.AutoRebalancerTest.AutoRebalancingTurnOffAndOn.1782821752878706-16207-0/minicluster-data/ts-1-root/data
Total live blocks: 0
Total live bytes: 0
Total live bytes (after alignment): 0
Total number of LBM containers: 0 (0 full)
Did not check for missing blocks
Did not check for orphaned blocks
Total full LBM containers with extra space: 0 (0 repaired)
Total full LBM container extra space in bytes: 0 (0 repaired)
Total incomplete LBM containers: 0 (0 repaired)
Total LBM partial records: 0 (0 repaired)
Total corrupted LBM metadata records in RocksDB: 0 (0 repaired)
I20260630 12:16:00.168147 16207 rpc_server.cc:225] running with OpenSSL 1.1.1  11 Sep 2018
I20260630 12:16:00.169255 16207 kserver.cc:163] Server-wide thread pool size limit: 3276
I20260630 12:16:00.170722 16207 txn_system_client.cc:432] TxnSystemClient initialization is disabled...
I20260630 12:16:00.173020 16207 ts_tablet_manager.cc:585] Loaded tablet metadata (0 total tablets, 0 live tablets)
I20260630 12:16:00.173238 16207 ts_tablet_manager.cc:531] Time spent load tablet metadata: real 0.000s	user 0.000s	sys 0.000s
I20260630 12:16:00.173480 16207 ts_tablet_manager.cc:616] Registered 0 tablets
I20260630 12:16:00.173632 16207 ts_tablet_manager.cc:595] Time spent register tablets: real 0.000s	user 0.000s	sys 0.000s
I20260630 12:16:00.210711 16207 rpc_server.cc:307] RPC server started. Bound to: 127.15.211.194:40987
I20260630 12:16:00.210798 16975 acceptor_pool.cc:272] collecting diagnostics on the listening RPC socket 127.15.211.194:40987 every 8 connection(s)
I20260630 12:16:00.215677 16207 file_cache.cc:492] Constructed file cache file cache with capacity 419430
W20260630 12:16:00.222434 16979 instance_detector.cc:116] could not retrieve AWS instance metadata: Network error: curl error: HTTP response code said error: The requested URL returned error: 404
W20260630 12:16:00.224519 16980 instance_detector.cc:116] could not retrieve Azure instance metadata: Network error: curl error: HTTP response code said error: The requested URL returned error: 404
W20260630 12:16:00.226169 16982 instance_detector.cc:116] could not retrieve OpenStack instance metadata: Network error: curl error: HTTP response code said error: The requested URL returned error: 404
I20260630 12:16:00.228179 16207 server_base.cc:1061] running on GCE node
I20260630 12:16:00.229139 16207 hybrid_clock.cc:584] initializing the hybrid clock with 'system_unsync' time source
I20260630 12:16:00.229300 16976 heartbeater.cc:344] Connected to a master server at 127.15.211.254:46629
W20260630 12:16:00.229418 16207 system_unsync_time.cc:38] NTP support is disabled. Clock error bounds will not be accurate. This configuration is not suitable for distributed clusters.
I20260630 12:16:00.229712 16207 hybrid_clock.cc:648] HybridClock initialized: now 1782821760229690 us; error 0 us; skew 500 ppm
I20260630 12:16:00.229784 16976 heartbeater.cc:461] Registering TS with master...
I20260630 12:16:00.230518 16207 server_base.cc:861] Flag tcmalloc_max_total_thread_cache_bytes is not working since tcmalloc is not enabled.
I20260630 12:16:00.230773 16976 heartbeater.cc:507] Master 127.15.211.254:46629 requested a full tablet report, sending...
I20260630 12:16:00.233184 16207 webserver.cc:533] Webserver started at http://127.15.211.195:37289/ using document root <none> and password file <none>
I20260630 12:16:00.233211 16774 ts_manager.cc:194] Registered new tserver with Master: 18f3e37bbcce443eba40597f41fbba32 (127.15.211.194:40987)
I20260630 12:16:00.233958 16207 fs_manager.cc:362] Metadata directory not provided
I20260630 12:16:00.234242 16207 fs_manager.cc:368] Using write-ahead log directory (fs_wal_dir) as metadata directory
I20260630 12:16:00.234593 16207 server_base.cc:909] This appears to be a new deployment of Kudu; creating new FS layout
I20260630 12:16:00.235132 16774 master_service.cc:502] Signed X509 certificate for tserver {username='slave'} at 127.0.0.1:50474
I20260630 12:16:00.236028 16207 fs_manager.cc:1068] Generated new instance metadata in path /tmp/dist-test-task5T7M_D/test-tmp/auto_rebalancer-test.0.AutoRebalancerTest.AutoRebalancingTurnOffAndOn.1782821752878706-16207-0/minicluster-data/ts-2-root/instance:
uuid: "63a797242ac143229bed74409213e87e"
format_stamp: "Formatted at 2026-06-30 12:16:00 on dist-test-slave-mk6m"
I20260630 12:16:00.240767 16207 fs_manager.cc:696] Time spent creating directory manager: real 0.004s	user 0.006s	sys 0.000s
I20260630 12:16:00.243959 16987 log_block_manager.cc:4031] Time spent loading block containers with low live blocks: real 0.000s	user 0.000s	sys 0.000s
I20260630 12:16:00.244784 16207 fs_manager.cc:730] Time spent opening block manager: real 0.002s	user 0.001s	sys 0.000s
I20260630 12:16:00.245124 16207 fs_manager.cc:647] Opened local filesystem: /tmp/dist-test-task5T7M_D/test-tmp/auto_rebalancer-test.0.AutoRebalancerTest.AutoRebalancingTurnOffAndOn.1782821752878706-16207-0/minicluster-data/ts-2-root
uuid: "63a797242ac143229bed74409213e87e"
format_stamp: "Formatted at 2026-06-30 12:16:00 on dist-test-slave-mk6m"
I20260630 12:16:00.245417 16207 fs_report.cc:389] FS layout report
--------------------
wal directory: /tmp/dist-test-task5T7M_D/test-tmp/auto_rebalancer-test.0.AutoRebalancerTest.AutoRebalancingTurnOffAndOn.1782821752878706-16207-0/minicluster-data/ts-2-root
metadata directory: /tmp/dist-test-task5T7M_D/test-tmp/auto_rebalancer-test.0.AutoRebalancerTest.AutoRebalancingTurnOffAndOn.1782821752878706-16207-0/minicluster-data/ts-2-root
1 data directories: /tmp/dist-test-task5T7M_D/test-tmp/auto_rebalancer-test.0.AutoRebalancerTest.AutoRebalancingTurnOffAndOn.1782821752878706-16207-0/minicluster-data/ts-2-root/data
Total live blocks: 0
Total live bytes: 0
Total live bytes (after alignment): 0
Total number of LBM containers: 0 (0 full)
Did not check for missing blocks
Did not check for orphaned blocks
Total full LBM containers with extra space: 0 (0 repaired)
Total full LBM container extra space in bytes: 0 (0 repaired)
Total incomplete LBM containers: 0 (0 repaired)
Total LBM partial records: 0 (0 repaired)
Total corrupted LBM metadata records in RocksDB: 0 (0 repaired)
I20260630 12:16:00.256932 16207 rpc_server.cc:225] running with OpenSSL 1.1.1  11 Sep 2018
I20260630 12:16:00.258006 16207 kserver.cc:163] Server-wide thread pool size limit: 3276
I20260630 12:16:00.259469 16207 txn_system_client.cc:432] TxnSystemClient initialization is disabled...
I20260630 12:16:00.261662 16207 ts_tablet_manager.cc:585] Loaded tablet metadata (0 total tablets, 0 live tablets)
I20260630 12:16:00.261852 16207 ts_tablet_manager.cc:531] Time spent load tablet metadata: real 0.000s	user 0.000s	sys 0.000s
I20260630 12:16:00.262082 16207 ts_tablet_manager.cc:616] Registered 0 tablets
I20260630 12:16:00.262238 16207 ts_tablet_manager.cc:595] Time spent register tablets: real 0.000s	user 0.000s	sys 0.000s
I20260630 12:16:00.297977 16207 rpc_server.cc:307] RPC server started. Bound to: 127.15.211.195:36001
I20260630 12:16:00.298054 17049 acceptor_pool.cc:272] collecting diagnostics on the listening RPC socket 127.15.211.195:36001 every 8 connection(s)
I20260630 12:16:00.311169 17050 heartbeater.cc:344] Connected to a master server at 127.15.211.254:46629
I20260630 12:16:00.311532 17050 heartbeater.cc:461] Registering TS with master...
I20260630 12:16:00.312212 17050 heartbeater.cc:507] Master 127.15.211.254:46629 requested a full tablet report, sending...
I20260630 12:16:00.314040 16774 ts_manager.cc:194] Registered new tserver with Master: 63a797242ac143229bed74409213e87e (127.15.211.195:36001)
I20260630 12:16:00.314301 16207 internal_mini_cluster.cc:371] 3 TS(s) registered with all masters after 0.013384102s
I20260630 12:16:00.315375 16774 master_service.cc:502] Signed X509 certificate for tserver {username='slave'} at 127.0.0.1:50478
I20260630 12:16:01.149412 16901 heartbeater.cc:499] Master 127.15.211.254:46629 was elected leader, sending a full tablet report...
I20260630 12:16:01.238065 16976 heartbeater.cc:499] Master 127.15.211.254:46629 was elected leader, sending a full tablet report...
I20260630 12:16:01.318006 17050 heartbeater.cc:499] Master 127.15.211.254:46629 was elected leader, sending a full tablet report...
I20260630 12:16:01.369086 16774 catalog_manager.cc:2283] Servicing CreateTable request from {username='slave'} at 127.0.0.1:50488:
name: "test-workload"
schema {
  columns {
    name: "key"
    type: INT32
    is_key: true
    is_nullable: false
    encoding: AUTO_ENCODING
    compression: DEFAULT_COMPRESSION
    cfile_block_size: 0
    immutable: false
  }
  columns {
    name: "int_val"
    type: INT32
    is_key: false
    is_nullable: false
    encoding: AUTO_ENCODING
    compression: DEFAULT_COMPRESSION
    cfile_block_size: 0
    immutable: false
  }
  columns {
    name: "string_val"
    type: STRING
    is_key: false
    is_nullable: true
    encoding: AUTO_ENCODING
    compression: DEFAULT_COMPRESSION
    cfile_block_size: 0
    immutable: false
  }
}
num_replicas: 3
split_rows_range_bounds {
  rows: "\004\001\000\377\377\377\017\004\001\000\376\377\377\037\004\001\000\375\377\377/\004\001\000\374\377\377?\004\001\000\373\377\377O\004\001\000\372\377\377_\004\001\000\371\377\377o""\004\001\000\377\377\377\017\004\001\000\376\377\377\037\004\001\000\375\377\377/\004\001\000\374\377\377?\004\001\000\373\377\377O\004\001\000\372\377\377_\004\001\000\371\377\377o"
  indirect_data: """"
}
partition_schema {
  range_schema {
    columns {
      name: "key"
    }
  }
}
W20260630 12:16:01.371541 16774 catalog_manager.cc:7077] The number of live tablet servers is not enough to re-replicate a tablet replica of the newly created table test-workload in case of a server failure: 4 tablet servers would be needed, 3 are available. Consider bringing up more tablet servers.
I20260630 12:16:01.451728 16866 tablet_service.cc:1511] Processing CreateTablet for tablet f79227d6a64a4025b405bde925c3fda0 (DEFAULT_TABLE table=test-workload [id=5d7c3a5b23684f0ea40327fc32e0a266]), partition=RANGE (key) PARTITION VALUES < 268435455
I20260630 12:16:01.453158 16866 data_dirs.cc:400] Could only allocate 1 dirs of requested 3 for tablet f79227d6a64a4025b405bde925c3fda0. 1 dirs total, 0 dirs full, 0 dirs failed
I20260630 12:16:01.454999 17014 tablet_service.cc:1511] Processing CreateTablet for tablet d8f1d35da9914df9821ddc742b544a49 (DEFAULT_TABLE table=test-workload [id=5d7c3a5b23684f0ea40327fc32e0a266]), partition=RANGE (key) PARTITION 268435455 <= VALUES < 536870910
I20260630 12:16:01.455446 16859 tablet_service.cc:1511] Processing CreateTablet for tablet 6ffc2fc687ac43e6821a3454fa4a564b (DEFAULT_TABLE table=test-workload [id=5d7c3a5b23684f0ea40327fc32e0a266]), partition=RANGE (key) PARTITION 1879048185 <= VALUES
I20260630 12:16:01.456480 17014 data_dirs.cc:400] Could only allocate 1 dirs of requested 3 for tablet d8f1d35da9914df9821ddc742b544a49. 1 dirs total, 0 dirs full, 0 dirs failed
I20260630 12:16:01.453958 16865 tablet_service.cc:1511] Processing CreateTablet for tablet d8f1d35da9914df9821ddc742b544a49 (DEFAULT_TABLE table=test-workload [id=5d7c3a5b23684f0ea40327fc32e0a266]), partition=RANGE (key) PARTITION 268435455 <= VALUES < 536870910
I20260630 12:16:01.456717 16859 data_dirs.cc:400] Could only allocate 1 dirs of requested 3 for tablet 6ffc2fc687ac43e6821a3454fa4a564b. 1 dirs total, 0 dirs full, 0 dirs failed
I20260630 12:16:01.458202 16861 tablet_service.cc:1511] Processing CreateTablet for tablet c0605c555e6144cebc83cb55a4555b47 (DEFAULT_TABLE table=test-workload [id=5d7c3a5b23684f0ea40327fc32e0a266]), partition=RANGE (key) PARTITION 1342177275 <= VALUES < 1610612730
I20260630 12:16:01.457080 16860 tablet_service.cc:1511] Processing CreateTablet for tablet 000591792a60409c8269b9cdc9bca3d4 (DEFAULT_TABLE table=test-workload [id=5d7c3a5b23684f0ea40327fc32e0a266]), partition=RANGE (key) PARTITION 1610612730 <= VALUES < 1879048185
I20260630 12:16:01.459342 17015 tablet_service.cc:1511] Processing CreateTablet for tablet f79227d6a64a4025b405bde925c3fda0 (DEFAULT_TABLE table=test-workload [id=5d7c3a5b23684f0ea40327fc32e0a266]), partition=RANGE (key) PARTITION VALUES < 268435455
I20260630 12:16:01.459658 16861 data_dirs.cc:400] Could only allocate 1 dirs of requested 3 for tablet c0605c555e6144cebc83cb55a4555b47. 1 dirs total, 0 dirs full, 0 dirs failed
I20260630 12:16:01.459668 16934 tablet_service.cc:1511] Processing CreateTablet for tablet 6ffc2fc687ac43e6821a3454fa4a564b (DEFAULT_TABLE table=test-workload [id=5d7c3a5b23684f0ea40327fc32e0a266]), partition=RANGE (key) PARTITION 1879048185 <= VALUES
I20260630 12:16:01.461208 16934 data_dirs.cc:400] Could only allocate 1 dirs of requested 3 for tablet 6ffc2fc687ac43e6821a3454fa4a564b. 1 dirs total, 0 dirs full, 0 dirs failed
I20260630 12:16:01.461026 16864 tablet_service.cc:1511] Processing CreateTablet for tablet 0706131483bb459b9f88048167ff31ae (DEFAULT_TABLE table=test-workload [id=5d7c3a5b23684f0ea40327fc32e0a266]), partition=RANGE (key) PARTITION 536870910 <= VALUES < 805306365
I20260630 12:16:01.462438 16864 data_dirs.cc:400] Could only allocate 1 dirs of requested 3 for tablet 0706131483bb459b9f88048167ff31ae. 1 dirs total, 0 dirs full, 0 dirs failed
I20260630 12:16:01.462112 17013 tablet_service.cc:1511] Processing CreateTablet for tablet 0706131483bb459b9f88048167ff31ae (DEFAULT_TABLE table=test-workload [id=5d7c3a5b23684f0ea40327fc32e0a266]), partition=RANGE (key) PARTITION 536870910 <= VALUES < 805306365
I20260630 12:16:01.463506 17013 data_dirs.cc:400] Could only allocate 1 dirs of requested 3 for tablet 0706131483bb459b9f88048167ff31ae. 1 dirs total, 0 dirs full, 0 dirs failed
I20260630 12:16:01.464628 16936 tablet_service.cc:1511] Processing CreateTablet for tablet c0605c555e6144cebc83cb55a4555b47 (DEFAULT_TABLE table=test-workload [id=5d7c3a5b23684f0ea40327fc32e0a266]), partition=RANGE (key) PARTITION 1342177275 <= VALUES < 1610612730
I20260630 12:16:01.465991 16936 data_dirs.cc:400] Could only allocate 1 dirs of requested 3 for tablet c0605c555e6144cebc83cb55a4555b47. 1 dirs total, 0 dirs full, 0 dirs failed
I20260630 12:16:01.467145 16863 tablet_service.cc:1511] Processing CreateTablet for tablet 79eb2148b1c84f8982ba11a10f8b8284 (DEFAULT_TABLE table=test-workload [id=5d7c3a5b23684f0ea40327fc32e0a266]), partition=RANGE (key) PARTITION 805306365 <= VALUES < 1073741820
I20260630 12:16:01.467447 16937 tablet_service.cc:1511] Processing CreateTablet for tablet c2e7dda745df4e2d9df70f06554f12a4 (DEFAULT_TABLE table=test-workload [id=5d7c3a5b23684f0ea40327fc32e0a266]), partition=RANGE (key) PARTITION 1073741820 <= VALUES < 1342177275
I20260630 12:16:01.468533 16863 data_dirs.cc:400] Could only allocate 1 dirs of requested 3 for tablet 79eb2148b1c84f8982ba11a10f8b8284. 1 dirs total, 0 dirs full, 0 dirs failed
I20260630 12:16:01.469700 17008 tablet_service.cc:1511] Processing CreateTablet for tablet 6ffc2fc687ac43e6821a3454fa4a564b (DEFAULT_TABLE table=test-workload [id=5d7c3a5b23684f0ea40327fc32e0a266]), partition=RANGE (key) PARTITION 1879048185 <= VALUES
I20260630 12:16:01.456094 16939 tablet_service.cc:1511] Processing CreateTablet for tablet 0706131483bb459b9f88048167ff31ae (DEFAULT_TABLE table=test-workload [id=5d7c3a5b23684f0ea40327fc32e0a266]), partition=RANGE (key) PARTITION 536870910 <= VALUES < 805306365
I20260630 12:16:01.471246 16860 data_dirs.cc:400] Could only allocate 1 dirs of requested 3 for tablet 000591792a60409c8269b9cdc9bca3d4. 1 dirs total, 0 dirs full, 0 dirs failed
I20260630 12:16:01.463534 16935 tablet_service.cc:1511] Processing CreateTablet for tablet 000591792a60409c8269b9cdc9bca3d4 (DEFAULT_TABLE table=test-workload [id=5d7c3a5b23684f0ea40327fc32e0a266]), partition=RANGE (key) PARTITION 1610612730 <= VALUES < 1879048185
I20260630 12:16:01.474666 16865 data_dirs.cc:400] Could only allocate 1 dirs of requested 3 for tablet d8f1d35da9914df9821ddc742b544a49. 1 dirs total, 0 dirs full, 0 dirs failed
I20260630 12:16:01.474505 16940 tablet_service.cc:1511] Processing CreateTablet for tablet d8f1d35da9914df9821ddc742b544a49 (DEFAULT_TABLE table=test-workload [id=5d7c3a5b23684f0ea40327fc32e0a266]), partition=RANGE (key) PARTITION 268435455 <= VALUES < 536870910
I20260630 12:16:01.474897 16862 tablet_service.cc:1511] Processing CreateTablet for tablet c2e7dda745df4e2d9df70f06554f12a4 (DEFAULT_TABLE table=test-workload [id=5d7c3a5b23684f0ea40327fc32e0a266]), partition=RANGE (key) PARTITION 1073741820 <= VALUES < 1342177275
I20260630 12:16:01.458170 16938 tablet_service.cc:1511] Processing CreateTablet for tablet 79eb2148b1c84f8982ba11a10f8b8284 (DEFAULT_TABLE table=test-workload [id=5d7c3a5b23684f0ea40327fc32e0a266]), partition=RANGE (key) PARTITION 805306365 <= VALUES < 1073741820
I20260630 12:16:01.476203 16862 data_dirs.cc:400] Could only allocate 1 dirs of requested 3 for tablet c2e7dda745df4e2d9df70f06554f12a4. 1 dirs total, 0 dirs full, 0 dirs failed
I20260630 12:16:01.477563 16935 data_dirs.cc:400] Could only allocate 1 dirs of requested 3 for tablet 000591792a60409c8269b9cdc9bca3d4. 1 dirs total, 0 dirs full, 0 dirs failed
I20260630 12:16:01.478011 17011 tablet_service.cc:1511] Processing CreateTablet for tablet c2e7dda745df4e2d9df70f06554f12a4 (DEFAULT_TABLE table=test-workload [id=5d7c3a5b23684f0ea40327fc32e0a266]), partition=RANGE (key) PARTITION 1073741820 <= VALUES < 1342177275
I20260630 12:16:01.461021 16941 tablet_service.cc:1511] Processing CreateTablet for tablet f79227d6a64a4025b405bde925c3fda0 (DEFAULT_TABLE table=test-workload [id=5d7c3a5b23684f0ea40327fc32e0a266]), partition=RANGE (key) PARTITION VALUES < 268435455
I20260630 12:16:01.479990 17012 tablet_service.cc:1511] Processing CreateTablet for tablet 79eb2148b1c84f8982ba11a10f8b8284 (DEFAULT_TABLE table=test-workload [id=5d7c3a5b23684f0ea40327fc32e0a266]), partition=RANGE (key) PARTITION 805306365 <= VALUES < 1073741820
I20260630 12:16:01.473384 17010 tablet_service.cc:1511] Processing CreateTablet for tablet c0605c555e6144cebc83cb55a4555b47 (DEFAULT_TABLE table=test-workload [id=5d7c3a5b23684f0ea40327fc32e0a266]), partition=RANGE (key) PARTITION 1342177275 <= VALUES < 1610612730
I20260630 12:16:01.481892 17008 data_dirs.cc:400] Could only allocate 1 dirs of requested 3 for tablet 6ffc2fc687ac43e6821a3454fa4a564b. 1 dirs total, 0 dirs full, 0 dirs failed
I20260630 12:16:01.472026 17009 tablet_service.cc:1511] Processing CreateTablet for tablet 000591792a60409c8269b9cdc9bca3d4 (DEFAULT_TABLE table=test-workload [id=5d7c3a5b23684f0ea40327fc32e0a266]), partition=RANGE (key) PARTITION 1610612730 <= VALUES < 1879048185
I20260630 12:16:01.485176 17015 data_dirs.cc:400] Could only allocate 1 dirs of requested 3 for tablet f79227d6a64a4025b405bde925c3fda0. 1 dirs total, 0 dirs full, 0 dirs failed
I20260630 12:16:01.489995 17011 data_dirs.cc:400] Could only allocate 1 dirs of requested 3 for tablet c2e7dda745df4e2d9df70f06554f12a4. 1 dirs total, 0 dirs full, 0 dirs failed
I20260630 12:16:01.481681 16938 data_dirs.cc:400] Could only allocate 1 dirs of requested 3 for tablet 79eb2148b1c84f8982ba11a10f8b8284. 1 dirs total, 0 dirs full, 0 dirs failed
I20260630 12:16:01.499886 17009 data_dirs.cc:400] Could only allocate 1 dirs of requested 3 for tablet 000591792a60409c8269b9cdc9bca3d4. 1 dirs total, 0 dirs full, 0 dirs failed
I20260630 12:16:01.500547 17010 data_dirs.cc:400] Could only allocate 1 dirs of requested 3 for tablet c0605c555e6144cebc83cb55a4555b47. 1 dirs total, 0 dirs full, 0 dirs failed
I20260630 12:16:01.503031 16940 data_dirs.cc:400] Could only allocate 1 dirs of requested 3 for tablet d8f1d35da9914df9821ddc742b544a49. 1 dirs total, 0 dirs full, 0 dirs failed
I20260630 12:16:01.506652 16939 data_dirs.cc:400] Could only allocate 1 dirs of requested 3 for tablet 0706131483bb459b9f88048167ff31ae. 1 dirs total, 0 dirs full, 0 dirs failed
I20260630 12:16:01.508569 16941 data_dirs.cc:400] Could only allocate 1 dirs of requested 3 for tablet f79227d6a64a4025b405bde925c3fda0. 1 dirs total, 0 dirs full, 0 dirs failed
I20260630 12:16:01.510628 17012 data_dirs.cc:400] Could only allocate 1 dirs of requested 3 for tablet 79eb2148b1c84f8982ba11a10f8b8284. 1 dirs total, 0 dirs full, 0 dirs failed
I20260630 12:16:01.512467 16937 data_dirs.cc:400] Could only allocate 1 dirs of requested 3 for tablet c2e7dda745df4e2d9df70f06554f12a4. 1 dirs total, 0 dirs full, 0 dirs failed
I20260630 12:16:01.573554 17071 tablet_bootstrap.cc:492] T 6ffc2fc687ac43e6821a3454fa4a564b P 63a797242ac143229bed74409213e87e: Bootstrap starting.
I20260630 12:16:01.569643 17070 tablet_bootstrap.cc:492] T d8f1d35da9914df9821ddc742b544a49 P 48cb73fd0ad24ca1a7864e62dc41186a: Bootstrap starting.
I20260630 12:16:01.610754 17071 tablet_bootstrap.cc:654] T 6ffc2fc687ac43e6821a3454fa4a564b P 63a797242ac143229bed74409213e87e: Neither blocks nor log segments found. Creating new log.
I20260630 12:16:01.653335 17072 tablet_bootstrap.cc:492] T 000591792a60409c8269b9cdc9bca3d4 P 18f3e37bbcce443eba40597f41fbba32: Bootstrap starting.
I20260630 12:16:01.661041 17070 tablet_bootstrap.cc:654] T d8f1d35da9914df9821ddc742b544a49 P 48cb73fd0ad24ca1a7864e62dc41186a: Neither blocks nor log segments found. Creating new log.
I20260630 12:16:01.662228 17071 tablet_bootstrap.cc:492] T 6ffc2fc687ac43e6821a3454fa4a564b P 63a797242ac143229bed74409213e87e: No bootstrap required, opened a new log
I20260630 12:16:01.662783 17071 ts_tablet_manager.cc:1403] T 6ffc2fc687ac43e6821a3454fa4a564b P 63a797242ac143229bed74409213e87e: Time spent bootstrapping tablet: real 0.090s	user 0.013s	sys 0.012s
I20260630 12:16:01.665763 17071 raft_consensus.cc:359] T 6ffc2fc687ac43e6821a3454fa4a564b P 63a797242ac143229bed74409213e87e [term 0 FOLLOWER]: Replica starting. Triggering 0 pending ops. Active config: opid_index: -1 OBSOLETE_local: false peers { permanent_uuid: "48cb73fd0ad24ca1a7864e62dc41186a" member_type: VOTER last_known_addr { host: "127.15.211.193" port: 39911 } } peers { permanent_uuid: "18f3e37bbcce443eba40597f41fbba32" member_type: VOTER last_known_addr { host: "127.15.211.194" port: 40987 } } peers { permanent_uuid: "63a797242ac143229bed74409213e87e" member_type: VOTER last_known_addr { host: "127.15.211.195" port: 36001 } }
I20260630 12:16:01.666612 17071 raft_consensus.cc:385] T 6ffc2fc687ac43e6821a3454fa4a564b P 63a797242ac143229bed74409213e87e [term 0 FOLLOWER]: Consensus starting up: Expiring failure detector timer to make a prompt election more likely
I20260630 12:16:01.666936 17071 raft_consensus.cc:740] T 6ffc2fc687ac43e6821a3454fa4a564b P 63a797242ac143229bed74409213e87e [term 0 FOLLOWER]: Becoming Follower/Learner. State: Replica: 63a797242ac143229bed74409213e87e, State: Initialized, Role: FOLLOWER
W20260630 12:16:01.667527 16759 outbound_call.cc:321] RPC callback for RPC call kudu.tserver.TabletServerAdminService.CreateTablet -> {remote=127.15.211.195:36001, user_credentials={real_user=slave}} blocked reactor thread for 47167.6us
I20260630 12:16:01.667929 17071 consensus_queue.cc:260] T 6ffc2fc687ac43e6821a3454fa4a564b P 63a797242ac143229bed74409213e87e [NON_LEADER]: Queue going to NON_LEADER mode. State: All replicated index: 0, Majority replicated index: 0, Committed index: 0, Last appended: 0.0, Last appended by leader: 0, Current term: 0, Majority size: -1, State: 0, Mode: NON_LEADER, active raft config: opid_index: -1 OBSOLETE_local: false peers { permanent_uuid: "48cb73fd0ad24ca1a7864e62dc41186a" member_type: VOTER last_known_addr { host: "127.15.211.193" port: 39911 } } peers { permanent_uuid: "18f3e37bbcce443eba40597f41fbba32" member_type: VOTER last_known_addr { host: "127.15.211.194" port: 40987 } } peers { permanent_uuid: "63a797242ac143229bed74409213e87e" member_type: VOTER last_known_addr { host: "127.15.211.195" port: 36001 } }
I20260630 12:16:01.672331 17072 tablet_bootstrap.cc:654] T 000591792a60409c8269b9cdc9bca3d4 P 18f3e37bbcce443eba40597f41fbba32: Neither blocks nor log segments found. Creating new log.
I20260630 12:16:01.675480 17070 tablet_bootstrap.cc:492] T d8f1d35da9914df9821ddc742b544a49 P 48cb73fd0ad24ca1a7864e62dc41186a: No bootstrap required, opened a new log
I20260630 12:16:01.676280 17070 ts_tablet_manager.cc:1403] T d8f1d35da9914df9821ddc742b544a49 P 48cb73fd0ad24ca1a7864e62dc41186a: Time spent bootstrapping tablet: real 0.107s	user 0.012s	sys 0.022s
I20260630 12:16:01.677546 17071 ts_tablet_manager.cc:1434] T 6ffc2fc687ac43e6821a3454fa4a564b P 63a797242ac143229bed74409213e87e: Time spent starting tablet: real 0.014s	user 0.007s	sys 0.006s
I20260630 12:16:01.679222 17070 raft_consensus.cc:359] T d8f1d35da9914df9821ddc742b544a49 P 48cb73fd0ad24ca1a7864e62dc41186a [term 0 FOLLOWER]: Replica starting. Triggering 0 pending ops. Active config: opid_index: -1 OBSOLETE_local: false peers { permanent_uuid: "48cb73fd0ad24ca1a7864e62dc41186a" member_type: VOTER last_known_addr { host: "127.15.211.193" port: 39911 } } peers { permanent_uuid: "18f3e37bbcce443eba40597f41fbba32" member_type: VOTER last_known_addr { host: "127.15.211.194" port: 40987 } } peers { permanent_uuid: "63a797242ac143229bed74409213e87e" member_type: VOTER last_known_addr { host: "127.15.211.195" port: 36001 } }
I20260630 12:16:01.680500 17071 tablet_bootstrap.cc:492] T 0706131483bb459b9f88048167ff31ae P 63a797242ac143229bed74409213e87e: Bootstrap starting.
I20260630 12:16:01.680747 17070 raft_consensus.cc:385] T d8f1d35da9914df9821ddc742b544a49 P 48cb73fd0ad24ca1a7864e62dc41186a [term 0 FOLLOWER]: Consensus starting up: Expiring failure detector timer to make a prompt election more likely
I20260630 12:16:01.681073 17070 raft_consensus.cc:740] T d8f1d35da9914df9821ddc742b544a49 P 48cb73fd0ad24ca1a7864e62dc41186a [term 0 FOLLOWER]: Becoming Follower/Learner. State: Replica: 48cb73fd0ad24ca1a7864e62dc41186a, State: Initialized, Role: FOLLOWER
I20260630 12:16:01.681779 17070 consensus_queue.cc:260] T d8f1d35da9914df9821ddc742b544a49 P 48cb73fd0ad24ca1a7864e62dc41186a [NON_LEADER]: Queue going to NON_LEADER mode. State: All replicated index: 0, Majority replicated index: 0, Committed index: 0, Last appended: 0.0, Last appended by leader: 0, Current term: 0, Majority size: -1, State: 0, Mode: NON_LEADER, active raft config: opid_index: -1 OBSOLETE_local: false peers { permanent_uuid: "48cb73fd0ad24ca1a7864e62dc41186a" member_type: VOTER last_known_addr { host: "127.15.211.193" port: 39911 } } peers { permanent_uuid: "18f3e37bbcce443eba40597f41fbba32" member_type: VOTER last_known_addr { host: "127.15.211.194" port: 40987 } } peers { permanent_uuid: "63a797242ac143229bed74409213e87e" member_type: VOTER last_known_addr { host: "127.15.211.195" port: 36001 } }
I20260630 12:16:01.682353 17072 tablet_bootstrap.cc:492] T 000591792a60409c8269b9cdc9bca3d4 P 18f3e37bbcce443eba40597f41fbba32: No bootstrap required, opened a new log
I20260630 12:16:01.682823 17072 ts_tablet_manager.cc:1403] T 000591792a60409c8269b9cdc9bca3d4 P 18f3e37bbcce443eba40597f41fbba32: Time spent bootstrapping tablet: real 0.030s	user 0.013s	sys 0.005s
I20260630 12:16:01.690165 17071 tablet_bootstrap.cc:654] T 0706131483bb459b9f88048167ff31ae P 63a797242ac143229bed74409213e87e: Neither blocks nor log segments found. Creating new log.
I20260630 12:16:01.690410 17072 raft_consensus.cc:359] T 000591792a60409c8269b9cdc9bca3d4 P 18f3e37bbcce443eba40597f41fbba32 [term 0 FOLLOWER]: Replica starting. Triggering 0 pending ops. Active config: opid_index: -1 OBSOLETE_local: false peers { permanent_uuid: "48cb73fd0ad24ca1a7864e62dc41186a" member_type: VOTER last_known_addr { host: "127.15.211.193" port: 39911 } } peers { permanent_uuid: "18f3e37bbcce443eba40597f41fbba32" member_type: VOTER last_known_addr { host: "127.15.211.194" port: 40987 } } peers { permanent_uuid: "63a797242ac143229bed74409213e87e" member_type: VOTER last_known_addr { host: "127.15.211.195" port: 36001 } }
I20260630 12:16:01.691280 17072 raft_consensus.cc:385] T 000591792a60409c8269b9cdc9bca3d4 P 18f3e37bbcce443eba40597f41fbba32 [term 0 FOLLOWER]: Consensus starting up: Expiring failure detector timer to make a prompt election more likely
I20260630 12:16:01.691602 17072 raft_consensus.cc:740] T 000591792a60409c8269b9cdc9bca3d4 P 18f3e37bbcce443eba40597f41fbba32 [term 0 FOLLOWER]: Becoming Follower/Learner. State: Replica: 18f3e37bbcce443eba40597f41fbba32, State: Initialized, Role: FOLLOWER
I20260630 12:16:01.692656 17072 consensus_queue.cc:260] T 000591792a60409c8269b9cdc9bca3d4 P 18f3e37bbcce443eba40597f41fbba32 [NON_LEADER]: Queue going to NON_LEADER mode. State: All replicated index: 0, Majority replicated index: 0, Committed index: 0, Last appended: 0.0, Last appended by leader: 0, Current term: 0, Majority size: -1, State: 0, Mode: NON_LEADER, active raft config: opid_index: -1 OBSOLETE_local: false peers { permanent_uuid: "48cb73fd0ad24ca1a7864e62dc41186a" member_type: VOTER last_known_addr { host: "127.15.211.193" port: 39911 } } peers { permanent_uuid: "18f3e37bbcce443eba40597f41fbba32" member_type: VOTER last_known_addr { host: "127.15.211.194" port: 40987 } } peers { permanent_uuid: "63a797242ac143229bed74409213e87e" member_type: VOTER last_known_addr { host: "127.15.211.195" port: 36001 } }
I20260630 12:16:01.696559 17070 ts_tablet_manager.cc:1434] T d8f1d35da9914df9821ddc742b544a49 P 48cb73fd0ad24ca1a7864e62dc41186a: Time spent starting tablet: real 0.020s	user 0.015s	sys 0.002s
I20260630 12:16:01.697016 17072 ts_tablet_manager.cc:1434] T 000591792a60409c8269b9cdc9bca3d4 P 18f3e37bbcce443eba40597f41fbba32: Time spent starting tablet: real 0.014s	user 0.005s	sys 0.003s
I20260630 12:16:01.697595 17070 tablet_bootstrap.cc:492] T c0605c555e6144cebc83cb55a4555b47 P 48cb73fd0ad24ca1a7864e62dc41186a: Bootstrap starting.
I20260630 12:16:01.697953 17072 tablet_bootstrap.cc:492] T c0605c555e6144cebc83cb55a4555b47 P 18f3e37bbcce443eba40597f41fbba32: Bootstrap starting.
