[==========] Running 26 tests from 2 test suites.
[----------] Global test environment set-up.
[----------] 24 tests from AutoRebalancerTest
[ RUN      ] AutoRebalancerTest.OnlyLeaderDoesAutoRebalancing
WARNING: Logging before InitGoogleLogging() is written to STDERR
I20260630 12:15:52.774132 13515 internal_mini_cluster.cc:156] Creating distributed mini masters. Addrs: 127.13.50.254:45717,127.13.50.253:39635,127.13.50.252:36017
I20260630 12:15:52.775866 13515 env_posix.cc:2267] Not raising this process' open files per process limit of 1048576; it is already as high as it can go
I20260630 12:15:52.776827 13515 file_cache.cc:492] Constructed file cache file cache with capacity 419430
W20260630 12:15:52.793503 13522 instance_detector.cc:116] could not retrieve Azure instance metadata: Network error: curl error: HTTP response code said error: The requested URL returned error: 404
W20260630 12:15:52.794230 13524 instance_detector.cc:116] could not retrieve OpenStack instance metadata: Network error: curl error: HTTP response code said error: The requested URL returned error: 404
I20260630 12:15:52.794948 13515 server_base.cc:1061] running on GCE node
W20260630 12:15:52.794394 13521 instance_detector.cc:116] could not retrieve AWS instance metadata: Network error: curl error: HTTP response code said error: The requested URL returned error: 404
I20260630 12:15:54.001765 13515 hybrid_clock.cc:584] initializing the hybrid clock with 'system_unsync' time source
W20260630 12:15:54.002110 13515 system_unsync_time.cc:38] NTP support is disabled. Clock error bounds will not be accurate. This configuration is not suitable for distributed clusters.
I20260630 12:15:54.002416 13515 hybrid_clock.cc:648] HybridClock initialized: now 1782821754002387 us; error 0 us; skew 500 ppm
I20260630 12:15:54.003634 13515 server_base.cc:861] Flag tcmalloc_max_total_thread_cache_bytes is not working since tcmalloc is not enabled.
I20260630 12:15:54.009229 13515 webserver.cc:533] Webserver started at http://127.13.50.254:46179/ using document root <none> and password file <none>
I20260630 12:15:54.009994 13515 fs_manager.cc:362] Metadata directory not provided
I20260630 12:15:54.010185 13515 fs_manager.cc:368] Using write-ahead log directory (fs_wal_dir) as metadata directory
I20260630 12:15:54.010594 13515 server_base.cc:909] This appears to be a new deployment of Kudu; creating new FS layout
I20260630 12:15:54.016162 13515 fs_manager.cc:1068] Generated new instance metadata in path /tmp/dist-test-taskijgvsN/test-tmp/auto_rebalancer-test.0.AutoRebalancerTest.OnlyLeaderDoesAutoRebalancing.1782821752603943-13515-0/minicluster-data/master-0-root/instance:
uuid: "805f5d21310c4156b0d435bc177182e3"
format_stamp: "Formatted at 2026-06-30 12:15:54 on dist-test-slave-9tsv"
I20260630 12:15:54.023713 13515 fs_manager.cc:696] Time spent creating directory manager: real 0.007s	user 0.005s	sys 0.000s
I20260630 12:15:54.028576 13530 log_block_manager.cc:4031] Time spent loading block containers with low live blocks: real 0.000s	user 0.000s	sys 0.000s
I20260630 12:15:54.029703 13515 fs_manager.cc:730] Time spent opening block manager: real 0.003s	user 0.003s	sys 0.000s
I20260630 12:15:54.030030 13515 fs_manager.cc:647] Opened local filesystem: /tmp/dist-test-taskijgvsN/test-tmp/auto_rebalancer-test.0.AutoRebalancerTest.OnlyLeaderDoesAutoRebalancing.1782821752603943-13515-0/minicluster-data/master-0-root
uuid: "805f5d21310c4156b0d435bc177182e3"
format_stamp: "Formatted at 2026-06-30 12:15:54 on dist-test-slave-9tsv"
I20260630 12:15:54.030366 13515 fs_report.cc:389] FS layout report
--------------------
wal directory: /tmp/dist-test-taskijgvsN/test-tmp/auto_rebalancer-test.0.AutoRebalancerTest.OnlyLeaderDoesAutoRebalancing.1782821752603943-13515-0/minicluster-data/master-0-root
metadata directory: /tmp/dist-test-taskijgvsN/test-tmp/auto_rebalancer-test.0.AutoRebalancerTest.OnlyLeaderDoesAutoRebalancing.1782821752603943-13515-0/minicluster-data/master-0-root
1 data directories: /tmp/dist-test-taskijgvsN/test-tmp/auto_rebalancer-test.0.AutoRebalancerTest.OnlyLeaderDoesAutoRebalancing.1782821752603943-13515-0/minicluster-data/master-0-root/data
Total live blocks: 0
Total live bytes: 0
Total live bytes (after alignment): 0
Total number of LBM containers: 0 (0 full)
Did not check for missing blocks
Did not check for orphaned blocks
Total full LBM containers with extra space: 0 (0 repaired)
Total full LBM container extra space in bytes: 0 (0 repaired)
Total incomplete LBM containers: 0 (0 repaired)
Total LBM partial records: 0 (0 repaired)
Total corrupted LBM metadata records in RocksDB: 0 (0 repaired)
I20260630 12:15:54.078274 13515 rpc_server.cc:225] running with OpenSSL 1.1.1  11 Sep 2018
I20260630 12:15:54.079768 13515 env_posix.cc:2267] Not raising this process' running threads per effective uid limit of 18446744073709551615; it is already as high as it can go
I20260630 12:15:54.080250 13515 kserver.cc:163] Server-wide thread pool size limit: 3276
I20260630 12:15:54.150637 13515 rpc_server.cc:307] RPC server started. Bound to: 127.13.50.254:45717
I20260630 12:15:54.150707 13581 acceptor_pool.cc:272] collecting diagnostics on the listening RPC socket 127.13.50.254:45717 every 8 connection(s)
I20260630 12:15:54.157004 13515 file_cache.cc:492] Constructed file cache file cache with capacity 419430
I20260630 12:15:54.159127 13582 data_dirs.cc:400] Could only allocate 1 dirs of requested 3 for tablet 00000000000000000000000000000000. 1 dirs total, 0 dirs full, 0 dirs failed
W20260630 12:15:54.163527 13584 instance_detector.cc:116] could not retrieve AWS instance metadata: Network error: curl error: HTTP response code said error: The requested URL returned error: 404
W20260630 12:15:54.165844 13585 instance_detector.cc:116] could not retrieve Azure instance metadata: Network error: curl error: HTTP response code said error: The requested URL returned error: 404
W20260630 12:15:54.167994 13587 instance_detector.cc:116] could not retrieve OpenStack instance metadata: Network error: curl error: HTTP response code said error: The requested URL returned error: 404
I20260630 12:15:54.170744 13515 server_base.cc:1061] running on GCE node
I20260630 12:15:54.171409 13515 hybrid_clock.cc:584] initializing the hybrid clock with 'system_unsync' time source
W20260630 12:15:54.171643 13515 system_unsync_time.cc:38] NTP support is disabled. Clock error bounds will not be accurate. This configuration is not suitable for distributed clusters.
I20260630 12:15:54.171818 13515 hybrid_clock.cc:648] HybridClock initialized: now 1782821754171803 us; error 0 us; skew 500 ppm
I20260630 12:15:54.172349 13515 server_base.cc:861] Flag tcmalloc_max_total_thread_cache_bytes is not working since tcmalloc is not enabled.
I20260630 12:15:54.176787 13515 webserver.cc:533] Webserver started at http://127.13.50.253:34965/ using document root <none> and password file <none>
I20260630 12:15:54.177388 13515 fs_manager.cc:362] Metadata directory not provided
I20260630 12:15:54.177615 13515 fs_manager.cc:368] Using write-ahead log directory (fs_wal_dir) as metadata directory
I20260630 12:15:54.177892 13515 server_base.cc:909] This appears to be a new deployment of Kudu; creating new FS layout
I20260630 12:15:54.178929 13515 fs_manager.cc:1068] Generated new instance metadata in path /tmp/dist-test-taskijgvsN/test-tmp/auto_rebalancer-test.0.AutoRebalancerTest.OnlyLeaderDoesAutoRebalancing.1782821752603943-13515-0/minicluster-data/master-1-root/instance:
uuid: "928c7702e9cf45ac812e958c44a49efc"
format_stamp: "Formatted at 2026-06-30 12:15:54 on dist-test-slave-9tsv"
I20260630 12:15:54.182022 13582 sys_catalog.cc:422] member_type: VOTER last_known_addr { host: "127.13.50.254" port: 45717 } has no permanent_uuid. Determining permanent_uuid...
I20260630 12:15:54.184542 13515 fs_manager.cc:696] Time spent creating directory manager: real 0.005s	user 0.002s	sys 0.004s
I20260630 12:15:54.189469 13592 log_block_manager.cc:4031] Time spent loading block containers with low live blocks: real 0.000s	user 0.000s	sys 0.000s
I20260630 12:15:54.190640 13515 fs_manager.cc:730] Time spent opening block manager: real 0.004s	user 0.004s	sys 0.000s
I20260630 12:15:54.191053 13515 fs_manager.cc:647] Opened local filesystem: /tmp/dist-test-taskijgvsN/test-tmp/auto_rebalancer-test.0.AutoRebalancerTest.OnlyLeaderDoesAutoRebalancing.1782821752603943-13515-0/minicluster-data/master-1-root
uuid: "928c7702e9cf45ac812e958c44a49efc"
format_stamp: "Formatted at 2026-06-30 12:15:54 on dist-test-slave-9tsv"
I20260630 12:15:54.191447 13515 fs_report.cc:389] FS layout report
--------------------
wal directory: /tmp/dist-test-taskijgvsN/test-tmp/auto_rebalancer-test.0.AutoRebalancerTest.OnlyLeaderDoesAutoRebalancing.1782821752603943-13515-0/minicluster-data/master-1-root
metadata directory: /tmp/dist-test-taskijgvsN/test-tmp/auto_rebalancer-test.0.AutoRebalancerTest.OnlyLeaderDoesAutoRebalancing.1782821752603943-13515-0/minicluster-data/master-1-root
1 data directories: /tmp/dist-test-taskijgvsN/test-tmp/auto_rebalancer-test.0.AutoRebalancerTest.OnlyLeaderDoesAutoRebalancing.1782821752603943-13515-0/minicluster-data/master-1-root/data
Total live blocks: 0
Total live bytes: 0
Total live bytes (after alignment): 0
Total number of LBM containers: 0 (0 full)
Did not check for missing blocks
Did not check for orphaned blocks
Total full LBM containers with extra space: 0 (0 repaired)
Total full LBM container extra space in bytes: 0 (0 repaired)
Total incomplete LBM containers: 0 (0 repaired)
Total LBM partial records: 0 (0 repaired)
Total corrupted LBM metadata records in RocksDB: 0 (0 repaired)
I20260630 12:15:54.212751 13515 rpc_server.cc:225] running with OpenSSL 1.1.1  11 Sep 2018
I20260630 12:15:54.213406 13582 sys_catalog.cc:422] member_type: VOTER last_known_addr { host: "127.13.50.253" port: 39635 } has no permanent_uuid. Determining permanent_uuid...
I20260630 12:15:54.214094 13515 kserver.cc:163] Server-wide thread pool size limit: 3276
W20260630 12:15:54.215958 13531 proxy.cc:239] Call had error, refreshing address and retrying: Network error: Client connection negotiation failed: client connection to 127.13.50.253:39635: connect: Connection refused (error 111)
W20260630 12:15:54.221786 13582 consensus_peers.cc:760] Error getting permanent uuid from config peer 127.13.50.253:39635: Network error: Client connection negotiation failed: client connection to 127.13.50.253:39635: connect: Connection refused (error 111)
I20260630 12:15:54.271303 13582 consensus_peers.cc:770] Retrying to get permanent uuid for remote peer: member_type: VOTER last_known_addr { host: "127.13.50.253" port: 39635 } attempt: 1
W20260630 12:15:54.276585 13582 consensus_peers.cc:760] Error getting permanent uuid from config peer 127.13.50.253:39635: Network error: Client connection negotiation failed: client connection to 127.13.50.253:39635: connect: Connection refused (error 111)
I20260630 12:15:54.283340 13515 rpc_server.cc:307] RPC server started. Bound to: 127.13.50.253:39635
I20260630 12:15:54.283519 13646 acceptor_pool.cc:272] collecting diagnostics on the listening RPC socket 127.13.50.253:39635 every 8 connection(s)
I20260630 12:15:54.288185 13647 data_dirs.cc:400] Could only allocate 1 dirs of requested 3 for tablet 00000000000000000000000000000000. 1 dirs total, 0 dirs full, 0 dirs failed
I20260630 12:15:54.288810 13515 file_cache.cc:492] Constructed file cache file cache with capacity 419430
W20260630 12:15:54.295193 13649 instance_detector.cc:116] could not retrieve AWS instance metadata: Network error: curl error: HTTP response code said error: The requested URL returned error: 404
W20260630 12:15:54.296782 13650 instance_detector.cc:116] could not retrieve Azure instance metadata: Network error: curl error: HTTP response code said error: The requested URL returned error: 404
I20260630 12:15:54.296798 13647 sys_catalog.cc:422] member_type: VOTER last_known_addr { host: "127.13.50.254" port: 45717 } has no permanent_uuid. Determining permanent_uuid...
W20260630 12:15:54.300712 13652 instance_detector.cc:116] could not retrieve OpenStack instance metadata: Network error: curl error: HTTP response code said error: The requested URL returned error: 404
I20260630 12:15:54.304293 13515 server_base.cc:1061] running on GCE node
I20260630 12:15:54.305052 13515 hybrid_clock.cc:584] initializing the hybrid clock with 'system_unsync' time source
W20260630 12:15:54.305277 13515 system_unsync_time.cc:38] NTP support is disabled. Clock error bounds will not be accurate. This configuration is not suitable for distributed clusters.
I20260630 12:15:54.305454 13515 hybrid_clock.cc:648] HybridClock initialized: now 1782821754305436 us; error 0 us; skew 500 ppm
I20260630 12:15:54.305980 13515 server_base.cc:861] Flag tcmalloc_max_total_thread_cache_bytes is not working since tcmalloc is not enabled.
I20260630 12:15:54.309630 13515 webserver.cc:533] Webserver started at http://127.13.50.252:46437/ using document root <none> and password file <none>
I20260630 12:15:54.310123 13515 fs_manager.cc:362] Metadata directory not provided
I20260630 12:15:54.310338 13515 fs_manager.cc:368] Using write-ahead log directory (fs_wal_dir) as metadata directory
I20260630 12:15:54.310624 13515 server_base.cc:909] This appears to be a new deployment of Kudu; creating new FS layout
I20260630 12:15:54.312084 13515 fs_manager.cc:1068] Generated new instance metadata in path /tmp/dist-test-taskijgvsN/test-tmp/auto_rebalancer-test.0.AutoRebalancerTest.OnlyLeaderDoesAutoRebalancing.1782821752603943-13515-0/minicluster-data/master-2-root/instance:
uuid: "58f128b02e39450e9f43cd44d316ccf5"
format_stamp: "Formatted at 2026-06-30 12:15:54 on dist-test-slave-9tsv"
I20260630 12:15:54.312415 13647 sys_catalog.cc:422] member_type: VOTER last_known_addr { host: "127.13.50.253" port: 39635 } has no permanent_uuid. Determining permanent_uuid...
I20260630 12:15:54.318404 13515 fs_manager.cc:696] Time spent creating directory manager: real 0.006s	user 0.007s	sys 0.001s
I20260630 12:15:54.323323 13659 log_block_manager.cc:4031] Time spent loading block containers with low live blocks: real 0.000s	user 0.000s	sys 0.000s
I20260630 12:15:54.324280 13515 fs_manager.cc:730] Time spent opening block manager: real 0.004s	user 0.003s	sys 0.001s
I20260630 12:15:54.324620 13515 fs_manager.cc:647] Opened local filesystem: /tmp/dist-test-taskijgvsN/test-tmp/auto_rebalancer-test.0.AutoRebalancerTest.OnlyLeaderDoesAutoRebalancing.1782821752603943-13515-0/minicluster-data/master-2-root
uuid: "58f128b02e39450e9f43cd44d316ccf5"
format_stamp: "Formatted at 2026-06-30 12:15:54 on dist-test-slave-9tsv"
I20260630 12:15:54.325011 13515 fs_report.cc:389] FS layout report
--------------------
wal directory: /tmp/dist-test-taskijgvsN/test-tmp/auto_rebalancer-test.0.AutoRebalancerTest.OnlyLeaderDoesAutoRebalancing.1782821752603943-13515-0/minicluster-data/master-2-root
metadata directory: /tmp/dist-test-taskijgvsN/test-tmp/auto_rebalancer-test.0.AutoRebalancerTest.OnlyLeaderDoesAutoRebalancing.1782821752603943-13515-0/minicluster-data/master-2-root
1 data directories: /tmp/dist-test-taskijgvsN/test-tmp/auto_rebalancer-test.0.AutoRebalancerTest.OnlyLeaderDoesAutoRebalancing.1782821752603943-13515-0/minicluster-data/master-2-root/data
Total live blocks: 0
Total live bytes: 0
Total live bytes (after alignment): 0
Total number of LBM containers: 0 (0 full)
Did not check for missing blocks
Did not check for orphaned blocks
Total full LBM containers with extra space: 0 (0 repaired)
Total full LBM container extra space in bytes: 0 (0 repaired)
Total incomplete LBM containers: 0 (0 repaired)
Total LBM partial records: 0 (0 repaired)
Total corrupted LBM metadata records in RocksDB: 0 (0 repaired)
I20260630 12:15:54.326495 13647 sys_catalog.cc:422] member_type: VOTER last_known_addr { host: "127.13.50.252" port: 36017 } has no permanent_uuid. Determining permanent_uuid...
W20260630 12:15:54.334439 13647 consensus_peers.cc:760] Error getting permanent uuid from config peer 127.13.50.252:36017: Network error: Client connection negotiation failed: client connection to 127.13.50.252:36017: connect: Connection refused (error 111)
I20260630 12:15:54.345126 13582 consensus_peers.cc:770] Retrying to get permanent uuid for remote peer: member_type: VOTER last_known_addr { host: "127.13.50.253" port: 39635 } attempt: 2
I20260630 12:15:54.355284 13582 sys_catalog.cc:422] member_type: VOTER last_known_addr { host: "127.13.50.252" port: 36017 } has no permanent_uuid. Determining permanent_uuid...
W20260630 12:15:54.359639 13582 consensus_peers.cc:760] Error getting permanent uuid from config peer 127.13.50.252:36017: Network error: Client connection negotiation failed: client connection to 127.13.50.252:36017: connect: Connection refused (error 111)
I20260630 12:15:54.361583 13515 rpc_server.cc:225] running with OpenSSL 1.1.1  11 Sep 2018
I20260630 12:15:54.362818 13515 kserver.cc:163] Server-wide thread pool size limit: 3276
I20260630 12:15:54.378023 13647 consensus_peers.cc:770] Retrying to get permanent uuid for remote peer: member_type: VOTER last_known_addr { host: "127.13.50.252" port: 36017 } attempt: 1
W20260630 12:15:54.384089 13647 consensus_peers.cc:760] Error getting permanent uuid from config peer 127.13.50.252:36017: Network error: Client connection negotiation failed: client connection to 127.13.50.252:36017: connect: Connection refused (error 111)
I20260630 12:15:54.391645 13582 consensus_peers.cc:770] Retrying to get permanent uuid for remote peer: member_type: VOTER last_known_addr { host: "127.13.50.252" port: 36017 } attempt: 1
W20260630 12:15:54.396683 13582 consensus_peers.cc:760] Error getting permanent uuid from config peer 127.13.50.252:36017: Network error: Client connection negotiation failed: client connection to 127.13.50.252:36017: connect: Connection refused (error 111)
I20260630 12:15:54.430426 13515 rpc_server.cc:307] RPC server started. Bound to: 127.13.50.252:36017
I20260630 12:15:54.430549 13711 acceptor_pool.cc:272] collecting diagnostics on the listening RPC socket 127.13.50.252:36017 every 8 connection(s)
I20260630 12:15:54.434736 13712 data_dirs.cc:400] Could only allocate 1 dirs of requested 3 for tablet 00000000000000000000000000000000. 1 dirs total, 0 dirs full, 0 dirs failed
I20260630 12:15:54.434772 13515 internal_mini_cluster.cc:184] Waiting to initialize catalog manager on master 0
I20260630 12:15:54.440084 13712 sys_catalog.cc:422] member_type: VOTER last_known_addr { host: "127.13.50.254" port: 45717 } has no permanent_uuid. Determining permanent_uuid...
I20260630 12:15:54.451876 13712 sys_catalog.cc:422] member_type: VOTER last_known_addr { host: "127.13.50.253" port: 39635 } has no permanent_uuid. Determining permanent_uuid...
I20260630 12:15:54.459635 13647 consensus_peers.cc:770] Retrying to get permanent uuid for remote peer: member_type: VOTER last_known_addr { host: "127.13.50.252" port: 36017 } attempt: 2
I20260630 12:15:54.461469 13712 sys_catalog.cc:422] member_type: VOTER last_known_addr { host: "127.13.50.252" port: 36017 } has no permanent_uuid. Determining permanent_uuid...
I20260630 12:15:54.464265 13582 consensus_peers.cc:770] Retrying to get permanent uuid for remote peer: member_type: VOTER last_known_addr { host: "127.13.50.252" port: 36017 } attempt: 2
I20260630 12:15:54.481877 13647 tablet_bootstrap.cc:492] T 00000000000000000000000000000000 P 928c7702e9cf45ac812e958c44a49efc: Bootstrap starting.
I20260630 12:15:54.485513 13712 tablet_bootstrap.cc:492] T 00000000000000000000000000000000 P 58f128b02e39450e9f43cd44d316ccf5: Bootstrap starting.
I20260630 12:15:54.486107 13582 tablet_bootstrap.cc:492] T 00000000000000000000000000000000 P 805f5d21310c4156b0d435bc177182e3: Bootstrap starting.
I20260630 12:15:54.488067 13647 tablet_bootstrap.cc:654] T 00000000000000000000000000000000 P 928c7702e9cf45ac812e958c44a49efc: Neither blocks nor log segments found. Creating new log.
I20260630 12:15:54.490103 13647 log.cc:826] T 00000000000000000000000000000000 P 928c7702e9cf45ac812e958c44a49efc: Log is configured to *not* fsync() on all Append() calls
I20260630 12:15:54.493260 13582 tablet_bootstrap.cc:654] T 00000000000000000000000000000000 P 805f5d21310c4156b0d435bc177182e3: Neither blocks nor log segments found. Creating new log.
I20260630 12:15:54.493513 13712 tablet_bootstrap.cc:654] T 00000000000000000000000000000000 P 58f128b02e39450e9f43cd44d316ccf5: Neither blocks nor log segments found. Creating new log.
I20260630 12:15:54.495455 13647 tablet_bootstrap.cc:492] T 00000000000000000000000000000000 P 928c7702e9cf45ac812e958c44a49efc: No bootstrap required, opened a new log
I20260630 12:15:54.501245 13712 tablet_bootstrap.cc:492] T 00000000000000000000000000000000 P 58f128b02e39450e9f43cd44d316ccf5: No bootstrap required, opened a new log
I20260630 12:15:54.502422 13582 tablet_bootstrap.cc:492] T 00000000000000000000000000000000 P 805f5d21310c4156b0d435bc177182e3: No bootstrap required, opened a new log
I20260630 12:15:54.515650 13647 raft_consensus.cc:359] T 00000000000000000000000000000000 P 928c7702e9cf45ac812e958c44a49efc [term 0 FOLLOWER]: Replica starting. Triggering 0 pending ops. Active config: opid_index: -1 OBSOLETE_local: false peers { permanent_uuid: "805f5d21310c4156b0d435bc177182e3" member_type: VOTER last_known_addr { host: "127.13.50.254" port: 45717 } } peers { permanent_uuid: "928c7702e9cf45ac812e958c44a49efc" member_type: VOTER last_known_addr { host: "127.13.50.253" port: 39635 } } peers { permanent_uuid: "58f128b02e39450e9f43cd44d316ccf5" member_type: VOTER last_known_addr { host: "127.13.50.252" port: 36017 } }
I20260630 12:15:54.516368 13647 raft_consensus.cc:385] T 00000000000000000000000000000000 P 928c7702e9cf45ac812e958c44a49efc [term 0 FOLLOWER]: Consensus starting up: Expiring failure detector timer to make a prompt election more likely
I20260630 12:15:54.515671 13582 raft_consensus.cc:359] T 00000000000000000000000000000000 P 805f5d21310c4156b0d435bc177182e3 [term 0 FOLLOWER]: Replica starting. Triggering 0 pending ops. Active config: opid_index: -1 OBSOLETE_local: false peers { permanent_uuid: "805f5d21310c4156b0d435bc177182e3" member_type: VOTER last_known_addr { host: "127.13.50.254" port: 45717 } } peers { permanent_uuid: "928c7702e9cf45ac812e958c44a49efc" member_type: VOTER last_known_addr { host: "127.13.50.253" port: 39635 } } peers { permanent_uuid: "58f128b02e39450e9f43cd44d316ccf5" member_type: VOTER last_known_addr { host: "127.13.50.252" port: 36017 } }
I20260630 12:15:54.515689 13712 raft_consensus.cc:359] T 00000000000000000000000000000000 P 58f128b02e39450e9f43cd44d316ccf5 [term 0 FOLLOWER]: Replica starting. Triggering 0 pending ops. Active config: opid_index: -1 OBSOLETE_local: false peers { permanent_uuid: "805f5d21310c4156b0d435bc177182e3" member_type: VOTER last_known_addr { host: "127.13.50.254" port: 45717 } } peers { permanent_uuid: "928c7702e9cf45ac812e958c44a49efc" member_type: VOTER last_known_addr { host: "127.13.50.253" port: 39635 } } peers { permanent_uuid: "58f128b02e39450e9f43cd44d316ccf5" member_type: VOTER last_known_addr { host: "127.13.50.252" port: 36017 } }
I20260630 12:15:54.516732 13647 raft_consensus.cc:740] T 00000000000000000000000000000000 P 928c7702e9cf45ac812e958c44a49efc [term 0 FOLLOWER]: Becoming Follower/Learner. State: Replica: 928c7702e9cf45ac812e958c44a49efc, State: Initialized, Role: FOLLOWER
I20260630 12:15:54.516933 13712 raft_consensus.cc:385] T 00000000000000000000000000000000 P 58f128b02e39450e9f43cd44d316ccf5 [term 0 FOLLOWER]: Consensus starting up: Expiring failure detector timer to make a prompt election more likely
I20260630 12:15:54.516847 13582 raft_consensus.cc:385] T 00000000000000000000000000000000 P 805f5d21310c4156b0d435bc177182e3 [term 0 FOLLOWER]: Consensus starting up: Expiring failure detector timer to make a prompt election more likely
I20260630 12:15:54.517305 13712 raft_consensus.cc:740] T 00000000000000000000000000000000 P 58f128b02e39450e9f43cd44d316ccf5 [term 0 FOLLOWER]: Becoming Follower/Learner. State: Replica: 58f128b02e39450e9f43cd44d316ccf5, State: Initialized, Role: FOLLOWER
I20260630 12:15:54.517378 13582 raft_consensus.cc:740] T 00000000000000000000000000000000 P 805f5d21310c4156b0d435bc177182e3 [term 0 FOLLOWER]: Becoming Follower/Learner. State: Replica: 805f5d21310c4156b0d435bc177182e3, State: Initialized, Role: FOLLOWER
I20260630 12:15:54.517930 13647 consensus_queue.cc:260] T 00000000000000000000000000000000 P 928c7702e9cf45ac812e958c44a49efc [NON_LEADER]: Queue going to NON_LEADER mode. State: All replicated index: 0, Majority replicated index: 0, Committed index: 0, Last appended: 0.0, Last appended by leader: 0, Current term: 0, Majority size: -1, State: 0, Mode: NON_LEADER, active raft config: opid_index: -1 OBSOLETE_local: false peers { permanent_uuid: "805f5d21310c4156b0d435bc177182e3" member_type: VOTER last_known_addr { host: "127.13.50.254" port: 45717 } } peers { permanent_uuid: "928c7702e9cf45ac812e958c44a49efc" member_type: VOTER last_known_addr { host: "127.13.50.253" port: 39635 } } peers { permanent_uuid: "58f128b02e39450e9f43cd44d316ccf5" member_type: VOTER last_known_addr { host: "127.13.50.252" port: 36017 } }
I20260630 12:15:54.518026 13712 consensus_queue.cc:260] T 00000000000000000000000000000000 P 58f128b02e39450e9f43cd44d316ccf5 [NON_LEADER]: Queue going to NON_LEADER mode. State: All replicated index: 0, Majority replicated index: 0, Committed index: 0, Last appended: 0.0, Last appended by leader: 0, Current term: 0, Majority size: -1, State: 0, Mode: NON_LEADER, active raft config: opid_index: -1 OBSOLETE_local: false peers { permanent_uuid: "805f5d21310c4156b0d435bc177182e3" member_type: VOTER last_known_addr { host: "127.13.50.254" port: 45717 } } peers { permanent_uuid: "928c7702e9cf45ac812e958c44a49efc" member_type: VOTER last_known_addr { host: "127.13.50.253" port: 39635 } } peers { permanent_uuid: "58f128b02e39450e9f43cd44d316ccf5" member_type: VOTER last_known_addr { host: "127.13.50.252" port: 36017 } }
I20260630 12:15:54.518427 13582 consensus_queue.cc:260] T 00000000000000000000000000000000 P 805f5d21310c4156b0d435bc177182e3 [NON_LEADER]: Queue going to NON_LEADER mode. State: All replicated index: 0, Majority replicated index: 0, Committed index: 0, Last appended: 0.0, Last appended by leader: 0, Current term: 0, Majority size: -1, State: 0, Mode: NON_LEADER, active raft config: opid_index: -1 OBSOLETE_local: false peers { permanent_uuid: "805f5d21310c4156b0d435bc177182e3" member_type: VOTER last_known_addr { host: "127.13.50.254" port: 45717 } } peers { permanent_uuid: "928c7702e9cf45ac812e958c44a49efc" member_type: VOTER last_known_addr { host: "127.13.50.253" port: 39635 } } peers { permanent_uuid: "58f128b02e39450e9f43cd44d316ccf5" member_type: VOTER last_known_addr { host: "127.13.50.252" port: 36017 } }
I20260630 12:15:54.522971 13722 sys_catalog.cc:455] T 00000000000000000000000000000000 P 928c7702e9cf45ac812e958c44a49efc [sys.catalog]: SysCatalogTable state changed. Reason: RaftConsensus started. Latest consensus state: current_term: 0 committed_config { opid_index: -1 OBSOLETE_local: false peers { permanent_uuid: "805f5d21310c4156b0d435bc177182e3" member_type: VOTER last_known_addr { host: "127.13.50.254" port: 45717 } } peers { permanent_uuid: "928c7702e9cf45ac812e958c44a49efc" member_type: VOTER last_known_addr { host: "127.13.50.253" port: 39635 } } peers { permanent_uuid: "58f128b02e39450e9f43cd44d316ccf5" member_type: VOTER last_known_addr { host: "127.13.50.252" port: 36017 } } }
I20260630 12:15:54.524322 13722 sys_catalog.cc:458] T 00000000000000000000000000000000 P 928c7702e9cf45ac812e958c44a49efc [sys.catalog]: This master's current role is: FOLLOWER
I20260630 12:15:54.525632 13647 sys_catalog.cc:565] T 00000000000000000000000000000000 P 928c7702e9cf45ac812e958c44a49efc [sys.catalog]: configured and running, proceeding with master startup.
I20260630 12:15:54.528065 13723 sys_catalog.cc:455] T 00000000000000000000000000000000 P 805f5d21310c4156b0d435bc177182e3 [sys.catalog]: SysCatalogTable state changed. Reason: RaftConsensus started. Latest consensus state: current_term: 0 committed_config { opid_index: -1 OBSOLETE_local: false peers { permanent_uuid: "805f5d21310c4156b0d435bc177182e3" member_type: VOTER last_known_addr { host: "127.13.50.254" port: 45717 } } peers { permanent_uuid: "928c7702e9cf45ac812e958c44a49efc" member_type: VOTER last_known_addr { host: "127.13.50.253" port: 39635 } } peers { permanent_uuid: "58f128b02e39450e9f43cd44d316ccf5" member_type: VOTER last_known_addr { host: "127.13.50.252" port: 36017 } } }
I20260630 12:15:54.528716 13723 sys_catalog.cc:458] T 00000000000000000000000000000000 P 805f5d21310c4156b0d435bc177182e3 [sys.catalog]: This master's current role is: FOLLOWER
I20260630 12:15:54.530225 13721 sys_catalog.cc:455] T 00000000000000000000000000000000 P 58f128b02e39450e9f43cd44d316ccf5 [sys.catalog]: SysCatalogTable state changed. Reason: RaftConsensus started. Latest consensus state: current_term: 0 committed_config { opid_index: -1 OBSOLETE_local: false peers { permanent_uuid: "805f5d21310c4156b0d435bc177182e3" member_type: VOTER last_known_addr { host: "127.13.50.254" port: 45717 } } peers { permanent_uuid: "928c7702e9cf45ac812e958c44a49efc" member_type: VOTER last_known_addr { host: "127.13.50.253" port: 39635 } } peers { permanent_uuid: "58f128b02e39450e9f43cd44d316ccf5" member_type: VOTER last_known_addr { host: "127.13.50.252" port: 36017 } } }
I20260630 12:15:54.531210 13721 sys_catalog.cc:458] T 00000000000000000000000000000000 P 58f128b02e39450e9f43cd44d316ccf5 [sys.catalog]: This master's current role is: FOLLOWER
I20260630 12:15:54.531502 13712 sys_catalog.cc:565] T 00000000000000000000000000000000 P 58f128b02e39450e9f43cd44d316ccf5 [sys.catalog]: configured and running, proceeding with master startup.
I20260630 12:15:54.531567 13582 sys_catalog.cc:565] T 00000000000000000000000000000000 P 805f5d21310c4156b0d435bc177182e3 [sys.catalog]: configured and running, proceeding with master startup.
I20260630 12:15:54.579823 13515 internal_mini_cluster.cc:184] Waiting to initialize catalog manager on master 1
I20260630 12:15:54.580124 13515 internal_mini_cluster.cc:184] Waiting to initialize catalog manager on master 2
W20260630 12:15:54.584903 13749 catalog_manager.cc:1594] T 00000000000000000000000000000000 P 928c7702e9cf45ac812e958c44a49efc: loading cluster ID for follower catalog manager: Not found: cluster ID entry not found
W20260630 12:15:54.585404 13757 catalog_manager.cc:1594] T 00000000000000000000000000000000 P 805f5d21310c4156b0d435bc177182e3: loading cluster ID for follower catalog manager: Not found: cluster ID entry not found
W20260630 12:15:54.585564 13536 tablet.cc:2406] T 00000000000000000000000000000000 P 805f5d21310c4156b0d435bc177182e3: Can't schedule compaction. Clean time has not been advanced past its initial value.
W20260630 12:15:54.585980 13757 catalog_manager.cc:883] Not found: cluster ID entry not found: failed to prepare follower catalog manager, will retry
W20260630 12:15:54.586766 13749 catalog_manager.cc:883] Not found: cluster ID entry not found: failed to prepare follower catalog manager, will retry
I20260630 12:15:54.589354 13515 file_cache.cc:492] Constructed file cache file cache with capacity 419430
W20260630 12:15:54.592839 13752 catalog_manager.cc:1594] T 00000000000000000000000000000000 P 58f128b02e39450e9f43cd44d316ccf5: loading cluster ID for follower catalog manager: Not found: cluster ID entry not found
W20260630 12:15:54.593174 13752 catalog_manager.cc:883] Not found: cluster ID entry not found: failed to prepare follower catalog manager, will retry
W20260630 12:15:54.598745 13758 instance_detector.cc:116] could not retrieve AWS instance metadata: Network error: curl error: HTTP response code said error: The requested URL returned error: 404
W20260630 12:15:54.600206 13759 instance_detector.cc:116] could not retrieve Azure instance metadata: Network error: curl error: HTTP response code said error: The requested URL returned error: 404
W20260630 12:15:54.604732 13761 instance_detector.cc:116] could not retrieve OpenStack instance metadata: Network error: curl error: HTTP response code said error: The requested URL returned error: 404
I20260630 12:15:54.605545 13515 server_base.cc:1061] running on GCE node
I20260630 12:15:54.606433 13515 hybrid_clock.cc:584] initializing the hybrid clock with 'system_unsync' time source
W20260630 12:15:54.606658 13515 system_unsync_time.cc:38] NTP support is disabled. Clock error bounds will not be accurate. This configuration is not suitable for distributed clusters.
I20260630 12:15:54.606835 13515 hybrid_clock.cc:648] HybridClock initialized: now 1782821754606819 us; error 0 us; skew 500 ppm
I20260630 12:15:54.607360 13515 server_base.cc:861] Flag tcmalloc_max_total_thread_cache_bytes is not working since tcmalloc is not enabled.
I20260630 12:15:54.609933 13515 webserver.cc:533] Webserver started at http://127.13.50.193:34881/ using document root <none> and password file <none>
I20260630 12:15:54.610416 13515 fs_manager.cc:362] Metadata directory not provided
I20260630 12:15:54.610638 13515 fs_manager.cc:368] Using write-ahead log directory (fs_wal_dir) as metadata directory
I20260630 12:15:54.610908 13515 server_base.cc:909] This appears to be a new deployment of Kudu; creating new FS layout
I20260630 12:15:54.611979 13515 fs_manager.cc:1068] Generated new instance metadata in path /tmp/dist-test-taskijgvsN/test-tmp/auto_rebalancer-test.0.AutoRebalancerTest.OnlyLeaderDoesAutoRebalancing.1782821752603943-13515-0/minicluster-data/ts-0-root/instance:
uuid: "212c5275e40d42e7b15cd4caa990220f"
format_stamp: "Formatted at 2026-06-30 12:15:54 on dist-test-slave-9tsv"
I20260630 12:15:54.616750 13515 fs_manager.cc:696] Time spent creating directory manager: real 0.004s	user 0.002s	sys 0.004s
I20260630 12:15:54.620666 13766 log_block_manager.cc:4031] Time spent loading block containers with low live blocks: real 0.000s	user 0.000s	sys 0.000s
I20260630 12:15:54.621610 13515 fs_manager.cc:730] Time spent opening block manager: real 0.003s	user 0.003s	sys 0.000s
I20260630 12:15:54.621891 13515 fs_manager.cc:647] Opened local filesystem: /tmp/dist-test-taskijgvsN/test-tmp/auto_rebalancer-test.0.AutoRebalancerTest.OnlyLeaderDoesAutoRebalancing.1782821752603943-13515-0/minicluster-data/ts-0-root
uuid: "212c5275e40d42e7b15cd4caa990220f"
format_stamp: "Formatted at 2026-06-30 12:15:54 on dist-test-slave-9tsv"
I20260630 12:15:54.622179 13515 fs_report.cc:389] FS layout report
--------------------
wal directory: /tmp/dist-test-taskijgvsN/test-tmp/auto_rebalancer-test.0.AutoRebalancerTest.OnlyLeaderDoesAutoRebalancing.1782821752603943-13515-0/minicluster-data/ts-0-root
metadata directory: /tmp/dist-test-taskijgvsN/test-tmp/auto_rebalancer-test.0.AutoRebalancerTest.OnlyLeaderDoesAutoRebalancing.1782821752603943-13515-0/minicluster-data/ts-0-root
1 data directories: /tmp/dist-test-taskijgvsN/test-tmp/auto_rebalancer-test.0.AutoRebalancerTest.OnlyLeaderDoesAutoRebalancing.1782821752603943-13515-0/minicluster-data/ts-0-root/data
Total live blocks: 0
Total live bytes: 0
Total live bytes (after alignment): 0
Total number of LBM containers: 0 (0 full)
Did not check for missing blocks
Did not check for orphaned blocks
Total full LBM containers with extra space: 0 (0 repaired)
Total full LBM container extra space in bytes: 0 (0 repaired)
Total incomplete LBM containers: 0 (0 repaired)
Total LBM partial records: 0 (0 repaired)
Total corrupted LBM metadata records in RocksDB: 0 (0 repaired)
I20260630 12:15:54.639369 13515 rpc_server.cc:225] running with OpenSSL 1.1.1  11 Sep 2018
I20260630 12:15:54.640640 13515 kserver.cc:163] Server-wide thread pool size limit: 3276
I20260630 12:15:54.643280 13515 txn_system_client.cc:432] TxnSystemClient initialization is disabled...
I20260630 12:15:54.647022 13515 ts_tablet_manager.cc:585] Loaded tablet metadata (0 total tablets, 0 live tablets)
I20260630 12:15:54.647230 13515 ts_tablet_manager.cc:531] Time spent load tablet metadata: real 0.000s	user 0.000s	sys 0.000s
I20260630 12:15:54.647521 13515 ts_tablet_manager.cc:616] Registered 0 tablets
I20260630 12:15:54.647665 13515 ts_tablet_manager.cc:595] Time spent register tablets: real 0.000s	user 0.000s	sys 0.000s
I20260630 12:15:54.694964 13721 raft_consensus.cc:493] T 00000000000000000000000000000000 P 58f128b02e39450e9f43cd44d316ccf5 [term 0 FOLLOWER]: Starting pre-election (no leader contacted us within the election timeout)
I20260630 12:15:54.695765 13721 raft_consensus.cc:515] T 00000000000000000000000000000000 P 58f128b02e39450e9f43cd44d316ccf5 [term 0 FOLLOWER]: Starting pre-election with config: opid_index: -1 OBSOLETE_local: false peers { permanent_uuid: "805f5d21310c4156b0d435bc177182e3" member_type: VOTER last_known_addr { host: "127.13.50.254" port: 45717 } } peers { permanent_uuid: "928c7702e9cf45ac812e958c44a49efc" member_type: VOTER last_known_addr { host: "127.13.50.253" port: 39635 } } peers { permanent_uuid: "58f128b02e39450e9f43cd44d316ccf5" member_type: VOTER last_known_addr { host: "127.13.50.252" port: 36017 } }
I20260630 12:15:54.699928 13721 leader_election.cc:290] T 00000000000000000000000000000000 P 58f128b02e39450e9f43cd44d316ccf5 [CANDIDATE]: Term 1 pre-election: Requested pre-vote from peers 805f5d21310c4156b0d435bc177182e3 (127.13.50.254:45717), 928c7702e9cf45ac812e958c44a49efc (127.13.50.253:39635)
I20260630 12:15:54.700489 13557 tablet_service.cc:1917] Received RequestConsensusVote() RPC: tablet_id: "00000000000000000000000000000000" candidate_uuid: "58f128b02e39450e9f43cd44d316ccf5" candidate_term: 1 candidate_status { last_received { term: 0 index: 0 } } ignore_live_leader: false dest_uuid: "805f5d21310c4156b0d435bc177182e3" is_pre_election: true
I20260630 12:15:54.702090 13557 raft_consensus.cc:2468] T 00000000000000000000000000000000 P 805f5d21310c4156b0d435bc177182e3 [term 0 FOLLOWER]: Leader pre-election vote request: Granting yes vote for candidate 58f128b02e39450e9f43cd44d316ccf5 in term 0.
I20260630 12:15:54.702353 13622 tablet_service.cc:1917] Received RequestConsensusVote() RPC: tablet_id: "00000000000000000000000000000000" candidate_uuid: "58f128b02e39450e9f43cd44d316ccf5" candidate_term: 1 candidate_status { last_received { term: 0 index: 0 } } ignore_live_leader: false dest_uuid: "928c7702e9cf45ac812e958c44a49efc" is_pre_election: true
I20260630 12:15:54.703076 13622 raft_consensus.cc:2468] T 00000000000000000000000000000000 P 928c7702e9cf45ac812e958c44a49efc [term 0 FOLLOWER]: Leader pre-election vote request: Granting yes vote for candidate 58f128b02e39450e9f43cd44d316ccf5 in term 0.
I20260630 12:15:54.704102 13661 leader_election.cc:304] T 00000000000000000000000000000000 P 58f128b02e39450e9f43cd44d316ccf5 [CANDIDATE]: Term 1 pre-election: Election decided. Result: candidate won. Election summary: received 2 responses out of 3 voters: 2 yes votes; 0 no votes. yes voters: 58f128b02e39450e9f43cd44d316ccf5, 805f5d21310c4156b0d435bc177182e3; no voters: 
I20260630 12:15:54.705381 13721 raft_consensus.cc:2804] T 00000000000000000000000000000000 P 58f128b02e39450e9f43cd44d316ccf5 [term 0 FOLLOWER]: Leader pre-election won for term 1
I20260630 12:15:54.705888 13721 raft_consensus.cc:493] T 00000000000000000000000000000000 P 58f128b02e39450e9f43cd44d316ccf5 [term 0 FOLLOWER]: Starting leader election (no leader contacted us within the election timeout)
I20260630 12:15:54.706336 13721 raft_consensus.cc:3060] T 00000000000000000000000000000000 P 58f128b02e39450e9f43cd44d316ccf5 [term 0 FOLLOWER]: Advancing to term 1
I20260630 12:15:54.714356 13721 raft_consensus.cc:515] T 00000000000000000000000000000000 P 58f128b02e39450e9f43cd44d316ccf5 [term 1 FOLLOWER]: Starting leader election with config: opid_index: -1 OBSOLETE_local: false peers { permanent_uuid: "805f5d21310c4156b0d435bc177182e3" member_type: VOTER last_known_addr { host: "127.13.50.254" port: 45717 } } peers { permanent_uuid: "928c7702e9cf45ac812e958c44a49efc" member_type: VOTER last_known_addr { host: "127.13.50.253" port: 39635 } } peers { permanent_uuid: "58f128b02e39450e9f43cd44d316ccf5" member_type: VOTER last_known_addr { host: "127.13.50.252" port: 36017 } }
I20260630 12:15:54.717388 13557 tablet_service.cc:1917] Received RequestConsensusVote() RPC: tablet_id: "00000000000000000000000000000000" candidate_uuid: "58f128b02e39450e9f43cd44d316ccf5" candidate_term: 1 candidate_status { last_received { term: 0 index: 0 } } ignore_live_leader: false dest_uuid: "805f5d21310c4156b0d435bc177182e3"
I20260630 12:15:54.717947 13557 raft_consensus.cc:3060] T 00000000000000000000000000000000 P 805f5d21310c4156b0d435bc177182e3 [term 0 FOLLOWER]: Advancing to term 1
I20260630 12:15:54.718181 13622 tablet_service.cc:1917] Received RequestConsensusVote() RPC: tablet_id: "00000000000000000000000000000000" candidate_uuid: "58f128b02e39450e9f43cd44d316ccf5" candidate_term: 1 candidate_status { last_received { term: 0 index: 0 } } ignore_live_leader: false dest_uuid: "928c7702e9cf45ac812e958c44a49efc"
I20260630 12:15:54.718688 13622 raft_consensus.cc:3060] T 00000000000000000000000000000000 P 928c7702e9cf45ac812e958c44a49efc [term 0 FOLLOWER]: Advancing to term 1
I20260630 12:15:54.721833 13721 leader_election.cc:290] T 00000000000000000000000000000000 P 58f128b02e39450e9f43cd44d316ccf5 [CANDIDATE]: Term 1 election: Requested vote from peers 805f5d21310c4156b0d435bc177182e3 (127.13.50.254:45717), 928c7702e9cf45ac812e958c44a49efc (127.13.50.253:39635)
I20260630 12:15:54.725123 13557 raft_consensus.cc:2468] T 00000000000000000000000000000000 P 805f5d21310c4156b0d435bc177182e3 [term 1 FOLLOWER]: Leader election vote request: Granting yes vote for candidate 58f128b02e39450e9f43cd44d316ccf5 in term 1.
I20260630 12:15:54.726384 13622 raft_consensus.cc:2468] T 00000000000000000000000000000000 P 928c7702e9cf45ac812e958c44a49efc [term 1 FOLLOWER]: Leader election vote request: Granting yes vote for candidate 58f128b02e39450e9f43cd44d316ccf5 in term 1.
I20260630 12:15:54.726524 13661 leader_election.cc:304] T 00000000000000000000000000000000 P 58f128b02e39450e9f43cd44d316ccf5 [CANDIDATE]: Term 1 election: Election decided. Result: candidate won. Election summary: received 2 responses out of 3 voters: 2 yes votes; 0 no votes. yes voters: 58f128b02e39450e9f43cd44d316ccf5, 805f5d21310c4156b0d435bc177182e3; no voters: 
I20260630 12:15:54.727329 13721 raft_consensus.cc:2804] T 00000000000000000000000000000000 P 58f128b02e39450e9f43cd44d316ccf5 [term 1 FOLLOWER]: Leader election won for term 1
I20260630 12:15:54.729615 13721 raft_consensus.cc:697] T 00000000000000000000000000000000 P 58f128b02e39450e9f43cd44d316ccf5 [term 1 LEADER]: Becoming Leader. State: Replica: 58f128b02e39450e9f43cd44d316ccf5, State: Running, Role: LEADER
I20260630 12:15:54.730609 13721 consensus_queue.cc:237] T 00000000000000000000000000000000 P 58f128b02e39450e9f43cd44d316ccf5 [LEADER]: Queue going to LEADER mode. State: All replicated index: 0, Majority replicated index: 0, Committed index: 0, Last appended: 0.0, Last appended by leader: 0, Current term: 1, Majority size: 2, State: 0, Mode: LEADER, active raft config: opid_index: -1 OBSOLETE_local: false peers { permanent_uuid: "805f5d21310c4156b0d435bc177182e3" member_type: VOTER last_known_addr { host: "127.13.50.254" port: 45717 } } peers { permanent_uuid: "928c7702e9cf45ac812e958c44a49efc" member_type: VOTER last_known_addr { host: "127.13.50.253" port: 39635 } } peers { permanent_uuid: "58f128b02e39450e9f43cd44d316ccf5" member_type: VOTER last_known_addr { host: "127.13.50.252" port: 36017 } }
I20260630 12:15:54.747771 13813 sys_catalog.cc:455] T 00000000000000000000000000000000 P 58f128b02e39450e9f43cd44d316ccf5 [sys.catalog]: SysCatalogTable state changed. Reason: New leader 58f128b02e39450e9f43cd44d316ccf5. Latest consensus state: current_term: 1 leader_uuid: "58f128b02e39450e9f43cd44d316ccf5" committed_config { opid_index: -1 OBSOLETE_local: false peers { permanent_uuid: "805f5d21310c4156b0d435bc177182e3" member_type: VOTER last_known_addr { host: "127.13.50.254" port: 45717 } } peers { permanent_uuid: "928c7702e9cf45ac812e958c44a49efc" member_type: VOTER last_known_addr { host: "127.13.50.253" port: 39635 } } peers { permanent_uuid: "58f128b02e39450e9f43cd44d316ccf5" member_type: VOTER last_known_addr { host: "127.13.50.252" port: 36017 } } }
I20260630 12:15:54.748446 13813 sys_catalog.cc:458] T 00000000000000000000000000000000 P 58f128b02e39450e9f43cd44d316ccf5 [sys.catalog]: This master's current role is: LEADER
I20260630 12:15:54.752594 13818 catalog_manager.cc:1511] Loading table and tablet metadata into memory...
I20260630 12:15:54.762048 13818 catalog_manager.cc:1520] Initializing Kudu cluster ID...
I20260630 12:15:54.783967 13622 raft_consensus.cc:1275] T 00000000000000000000000000000000 P 928c7702e9cf45ac812e958c44a49efc [term 1 FOLLOWER]: Refusing update from remote peer 58f128b02e39450e9f43cd44d316ccf5: Log matching property violated. Preceding OpId in replica: term: 0 index: 0. Preceding OpId from leader: term: 1 index: 2. (index mismatch)
I20260630 12:15:54.784379 13557 raft_consensus.cc:1275] T 00000000000000000000000000000000 P 805f5d21310c4156b0d435bc177182e3 [term 1 FOLLOWER]: Refusing update from remote peer 58f128b02e39450e9f43cd44d316ccf5: Log matching property violated. Preceding OpId in replica: term: 0 index: 0. Preceding OpId from leader: term: 1 index: 2. (index mismatch)
I20260630 12:15:54.785907 13813 consensus_queue.cc:1048] T 00000000000000000000000000000000 P 58f128b02e39450e9f43cd44d316ccf5 [LEADER]: Connected to new peer: Peer: permanent_uuid: "928c7702e9cf45ac812e958c44a49efc" member_type: VOTER last_known_addr { host: "127.13.50.253" port: 39635 }, Status: LMP_MISMATCH, Last received: 0.0, Next index: 1, Last known committed idx: 0, Time since last communication: 0.000s
I20260630 12:15:54.786994 13721 consensus_queue.cc:1048] T 00000000000000000000000000000000 P 58f128b02e39450e9f43cd44d316ccf5 [LEADER]: Connected to new peer: Peer: permanent_uuid: "805f5d21310c4156b0d435bc177182e3" member_type: VOTER last_known_addr { host: "127.13.50.254" port: 45717 }, Status: LMP_MISMATCH, Last received: 0.0, Next index: 1, Last known committed idx: 0, Time since last communication: 0.000s
I20260630 12:15:54.815827 13723 sys_catalog.cc:455] T 00000000000000000000000000000000 P 805f5d21310c4156b0d435bc177182e3 [sys.catalog]: SysCatalogTable state changed. Reason: New leader 58f128b02e39450e9f43cd44d316ccf5. Latest consensus state: current_term: 1 leader_uuid: "58f128b02e39450e9f43cd44d316ccf5" committed_config { opid_index: -1 OBSOLETE_local: false peers { permanent_uuid: "805f5d21310c4156b0d435bc177182e3" member_type: VOTER last_known_addr { host: "127.13.50.254" port: 45717 } } peers { permanent_uuid: "928c7702e9cf45ac812e958c44a49efc" member_type: VOTER last_known_addr { host: "127.13.50.253" port: 39635 } } peers { permanent_uuid: "58f128b02e39450e9f43cd44d316ccf5" member_type: VOTER last_known_addr { host: "127.13.50.252" port: 36017 } } }
I20260630 12:15:54.816696 13723 sys_catalog.cc:458] T 00000000000000000000000000000000 P 805f5d21310c4156b0d435bc177182e3 [sys.catalog]: This master's current role is: FOLLOWER
I20260630 12:15:54.817795 13722 sys_catalog.cc:455] T 00000000000000000000000000000000 P 928c7702e9cf45ac812e958c44a49efc [sys.catalog]: SysCatalogTable state changed. Reason: New leader 58f128b02e39450e9f43cd44d316ccf5. Latest consensus state: current_term: 1 leader_uuid: "58f128b02e39450e9f43cd44d316ccf5" committed_config { opid_index: -1 OBSOLETE_local: false peers { permanent_uuid: "805f5d21310c4156b0d435bc177182e3" member_type: VOTER last_known_addr { host: "127.13.50.254" port: 45717 } } peers { permanent_uuid: "928c7702e9cf45ac812e958c44a49efc" member_type: VOTER last_known_addr { host: "127.13.50.253" port: 39635 } } peers { permanent_uuid: "58f128b02e39450e9f43cd44d316ccf5" member_type: VOTER last_known_addr { host: "127.13.50.252" port: 36017 } } }
I20260630 12:15:54.818507 13722 sys_catalog.cc:458] T 00000000000000000000000000000000 P 928c7702e9cf45ac812e958c44a49efc [sys.catalog]: This master's current role is: FOLLOWER
I20260630 12:15:54.849272 13722 sys_catalog.cc:455] T 00000000000000000000000000000000 P 928c7702e9cf45ac812e958c44a49efc [sys.catalog]: SysCatalogTable state changed. Reason: Replicated consensus-only round. Latest consensus state: current_term: 1 leader_uuid: "58f128b02e39450e9f43cd44d316ccf5" committed_config { opid_index: -1 OBSOLETE_local: false peers { permanent_uuid: "805f5d21310c4156b0d435bc177182e3" member_type: VOTER last_known_addr { host: "127.13.50.254" port: 45717 } } peers { permanent_uuid: "928c7702e9cf45ac812e958c44a49efc" member_type: VOTER last_known_addr { host: "127.13.50.253" port: 39635 } } peers { permanent_uuid: "58f128b02e39450e9f43cd44d316ccf5" member_type: VOTER last_known_addr { host: "127.13.50.252" port: 36017 } } }
I20260630 12:15:54.850385 13722 sys_catalog.cc:458] T 00000000000000000000000000000000 P 928c7702e9cf45ac812e958c44a49efc [sys.catalog]: This master's current role is: FOLLOWER
I20260630 12:15:54.861601 13829 mvcc.cc:204] Tried to move back new op lower bound from 7302437907576029184 to 7302437907389468672. Current Snapshot: MvccSnapshot[applied={T|T < 7302437907576029184}]
