I20260630 12:17:24.174958 20079 consensus_queue.cc:1048] T e4d6637d978044d5bb449a4e3649a0cf P 852a2bc9a1a349c3b819137033d9703c [LEADER]: Connected to new peer: Peer: permanent_uuid: "c312794e72ed4f5ead93d45549dce49d" member_type: VOTER last_known_addr { host: "127.16.63.195" port: 36621 }, Status: LMP_MISMATCH, Last received: 0.0, Next index: 3, Last known committed idx: 2, Time since last communication: 0.006s
I20260630 12:17:24.206739 19780 raft_consensus.cc:2955] T afd47d8329b1408e9eb4b309e321ae9d P c312794e72ed4f5ead93d45549dce49d [term 1 FOLLOWER]: Committing config change with OpId 1.3: config changed from index 2 to 3, 3868cae4f40743d48b741180fb42f99e (127.16.63.196) changed from NON_VOTER to VOTER. New config: { opid_index: 3 OBSOLETE_local: false peers { permanent_uuid: "852a2bc9a1a349c3b819137033d9703c" member_type: VOTER last_known_addr { host: "127.16.63.194" port: 44647 } } peers { permanent_uuid: "baaa2432405547ffadf02c6d08f817a0" member_type: VOTER last_known_addr { host: "127.16.63.193" port: 41827 } } peers { permanent_uuid: "c312794e72ed4f5ead93d45549dce49d" member_type: VOTER last_known_addr { host: "127.16.63.195" port: 36621 } attrs { replace: true } } peers { permanent_uuid: "3868cae4f40743d48b741180fb42f99e" member_type: VOTER last_known_addr { host: "127.16.63.196" port: 39159 } attrs { promote: false } } }
I20260630 12:17:24.209170 19527 catalog_manager.cc:5697] T afd47d8329b1408e9eb4b309e321ae9d P 3868cae4f40743d48b741180fb42f99e reported cstate change: config changed from index 2 to 3, 3868cae4f40743d48b741180fb42f99e (127.16.63.196) changed from NON_VOTER to VOTER. New cstate: current_term: 1 leader_uuid: "baaa2432405547ffadf02c6d08f817a0" committed_config { opid_index: 3 OBSOLETE_local: false peers { permanent_uuid: "852a2bc9a1a349c3b819137033d9703c" member_type: VOTER last_known_addr { host: "127.16.63.194" port: 44647 } } peers { permanent_uuid: "baaa2432405547ffadf02c6d08f817a0" member_type: VOTER last_known_addr { host: "127.16.63.193" port: 41827 } } peers { permanent_uuid: "c312794e72ed4f5ead93d45549dce49d" member_type: VOTER last_known_addr { host: "127.16.63.195" port: 36621 } attrs { replace: true } } peers { permanent_uuid: "3868cae4f40743d48b741180fb42f99e" member_type: VOTER last_known_addr { host: "127.16.63.196" port: 39159 } attrs { promote: false } } }
I20260630 12:17:24.217000 19779 consensus_queue.cc:237] T 15ebd068a4b5470a928d20717135ff87 P c312794e72ed4f5ead93d45549dce49d [LEADER]: Queue going to LEADER mode. State: All replicated index: 0, Majority replicated index: 3, Committed index: 3, Last appended: 1.3, Last appended by leader: 0, Current term: 1, Majority size: 2, State: 0, Mode: LEADER, active raft config: opid_index: 4 OBSOLETE_local: false peers { permanent_uuid: "852a2bc9a1a349c3b819137033d9703c" member_type: VOTER last_known_addr { host: "127.16.63.194" port: 44647 } } peers { permanent_uuid: "c312794e72ed4f5ead93d45549dce49d" member_type: VOTER last_known_addr { host: "127.16.63.195" port: 36621 } } peers { permanent_uuid: "3868cae4f40743d48b741180fb42f99e" member_type: VOTER last_known_addr { host: "127.16.63.196" port: 39159 } attrs { promote: false } }
I20260630 12:17:24.235555 19630 raft_consensus.cc:1275] T e4d6637d978044d5bb449a4e3649a0cf P baaa2432405547ffadf02c6d08f817a0 [term 1 FOLLOWER]: Refusing update from remote peer 852a2bc9a1a349c3b819137033d9703c: Log matching property violated. Preceding OpId in replica: term: 1 index: 2. Preceding OpId from leader: term: 1 index: 3. (index mismatch)
I20260630 12:17:24.242015 20093 consensus_queue.cc:1048] T e4d6637d978044d5bb449a4e3649a0cf P 852a2bc9a1a349c3b819137033d9703c [LEADER]: Connected to new peer: Peer: permanent_uuid: "baaa2432405547ffadf02c6d08f817a0" member_type: VOTER last_known_addr { host: "127.16.63.193" port: 41827 } attrs { replace: true }, Status: LMP_MISMATCH, Last received: 0.0, Next index: 3, Last known committed idx: 2, Time since last communication: 0.000s
I20260630 12:17:24.243741 19705 raft_consensus.cc:1275] T 15ebd068a4b5470a928d20717135ff87 P 852a2bc9a1a349c3b819137033d9703c [term 1 FOLLOWER]: Refusing update from remote peer c312794e72ed4f5ead93d45549dce49d: Log matching property violated. Preceding OpId in replica: term: 1 index: 3. Preceding OpId from leader: term: 1 index: 4. (index mismatch)
I20260630 12:17:24.245517 20100 consensus_queue.cc:1048] T 15ebd068a4b5470a928d20717135ff87 P c312794e72ed4f5ead93d45549dce49d [LEADER]: Connected to new peer: Peer: permanent_uuid: "852a2bc9a1a349c3b819137033d9703c" member_type: VOTER last_known_addr { host: "127.16.63.194" port: 44647 }, Status: LMP_MISMATCH, Last received: 0.0, Next index: 4, Last known committed idx: 3, Time since last communication: 0.000s
I20260630 12:17:24.251754 19946 raft_consensus.cc:1275] T 15ebd068a4b5470a928d20717135ff87 P 3868cae4f40743d48b741180fb42f99e [term 1 FOLLOWER]: Refusing update from remote peer c312794e72ed4f5ead93d45549dce49d: Log matching property violated. Preceding OpId in replica: term: 1 index: 3. Preceding OpId from leader: term: 1 index: 4. (index mismatch)
I20260630 12:17:24.254129 20073 consensus_queue.cc:1048] T 15ebd068a4b5470a928d20717135ff87 P c312794e72ed4f5ead93d45549dce49d [LEADER]: Connected to new peer: Peer: permanent_uuid: "3868cae4f40743d48b741180fb42f99e" member_type: VOTER last_known_addr { host: "127.16.63.196" port: 39159 } attrs { promote: false }, Status: LMP_MISMATCH, Last received: 0.0, Next index: 4, Last known committed idx: 3, Time since last communication: 0.001s
I20260630 12:17:24.258713 20100 raft_consensus.cc:2955] T 15ebd068a4b5470a928d20717135ff87 P c312794e72ed4f5ead93d45549dce49d [term 1 LEADER]: Committing config change with OpId 1.4: config changed from index 3 to 4, VOTER baaa2432405547ffadf02c6d08f817a0 (127.16.63.193) evicted. New config: { opid_index: 4 OBSOLETE_local: false peers { permanent_uuid: "852a2bc9a1a349c3b819137033d9703c" member_type: VOTER last_known_addr { host: "127.16.63.194" port: 44647 } } peers { permanent_uuid: "c312794e72ed4f5ead93d45549dce49d" member_type: VOTER last_known_addr { host: "127.16.63.195" port: 36621 } } peers { permanent_uuid: "3868cae4f40743d48b741180fb42f99e" member_type: VOTER last_known_addr { host: "127.16.63.196" port: 39159 } attrs { promote: false } } }
I20260630 12:17:24.261013 19706 raft_consensus.cc:2955] T afd47d8329b1408e9eb4b309e321ae9d P 852a2bc9a1a349c3b819137033d9703c [term 1 FOLLOWER]: Committing config change with OpId 1.3: config changed from index 2 to 3, 3868cae4f40743d48b741180fb42f99e (127.16.63.196) changed from NON_VOTER to VOTER. New config: { opid_index: 3 OBSOLETE_local: false peers { permanent_uuid: "852a2bc9a1a349c3b819137033d9703c" member_type: VOTER last_known_addr { host: "127.16.63.194" port: 44647 } } peers { permanent_uuid: "baaa2432405547ffadf02c6d08f817a0" member_type: VOTER last_known_addr { host: "127.16.63.193" port: 41827 } } peers { permanent_uuid: "c312794e72ed4f5ead93d45549dce49d" member_type: VOTER last_known_addr { host: "127.16.63.195" port: 36621 } attrs { replace: true } } peers { permanent_uuid: "3868cae4f40743d48b741180fb42f99e" member_type: VOTER last_known_addr { host: "127.16.63.196" port: 39159 } attrs { promote: false } } }
I20260630 12:17:24.265836 19946 raft_consensus.cc:2955] T 15ebd068a4b5470a928d20717135ff87 P 3868cae4f40743d48b741180fb42f99e [term 1 FOLLOWER]: Committing config change with OpId 1.4: config changed from index 3 to 4, VOTER baaa2432405547ffadf02c6d08f817a0 (127.16.63.193) evicted. New config: { opid_index: 4 OBSOLETE_local: false peers { permanent_uuid: "852a2bc9a1a349c3b819137033d9703c" member_type: VOTER last_known_addr { host: "127.16.63.194" port: 44647 } } peers { permanent_uuid: "c312794e72ed4f5ead93d45549dce49d" member_type: VOTER last_known_addr { host: "127.16.63.195" port: 36621 } } peers { permanent_uuid: "3868cae4f40743d48b741180fb42f99e" member_type: VOTER last_known_addr { host: "127.16.63.196" port: 39159 } attrs { promote: false } } }
I20260630 12:17:24.269382 19778 raft_consensus.cc:2955] T e4d6637d978044d5bb449a4e3649a0cf P c312794e72ed4f5ead93d45549dce49d [term 1 FOLLOWER]: Committing config change with OpId 1.3: config changed from index 2 to 3, 3868cae4f40743d48b741180fb42f99e (127.16.63.196) changed from NON_VOTER to VOTER. New config: { opid_index: 3 OBSOLETE_local: false peers { permanent_uuid: "852a2bc9a1a349c3b819137033d9703c" member_type: VOTER last_known_addr { host: "127.16.63.194" port: 44647 } } peers { permanent_uuid: "baaa2432405547ffadf02c6d08f817a0" member_type: VOTER last_known_addr { host: "127.16.63.193" port: 41827 } attrs { replace: true } } peers { permanent_uuid: "c312794e72ed4f5ead93d45549dce49d" member_type: VOTER last_known_addr { host: "127.16.63.195" port: 36621 } } peers { permanent_uuid: "3868cae4f40743d48b741180fb42f99e" member_type: VOTER last_known_addr { host: "127.16.63.196" port: 39159 } attrs { promote: false } } }
I20260630 12:17:24.284173 19631 consensus_queue.cc:237] T afd47d8329b1408e9eb4b309e321ae9d P baaa2432405547ffadf02c6d08f817a0 [LEADER]: Queue going to LEADER mode. State: All replicated index: 0, Majority replicated index: 3, Committed index: 3, Last appended: 1.3, Last appended by leader: 0, Current term: 1, Majority size: 2, State: 0, Mode: LEADER, active raft config: opid_index: 4 OBSOLETE_local: false peers { permanent_uuid: "852a2bc9a1a349c3b819137033d9703c" member_type: VOTER last_known_addr { host: "127.16.63.194" port: 44647 } } peers { permanent_uuid: "baaa2432405547ffadf02c6d08f817a0" member_type: VOTER last_known_addr { host: "127.16.63.193" port: 41827 } } peers { permanent_uuid: "3868cae4f40743d48b741180fb42f99e" member_type: VOTER last_known_addr { host: "127.16.63.196" port: 39159 } attrs { promote: false } }
I20260630 12:17:24.273500 19705 raft_consensus.cc:2955] T 15ebd068a4b5470a928d20717135ff87 P 852a2bc9a1a349c3b819137033d9703c [term 1 FOLLOWER]: Committing config change with OpId 1.4: config changed from index 3 to 4, VOTER baaa2432405547ffadf02c6d08f817a0 (127.16.63.193) evicted. New config: { opid_index: 4 OBSOLETE_local: false peers { permanent_uuid: "852a2bc9a1a349c3b819137033d9703c" member_type: VOTER last_known_addr { host: "127.16.63.194" port: 44647 } } peers { permanent_uuid: "c312794e72ed4f5ead93d45549dce49d" member_type: VOTER last_known_addr { host: "127.16.63.195" port: 36621 } } peers { permanent_uuid: "3868cae4f40743d48b741180fb42f99e" member_type: VOTER last_known_addr { host: "127.16.63.196" port: 39159 } attrs { promote: false } } }
I20260630 12:17:24.275977 19630 raft_consensus.cc:2955] T e4d6637d978044d5bb449a4e3649a0cf P baaa2432405547ffadf02c6d08f817a0 [term 1 FOLLOWER]: Committing config change with OpId 1.3: config changed from index 2 to 3, 3868cae4f40743d48b741180fb42f99e (127.16.63.196) changed from NON_VOTER to VOTER. New config: { opid_index: 3 OBSOLETE_local: false peers { permanent_uuid: "852a2bc9a1a349c3b819137033d9703c" member_type: VOTER last_known_addr { host: "127.16.63.194" port: 44647 } } peers { permanent_uuid: "baaa2432405547ffadf02c6d08f817a0" member_type: VOTER last_known_addr { host: "127.16.63.193" port: 41827 } attrs { replace: true } } peers { permanent_uuid: "c312794e72ed4f5ead93d45549dce49d" member_type: VOTER last_known_addr { host: "127.16.63.195" port: 36621 } } peers { permanent_uuid: "3868cae4f40743d48b741180fb42f99e" member_type: VOTER last_known_addr { host: "127.16.63.196" port: 39159 } attrs { promote: false } } }
I20260630 12:17:24.290623 19526 catalog_manager.cc:5697] T 15ebd068a4b5470a928d20717135ff87 P 3868cae4f40743d48b741180fb42f99e reported cstate change: config changed from index 3 to 4, VOTER baaa2432405547ffadf02c6d08f817a0 (127.16.63.193) evicted. New cstate: current_term: 1 leader_uuid: "c312794e72ed4f5ead93d45549dce49d" committed_config { opid_index: 4 OBSOLETE_local: false peers { permanent_uuid: "852a2bc9a1a349c3b819137033d9703c" member_type: VOTER last_known_addr { host: "127.16.63.194" port: 44647 } } peers { permanent_uuid: "c312794e72ed4f5ead93d45549dce49d" member_type: VOTER last_known_addr { host: "127.16.63.195" port: 36621 } } peers { permanent_uuid: "3868cae4f40743d48b741180fb42f99e" member_type: VOTER last_known_addr { host: "127.16.63.196" port: 39159 } attrs { promote: false } } }
I20260630 12:17:24.266593 20093 raft_consensus.cc:2955] T e4d6637d978044d5bb449a4e3649a0cf P 852a2bc9a1a349c3b819137033d9703c [term 1 LEADER]: Committing config change with OpId 1.3: config changed from index 2 to 3, 3868cae4f40743d48b741180fb42f99e (127.16.63.196) changed from NON_VOTER to VOTER. New config: { opid_index: 3 OBSOLETE_local: false peers { permanent_uuid: "852a2bc9a1a349c3b819137033d9703c" member_type: VOTER last_known_addr { host: "127.16.63.194" port: 44647 } } peers { permanent_uuid: "baaa2432405547ffadf02c6d08f817a0" member_type: VOTER last_known_addr { host: "127.16.63.193" port: 41827 } attrs { replace: true } } peers { permanent_uuid: "c312794e72ed4f5ead93d45549dce49d" member_type: VOTER last_known_addr { host: "127.16.63.195" port: 36621 } } peers { permanent_uuid: "3868cae4f40743d48b741180fb42f99e" member_type: VOTER last_known_addr { host: "127.16.63.196" port: 39159 } attrs { promote: false } } }
I20260630 12:17:24.305523 19946 raft_consensus.cc:1275] T afd47d8329b1408e9eb4b309e321ae9d P 3868cae4f40743d48b741180fb42f99e [term 1 FOLLOWER]: Refusing update from remote peer baaa2432405547ffadf02c6d08f817a0: Log matching property violated. Preceding OpId in replica: term: 1 index: 3. Preceding OpId from leader: term: 1 index: 4. (index mismatch)
I20260630 12:17:24.305944 19529 catalog_manager.cc:5697] T e4d6637d978044d5bb449a4e3649a0cf P c312794e72ed4f5ead93d45549dce49d reported cstate change: config changed from index 2 to 3, 3868cae4f40743d48b741180fb42f99e (127.16.63.196) changed from NON_VOTER to VOTER. New cstate: current_term: 1 leader_uuid: "852a2bc9a1a349c3b819137033d9703c" committed_config { opid_index: 3 OBSOLETE_local: false peers { permanent_uuid: "852a2bc9a1a349c3b819137033d9703c" member_type: VOTER last_known_addr { host: "127.16.63.194" port: 44647 } } peers { permanent_uuid: "baaa2432405547ffadf02c6d08f817a0" member_type: VOTER last_known_addr { host: "127.16.63.193" port: 41827 } attrs { replace: true } } peers { permanent_uuid: "c312794e72ed4f5ead93d45549dce49d" member_type: VOTER last_known_addr { host: "127.16.63.195" port: 36621 } } peers { permanent_uuid: "3868cae4f40743d48b741180fb42f99e" member_type: VOTER last_known_addr { host: "127.16.63.196" port: 39159 } attrs { promote: false } } }
I20260630 12:17:24.308933 19515 catalog_manager.cc:5210] ChangeConfig:REMOVE_PEER RPC for tablet 15ebd068a4b5470a928d20717135ff87 with cas_config_opid_index 3: ChangeConfig:REMOVE_PEER succeeded (attempt 1)
I20260630 12:17:24.310292 20138 consensus_queue.cc:1048] T afd47d8329b1408e9eb4b309e321ae9d P baaa2432405547ffadf02c6d08f817a0 [LEADER]: Connected to new peer: Peer: permanent_uuid: "3868cae4f40743d48b741180fb42f99e" member_type: VOTER last_known_addr { host: "127.16.63.196" port: 39159 } attrs { promote: false }, Status: LMP_MISMATCH, Last received: 0.0, Next index: 4, Last known committed idx: 3, Time since last communication: 0.001s
I20260630 12:17:24.312423 19620 tablet_service.cc:1558] Processing DeleteTablet for tablet 15ebd068a4b5470a928d20717135ff87 with delete_type TABLET_DATA_TOMBSTONED (TS baaa2432405547ffadf02c6d08f817a0 not found in new config with opid_index 4) from {username='slave'} at 127.0.0.1:43890
I20260630 12:17:24.315474 19704 raft_consensus.cc:1275] T afd47d8329b1408e9eb4b309e321ae9d P 852a2bc9a1a349c3b819137033d9703c [term 1 FOLLOWER]: Refusing update from remote peer baaa2432405547ffadf02c6d08f817a0: Log matching property violated. Preceding OpId in replica: term: 1 index: 3. Preceding OpId from leader: term: 1 index: 4. (index mismatch)
I20260630 12:17:24.321687 20138 consensus_queue.cc:1048] T afd47d8329b1408e9eb4b309e321ae9d P baaa2432405547ffadf02c6d08f817a0 [LEADER]: Connected to new peer: Peer: permanent_uuid: "852a2bc9a1a349c3b819137033d9703c" member_type: VOTER last_known_addr { host: "127.16.63.194" port: 44647 }, Status: LMP_MISMATCH, Last received: 0.0, Next index: 4, Last known committed idx: 3, Time since last communication: 0.001s
I20260630 12:17:24.322952 20141 tablet_replica.cc:333] T 15ebd068a4b5470a928d20717135ff87 P baaa2432405547ffadf02c6d08f817a0: stopping tablet replica
I20260630 12:17:24.324054 20141 raft_consensus.cc:2243] T 15ebd068a4b5470a928d20717135ff87 P baaa2432405547ffadf02c6d08f817a0 [term 1 FOLLOWER]: Raft consensus shutting down.
I20260630 12:17:24.324954 20141 raft_consensus.cc:2272] T 15ebd068a4b5470a928d20717135ff87 P baaa2432405547ffadf02c6d08f817a0 [term 1 FOLLOWER]: Raft consensus is shut down!
I20260630 12:17:24.330524 20133 raft_consensus.cc:2955] T afd47d8329b1408e9eb4b309e321ae9d P baaa2432405547ffadf02c6d08f817a0 [term 1 LEADER]: Committing config change with OpId 1.4: config changed from index 3 to 4, VOTER c312794e72ed4f5ead93d45549dce49d (127.16.63.195) evicted. New config: { opid_index: 4 OBSOLETE_local: false peers { permanent_uuid: "852a2bc9a1a349c3b819137033d9703c" member_type: VOTER last_known_addr { host: "127.16.63.194" port: 44647 } } peers { permanent_uuid: "baaa2432405547ffadf02c6d08f817a0" member_type: VOTER last_known_addr { host: "127.16.63.193" port: 41827 } } peers { permanent_uuid: "3868cae4f40743d48b741180fb42f99e" member_type: VOTER last_known_addr { host: "127.16.63.196" port: 39159 } attrs { promote: false } } }
I20260630 12:17:24.338347 20141 ts_tablet_manager.cc:1916] T 15ebd068a4b5470a928d20717135ff87 P baaa2432405547ffadf02c6d08f817a0: Deleting tablet data with delete state TABLET_DATA_TOMBSTONED
I20260630 12:17:24.343495 19704 raft_consensus.cc:2955] T afd47d8329b1408e9eb4b309e321ae9d P 852a2bc9a1a349c3b819137033d9703c [term 1 FOLLOWER]: Committing config change with OpId 1.4: config changed from index 3 to 4, VOTER c312794e72ed4f5ead93d45549dce49d (127.16.63.195) evicted. New config: { opid_index: 4 OBSOLETE_local: false peers { permanent_uuid: "852a2bc9a1a349c3b819137033d9703c" member_type: VOTER last_known_addr { host: "127.16.63.194" port: 44647 } } peers { permanent_uuid: "baaa2432405547ffadf02c6d08f817a0" member_type: VOTER last_known_addr { host: "127.16.63.193" port: 41827 } } peers { permanent_uuid: "3868cae4f40743d48b741180fb42f99e" member_type: VOTER last_known_addr { host: "127.16.63.196" port: 39159 } attrs { promote: false } } }
I20260630 12:17:24.353569 19514 catalog_manager.cc:5210] ChangeConfig:REMOVE_PEER RPC for tablet afd47d8329b1408e9eb4b309e321ae9d with cas_config_opid_index 3: ChangeConfig:REMOVE_PEER succeeded (attempt 1)
I20260630 12:17:24.357728 20141 ts_tablet_manager.cc:1929] T 15ebd068a4b5470a928d20717135ff87 P baaa2432405547ffadf02c6d08f817a0: tablet deleted with delete type TABLET_DATA_TOMBSTONED: last-logged OpId 1.3
I20260630 12:17:24.358219 20141 log.cc:1199] T 15ebd068a4b5470a928d20717135ff87 P baaa2432405547ffadf02c6d08f817a0: Deleting WAL directory at /tmp/dist-test-tasklSjQ6l/test-tmp/auto_rebalancer-test.0.AutoRebalancerTest.RangeAwareRebalancesNewRangeReplicas.1782821751461679-16639-0/minicluster-data/ts-0-root/wals/15ebd068a4b5470a928d20717135ff87
I20260630 12:17:24.357227 19945 raft_consensus.cc:2955] T afd47d8329b1408e9eb4b309e321ae9d P 3868cae4f40743d48b741180fb42f99e [term 1 FOLLOWER]: Committing config change with OpId 1.4: config changed from index 3 to 4, VOTER c312794e72ed4f5ead93d45549dce49d (127.16.63.195) evicted. New config: { opid_index: 4 OBSOLETE_local: false peers { permanent_uuid: "852a2bc9a1a349c3b819137033d9703c" member_type: VOTER last_known_addr { host: "127.16.63.194" port: 44647 } } peers { permanent_uuid: "baaa2432405547ffadf02c6d08f817a0" member_type: VOTER last_known_addr { host: "127.16.63.193" port: 41827 } } peers { permanent_uuid: "3868cae4f40743d48b741180fb42f99e" member_type: VOTER last_known_addr { host: "127.16.63.196" port: 39159 } attrs { promote: false } } }
I20260630 12:17:24.360163 19514 catalog_manager.cc:5028] TS baaa2432405547ffadf02c6d08f817a0 (127.16.63.193:41827): tablet 15ebd068a4b5470a928d20717135ff87 (table range_aware_rebalance_new_range [id=c07436ed8198476c80267eacc19038bb]) successfully deleted
I20260630 12:17:24.362524 19946 raft_consensus.cc:2955] T e4d6637d978044d5bb449a4e3649a0cf P 3868cae4f40743d48b741180fb42f99e [term 1 FOLLOWER]: Committing config change with OpId 1.3: config changed from index 2 to 3, 3868cae4f40743d48b741180fb42f99e (127.16.63.196) changed from NON_VOTER to VOTER. New config: { opid_index: 3 OBSOLETE_local: false peers { permanent_uuid: "852a2bc9a1a349c3b819137033d9703c" member_type: VOTER last_known_addr { host: "127.16.63.194" port: 44647 } } peers { permanent_uuid: "baaa2432405547ffadf02c6d08f817a0" member_type: VOTER last_known_addr { host: "127.16.63.193" port: 41827 } attrs { replace: true } } peers { permanent_uuid: "c312794e72ed4f5ead93d45549dce49d" member_type: VOTER last_known_addr { host: "127.16.63.195" port: 36621 } } peers { permanent_uuid: "3868cae4f40743d48b741180fb42f99e" member_type: VOTER last_known_addr { host: "127.16.63.196" port: 39159 } attrs { promote: false } } }
I20260630 12:17:24.368233 19527 catalog_manager.cc:5697] T afd47d8329b1408e9eb4b309e321ae9d P baaa2432405547ffadf02c6d08f817a0 reported cstate change: config changed from index 3 to 4, VOTER c312794e72ed4f5ead93d45549dce49d (127.16.63.195) evicted. New cstate: current_term: 1 leader_uuid: "baaa2432405547ffadf02c6d08f817a0" committed_config { opid_index: 4 OBSOLETE_local: false peers { permanent_uuid: "852a2bc9a1a349c3b819137033d9703c" member_type: VOTER last_known_addr { host: "127.16.63.194" port: 44647 } health_report { overall_health: HEALTHY } } peers { permanent_uuid: "baaa2432405547ffadf02c6d08f817a0" member_type: VOTER last_known_addr { host: "127.16.63.193" port: 41827 } health_report { overall_health: HEALTHY } } peers { permanent_uuid: "3868cae4f40743d48b741180fb42f99e" member_type: VOTER last_known_addr { host: "127.16.63.196" port: 39159 } attrs { promote: false } health_report { overall_health: HEALTHY } } }
I20260630 12:17:24.382478 19767 tablet_service.cc:1558] Processing DeleteTablet for tablet afd47d8329b1408e9eb4b309e321ae9d with delete_type TABLET_DATA_TOMBSTONED (TS c312794e72ed4f5ead93d45549dce49d not found in new config with opid_index 4) from {username='slave'} at 127.0.0.1:45284
I20260630 12:17:24.384459 19704 consensus_queue.cc:237] T e4d6637d978044d5bb449a4e3649a0cf P 852a2bc9a1a349c3b819137033d9703c [LEADER]: Queue going to LEADER mode. State: All replicated index: 0, Majority replicated index: 3, Committed index: 3, Last appended: 1.3, Last appended by leader: 0, Current term: 1, Majority size: 2, State: 0, Mode: LEADER, active raft config: opid_index: 4 OBSOLETE_local: false peers { permanent_uuid: "852a2bc9a1a349c3b819137033d9703c" member_type: VOTER last_known_addr { host: "127.16.63.194" port: 44647 } } peers { permanent_uuid: "c312794e72ed4f5ead93d45549dce49d" member_type: VOTER last_known_addr { host: "127.16.63.195" port: 36621 } } peers { permanent_uuid: "3868cae4f40743d48b741180fb42f99e" member_type: VOTER last_known_addr { host: "127.16.63.196" port: 39159 } attrs { promote: false } }
I20260630 12:17:24.390283 19945 raft_consensus.cc:1275] T e4d6637d978044d5bb449a4e3649a0cf P 3868cae4f40743d48b741180fb42f99e [term 1 FOLLOWER]: Refusing update from remote peer 852a2bc9a1a349c3b819137033d9703c: Log matching property violated. Preceding OpId in replica: term: 1 index: 3. Preceding OpId from leader: term: 1 index: 4. (index mismatch)
I20260630 12:17:24.392095 20093 consensus_queue.cc:1048] T e4d6637d978044d5bb449a4e3649a0cf P 852a2bc9a1a349c3b819137033d9703c [LEADER]: Connected to new peer: Peer: permanent_uuid: "3868cae4f40743d48b741180fb42f99e" member_type: VOTER last_known_addr { host: "127.16.63.196" port: 39159 } attrs { promote: false }, Status: LMP_MISMATCH, Last received: 0.0, Next index: 4, Last known committed idx: 3, Time since last communication: 0.001s
I20260630 12:17:24.392345 19778 raft_consensus.cc:1275] T e4d6637d978044d5bb449a4e3649a0cf P c312794e72ed4f5ead93d45549dce49d [term 1 FOLLOWER]: Refusing update from remote peer 852a2bc9a1a349c3b819137033d9703c: Log matching property violated. Preceding OpId in replica: term: 1 index: 3. Preceding OpId from leader: term: 1 index: 4. (index mismatch)
I20260630 12:17:24.394851 20093 consensus_queue.cc:1048] T e4d6637d978044d5bb449a4e3649a0cf P 852a2bc9a1a349c3b819137033d9703c [LEADER]: Connected to new peer: Peer: permanent_uuid: "c312794e72ed4f5ead93d45549dce49d" member_type: VOTER last_known_addr { host: "127.16.63.195" port: 36621 }, Status: LMP_MISMATCH, Last received: 0.0, Next index: 4, Last known committed idx: 3, Time since last communication: 0.001s
I20260630 12:17:24.395212 20142 tablet_replica.cc:333] T afd47d8329b1408e9eb4b309e321ae9d P c312794e72ed4f5ead93d45549dce49d: stopping tablet replica
I20260630 12:17:24.396863 20142 raft_consensus.cc:2243] T afd47d8329b1408e9eb4b309e321ae9d P c312794e72ed4f5ead93d45549dce49d [term 1 FOLLOWER]: Raft consensus shutting down.
I20260630 12:17:24.397891 20142 raft_consensus.cc:2272] T afd47d8329b1408e9eb4b309e321ae9d P c312794e72ed4f5ead93d45549dce49d [term 1 FOLLOWER]: Raft consensus is shut down!
I20260630 12:17:24.406795 20079 raft_consensus.cc:2955] T e4d6637d978044d5bb449a4e3649a0cf P 852a2bc9a1a349c3b819137033d9703c [term 1 LEADER]: Committing config change with OpId 1.4: config changed from index 3 to 4, VOTER baaa2432405547ffadf02c6d08f817a0 (127.16.63.193) evicted. New config: { opid_index: 4 OBSOLETE_local: false peers { permanent_uuid: "852a2bc9a1a349c3b819137033d9703c" member_type: VOTER last_known_addr { host: "127.16.63.194" port: 44647 } } peers { permanent_uuid: "c312794e72ed4f5ead93d45549dce49d" member_type: VOTER last_known_addr { host: "127.16.63.195" port: 36621 } } peers { permanent_uuid: "3868cae4f40743d48b741180fb42f99e" member_type: VOTER last_known_addr { host: "127.16.63.196" port: 39159 } attrs { promote: false } } }
I20260630 12:17:24.412900 19778 raft_consensus.cc:2955] T e4d6637d978044d5bb449a4e3649a0cf P c312794e72ed4f5ead93d45549dce49d [term 1 FOLLOWER]: Committing config change with OpId 1.4: config changed from index 3 to 4, VOTER baaa2432405547ffadf02c6d08f817a0 (127.16.63.193) evicted. New config: { opid_index: 4 OBSOLETE_local: false peers { permanent_uuid: "852a2bc9a1a349c3b819137033d9703c" member_type: VOTER last_known_addr { host: "127.16.63.194" port: 44647 } } peers { permanent_uuid: "c312794e72ed4f5ead93d45549dce49d" member_type: VOTER last_known_addr { host: "127.16.63.195" port: 36621 } } peers { permanent_uuid: "3868cae4f40743d48b741180fb42f99e" member_type: VOTER last_known_addr { host: "127.16.63.196" port: 39159 } attrs { promote: false } } }
I20260630 12:17:24.419081 19514 catalog_manager.cc:5210] ChangeConfig:REMOVE_PEER RPC for tablet e4d6637d978044d5bb449a4e3649a0cf with cas_config_opid_index 3: ChangeConfig:REMOVE_PEER succeeded (attempt 1)
I20260630 12:17:24.421350 19945 raft_consensus.cc:2955] T e4d6637d978044d5bb449a4e3649a0cf P 3868cae4f40743d48b741180fb42f99e [term 1 FOLLOWER]: Committing config change with OpId 1.4: config changed from index 3 to 4, VOTER baaa2432405547ffadf02c6d08f817a0 (127.16.63.193) evicted. New config: { opid_index: 4 OBSOLETE_local: false peers { permanent_uuid: "852a2bc9a1a349c3b819137033d9703c" member_type: VOTER last_known_addr { host: "127.16.63.194" port: 44647 } } peers { permanent_uuid: "c312794e72ed4f5ead93d45549dce49d" member_type: VOTER last_known_addr { host: "127.16.63.195" port: 36621 } } peers { permanent_uuid: "3868cae4f40743d48b741180fb42f99e" member_type: VOTER last_known_addr { host: "127.16.63.196" port: 39159 } attrs { promote: false } } }
I20260630 12:17:24.423250 20142 ts_tablet_manager.cc:1916] T afd47d8329b1408e9eb4b309e321ae9d P c312794e72ed4f5ead93d45549dce49d: Deleting tablet data with delete state TABLET_DATA_TOMBSTONED
I20260630 12:17:24.428454 19526 catalog_manager.cc:5697] T e4d6637d978044d5bb449a4e3649a0cf P 852a2bc9a1a349c3b819137033d9703c reported cstate change: config changed from index 3 to 4, VOTER baaa2432405547ffadf02c6d08f817a0 (127.16.63.193) evicted. New cstate: current_term: 1 leader_uuid: "852a2bc9a1a349c3b819137033d9703c" committed_config { opid_index: 4 OBSOLETE_local: false peers { permanent_uuid: "852a2bc9a1a349c3b819137033d9703c" member_type: VOTER last_known_addr { host: "127.16.63.194" port: 44647 } health_report { overall_health: HEALTHY } } peers { permanent_uuid: "c312794e72ed4f5ead93d45549dce49d" member_type: VOTER last_known_addr { host: "127.16.63.195" port: 36621 } health_report { overall_health: HEALTHY } } peers { permanent_uuid: "3868cae4f40743d48b741180fb42f99e" member_type: VOTER last_known_addr { host: "127.16.63.196" port: 39159 } attrs { promote: false } health_report { overall_health: HEALTHY } } }
I20260630 12:17:24.440712 19620 tablet_service.cc:1558] Processing DeleteTablet for tablet e4d6637d978044d5bb449a4e3649a0cf with delete_type TABLET_DATA_TOMBSTONED (TS baaa2432405547ffadf02c6d08f817a0 not found in new config with opid_index 4) from {username='slave'} at 127.0.0.1:43890
I20260630 12:17:24.442801 20141 tablet_replica.cc:333] T e4d6637d978044d5bb449a4e3649a0cf P baaa2432405547ffadf02c6d08f817a0: stopping tablet replica
I20260630 12:17:24.443806 20141 raft_consensus.cc:2243] T e4d6637d978044d5bb449a4e3649a0cf P baaa2432405547ffadf02c6d08f817a0 [term 1 FOLLOWER]: Raft consensus shutting down.
I20260630 12:17:24.444592 20141 raft_consensus.cc:2272] T e4d6637d978044d5bb449a4e3649a0cf P baaa2432405547ffadf02c6d08f817a0 [term 1 FOLLOWER]: Raft consensus is shut down!
I20260630 12:17:24.448534 20142 ts_tablet_manager.cc:1929] T afd47d8329b1408e9eb4b309e321ae9d P c312794e72ed4f5ead93d45549dce49d: tablet deleted with delete type TABLET_DATA_TOMBSTONED: last-logged OpId 1.3
I20260630 12:17:24.449070 20142 log.cc:1199] T afd47d8329b1408e9eb4b309e321ae9d P c312794e72ed4f5ead93d45549dce49d: Deleting WAL directory at /tmp/dist-test-tasklSjQ6l/test-tmp/auto_rebalancer-test.0.AutoRebalancerTest.RangeAwareRebalancesNewRangeReplicas.1782821751461679-16639-0/minicluster-data/ts-2-root/wals/afd47d8329b1408e9eb4b309e321ae9d
I20260630 12:17:24.450202 19582 auto_leader_rebalancer.cc:141] leader rebalance for table range_aware_rebalance_new_range
I20260630 12:17:24.450297 20141 ts_tablet_manager.cc:1916] T e4d6637d978044d5bb449a4e3649a0cf P baaa2432405547ffadf02c6d08f817a0: Deleting tablet data with delete state TABLET_DATA_TOMBSTONED
I20260630 12:17:24.451036 19515 catalog_manager.cc:5028] TS c312794e72ed4f5ead93d45549dce49d (127.16.63.195:36621): tablet afd47d8329b1408e9eb4b309e321ae9d (table range_aware_rebalance_new_range [id=c07436ed8198476c80267eacc19038bb]) successfully deleted
I20260630 12:17:24.461933 20141 ts_tablet_manager.cc:1929] T e4d6637d978044d5bb449a4e3649a0cf P baaa2432405547ffadf02c6d08f817a0: tablet deleted with delete type TABLET_DATA_TOMBSTONED: last-logged OpId 1.3
I20260630 12:17:24.462379 20141 log.cc:1199] T e4d6637d978044d5bb449a4e3649a0cf P baaa2432405547ffadf02c6d08f817a0: Deleting WAL directory at /tmp/dist-test-tasklSjQ6l/test-tmp/auto_rebalancer-test.0.AutoRebalancerTest.RangeAwareRebalancesNewRangeReplicas.1782821751461679-16639-0/minicluster-data/ts-0-root/wals/e4d6637d978044d5bb449a4e3649a0cf
I20260630 12:17:24.463862 19514 catalog_manager.cc:5028] TS baaa2432405547ffadf02c6d08f817a0 (127.16.63.193:41827): tablet e4d6637d978044d5bb449a4e3649a0cf (table range_aware_rebalance_new_range [id=c07436ed8198476c80267eacc19038bb]) successfully deleted
I20260630 12:17:24.464228 19582 auto_leader_rebalancer.cc:440] table: range_aware_rebalance_new_range, leader rebalance finish, leader transfer count: 0
I20260630 12:17:24.465101 19582 auto_leader_rebalancer.cc:515] All tables' leader rebalancing finished this round
I20260630 12:17:25.469139 19630 consensus_queue.cc:237] T 73d8b110b0e447cf8d0fe54d3beea415 P baaa2432405547ffadf02c6d08f817a0 [LEADER]: Queue going to LEADER mode. State: All replicated index: 0, Majority replicated index: 1, Committed index: 1, Last appended: 1.1, Last appended by leader: 0, Current term: 1, Majority size: 2, State: 0, Mode: LEADER, active raft config: opid_index: 2 OBSOLETE_local: false peers { permanent_uuid: "852a2bc9a1a349c3b819137033d9703c" member_type: VOTER last_known_addr { host: "127.16.63.194" port: 44647 } attrs { replace: true } } peers { permanent_uuid: "c312794e72ed4f5ead93d45549dce49d" member_type: VOTER last_known_addr { host: "127.16.63.195" port: 36621 } } peers { permanent_uuid: "baaa2432405547ffadf02c6d08f817a0" member_type: VOTER last_known_addr { host: "127.16.63.193" port: 41827 } } peers { permanent_uuid: "3868cae4f40743d48b741180fb42f99e" member_type: NON_VOTER last_known_addr { host: "127.16.63.196" port: 39159 } attrs { promote: true } }
W20260630 12:17:25.477448 19596 consensus_peers.cc:597] T 73d8b110b0e447cf8d0fe54d3beea415 P baaa2432405547ffadf02c6d08f817a0 -> Peer 3868cae4f40743d48b741180fb42f99e (127.16.63.196:39159): Couldn't send request to peer 3868cae4f40743d48b741180fb42f99e. Error code: TABLET_NOT_FOUND (6). Status: Not found: Tablet not found: 73d8b110b0e447cf8d0fe54d3beea415. This is attempt 1: this message will repeat every 5th retry.
I20260630 12:17:25.478183 19778 raft_consensus.cc:1275] T 73d8b110b0e447cf8d0fe54d3beea415 P c312794e72ed4f5ead93d45549dce49d [term 1 FOLLOWER]: Refusing update from remote peer baaa2432405547ffadf02c6d08f817a0: Log matching property violated. Preceding OpId in replica: term: 1 index: 1. Preceding OpId from leader: term: 1 index: 2. (index mismatch)
I20260630 12:17:25.478681 19705 raft_consensus.cc:1275] T 73d8b110b0e447cf8d0fe54d3beea415 P 852a2bc9a1a349c3b819137033d9703c [term 1 FOLLOWER]: Refusing update from remote peer baaa2432405547ffadf02c6d08f817a0: Log matching property violated. Preceding OpId in replica: term: 1 index: 1. Preceding OpId from leader: term: 1 index: 2. (index mismatch)
I20260630 12:17:25.479503 20146 consensus_queue.cc:1048] T 73d8b110b0e447cf8d0fe54d3beea415 P baaa2432405547ffadf02c6d08f817a0 [LEADER]: Connected to new peer: Peer: permanent_uuid: "c312794e72ed4f5ead93d45549dce49d" member_type: VOTER last_known_addr { host: "127.16.63.195" port: 36621 }, Status: LMP_MISMATCH, Last received: 0.0, Next index: 2, Last known committed idx: 1, Time since last communication: 0.000s
I20260630 12:17:25.480305 20133 consensus_queue.cc:1048] T 73d8b110b0e447cf8d0fe54d3beea415 P baaa2432405547ffadf02c6d08f817a0 [LEADER]: Connected to new peer: Peer: permanent_uuid: "852a2bc9a1a349c3b819137033d9703c" member_type: VOTER last_known_addr { host: "127.16.63.194" port: 44647 } attrs { replace: true }, Status: LMP_MISMATCH, Last received: 0.0, Next index: 2, Last known committed idx: 1, Time since last communication: 0.000s
I20260630 12:17:25.489162 20146 raft_consensus.cc:2955] T 73d8b110b0e447cf8d0fe54d3beea415 P baaa2432405547ffadf02c6d08f817a0 [term 1 LEADER]: Committing config change with OpId 1.2: config changed from index -1 to 2, NON_VOTER 3868cae4f40743d48b741180fb42f99e (127.16.63.196) added. New config: { opid_index: 2 OBSOLETE_local: false peers { permanent_uuid: "852a2bc9a1a349c3b819137033d9703c" member_type: VOTER last_known_addr { host: "127.16.63.194" port: 44647 } attrs { replace: true } } peers { permanent_uuid: "c312794e72ed4f5ead93d45549dce49d" member_type: VOTER last_known_addr { host: "127.16.63.195" port: 36621 } } peers { permanent_uuid: "baaa2432405547ffadf02c6d08f817a0" member_type: VOTER last_known_addr { host: "127.16.63.193" port: 41827 } } peers { permanent_uuid: "3868cae4f40743d48b741180fb42f99e" member_type: NON_VOTER last_known_addr { host: "127.16.63.196" port: 39159 } attrs { promote: true } } }
I20260630 12:17:25.490939 19778 raft_consensus.cc:2955] T 73d8b110b0e447cf8d0fe54d3beea415 P c312794e72ed4f5ead93d45549dce49d [term 1 FOLLOWER]: Committing config change with OpId 1.2: config changed from index -1 to 2, NON_VOTER 3868cae4f40743d48b741180fb42f99e (127.16.63.196) added. New config: { opid_index: 2 OBSOLETE_local: false peers { permanent_uuid: "852a2bc9a1a349c3b819137033d9703c" member_type: VOTER last_known_addr { host: "127.16.63.194" port: 44647 } attrs { replace: true } } peers { permanent_uuid: "c312794e72ed4f5ead93d45549dce49d" member_type: VOTER last_known_addr { host: "127.16.63.195" port: 36621 } } peers { permanent_uuid: "baaa2432405547ffadf02c6d08f817a0" member_type: VOTER last_known_addr { host: "127.16.63.193" port: 41827 } } peers { permanent_uuid: "3868cae4f40743d48b741180fb42f99e" member_type: NON_VOTER last_known_addr { host: "127.16.63.196" port: 39159 } attrs { promote: true } } }
I20260630 12:17:25.491897 19705 raft_consensus.cc:2955] T 73d8b110b0e447cf8d0fe54d3beea415 P 852a2bc9a1a349c3b819137033d9703c [term 1 FOLLOWER]: Committing config change with OpId 1.2: config changed from index -1 to 2, NON_VOTER 3868cae4f40743d48b741180fb42f99e (127.16.63.196) added. New config: { opid_index: 2 OBSOLETE_local: false peers { permanent_uuid: "852a2bc9a1a349c3b819137033d9703c" member_type: VOTER last_known_addr { host: "127.16.63.194" port: 44647 } attrs { replace: true } } peers { permanent_uuid: "c312794e72ed4f5ead93d45549dce49d" member_type: VOTER last_known_addr { host: "127.16.63.195" port: 36621 } } peers { permanent_uuid: "baaa2432405547ffadf02c6d08f817a0" member_type: VOTER last_known_addr { host: "127.16.63.193" port: 41827 } } peers { permanent_uuid: "3868cae4f40743d48b741180fb42f99e" member_type: NON_VOTER last_known_addr { host: "127.16.63.196" port: 39159 } attrs { promote: true } } }
I20260630 12:17:25.503489 19779 consensus_queue.cc:237] T 5fa486364a3f42fb9a795c936a008a76 P c312794e72ed4f5ead93d45549dce49d [LEADER]: Queue going to LEADER mode. State: All replicated index: 0, Majority replicated index: 1, Committed index: 1, Last appended: 1.1, Last appended by leader: 0, Current term: 1, Majority size: 2, State: 0, Mode: LEADER, active raft config: opid_index: 2 OBSOLETE_local: false peers { permanent_uuid: "baaa2432405547ffadf02c6d08f817a0" member_type: VOTER last_known_addr { host: "127.16.63.193" port: 41827 } } peers { permanent_uuid: "3868cae4f40743d48b741180fb42f99e" member_type: VOTER last_known_addr { host: "127.16.63.196" port: 39159 } attrs { replace: true } } peers { permanent_uuid: "c312794e72ed4f5ead93d45549dce49d" member_type: VOTER last_known_addr { host: "127.16.63.195" port: 36621 } } peers { permanent_uuid: "852a2bc9a1a349c3b819137033d9703c" member_type: NON_VOTER last_known_addr { host: "127.16.63.194" port: 44647 } attrs { promote: true } }
I20260630 12:17:25.503924 19527 catalog_manager.cc:5697] T 73d8b110b0e447cf8d0fe54d3beea415 P baaa2432405547ffadf02c6d08f817a0 reported cstate change: config changed from index -1 to 2, NON_VOTER 3868cae4f40743d48b741180fb42f99e (127.16.63.196) added. New cstate: current_term: 1 leader_uuid: "baaa2432405547ffadf02c6d08f817a0" committed_config { opid_index: 2 OBSOLETE_local: false peers { permanent_uuid: "852a2bc9a1a349c3b819137033d9703c" member_type: VOTER last_known_addr { host: "127.16.63.194" port: 44647 } attrs { replace: true } health_report { overall_health: HEALTHY } } peers { permanent_uuid: "c312794e72ed4f5ead93d45549dce49d" member_type: VOTER last_known_addr { host: "127.16.63.195" port: 36621 } health_report { overall_health: HEALTHY } } peers { permanent_uuid: "baaa2432405547ffadf02c6d08f817a0" member_type: VOTER last_known_addr { host: "127.16.63.193" port: 41827 } health_report { overall_health: HEALTHY } } peers { permanent_uuid: "3868cae4f40743d48b741180fb42f99e" member_type: NON_VOTER last_known_addr { host: "127.16.63.196" port: 39159 } attrs { promote: true } health_report { overall_health: UNKNOWN } } }
I20260630 12:17:25.521073 19945 raft_consensus.cc:1275] T 5fa486364a3f42fb9a795c936a008a76 P 3868cae4f40743d48b741180fb42f99e [term 1 FOLLOWER]: Refusing update from remote peer c312794e72ed4f5ead93d45549dce49d: Log matching property violated. Preceding OpId in replica: term: 1 index: 1. Preceding OpId from leader: term: 1 index: 2. (index mismatch)
W20260630 12:17:25.521605 19744 consensus_peers.cc:597] T 5fa486364a3f42fb9a795c936a008a76 P c312794e72ed4f5ead93d45549dce49d -> Peer 852a2bc9a1a349c3b819137033d9703c (127.16.63.194:44647): Couldn't send request to peer 852a2bc9a1a349c3b819137033d9703c. Error code: TABLET_NOT_FOUND (6). Status: Not found: Tablet not found: 5fa486364a3f42fb9a795c936a008a76. This is attempt 1: this message will repeat every 5th retry.
I20260630 12:17:25.523031 19630 raft_consensus.cc:1275] T 5fa486364a3f42fb9a795c936a008a76 P baaa2432405547ffadf02c6d08f817a0 [term 1 FOLLOWER]: Refusing update from remote peer c312794e72ed4f5ead93d45549dce49d: Log matching property violated. Preceding OpId in replica: term: 1 index: 1. Preceding OpId from leader: term: 1 index: 2. (index mismatch)
I20260630 12:17:25.523094 20102 consensus_queue.cc:1048] T 5fa486364a3f42fb9a795c936a008a76 P c312794e72ed4f5ead93d45549dce49d [LEADER]: Connected to new peer: Peer: permanent_uuid: "3868cae4f40743d48b741180fb42f99e" member_type: VOTER last_known_addr { host: "127.16.63.196" port: 39159 } attrs { replace: true }, Status: LMP_MISMATCH, Last received: 0.0, Next index: 2, Last known committed idx: 1, Time since last communication: 0.001s
I20260630 12:17:25.524771 20143 consensus_queue.cc:1048] T 5fa486364a3f42fb9a795c936a008a76 P c312794e72ed4f5ead93d45549dce49d [LEADER]: Connected to new peer: Peer: permanent_uuid: "baaa2432405547ffadf02c6d08f817a0" member_type: VOTER last_known_addr { host: "127.16.63.193" port: 41827 }, Status: LMP_MISMATCH, Last received: 0.0, Next index: 2, Last known committed idx: 1, Time since last communication: 0.000s
I20260630 12:17:25.542372 20143 raft_consensus.cc:2955] T 5fa486364a3f42fb9a795c936a008a76 P c312794e72ed4f5ead93d45549dce49d [term 1 LEADER]: Committing config change with OpId 1.2: config changed from index -1 to 2, NON_VOTER 852a2bc9a1a349c3b819137033d9703c (127.16.63.194) added. New config: { opid_index: 2 OBSOLETE_local: false peers { permanent_uuid: "baaa2432405547ffadf02c6d08f817a0" member_type: VOTER last_known_addr { host: "127.16.63.193" port: 41827 } } peers { permanent_uuid: "3868cae4f40743d48b741180fb42f99e" member_type: VOTER last_known_addr { host: "127.16.63.196" port: 39159 } attrs { replace: true } } peers { permanent_uuid: "c312794e72ed4f5ead93d45549dce49d" member_type: VOTER last_known_addr { host: "127.16.63.195" port: 36621 } } peers { permanent_uuid: "852a2bc9a1a349c3b819137033d9703c" member_type: NON_VOTER last_known_addr { host: "127.16.63.194" port: 44647 } attrs { promote: true } } }
I20260630 12:17:25.545281 19945 raft_consensus.cc:2955] T 5fa486364a3f42fb9a795c936a008a76 P 3868cae4f40743d48b741180fb42f99e [term 1 FOLLOWER]: Committing config change with OpId 1.2: config changed from index -1 to 2, NON_VOTER 852a2bc9a1a349c3b819137033d9703c (127.16.63.194) added. New config: { opid_index: 2 OBSOLETE_local: false peers { permanent_uuid: "baaa2432405547ffadf02c6d08f817a0" member_type: VOTER last_known_addr { host: "127.16.63.193" port: 41827 } } peers { permanent_uuid: "3868cae4f40743d48b741180fb42f99e" member_type: VOTER last_known_addr { host: "127.16.63.196" port: 39159 } attrs { replace: true } } peers { permanent_uuid: "c312794e72ed4f5ead93d45549dce49d" member_type: VOTER last_known_addr { host: "127.16.63.195" port: 36621 } } peers { permanent_uuid: "852a2bc9a1a349c3b819137033d9703c" member_type: NON_VOTER last_known_addr { host: "127.16.63.194" port: 44647 } attrs { promote: true } } }
I20260630 12:17:25.547113 19630 raft_consensus.cc:2955] T 5fa486364a3f42fb9a795c936a008a76 P baaa2432405547ffadf02c6d08f817a0 [term 1 FOLLOWER]: Committing config change with OpId 1.2: config changed from index -1 to 2, NON_VOTER 852a2bc9a1a349c3b819137033d9703c (127.16.63.194) added. New config: { opid_index: 2 OBSOLETE_local: false peers { permanent_uuid: "baaa2432405547ffadf02c6d08f817a0" member_type: VOTER last_known_addr { host: "127.16.63.193" port: 41827 } } peers { permanent_uuid: "3868cae4f40743d48b741180fb42f99e" member_type: VOTER last_known_addr { host: "127.16.63.196" port: 39159 } attrs { replace: true } } peers { permanent_uuid: "c312794e72ed4f5ead93d45549dce49d" member_type: VOTER last_known_addr { host: "127.16.63.195" port: 36621 } } peers { permanent_uuid: "852a2bc9a1a349c3b819137033d9703c" member_type: NON_VOTER last_known_addr { host: "127.16.63.194" port: 44647 } attrs { promote: true } } }
I20260630 12:17:25.557898 19529 catalog_manager.cc:5697] T 5fa486364a3f42fb9a795c936a008a76 P c312794e72ed4f5ead93d45549dce49d reported cstate change: config changed from index -1 to 2, NON_VOTER 852a2bc9a1a349c3b819137033d9703c (127.16.63.194) added. New cstate: current_term: 1 leader_uuid: "c312794e72ed4f5ead93d45549dce49d" committed_config { opid_index: 2 OBSOLETE_local: false peers { permanent_uuid: "baaa2432405547ffadf02c6d08f817a0" member_type: VOTER last_known_addr { host: "127.16.63.193" port: 41827 } health_report { overall_health: HEALTHY } } peers { permanent_uuid: "3868cae4f40743d48b741180fb42f99e" member_type: VOTER last_known_addr { host: "127.16.63.196" port: 39159 } attrs { replace: true } health_report { overall_health: HEALTHY } } peers { permanent_uuid: "c312794e72ed4f5ead93d45549dce49d" member_type: VOTER last_known_addr { host: "127.16.63.195" port: 36621 } health_report { overall_health: HEALTHY } } peers { permanent_uuid: "852a2bc9a1a349c3b819137033d9703c" member_type: NON_VOTER last_known_addr { host: "127.16.63.194" port: 44647 } attrs { promote: true } health_report { overall_health: UNKNOWN } } }
I20260630 12:17:25.563805 19629 consensus_queue.cc:237] T adfd2aa84e5f40d7b8a59fbbb2bf13e0 P baaa2432405547ffadf02c6d08f817a0 [LEADER]: Queue going to LEADER mode. State: All replicated index: 0, Majority replicated index: 1, Committed index: 1, Last appended: 1.1, Last appended by leader: 0, Current term: 1, Majority size: 2, State: 0, Mode: LEADER, active raft config: opid_index: 2 OBSOLETE_local: false peers { permanent_uuid: "852a2bc9a1a349c3b819137033d9703c" member_type: VOTER last_known_addr { host: "127.16.63.194" port: 44647 } attrs { replace: true } } peers { permanent_uuid: "baaa2432405547ffadf02c6d08f817a0" member_type: VOTER last_known_addr { host: "127.16.63.193" port: 41827 } } peers { permanent_uuid: "c312794e72ed4f5ead93d45549dce49d" member_type: VOTER last_known_addr { host: "127.16.63.195" port: 36621 } } peers { permanent_uuid: "3868cae4f40743d48b741180fb42f99e" member_type: NON_VOTER last_known_addr { host: "127.16.63.196" port: 39159 } attrs { promote: true } }
W20260630 12:17:25.585103 19596 consensus_peers.cc:597] T adfd2aa84e5f40d7b8a59fbbb2bf13e0 P baaa2432405547ffadf02c6d08f817a0 -> Peer 3868cae4f40743d48b741180fb42f99e (127.16.63.196:39159): Couldn't send request to peer 3868cae4f40743d48b741180fb42f99e. Error code: TABLET_NOT_FOUND (6). Status: Not found: Tablet not found: adfd2aa84e5f40d7b8a59fbbb2bf13e0. This is attempt 1: this message will repeat every 5th retry.
I20260630 12:17:25.585608 19705 raft_consensus.cc:1275] T adfd2aa84e5f40d7b8a59fbbb2bf13e0 P 852a2bc9a1a349c3b819137033d9703c [term 1 FOLLOWER]: Refusing update from remote peer baaa2432405547ffadf02c6d08f817a0: Log matching property violated. Preceding OpId in replica: term: 1 index: 1. Preceding OpId from leader: term: 1 index: 2. (index mismatch)
I20260630 12:17:25.586194 19779 raft_consensus.cc:1275] T adfd2aa84e5f40d7b8a59fbbb2bf13e0 P c312794e72ed4f5ead93d45549dce49d [term 1 FOLLOWER]: Refusing update from remote peer baaa2432405547ffadf02c6d08f817a0: Log matching property violated. Preceding OpId in replica: term: 1 index: 1. Preceding OpId from leader: term: 1 index: 2. (index mismatch)
I20260630 12:17:25.587467 20149 consensus_queue.cc:1048] T adfd2aa84e5f40d7b8a59fbbb2bf13e0 P baaa2432405547ffadf02c6d08f817a0 [LEADER]: Connected to new peer: Peer: permanent_uuid: "852a2bc9a1a349c3b819137033d9703c" member_type: VOTER last_known_addr { host: "127.16.63.194" port: 44647 } attrs { replace: true }, Status: LMP_MISMATCH, Last received: 0.0, Next index: 2, Last known committed idx: 1, Time since last communication: 0.000s
I20260630 12:17:25.589936 20133 consensus_queue.cc:1048] T adfd2aa84e5f40d7b8a59fbbb2bf13e0 P baaa2432405547ffadf02c6d08f817a0 [LEADER]: Connected to new peer: Peer: permanent_uuid: "c312794e72ed4f5ead93d45549dce49d" member_type: VOTER last_known_addr { host: "127.16.63.195" port: 36621 }, Status: LMP_MISMATCH, Last received: 0.0, Next index: 2, Last known committed idx: 1, Time since last communication: 0.000s
I20260630 12:17:25.600915 20146 raft_consensus.cc:2955] T adfd2aa84e5f40d7b8a59fbbb2bf13e0 P baaa2432405547ffadf02c6d08f817a0 [term 1 LEADER]: Committing config change with OpId 1.2: config changed from index -1 to 2, NON_VOTER 3868cae4f40743d48b741180fb42f99e (127.16.63.196) added. New config: { opid_index: 2 OBSOLETE_local: false peers { permanent_uuid: "852a2bc9a1a349c3b819137033d9703c" member_type: VOTER last_known_addr { host: "127.16.63.194" port: 44647 } attrs { replace: true } } peers { permanent_uuid: "baaa2432405547ffadf02c6d08f817a0" member_type: VOTER last_known_addr { host: "127.16.63.193" port: 41827 } } peers { permanent_uuid: "c312794e72ed4f5ead93d45549dce49d" member_type: VOTER last_known_addr { host: "127.16.63.195" port: 36621 } } peers { permanent_uuid: "3868cae4f40743d48b741180fb42f99e" member_type: NON_VOTER last_known_addr { host: "127.16.63.196" port: 39159 } attrs { promote: true } } }
