I20260630 12:15:57.717794 13363 tablet_replica.cc:333] T 00000000000000000000000000000000 P 6f4ba79a491141c083220c2ab6f8f52e: stopping tablet replica
I20260630 12:15:57.770112 13363 master.cc:584] Master@127.13.12.253:40707 shutdown complete.
I20260630 12:15:57.781121 13363 master.cc:562] Master@127.13.12.252:37775 shutting down...
I20260630 12:15:57.797340 13363 raft_consensus.cc:2243] T 00000000000000000000000000000000 P ad8fb225870b4106b8291e56e40196cb [term 1 FOLLOWER]: Raft consensus shutting down.
I20260630 12:15:57.798116 13363 raft_consensus.cc:2272] T 00000000000000000000000000000000 P ad8fb225870b4106b8291e56e40196cb [term 1 FOLLOWER]: Raft consensus is shut down!
I20260630 12:15:57.798550 13363 tablet_replica.cc:333] T 00000000000000000000000000000000 P ad8fb225870b4106b8291e56e40196cb: stopping tablet replica
I20260630 12:15:58.587308 13363 master.cc:584] Master@127.13.12.252:37775 shutdown complete.
[       OK ] AutoRebalancerTest.OnlyLeaderDoesAutoRebalancing (7850 ms)
[ RUN      ] AutoRebalancerTest.AutoRebalancingTurnOffAndOn
I20260630 12:15:58.613291 13363 internal_mini_cluster.cc:156] Creating distributed mini masters. Addrs: 127.13.12.254:39571
I20260630 12:15:58.614324 13363 file_cache.cc:492] Constructed file cache file cache with capacity 419430
W20260630 12:15:58.619158 13907 instance_detector.cc:116] could not retrieve AWS instance metadata: Network error: curl error: HTTP response code said error: The requested URL returned error: 404
W20260630 12:15:58.620507 13908 instance_detector.cc:116] could not retrieve Azure instance metadata: Network error: curl error: HTTP response code said error: The requested URL returned error: 404
W20260630 12:15:58.620968 13910 instance_detector.cc:116] could not retrieve OpenStack instance metadata: Network error: curl error: HTTP response code said error: The requested URL returned error: 404
I20260630 12:15:58.620996 13363 server_base.cc:1061] running on GCE node
I20260630 12:15:58.621836 13363 hybrid_clock.cc:584] initializing the hybrid clock with 'system_unsync' time source
W20260630 12:15:58.622038 13363 system_unsync_time.cc:38] NTP support is disabled. Clock error bounds will not be accurate. This configuration is not suitable for distributed clusters.
I20260630 12:15:58.622215 13363 hybrid_clock.cc:648] HybridClock initialized: now 1782821758622198 us; error 0 us; skew 500 ppm
I20260630 12:15:58.622694 13363 server_base.cc:861] Flag tcmalloc_max_total_thread_cache_bytes is not working since tcmalloc is not enabled.
I20260630 12:15:58.624998 13363 webserver.cc:533] Webserver started at http://127.13.12.254:44337/ using document root <none> and password file <none>
I20260630 12:15:58.625487 13363 fs_manager.cc:362] Metadata directory not provided
I20260630 12:15:58.625689 13363 fs_manager.cc:368] Using write-ahead log directory (fs_wal_dir) as metadata directory
I20260630 12:15:58.625957 13363 server_base.cc:909] This appears to be a new deployment of Kudu; creating new FS layout
I20260630 12:15:58.626984 13363 fs_manager.cc:1068] Generated new instance metadata in path /tmp/dist-test-task2KM9mz/test-tmp/auto_rebalancer-test.0.AutoRebalancerTest.AutoRebalancingTurnOffAndOn.1782821750601092-13363-0/minicluster-data/master-0-root/instance:
uuid: "17775f6848264641b8d2813a4c0791b0"
format_stamp: "Formatted at 2026-06-30 12:15:58 on dist-test-slave-tm21"
I20260630 12:15:58.631157 13363 fs_manager.cc:696] Time spent creating directory manager: real 0.004s	user 0.006s	sys 0.000s
I20260630 12:15:58.634192 13915 log_block_manager.cc:4031] Time spent loading block containers with low live blocks: real 0.000s	user 0.000s	sys 0.000s
I20260630 12:15:58.635040 13363 fs_manager.cc:730] Time spent opening block manager: real 0.002s	user 0.002s	sys 0.000s
I20260630 12:15:58.635282 13363 fs_manager.cc:647] Opened local filesystem: /tmp/dist-test-task2KM9mz/test-tmp/auto_rebalancer-test.0.AutoRebalancerTest.AutoRebalancingTurnOffAndOn.1782821750601092-13363-0/minicluster-data/master-0-root
uuid: "17775f6848264641b8d2813a4c0791b0"
format_stamp: "Formatted at 2026-06-30 12:15:58 on dist-test-slave-tm21"
I20260630 12:15:58.635505 13363 fs_report.cc:389] FS layout report
--------------------
wal directory: /tmp/dist-test-task2KM9mz/test-tmp/auto_rebalancer-test.0.AutoRebalancerTest.AutoRebalancingTurnOffAndOn.1782821750601092-13363-0/minicluster-data/master-0-root
metadata directory: /tmp/dist-test-task2KM9mz/test-tmp/auto_rebalancer-test.0.AutoRebalancerTest.AutoRebalancingTurnOffAndOn.1782821750601092-13363-0/minicluster-data/master-0-root
1 data directories: /tmp/dist-test-task2KM9mz/test-tmp/auto_rebalancer-test.0.AutoRebalancerTest.AutoRebalancingTurnOffAndOn.1782821750601092-13363-0/minicluster-data/master-0-root/data
Total live blocks: 0
Total live bytes: 0
Total live bytes (after alignment): 0
Total number of LBM containers: 0 (0 full)
Did not check for missing blocks
Did not check for orphaned blocks
Total full LBM containers with extra space: 0 (0 repaired)
Total full LBM container extra space in bytes: 0 (0 repaired)
Total incomplete LBM containers: 0 (0 repaired)
Total LBM partial records: 0 (0 repaired)
Total corrupted LBM metadata records in RocksDB: 0 (0 repaired)
I20260630 12:15:58.649163 13363 rpc_server.cc:225] running with OpenSSL 1.1.1  11 Sep 2018
I20260630 12:15:58.650003 13363 kserver.cc:163] Server-wide thread pool size limit: 3276
I20260630 12:15:58.682663 13363 rpc_server.cc:307] RPC server started. Bound to: 127.13.12.254:39571
I20260630 12:15:58.682739 13966 acceptor_pool.cc:272] collecting diagnostics on the listening RPC socket 127.13.12.254:39571 every 8 connection(s)
I20260630 12:15:58.686460 13967 data_dirs.cc:400] Could only allocate 1 dirs of requested 3 for tablet 00000000000000000000000000000000. 1 dirs total, 0 dirs full, 0 dirs failed
I20260630 12:15:58.695647 13967 tablet_bootstrap.cc:492] T 00000000000000000000000000000000 P 17775f6848264641b8d2813a4c0791b0: Bootstrap starting.
I20260630 12:15:58.699648 13967 tablet_bootstrap.cc:654] T 00000000000000000000000000000000 P 17775f6848264641b8d2813a4c0791b0: Neither blocks nor log segments found. Creating new log.
I20260630 12:15:58.703365 13967 tablet_bootstrap.cc:492] T 00000000000000000000000000000000 P 17775f6848264641b8d2813a4c0791b0: No bootstrap required, opened a new log
I20260630 12:15:58.705216 13967 raft_consensus.cc:359] T 00000000000000000000000000000000 P 17775f6848264641b8d2813a4c0791b0 [term 0 FOLLOWER]: Replica starting. Triggering 0 pending ops. Active config: opid_index: -1 OBSOLETE_local: true peers { permanent_uuid: "17775f6848264641b8d2813a4c0791b0" member_type: VOTER }
I20260630 12:15:58.705574 13967 raft_consensus.cc:385] T 00000000000000000000000000000000 P 17775f6848264641b8d2813a4c0791b0 [term 0 FOLLOWER]: Consensus starting up: Expiring failure detector timer to make a prompt election more likely
I20260630 12:15:58.705854 13967 raft_consensus.cc:740] T 00000000000000000000000000000000 P 17775f6848264641b8d2813a4c0791b0 [term 0 FOLLOWER]: Becoming Follower/Learner. State: Replica: 17775f6848264641b8d2813a4c0791b0, State: Initialized, Role: FOLLOWER
I20260630 12:15:58.706466 13967 consensus_queue.cc:260] T 00000000000000000000000000000000 P 17775f6848264641b8d2813a4c0791b0 [NON_LEADER]: Queue going to NON_LEADER mode. State: All replicated index: 0, Majority replicated index: 0, Committed index: 0, Last appended: 0.0, Last appended by leader: 0, Current term: 0, Majority size: -1, State: 0, Mode: NON_LEADER, active raft config: opid_index: -1 OBSOLETE_local: true peers { permanent_uuid: "17775f6848264641b8d2813a4c0791b0" member_type: VOTER }
I20260630 12:15:58.706915 13967 raft_consensus.cc:399] T 00000000000000000000000000000000 P 17775f6848264641b8d2813a4c0791b0 [term 0 FOLLOWER]: Only one voter in the Raft config. Triggering election immediately
I20260630 12:15:58.707168 13967 raft_consensus.cc:493] T 00000000000000000000000000000000 P 17775f6848264641b8d2813a4c0791b0 [term 0 FOLLOWER]: Starting leader election (initial election of a single-replica configuration)
I20260630 12:15:58.707404 13967 raft_consensus.cc:3060] T 00000000000000000000000000000000 P 17775f6848264641b8d2813a4c0791b0 [term 0 FOLLOWER]: Advancing to term 1
I20260630 12:15:58.711280 13967 raft_consensus.cc:515] T 00000000000000000000000000000000 P 17775f6848264641b8d2813a4c0791b0 [term 1 FOLLOWER]: Starting leader election with config: opid_index: -1 OBSOLETE_local: true peers { permanent_uuid: "17775f6848264641b8d2813a4c0791b0" member_type: VOTER }
I20260630 12:15:58.711807 13967 leader_election.cc:304] T 00000000000000000000000000000000 P 17775f6848264641b8d2813a4c0791b0 [CANDIDATE]: Term 1 election: Election decided. Result: candidate won. Election summary: received 1 responses out of 1 voters: 1 yes votes; 0 no votes. yes voters: 17775f6848264641b8d2813a4c0791b0; no voters: 
I20260630 12:15:58.712891 13967 leader_election.cc:290] T 00000000000000000000000000000000 P 17775f6848264641b8d2813a4c0791b0 [CANDIDATE]: Term 1 election: Requested vote from peers 
I20260630 12:15:58.713192 13970 raft_consensus.cc:2804] T 00000000000000000000000000000000 P 17775f6848264641b8d2813a4c0791b0 [term 1 FOLLOWER]: Leader election won for term 1
I20260630 12:15:58.714521 13970 raft_consensus.cc:697] T 00000000000000000000000000000000 P 17775f6848264641b8d2813a4c0791b0 [term 1 LEADER]: Becoming Leader. State: Replica: 17775f6848264641b8d2813a4c0791b0, State: Running, Role: LEADER
I20260630 12:15:58.715199 13970 consensus_queue.cc:237] T 00000000000000000000000000000000 P 17775f6848264641b8d2813a4c0791b0 [LEADER]: Queue going to LEADER mode. State: All replicated index: 0, Majority replicated index: 0, Committed index: 0, Last appended: 0.0, Last appended by leader: 0, Current term: 1, Majority size: 1, State: 0, Mode: LEADER, active raft config: opid_index: -1 OBSOLETE_local: true peers { permanent_uuid: "17775f6848264641b8d2813a4c0791b0" member_type: VOTER }
I20260630 12:15:58.715710 13967 sys_catalog.cc:565] T 00000000000000000000000000000000 P 17775f6848264641b8d2813a4c0791b0 [sys.catalog]: configured and running, proceeding with master startup.
I20260630 12:15:58.719331 13971 sys_catalog.cc:455] T 00000000000000000000000000000000 P 17775f6848264641b8d2813a4c0791b0 [sys.catalog]: SysCatalogTable state changed. Reason: RaftConsensus started. Latest consensus state: current_term: 1 leader_uuid: "17775f6848264641b8d2813a4c0791b0" committed_config { opid_index: -1 OBSOLETE_local: true peers { permanent_uuid: "17775f6848264641b8d2813a4c0791b0" member_type: VOTER } }
I20260630 12:15:58.719966 13971 sys_catalog.cc:458] T 00000000000000000000000000000000 P 17775f6848264641b8d2813a4c0791b0 [sys.catalog]: This master's current role is: LEADER
I20260630 12:15:58.719781 13972 sys_catalog.cc:455] T 00000000000000000000000000000000 P 17775f6848264641b8d2813a4c0791b0 [sys.catalog]: SysCatalogTable state changed. Reason: New leader 17775f6848264641b8d2813a4c0791b0. Latest consensus state: current_term: 1 leader_uuid: "17775f6848264641b8d2813a4c0791b0" committed_config { opid_index: -1 OBSOLETE_local: true peers { permanent_uuid: "17775f6848264641b8d2813a4c0791b0" member_type: VOTER } }
I20260630 12:15:58.720721 13972 sys_catalog.cc:458] T 00000000000000000000000000000000 P 17775f6848264641b8d2813a4c0791b0 [sys.catalog]: This master's current role is: LEADER
I20260630 12:15:58.722440 13976 catalog_manager.cc:1511] Loading table and tablet metadata into memory...
I20260630 12:15:58.730650 13976 catalog_manager.cc:1520] Initializing Kudu cluster ID...
I20260630 12:15:58.731635 13363 internal_mini_cluster.cc:184] Waiting to initialize catalog manager on master 0
I20260630 12:15:58.738886 13976 catalog_manager.cc:1383] Generated new cluster ID: 455a65143cf94e759094d726a2c65e4a
I20260630 12:15:58.739193 13976 catalog_manager.cc:1531] Initializing Kudu internal certificate authority...
I20260630 12:15:58.751072 13976 catalog_manager.cc:1406] Generated new certificate authority record
I20260630 12:15:58.752220 13976 catalog_manager.cc:1540] Loading token signing keys...
I20260630 12:15:58.768215 13976 catalog_manager.cc:6070] T 00000000000000000000000000000000 P 17775f6848264641b8d2813a4c0791b0: Generated new TSK 0
I20260630 12:15:58.768846 13976 catalog_manager.cc:1550] Initializing in-progress tserver states...
I20260630 12:15:58.799021 13363 file_cache.cc:492] Constructed file cache file cache with capacity 419430
W20260630 12:15:58.804512 13988 instance_detector.cc:116] could not retrieve AWS instance metadata: Network error: curl error: HTTP response code said error: The requested URL returned error: 404
W20260630 12:15:58.805599 13989 instance_detector.cc:116] could not retrieve Azure instance metadata: Network error: curl error: HTTP response code said error: The requested URL returned error: 404
W20260630 12:15:58.807287 13991 instance_detector.cc:116] could not retrieve OpenStack instance metadata: Network error: curl error: HTTP response code said error: The requested URL returned error: 404
I20260630 12:15:58.807515 13363 server_base.cc:1061] running on GCE node
I20260630 12:15:58.808465 13363 hybrid_clock.cc:584] initializing the hybrid clock with 'system_unsync' time source
W20260630 12:15:58.808650 13363 system_unsync_time.cc:38] NTP support is disabled. Clock error bounds will not be accurate. This configuration is not suitable for distributed clusters.
I20260630 12:15:58.808769 13363 hybrid_clock.cc:648] HybridClock initialized: now 1782821758808759 us; error 0 us; skew 500 ppm
I20260630 12:15:58.809201 13363 server_base.cc:861] Flag tcmalloc_max_total_thread_cache_bytes is not working since tcmalloc is not enabled.
I20260630 12:15:58.811367 13363 webserver.cc:533] Webserver started at http://127.13.12.193:38721/ using document root <none> and password file <none>
I20260630 12:15:58.811769 13363 fs_manager.cc:362] Metadata directory not provided
I20260630 12:15:58.811918 13363 fs_manager.cc:368] Using write-ahead log directory (fs_wal_dir) as metadata directory
I20260630 12:15:58.812139 13363 server_base.cc:909] This appears to be a new deployment of Kudu; creating new FS layout
I20260630 12:15:58.813215 13363 fs_manager.cc:1068] Generated new instance metadata in path /tmp/dist-test-task2KM9mz/test-tmp/auto_rebalancer-test.0.AutoRebalancerTest.AutoRebalancingTurnOffAndOn.1782821750601092-13363-0/minicluster-data/ts-0-root/instance:
uuid: "c1ba39047c744438acce69dc60ba9021"
format_stamp: "Formatted at 2026-06-30 12:15:58 on dist-test-slave-tm21"
I20260630 12:15:58.817404 13363 fs_manager.cc:696] Time spent creating directory manager: real 0.004s	user 0.004s	sys 0.000s
I20260630 12:15:58.820346 13996 log_block_manager.cc:4031] Time spent loading block containers with low live blocks: real 0.000s	user 0.000s	sys 0.000s
I20260630 12:15:58.821151 13363 fs_manager.cc:730] Time spent opening block manager: real 0.002s	user 0.002s	sys 0.001s
I20260630 12:15:58.821377 13363 fs_manager.cc:647] Opened local filesystem: /tmp/dist-test-task2KM9mz/test-tmp/auto_rebalancer-test.0.AutoRebalancerTest.AutoRebalancingTurnOffAndOn.1782821750601092-13363-0/minicluster-data/ts-0-root
uuid: "c1ba39047c744438acce69dc60ba9021"
format_stamp: "Formatted at 2026-06-30 12:15:58 on dist-test-slave-tm21"
I20260630 12:15:58.821605 13363 fs_report.cc:389] FS layout report
--------------------
wal directory: /tmp/dist-test-task2KM9mz/test-tmp/auto_rebalancer-test.0.AutoRebalancerTest.AutoRebalancingTurnOffAndOn.1782821750601092-13363-0/minicluster-data/ts-0-root
metadata directory: /tmp/dist-test-task2KM9mz/test-tmp/auto_rebalancer-test.0.AutoRebalancerTest.AutoRebalancingTurnOffAndOn.1782821750601092-13363-0/minicluster-data/ts-0-root
1 data directories: /tmp/dist-test-task2KM9mz/test-tmp/auto_rebalancer-test.0.AutoRebalancerTest.AutoRebalancingTurnOffAndOn.1782821750601092-13363-0/minicluster-data/ts-0-root/data
Total live blocks: 0
Total live bytes: 0
Total live bytes (after alignment): 0
Total number of LBM containers: 0 (0 full)
Did not check for missing blocks
Did not check for orphaned blocks
Total full LBM containers with extra space: 0 (0 repaired)
Total full LBM container extra space in bytes: 0 (0 repaired)
Total incomplete LBM containers: 0 (0 repaired)
Total LBM partial records: 0 (0 repaired)
Total corrupted LBM metadata records in RocksDB: 0 (0 repaired)
I20260630 12:15:58.839843 13363 rpc_server.cc:225] running with OpenSSL 1.1.1  11 Sep 2018
I20260630 12:15:58.840770 13363 kserver.cc:163] Server-wide thread pool size limit: 3276
I20260630 12:15:58.842029 13363 txn_system_client.cc:432] TxnSystemClient initialization is disabled...
I20260630 12:15:58.844152 13363 ts_tablet_manager.cc:585] Loaded tablet metadata (0 total tablets, 0 live tablets)
I20260630 12:15:58.844323 13363 ts_tablet_manager.cc:531] Time spent load tablet metadata: real 0.000s	user 0.000s	sys 0.000s
I20260630 12:15:58.844583 13363 ts_tablet_manager.cc:616] Registered 0 tablets
I20260630 12:15:58.844813 13363 ts_tablet_manager.cc:595] Time spent register tablets: real 0.000s	user 0.000s	sys 0.000s
I20260630 12:15:58.880059 13363 rpc_server.cc:307] RPC server started. Bound to: 127.13.12.193:43861
I20260630 12:15:58.880151 14058 acceptor_pool.cc:272] collecting diagnostics on the listening RPC socket 127.13.12.193:43861 every 8 connection(s)
I20260630 12:15:58.884403 13363 file_cache.cc:492] Constructed file cache file cache with capacity 419430
W20260630 12:15:58.892127 14063 instance_detector.cc:116] could not retrieve AWS instance metadata: Network error: curl error: HTTP response code said error: The requested URL returned error: 404
W20260630 12:15:58.892875 14064 instance_detector.cc:116] could not retrieve Azure instance metadata: Network error: curl error: HTTP response code said error: The requested URL returned error: 404
W20260630 12:15:58.895865 14066 instance_detector.cc:116] could not retrieve OpenStack instance metadata: Network error: curl error: HTTP response code said error: The requested URL returned error: 404
I20260630 12:15:58.896281 13363 server_base.cc:1061] running on GCE node
I20260630 12:15:58.897233 13363 hybrid_clock.cc:584] initializing the hybrid clock with 'system_unsync' time source
W20260630 12:15:58.897461 13363 system_unsync_time.cc:38] NTP support is disabled. Clock error bounds will not be accurate. This configuration is not suitable for distributed clusters.
I20260630 12:15:58.897658 13363 hybrid_clock.cc:648] HybridClock initialized: now 1782821758897640 us; error 0 us; skew 500 ppm
I20260630 12:15:58.898307 13363 server_base.cc:861] Flag tcmalloc_max_total_thread_cache_bytes is not working since tcmalloc is not enabled.
I20260630 12:15:58.899829 14059 heartbeater.cc:344] Connected to a master server at 127.13.12.254:39571
I20260630 12:15:58.900162 14059 heartbeater.cc:461] Registering TS with master...
I20260630 12:15:58.900962 14059 heartbeater.cc:507] Master 127.13.12.254:39571 requested a full tablet report, sending...
I20260630 12:15:58.900985 13363 webserver.cc:533] Webserver started at http://127.13.12.194:34591/ using document root <none> and password file <none>
I20260630 12:15:58.901572 13363 fs_manager.cc:362] Metadata directory not provided
I20260630 12:15:58.901782 13363 fs_manager.cc:368] Using write-ahead log directory (fs_wal_dir) as metadata directory
I20260630 12:15:58.902064 13363 server_base.cc:909] This appears to be a new deployment of Kudu; creating new FS layout
I20260630 12:15:58.903172 13932 ts_manager.cc:194] Registered new tserver with Master: c1ba39047c744438acce69dc60ba9021 (127.13.12.193:43861)
I20260630 12:15:58.903383 13363 fs_manager.cc:1068] Generated new instance metadata in path /tmp/dist-test-task2KM9mz/test-tmp/auto_rebalancer-test.0.AutoRebalancerTest.AutoRebalancingTurnOffAndOn.1782821750601092-13363-0/minicluster-data/ts-1-root/instance:
uuid: "edb01c9661f64658847391794c60dd7b"
format_stamp: "Formatted at 2026-06-30 12:15:58 on dist-test-slave-tm21"
I20260630 12:15:58.905509 13932 master_service.cc:502] Signed X509 certificate for tserver {username='slave'} at 127.0.0.1:57688
I20260630 12:15:58.908561 13363 fs_manager.cc:696] Time spent creating directory manager: real 0.005s	user 0.007s	sys 0.000s
I20260630 12:15:58.911547 14071 log_block_manager.cc:4031] Time spent loading block containers with low live blocks: real 0.000s	user 0.000s	sys 0.000s
I20260630 12:15:58.912341 13363 fs_manager.cc:730] Time spent opening block manager: real 0.002s	user 0.003s	sys 0.000s
I20260630 12:15:58.912642 13363 fs_manager.cc:647] Opened local filesystem: /tmp/dist-test-task2KM9mz/test-tmp/auto_rebalancer-test.0.AutoRebalancerTest.AutoRebalancingTurnOffAndOn.1782821750601092-13363-0/minicluster-data/ts-1-root
uuid: "edb01c9661f64658847391794c60dd7b"
format_stamp: "Formatted at 2026-06-30 12:15:58 on dist-test-slave-tm21"
I20260630 12:15:58.912875 13363 fs_report.cc:389] FS layout report
--------------------
wal directory: /tmp/dist-test-task2KM9mz/test-tmp/auto_rebalancer-test.0.AutoRebalancerTest.AutoRebalancingTurnOffAndOn.1782821750601092-13363-0/minicluster-data/ts-1-root
metadata directory: /tmp/dist-test-task2KM9mz/test-tmp/auto_rebalancer-test.0.AutoRebalancerTest.AutoRebalancingTurnOffAndOn.1782821750601092-13363-0/minicluster-data/ts-1-root
1 data directories: /tmp/dist-test-task2KM9mz/test-tmp/auto_rebalancer-test.0.AutoRebalancerTest.AutoRebalancingTurnOffAndOn.1782821750601092-13363-0/minicluster-data/ts-1-root/data
Total live blocks: 0
Total live bytes: 0
Total live bytes (after alignment): 0
Total number of LBM containers: 0 (0 full)
Did not check for missing blocks
Did not check for orphaned blocks
Total full LBM containers with extra space: 0 (0 repaired)
Total full LBM container extra space in bytes: 0 (0 repaired)
Total incomplete LBM containers: 0 (0 repaired)
Total LBM partial records: 0 (0 repaired)
Total corrupted LBM metadata records in RocksDB: 0 (0 repaired)
I20260630 12:15:58.922849 13363 rpc_server.cc:225] running with OpenSSL 1.1.1  11 Sep 2018
I20260630 12:15:58.923853 13363 kserver.cc:163] Server-wide thread pool size limit: 3276
I20260630 12:15:58.925233 13363 txn_system_client.cc:432] TxnSystemClient initialization is disabled...
I20260630 12:15:58.927274 13363 ts_tablet_manager.cc:585] Loaded tablet metadata (0 total tablets, 0 live tablets)
I20260630 12:15:58.927439 13363 ts_tablet_manager.cc:531] Time spent load tablet metadata: real 0.000s	user 0.000s	sys 0.000s
I20260630 12:15:58.927729 13363 ts_tablet_manager.cc:616] Registered 0 tablets
I20260630 12:15:58.927886 13363 ts_tablet_manager.cc:595] Time spent register tablets: real 0.000s	user 0.000s	sys 0.000s
I20260630 12:15:58.964293 13363 rpc_server.cc:307] RPC server started. Bound to: 127.13.12.194:37865
I20260630 12:15:58.964421 14133 acceptor_pool.cc:272] collecting diagnostics on the listening RPC socket 127.13.12.194:37865 every 8 connection(s)
I20260630 12:15:58.968952 13363 file_cache.cc:492] Constructed file cache file cache with capacity 419430
W20260630 12:15:58.975641 14137 instance_detector.cc:116] could not retrieve AWS instance metadata: Network error: curl error: HTTP response code said error: The requested URL returned error: 404
W20260630 12:15:58.977285 14138 instance_detector.cc:116] could not retrieve Azure instance metadata: Network error: curl error: HTTP response code said error: The requested URL returned error: 404
W20260630 12:15:58.978731 14140 instance_detector.cc:116] could not retrieve OpenStack instance metadata: Network error: curl error: HTTP response code said error: The requested URL returned error: 404
I20260630 12:15:58.979781 13363 server_base.cc:1061] running on GCE node
I20260630 12:15:58.980803 13363 hybrid_clock.cc:584] initializing the hybrid clock with 'system_unsync' time source
W20260630 12:15:58.981082 13363 system_unsync_time.cc:38] NTP support is disabled. Clock error bounds will not be accurate. This configuration is not suitable for distributed clusters.
I20260630 12:15:58.981289 13363 hybrid_clock.cc:648] HybridClock initialized: now 1782821758981269 us; error 0 us; skew 500 ppm
I20260630 12:15:58.981519 14134 heartbeater.cc:344] Connected to a master server at 127.13.12.254:39571
I20260630 12:15:58.981812 13363 server_base.cc:861] Flag tcmalloc_max_total_thread_cache_bytes is not working since tcmalloc is not enabled.
I20260630 12:15:58.981889 14134 heartbeater.cc:461] Registering TS with master...
I20260630 12:15:58.982797 14134 heartbeater.cc:507] Master 127.13.12.254:39571 requested a full tablet report, sending...
I20260630 12:15:58.984411 13363 webserver.cc:533] Webserver started at http://127.13.12.195:40079/ using document root <none> and password file <none>
I20260630 12:15:58.984827 13932 ts_manager.cc:194] Registered new tserver with Master: edb01c9661f64658847391794c60dd7b (127.13.12.194:37865)
I20260630 12:15:58.984902 13363 fs_manager.cc:362] Metadata directory not provided
I20260630 12:15:58.985216 13363 fs_manager.cc:368] Using write-ahead log directory (fs_wal_dir) as metadata directory
I20260630 12:15:58.985512 13363 server_base.cc:909] This appears to be a new deployment of Kudu; creating new FS layout
I20260630 12:15:58.986208 13932 master_service.cc:502] Signed X509 certificate for tserver {username='slave'} at 127.0.0.1:57702
I20260630 12:15:58.986577 13363 fs_manager.cc:1068] Generated new instance metadata in path /tmp/dist-test-task2KM9mz/test-tmp/auto_rebalancer-test.0.AutoRebalancerTest.AutoRebalancingTurnOffAndOn.1782821750601092-13363-0/minicluster-data/ts-2-root/instance:
uuid: "70e3dc8ae4d348ed84cef3c0c76978ae"
format_stamp: "Formatted at 2026-06-30 12:15:58 on dist-test-slave-tm21"
I20260630 12:15:58.990697 13363 fs_manager.cc:696] Time spent creating directory manager: real 0.004s	user 0.005s	sys 0.000s
I20260630 12:15:58.993706 14145 log_block_manager.cc:4031] Time spent loading block containers with low live blocks: real 0.000s	user 0.000s	sys 0.000s
I20260630 12:15:58.994561 13363 fs_manager.cc:730] Time spent opening block manager: real 0.002s	user 0.001s	sys 0.000s
I20260630 12:15:58.994797 13363 fs_manager.cc:647] Opened local filesystem: /tmp/dist-test-task2KM9mz/test-tmp/auto_rebalancer-test.0.AutoRebalancerTest.AutoRebalancingTurnOffAndOn.1782821750601092-13363-0/minicluster-data/ts-2-root
uuid: "70e3dc8ae4d348ed84cef3c0c76978ae"
format_stamp: "Formatted at 2026-06-30 12:15:58 on dist-test-slave-tm21"
I20260630 12:15:58.995028 13363 fs_report.cc:389] FS layout report
--------------------
wal directory: /tmp/dist-test-task2KM9mz/test-tmp/auto_rebalancer-test.0.AutoRebalancerTest.AutoRebalancingTurnOffAndOn.1782821750601092-13363-0/minicluster-data/ts-2-root
metadata directory: /tmp/dist-test-task2KM9mz/test-tmp/auto_rebalancer-test.0.AutoRebalancerTest.AutoRebalancingTurnOffAndOn.1782821750601092-13363-0/minicluster-data/ts-2-root
1 data directories: /tmp/dist-test-task2KM9mz/test-tmp/auto_rebalancer-test.0.AutoRebalancerTest.AutoRebalancingTurnOffAndOn.1782821750601092-13363-0/minicluster-data/ts-2-root/data
Total live blocks: 0
Total live bytes: 0
Total live bytes (after alignment): 0
Total number of LBM containers: 0 (0 full)
Did not check for missing blocks
Did not check for orphaned blocks
Total full LBM containers with extra space: 0 (0 repaired)
Total full LBM container extra space in bytes: 0 (0 repaired)
Total incomplete LBM containers: 0 (0 repaired)
Total LBM partial records: 0 (0 repaired)
Total corrupted LBM metadata records in RocksDB: 0 (0 repaired)
I20260630 12:15:59.008003 13363 rpc_server.cc:225] running with OpenSSL 1.1.1  11 Sep 2018
I20260630 12:15:59.009035 13363 kserver.cc:163] Server-wide thread pool size limit: 3276
I20260630 12:15:59.010326 13363 txn_system_client.cc:432] TxnSystemClient initialization is disabled...
I20260630 12:15:59.012545 13363 ts_tablet_manager.cc:585] Loaded tablet metadata (0 total tablets, 0 live tablets)
I20260630 12:15:59.012729 13363 ts_tablet_manager.cc:531] Time spent load tablet metadata: real 0.000s	user 0.000s	sys 0.000s
I20260630 12:15:59.012982 13363 ts_tablet_manager.cc:616] Registered 0 tablets
I20260630 12:15:59.013139 13363 ts_tablet_manager.cc:595] Time spent register tablets: real 0.000s	user 0.000s	sys 0.000s
I20260630 12:15:59.049945 13363 rpc_server.cc:307] RPC server started. Bound to: 127.13.12.195:42735
I20260630 12:15:59.050040 14207 acceptor_pool.cc:272] collecting diagnostics on the listening RPC socket 127.13.12.195:42735 every 8 connection(s)
I20260630 12:15:59.063087 14208 heartbeater.cc:344] Connected to a master server at 127.13.12.254:39571
I20260630 12:15:59.063434 14208 heartbeater.cc:461] Registering TS with master...
I20260630 12:15:59.064116 14208 heartbeater.cc:507] Master 127.13.12.254:39571 requested a full tablet report, sending...
I20260630 12:15:59.065886 13932 ts_manager.cc:194] Registered new tserver with Master: 70e3dc8ae4d348ed84cef3c0c76978ae (127.13.12.195:42735)
I20260630 12:15:59.066392 13363 internal_mini_cluster.cc:371] 3 TS(s) registered with all masters after 0.01330221s
I20260630 12:15:59.067255 13932 master_service.cc:502] Signed X509 certificate for tserver {username='slave'} at 127.0.0.1:57704
I20260630 12:15:59.908006 14059 heartbeater.cc:499] Master 127.13.12.254:39571 was elected leader, sending a full tablet report...
I20260630 12:15:59.988483 14134 heartbeater.cc:499] Master 127.13.12.254:39571 was elected leader, sending a full tablet report...
I20260630 12:16:00.069947 14208 heartbeater.cc:499] Master 127.13.12.254:39571 was elected leader, sending a full tablet report...
I20260630 12:16:00.125919 13932 catalog_manager.cc:2283] Servicing CreateTable request from {username='slave'} at 127.0.0.1:57710:
name: "test-workload"
schema {
  columns {
    name: "key"
    type: INT32
    is_key: true
    is_nullable: false
    encoding: AUTO_ENCODING
    compression: DEFAULT_COMPRESSION
    cfile_block_size: 0
    immutable: false
  }
  columns {
    name: "int_val"
    type: INT32
    is_key: false
    is_nullable: false
    encoding: AUTO_ENCODING
    compression: DEFAULT_COMPRESSION
    cfile_block_size: 0
    immutable: false
  }
  columns {
    name: "string_val"
    type: STRING
    is_key: false
    is_nullable: true
    encoding: AUTO_ENCODING
    compression: DEFAULT_COMPRESSION
    cfile_block_size: 0
    immutable: false
  }
}
num_replicas: 3
split_rows_range_bounds {
  rows: "\004\001\000\377\377\377\017\004\001\000\376\377\377\037\004\001\000\375\377\377/\004\001\000\374\377\377?\004\001\000\373\377\377O\004\001\000\372\377\377_\004\001\000\371\377\377o""\004\001\000\377\377\377\017\004\001\000\376\377\377\037\004\001\000\375\377\377/\004\001\000\374\377\377?\004\001\000\373\377\377O\004\001\000\372\377\377_\004\001\000\371\377\377o"
  indirect_data: """"
}
partition_schema {
  range_schema {
    columns {
      name: "key"
    }
  }
}
W20260630 12:16:00.128472 13932 catalog_manager.cc:7077] The number of live tablet servers is not enough to re-replicate a tablet replica of the newly created table test-workload in case of a server failure: 4 tablet servers would be needed, 3 are available. Consider bringing up more tablet servers.
I20260630 12:16:00.209554 14096 tablet_service.cc:1511] Processing CreateTablet for tablet 75c097ef44594ca3bd46bb3eaf0b4f31 (DEFAULT_TABLE table=test-workload [id=1785d14d21cb4374912ee987afbb47ca]), partition=RANGE (key) PARTITION 805306365 <= VALUES < 1073741820
I20260630 12:16:00.210950 14096 data_dirs.cc:400] Could only allocate 1 dirs of requested 3 for tablet 75c097ef44594ca3bd46bb3eaf0b4f31. 1 dirs total, 0 dirs full, 0 dirs failed
I20260630 12:16:00.210805 14095 tablet_service.cc:1511] Processing CreateTablet for tablet e1a7b40e37b34c34846d168c38115101 (DEFAULT_TABLE table=test-workload [id=1785d14d21cb4374912ee987afbb47ca]), partition=RANGE (key) PARTITION 1073741820 <= VALUES < 1342177275
I20260630 12:16:00.212985 14094 tablet_service.cc:1511] Processing CreateTablet for tablet e1feec6edd2548b6a9105abc88f2ac8a (DEFAULT_TABLE table=test-workload [id=1785d14d21cb4374912ee987afbb47ca]), partition=RANGE (key) PARTITION 1342177275 <= VALUES < 1610612730
I20260630 12:16:00.213418 14097 tablet_service.cc:1511] Processing CreateTablet for tablet 093512557cc54d06a95802d33a502b99 (DEFAULT_TABLE table=test-workload [id=1785d14d21cb4374912ee987afbb47ca]), partition=RANGE (key) PARTITION 536870910 <= VALUES < 805306365
I20260630 12:16:00.215209 14093 tablet_service.cc:1511] Processing CreateTablet for tablet 62926036d0e84d15995a5562bffb5ab5 (DEFAULT_TABLE table=test-workload [id=1785d14d21cb4374912ee987afbb47ca]), partition=RANGE (key) PARTITION 1610612730 <= VALUES < 1879048185
I20260630 12:16:00.215490 14098 tablet_service.cc:1511] Processing CreateTablet for tablet b9858bdafd674c3a8345f6a80fdc058e (DEFAULT_TABLE table=test-workload [id=1785d14d21cb4374912ee987afbb47ca]), partition=RANGE (key) PARTITION 268435455 <= VALUES < 536870910
I20260630 12:16:00.216780 14095 data_dirs.cc:400] Could only allocate 1 dirs of requested 3 for tablet e1a7b40e37b34c34846d168c38115101. 1 dirs total, 0 dirs full, 0 dirs failed
I20260630 12:16:00.217680 14099 tablet_service.cc:1511] Processing CreateTablet for tablet 255f84a904714bdf864d30e4045636dc (DEFAULT_TABLE table=test-workload [id=1785d14d21cb4374912ee987afbb47ca]), partition=RANGE (key) PARTITION VALUES < 268435455
I20260630 12:16:00.218945 14099 data_dirs.cc:400] Could only allocate 1 dirs of requested 3 for tablet 255f84a904714bdf864d30e4045636dc. 1 dirs total, 0 dirs full, 0 dirs failed
I20260630 12:16:00.219569 14093 data_dirs.cc:400] Could only allocate 1 dirs of requested 3 for tablet 62926036d0e84d15995a5562bffb5ab5. 1 dirs total, 0 dirs full, 0 dirs failed
I20260630 12:16:00.220713 14023 tablet_service.cc:1511] Processing CreateTablet for tablet b9858bdafd674c3a8345f6a80fdc058e (DEFAULT_TABLE table=test-workload [id=1785d14d21cb4374912ee987afbb47ca]), partition=RANGE (key) PARTITION 268435455 <= VALUES < 536870910
I20260630 12:16:00.221029 14173 tablet_service.cc:1511] Processing CreateTablet for tablet 255f84a904714bdf864d30e4045636dc (DEFAULT_TABLE table=test-workload [id=1785d14d21cb4374912ee987afbb47ca]), partition=RANGE (key) PARTITION VALUES < 268435455
I20260630 12:16:00.221421 14024 tablet_service.cc:1511] Processing CreateTablet for tablet 255f84a904714bdf864d30e4045636dc (DEFAULT_TABLE table=test-workload [id=1785d14d21cb4374912ee987afbb47ca]), partition=RANGE (key) PARTITION VALUES < 268435455
I20260630 12:16:00.221998 14023 data_dirs.cc:400] Could only allocate 1 dirs of requested 3 for tablet b9858bdafd674c3a8345f6a80fdc058e. 1 dirs total, 0 dirs full, 0 dirs failed
I20260630 12:16:00.222684 14024 data_dirs.cc:400] Could only allocate 1 dirs of requested 3 for tablet 255f84a904714bdf864d30e4045636dc. 1 dirs total, 0 dirs full, 0 dirs failed
I20260630 12:16:00.224442 14098 data_dirs.cc:400] Could only allocate 1 dirs of requested 3 for tablet b9858bdafd674c3a8345f6a80fdc058e. 1 dirs total, 0 dirs full, 0 dirs failed
I20260630 12:16:00.224265 14172 tablet_service.cc:1511] Processing CreateTablet for tablet b9858bdafd674c3a8345f6a80fdc058e (DEFAULT_TABLE table=test-workload [id=1785d14d21cb4374912ee987afbb47ca]), partition=RANGE (key) PARTITION 268435455 <= VALUES < 536870910
I20260630 12:16:00.225989 14094 data_dirs.cc:400] Could only allocate 1 dirs of requested 3 for tablet e1feec6edd2548b6a9105abc88f2ac8a. 1 dirs total, 0 dirs full, 0 dirs failed
I20260630 12:16:00.227022 14171 tablet_service.cc:1511] Processing CreateTablet for tablet 093512557cc54d06a95802d33a502b99 (DEFAULT_TABLE table=test-workload [id=1785d14d21cb4374912ee987afbb47ca]), partition=RANGE (key) PARTITION 536870910 <= VALUES < 805306365
I20260630 12:16:00.228978 14097 data_dirs.cc:400] Could only allocate 1 dirs of requested 3 for tablet 093512557cc54d06a95802d33a502b99. 1 dirs total, 0 dirs full, 0 dirs failed
I20260630 12:16:00.228855 14092 tablet_service.cc:1511] Processing CreateTablet for tablet 24109db55329471088c3dcda340090a0 (DEFAULT_TABLE table=test-workload [id=1785d14d21cb4374912ee987afbb47ca]), partition=RANGE (key) PARTITION 1879048185 <= VALUES
I20260630 12:16:00.230607 14092 data_dirs.cc:400] Could only allocate 1 dirs of requested 3 for tablet 24109db55329471088c3dcda340090a0. 1 dirs total, 0 dirs full, 0 dirs failed
I20260630 12:16:00.222746 14173 data_dirs.cc:400] Could only allocate 1 dirs of requested 3 for tablet 255f84a904714bdf864d30e4045636dc. 1 dirs total, 0 dirs full, 0 dirs failed
I20260630 12:16:00.235522 14172 data_dirs.cc:400] Could only allocate 1 dirs of requested 3 for tablet b9858bdafd674c3a8345f6a80fdc058e. 1 dirs total, 0 dirs full, 0 dirs failed
I20260630 12:16:00.236935 14171 data_dirs.cc:400] Could only allocate 1 dirs of requested 3 for tablet 093512557cc54d06a95802d33a502b99. 1 dirs total, 0 dirs full, 0 dirs failed
I20260630 12:16:00.240314 14170 tablet_service.cc:1511] Processing CreateTablet for tablet 75c097ef44594ca3bd46bb3eaf0b4f31 (DEFAULT_TABLE table=test-workload [id=1785d14d21cb4374912ee987afbb47ca]), partition=RANGE (key) PARTITION 805306365 <= VALUES < 1073741820
I20260630 12:16:00.240633 14169 tablet_service.cc:1511] Processing CreateTablet for tablet e1a7b40e37b34c34846d168c38115101 (DEFAULT_TABLE table=test-workload [id=1785d14d21cb4374912ee987afbb47ca]), partition=RANGE (key) PARTITION 1073741820 <= VALUES < 1342177275
I20260630 12:16:00.241705 14170 data_dirs.cc:400] Could only allocate 1 dirs of requested 3 for tablet 75c097ef44594ca3bd46bb3eaf0b4f31. 1 dirs total, 0 dirs full, 0 dirs failed
I20260630 12:16:00.242259 14169 data_dirs.cc:400] Could only allocate 1 dirs of requested 3 for tablet e1a7b40e37b34c34846d168c38115101. 1 dirs total, 0 dirs full, 0 dirs failed
I20260630 12:16:00.246307 14022 tablet_service.cc:1511] Processing CreateTablet for tablet 093512557cc54d06a95802d33a502b99 (DEFAULT_TABLE table=test-workload [id=1785d14d21cb4374912ee987afbb47ca]), partition=RANGE (key) PARTITION 536870910 <= VALUES < 805306365
I20260630 12:16:00.247637 14022 data_dirs.cc:400] Could only allocate 1 dirs of requested 3 for tablet 093512557cc54d06a95802d33a502b99. 1 dirs total, 0 dirs full, 0 dirs failed
I20260630 12:16:00.249472 14021 tablet_service.cc:1511] Processing CreateTablet for tablet 75c097ef44594ca3bd46bb3eaf0b4f31 (DEFAULT_TABLE table=test-workload [id=1785d14d21cb4374912ee987afbb47ca]), partition=RANGE (key) PARTITION 805306365 <= VALUES < 1073741820
I20260630 12:16:00.250802 14021 data_dirs.cc:400] Could only allocate 1 dirs of requested 3 for tablet 75c097ef44594ca3bd46bb3eaf0b4f31. 1 dirs total, 0 dirs full, 0 dirs failed
I20260630 12:16:00.253420 14020 tablet_service.cc:1511] Processing CreateTablet for tablet e1a7b40e37b34c34846d168c38115101 (DEFAULT_TABLE table=test-workload [id=1785d14d21cb4374912ee987afbb47ca]), partition=RANGE (key) PARTITION 1073741820 <= VALUES < 1342177275
I20260630 12:16:00.253691 14168 tablet_service.cc:1511] Processing CreateTablet for tablet e1feec6edd2548b6a9105abc88f2ac8a (DEFAULT_TABLE table=test-workload [id=1785d14d21cb4374912ee987afbb47ca]), partition=RANGE (key) PARTITION 1342177275 <= VALUES < 1610612730
I20260630 12:16:00.254724 14020 data_dirs.cc:400] Could only allocate 1 dirs of requested 3 for tablet e1a7b40e37b34c34846d168c38115101. 1 dirs total, 0 dirs full, 0 dirs failed
I20260630 12:16:00.255019 14168 data_dirs.cc:400] Could only allocate 1 dirs of requested 3 for tablet e1feec6edd2548b6a9105abc88f2ac8a. 1 dirs total, 0 dirs full, 0 dirs failed
I20260630 12:16:00.257478 14019 tablet_service.cc:1511] Processing CreateTablet for tablet e1feec6edd2548b6a9105abc88f2ac8a (DEFAULT_TABLE table=test-workload [id=1785d14d21cb4374912ee987afbb47ca]), partition=RANGE (key) PARTITION 1342177275 <= VALUES < 1610612730
I20260630 12:16:00.258780 14019 data_dirs.cc:400] Could only allocate 1 dirs of requested 3 for tablet e1feec6edd2548b6a9105abc88f2ac8a. 1 dirs total, 0 dirs full, 0 dirs failed
I20260630 12:16:00.262444 14017 tablet_service.cc:1511] Processing CreateTablet for tablet 24109db55329471088c3dcda340090a0 (DEFAULT_TABLE table=test-workload [id=1785d14d21cb4374912ee987afbb47ca]), partition=RANGE (key) PARTITION 1879048185 <= VALUES
I20260630 12:16:00.263692 14017 data_dirs.cc:400] Could only allocate 1 dirs of requested 3 for tablet 24109db55329471088c3dcda340090a0. 1 dirs total, 0 dirs full, 0 dirs failed
I20260630 12:16:00.264752 14018 tablet_service.cc:1511] Processing CreateTablet for tablet 62926036d0e84d15995a5562bffb5ab5 (DEFAULT_TABLE table=test-workload [id=1785d14d21cb4374912ee987afbb47ca]), partition=RANGE (key) PARTITION 1610612730 <= VALUES < 1879048185
I20260630 12:16:00.266012 14018 data_dirs.cc:400] Could only allocate 1 dirs of requested 3 for tablet 62926036d0e84d15995a5562bffb5ab5. 1 dirs total, 0 dirs full, 0 dirs failed
I20260630 12:16:00.317878 14167 tablet_service.cc:1511] Processing CreateTablet for tablet 62926036d0e84d15995a5562bffb5ab5 (DEFAULT_TABLE table=test-workload [id=1785d14d21cb4374912ee987afbb47ca]), partition=RANGE (key) PARTITION 1610612730 <= VALUES < 1879048185
I20260630 12:16:00.319346 14167 data_dirs.cc:400] Could only allocate 1 dirs of requested 3 for tablet 62926036d0e84d15995a5562bffb5ab5. 1 dirs total, 0 dirs full, 0 dirs failed
I20260630 12:16:00.343479 14166 tablet_service.cc:1511] Processing CreateTablet for tablet 24109db55329471088c3dcda340090a0 (DEFAULT_TABLE table=test-workload [id=1785d14d21cb4374912ee987afbb47ca]), partition=RANGE (key) PARTITION 1879048185 <= VALUES
I20260630 12:16:00.344889 14166 data_dirs.cc:400] Could only allocate 1 dirs of requested 3 for tablet 24109db55329471088c3dcda340090a0. 1 dirs total, 0 dirs full, 0 dirs failed
I20260630 12:16:00.372501 14228 tablet_bootstrap.cc:492] T e1feec6edd2548b6a9105abc88f2ac8a P 70e3dc8ae4d348ed84cef3c0c76978ae: Bootstrap starting.
I20260630 12:16:00.389720 14228 tablet_bootstrap.cc:654] T e1feec6edd2548b6a9105abc88f2ac8a P 70e3dc8ae4d348ed84cef3c0c76978ae: Neither blocks nor log segments found. Creating new log.
I20260630 12:16:00.394768 14229 tablet_bootstrap.cc:492] T 24109db55329471088c3dcda340090a0 P c1ba39047c744438acce69dc60ba9021: Bootstrap starting.
I20260630 12:16:00.406314 14229 tablet_bootstrap.cc:654] T 24109db55329471088c3dcda340090a0 P c1ba39047c744438acce69dc60ba9021: Neither blocks nor log segments found. Creating new log.
I20260630 12:16:00.407029 14228 tablet_bootstrap.cc:492] T e1feec6edd2548b6a9105abc88f2ac8a P 70e3dc8ae4d348ed84cef3c0c76978ae: No bootstrap required, opened a new log
I20260630 12:16:00.407547 14228 ts_tablet_manager.cc:1403] T e1feec6edd2548b6a9105abc88f2ac8a P 70e3dc8ae4d348ed84cef3c0c76978ae: Time spent bootstrapping tablet: real 0.035s	user 0.007s	sys 0.005s
I20260630 12:16:00.409583 14230 tablet_bootstrap.cc:492] T e1a7b40e37b34c34846d168c38115101 P edb01c9661f64658847391794c60dd7b: Bootstrap starting.
I20260630 12:16:00.411063 14228 raft_consensus.cc:359] T e1feec6edd2548b6a9105abc88f2ac8a P 70e3dc8ae4d348ed84cef3c0c76978ae [term 0 FOLLOWER]: Replica starting. Triggering 0 pending ops. Active config: opid_index: -1 OBSOLETE_local: false peers { permanent_uuid: "c1ba39047c744438acce69dc60ba9021" member_type: VOTER last_known_addr { host: "127.13.12.193" port: 43861 } } peers { permanent_uuid: "edb01c9661f64658847391794c60dd7b" member_type: VOTER last_known_addr { host: "127.13.12.194" port: 37865 } } peers { permanent_uuid: "70e3dc8ae4d348ed84cef3c0c76978ae" member_type: VOTER last_known_addr { host: "127.13.12.195" port: 42735 } }
I20260630 12:16:00.412177 14228 raft_consensus.cc:385] T e1feec6edd2548b6a9105abc88f2ac8a P 70e3dc8ae4d348ed84cef3c0c76978ae [term 0 FOLLOWER]: Consensus starting up: Expiring failure detector timer to make a prompt election more likely
I20260630 12:16:00.412648 14228 raft_consensus.cc:740] T e1feec6edd2548b6a9105abc88f2ac8a P 70e3dc8ae4d348ed84cef3c0c76978ae [term 0 FOLLOWER]: Becoming Follower/Learner. State: Replica: 70e3dc8ae4d348ed84cef3c0c76978ae, State: Initialized, Role: FOLLOWER
I20260630 12:16:00.413882 14228 consensus_queue.cc:260] T e1feec6edd2548b6a9105abc88f2ac8a P 70e3dc8ae4d348ed84cef3c0c76978ae [NON_LEADER]: Queue going to NON_LEADER mode. State: All replicated index: 0, Majority replicated index: 0, Committed index: 0, Last appended: 0.0, Last appended by leader: 0, Current term: 0, Majority size: -1, State: 0, Mode: NON_LEADER, active raft config: opid_index: -1 OBSOLETE_local: false peers { permanent_uuid: "c1ba39047c744438acce69dc60ba9021" member_type: VOTER last_known_addr { host: "127.13.12.193" port: 43861 } } peers { permanent_uuid: "edb01c9661f64658847391794c60dd7b" member_type: VOTER last_known_addr { host: "127.13.12.194" port: 37865 } } peers { permanent_uuid: "70e3dc8ae4d348ed84cef3c0c76978ae" member_type: VOTER last_known_addr { host: "127.13.12.195" port: 42735 } }
I20260630 12:16:00.415935 14230 tablet_bootstrap.cc:654] T e1a7b40e37b34c34846d168c38115101 P edb01c9661f64658847391794c60dd7b: Neither blocks nor log segments found. Creating new log.
I20260630 12:16:00.417394 14228 ts_tablet_manager.cc:1434] T e1feec6edd2548b6a9105abc88f2ac8a P 70e3dc8ae4d348ed84cef3c0c76978ae: Time spent starting tablet: real 0.010s	user 0.009s	sys 0.000s
I20260630 12:16:00.418427 14228 tablet_bootstrap.cc:492] T e1a7b40e37b34c34846d168c38115101 P 70e3dc8ae4d348ed84cef3c0c76978ae: Bootstrap starting.
I20260630 12:16:00.418537 14229 tablet_bootstrap.cc:492] T 24109db55329471088c3dcda340090a0 P c1ba39047c744438acce69dc60ba9021: No bootstrap required, opened a new log
I20260630 12:16:00.419075 14229 ts_tablet_manager.cc:1403] T 24109db55329471088c3dcda340090a0 P c1ba39047c744438acce69dc60ba9021: Time spent bootstrapping tablet: real 0.025s	user 0.003s	sys 0.016s
I20260630 12:16:00.422446 14229 raft_consensus.cc:359] T 24109db55329471088c3dcda340090a0 P c1ba39047c744438acce69dc60ba9021 [term 0 FOLLOWER]: Replica starting. Triggering 0 pending ops. Active config: opid_index: -1 OBSOLETE_local: false peers { permanent_uuid: "c1ba39047c744438acce69dc60ba9021" member_type: VOTER last_known_addr { host: "127.13.12.193" port: 43861 } } peers { permanent_uuid: "edb01c9661f64658847391794c60dd7b" member_type: VOTER last_known_addr { host: "127.13.12.194" port: 37865 } } peers { permanent_uuid: "70e3dc8ae4d348ed84cef3c0c76978ae" member_type: VOTER last_known_addr { host: "127.13.12.195" port: 42735 } }
I20260630 12:16:00.423570 14229 raft_consensus.cc:385] T 24109db55329471088c3dcda340090a0 P c1ba39047c744438acce69dc60ba9021 [term 0 FOLLOWER]: Consensus starting up: Expiring failure detector timer to make a prompt election more likely
I20260630 12:16:00.423991 14229 raft_consensus.cc:740] T 24109db55329471088c3dcda340090a0 P c1ba39047c744438acce69dc60ba9021 [term 0 FOLLOWER]: Becoming Follower/Learner. State: Replica: c1ba39047c744438acce69dc60ba9021, State: Initialized, Role: FOLLOWER
I20260630 12:16:00.424376 14228 tablet_bootstrap.cc:654] T e1a7b40e37b34c34846d168c38115101 P 70e3dc8ae4d348ed84cef3c0c76978ae: Neither blocks nor log segments found. Creating new log.
I20260630 12:16:00.425050 14229 consensus_queue.cc:260] T 24109db55329471088c3dcda340090a0 P c1ba39047c744438acce69dc60ba9021 [NON_LEADER]: Queue going to NON_LEADER mode. State: All replicated index: 0, Majority replicated index: 0, Committed index: 0, Last appended: 0.0, Last appended by leader: 0, Current term: 0, Majority size: -1, State: 0, Mode: NON_LEADER, active raft config: opid_index: -1 OBSOLETE_local: false peers { permanent_uuid: "c1ba39047c744438acce69dc60ba9021" member_type: VOTER last_known_addr { host: "127.13.12.193" port: 43861 } } peers { permanent_uuid: "edb01c9661f64658847391794c60dd7b" member_type: VOTER last_known_addr { host: "127.13.12.194" port: 37865 } } peers { permanent_uuid: "70e3dc8ae4d348ed84cef3c0c76978ae" member_type: VOTER last_known_addr { host: "127.13.12.195" port: 42735 } }
I20260630 12:16:00.428766 14230 tablet_bootstrap.cc:492] T e1a7b40e37b34c34846d168c38115101 P edb01c9661f64658847391794c60dd7b: No bootstrap required, opened a new log
I20260630 12:16:00.429450 14230 ts_tablet_manager.cc:1403] T e1a7b40e37b34c34846d168c38115101 P edb01c9661f64658847391794c60dd7b: Time spent bootstrapping tablet: real 0.020s	user 0.008s	sys 0.009s
I20260630 12:16:00.431305 14229 ts_tablet_manager.cc:1434] T 24109db55329471088c3dcda340090a0 P c1ba39047c744438acce69dc60ba9021: Time spent starting tablet: real 0.012s	user 0.005s	sys 0.006s
I20260630 12:16:00.432243 14229 tablet_bootstrap.cc:492] T e1feec6edd2548b6a9105abc88f2ac8a P c1ba39047c744438acce69dc60ba9021: Bootstrap starting.
I20260630 12:16:00.432323 14230 raft_consensus.cc:359] T e1a7b40e37b34c34846d168c38115101 P edb01c9661f64658847391794c60dd7b [term 0 FOLLOWER]: Replica starting. Triggering 0 pending ops. Active config: opid_index: -1 OBSOLETE_local: false peers { permanent_uuid: "c1ba39047c744438acce69dc60ba9021" member_type: VOTER last_known_addr { host: "127.13.12.193" port: 43861 } } peers { permanent_uuid: "edb01c9661f64658847391794c60dd7b" member_type: VOTER last_known_addr { host: "127.13.12.194" port: 37865 } } peers { permanent_uuid: "70e3dc8ae4d348ed84cef3c0c76978ae" member_type: VOTER last_known_addr { host: "127.13.12.195" port: 42735 } }
I20260630 12:16:00.433099 14228 tablet_bootstrap.cc:492] T e1a7b40e37b34c34846d168c38115101 P 70e3dc8ae4d348ed84cef3c0c76978ae: No bootstrap required, opened a new log
I20260630 12:16:00.433267 14230 raft_consensus.cc:385] T e1a7b40e37b34c34846d168c38115101 P edb01c9661f64658847391794c60dd7b [term 0 FOLLOWER]: Consensus starting up: Expiring failure detector timer to make a prompt election more likely
I20260630 12:16:00.433638 14228 ts_tablet_manager.cc:1403] T e1a7b40e37b34c34846d168c38115101 P 70e3dc8ae4d348ed84cef3c0c76978ae: Time spent bootstrapping tablet: real 0.015s	user 0.011s	sys 0.003s
