I20260630 12:17:13.492597 16708 leader_election.cc:304] T ff151335815f424e8726e813b782ec0a P 05ddbba9615a4e35bb4dec52995490a2 [CANDIDATE]: Term 1 pre-election: Election decided. Result: candidate won. Election summary: received 2 responses out of 3 voters: 2 yes votes; 0 no votes. yes voters: 05ddbba9615a4e35bb4dec52995490a2, 978ba8822a604c77839200c7573a88c8; no voters: 
I20260630 12:17:13.493361 16977 raft_consensus.cc:2468] T ff151335815f424e8726e813b782ec0a P e33676dd2d62466489a36af639f9ed6d [term 0 FOLLOWER]: Leader pre-election vote request: Granting yes vote for candidate 05ddbba9615a4e35bb4dec52995490a2 in term 0.
I20260630 12:17:13.493588 16907 raft_consensus.cc:2804] T ff151335815f424e8726e813b782ec0a P 05ddbba9615a4e35bb4dec52995490a2 [term 0 FOLLOWER]: Leader pre-election won for term 1
I20260630 12:17:13.494230 16907 raft_consensus.cc:493] T ff151335815f424e8726e813b782ec0a P 05ddbba9615a4e35bb4dec52995490a2 [term 0 FOLLOWER]: Starting leader election (no leader contacted us within the election timeout)
I20260630 12:17:13.494583 16907 raft_consensus.cc:3060] T ff151335815f424e8726e813b782ec0a P 05ddbba9615a4e35bb4dec52995490a2 [term 0 FOLLOWER]: Advancing to term 1
I20260630 12:17:13.496066 17017 ts_tablet_manager.cc:1434] T ff151335815f424e8726e813b782ec0a P e33676dd2d62466489a36af639f9ed6d: Time spent starting tablet: real 0.008s	user 0.007s	sys 0.000s
I20260630 12:17:13.500299 16907 raft_consensus.cc:515] T ff151335815f424e8726e813b782ec0a P 05ddbba9615a4e35bb4dec52995490a2 [term 1 FOLLOWER]: Starting leader election with config: opid_index: -1 OBSOLETE_local: false peers { permanent_uuid: "e33676dd2d62466489a36af639f9ed6d" member_type: VOTER last_known_addr { host: "127.13.88.132" port: 33651 } } peers { permanent_uuid: "978ba8822a604c77839200c7573a88c8" member_type: VOTER last_known_addr { host: "127.13.88.129" port: 32985 } } peers { permanent_uuid: "05ddbba9615a4e35bb4dec52995490a2" member_type: VOTER last_known_addr { host: "127.13.88.130" port: 36427 } }
I20260630 12:17:13.502221 16907 leader_election.cc:290] T ff151335815f424e8726e813b782ec0a P 05ddbba9615a4e35bb4dec52995490a2 [CANDIDATE]: Term 1 election: Requested vote from peers e33676dd2d62466489a36af639f9ed6d (127.13.88.132:33651), 978ba8822a604c77839200c7573a88c8 (127.13.88.129:32985)
I20260630 12:17:13.503060 16977 tablet_service.cc:1917] Received RequestConsensusVote() RPC: tablet_id: "ff151335815f424e8726e813b782ec0a" candidate_uuid: "05ddbba9615a4e35bb4dec52995490a2" candidate_term: 1 candidate_status { last_received { term: 0 index: 0 } } ignore_live_leader: false dest_uuid: "e33676dd2d62466489a36af639f9ed6d"
I20260630 12:17:13.503161 16670 tablet_service.cc:1917] Received RequestConsensusVote() RPC: tablet_id: "ff151335815f424e8726e813b782ec0a" candidate_uuid: "05ddbba9615a4e35bb4dec52995490a2" candidate_term: 1 candidate_status { last_received { term: 0 index: 0 } } ignore_live_leader: false dest_uuid: "978ba8822a604c77839200c7573a88c8"
I20260630 12:17:13.503871 16670 raft_consensus.cc:3060] T ff151335815f424e8726e813b782ec0a P 978ba8822a604c77839200c7573a88c8 [term 0 FOLLOWER]: Advancing to term 1
I20260630 12:17:13.503796 16977 raft_consensus.cc:3060] T ff151335815f424e8726e813b782ec0a P e33676dd2d62466489a36af639f9ed6d [term 0 FOLLOWER]: Advancing to term 1
I20260630 12:17:13.510746 16670 raft_consensus.cc:2468] T ff151335815f424e8726e813b782ec0a P 978ba8822a604c77839200c7573a88c8 [term 1 FOLLOWER]: Leader election vote request: Granting yes vote for candidate 05ddbba9615a4e35bb4dec52995490a2 in term 1.
I20260630 12:17:13.510746 16977 raft_consensus.cc:2468] T ff151335815f424e8726e813b782ec0a P e33676dd2d62466489a36af639f9ed6d [term 1 FOLLOWER]: Leader election vote request: Granting yes vote for candidate 05ddbba9615a4e35bb4dec52995490a2 in term 1.
I20260630 12:17:13.512161 16708 leader_election.cc:304] T ff151335815f424e8726e813b782ec0a P 05ddbba9615a4e35bb4dec52995490a2 [CANDIDATE]: Term 1 election: Election decided. Result: candidate won. Election summary: received 2 responses out of 3 voters: 2 yes votes; 0 no votes. yes voters: 05ddbba9615a4e35bb4dec52995490a2, 978ba8822a604c77839200c7573a88c8; no voters: 
I20260630 12:17:13.513006 16907 raft_consensus.cc:2804] T ff151335815f424e8726e813b782ec0a P 05ddbba9615a4e35bb4dec52995490a2 [term 1 FOLLOWER]: Leader election won for term 1
I20260630 12:17:13.513505 16907 raft_consensus.cc:697] T ff151335815f424e8726e813b782ec0a P 05ddbba9615a4e35bb4dec52995490a2 [term 1 LEADER]: Becoming Leader. State: Replica: 05ddbba9615a4e35bb4dec52995490a2, State: Running, Role: LEADER
I20260630 12:17:13.514236 16907 consensus_queue.cc:237] T ff151335815f424e8726e813b782ec0a P 05ddbba9615a4e35bb4dec52995490a2 [LEADER]: Queue going to LEADER mode. State: All replicated index: 0, Majority replicated index: 0, Committed index: 0, Last appended: 0.0, Last appended by leader: 0, Current term: 1, Majority size: 2, State: 0, Mode: LEADER, active raft config: opid_index: -1 OBSOLETE_local: false peers { permanent_uuid: "e33676dd2d62466489a36af639f9ed6d" member_type: VOTER last_known_addr { host: "127.13.88.132" port: 33651 } } peers { permanent_uuid: "978ba8822a604c77839200c7573a88c8" member_type: VOTER last_known_addr { host: "127.13.88.129" port: 32985 } } peers { permanent_uuid: "05ddbba9615a4e35bb4dec52995490a2" member_type: VOTER last_known_addr { host: "127.13.88.130" port: 36427 } }
I20260630 12:17:13.520617 16568 catalog_manager.cc:5697] T ff151335815f424e8726e813b782ec0a P 05ddbba9615a4e35bb4dec52995490a2 reported cstate change: term changed from 0 to 1, leader changed from <none> to 05ddbba9615a4e35bb4dec52995490a2 (127.13.88.130). New cstate: current_term: 1 leader_uuid: "05ddbba9615a4e35bb4dec52995490a2" committed_config { opid_index: -1 OBSOLETE_local: false peers { permanent_uuid: "e33676dd2d62466489a36af639f9ed6d" member_type: VOTER last_known_addr { host: "127.13.88.132" port: 33651 } health_report { overall_health: UNKNOWN } } peers { permanent_uuid: "978ba8822a604c77839200c7573a88c8" member_type: VOTER last_known_addr { host: "127.13.88.129" port: 32985 } health_report { overall_health: UNKNOWN } } peers { permanent_uuid: "05ddbba9615a4e35bb4dec52995490a2" member_type: VOTER last_known_addr { host: "127.13.88.130" port: 36427 } health_report { overall_health: HEALTHY } } }
I20260630 12:17:13.584578 16926 raft_consensus.cc:493] T 019beb63bf404fcca7879e168738e7aa P 5875c87138fc4e56b0fdc957b74a93ab [term 0 FOLLOWER]: Starting pre-election (no leader contacted us within the election timeout)
I20260630 12:17:13.585151 16926 raft_consensus.cc:515] T 019beb63bf404fcca7879e168738e7aa P 5875c87138fc4e56b0fdc957b74a93ab [term 0 FOLLOWER]: Starting pre-election with config: opid_index: -1 OBSOLETE_local: false peers { permanent_uuid: "978ba8822a604c77839200c7573a88c8" member_type: VOTER last_known_addr { host: "127.13.88.129" port: 32985 } } peers { permanent_uuid: "e33676dd2d62466489a36af639f9ed6d" member_type: VOTER last_known_addr { host: "127.13.88.132" port: 33651 } } peers { permanent_uuid: "5875c87138fc4e56b0fdc957b74a93ab" member_type: VOTER last_known_addr { host: "127.13.88.131" port: 35391 } }
I20260630 12:17:13.586786 16926 leader_election.cc:290] T 019beb63bf404fcca7879e168738e7aa P 5875c87138fc4e56b0fdc957b74a93ab [CANDIDATE]: Term 1 pre-election: Requested pre-vote from peers 978ba8822a604c77839200c7573a88c8 (127.13.88.129:32985), e33676dd2d62466489a36af639f9ed6d (127.13.88.132:33651)
I20260630 12:17:13.587791 16977 tablet_service.cc:1917] Received RequestConsensusVote() RPC: tablet_id: "019beb63bf404fcca7879e168738e7aa" candidate_uuid: "5875c87138fc4e56b0fdc957b74a93ab" candidate_term: 1 candidate_status { last_received { term: 0 index: 0 } } ignore_live_leader: false dest_uuid: "e33676dd2d62466489a36af639f9ed6d" is_pre_election: true
I20260630 12:17:13.587736 16670 tablet_service.cc:1917] Received RequestConsensusVote() RPC: tablet_id: "019beb63bf404fcca7879e168738e7aa" candidate_uuid: "5875c87138fc4e56b0fdc957b74a93ab" candidate_term: 1 candidate_status { last_received { term: 0 index: 0 } } ignore_live_leader: false dest_uuid: "978ba8822a604c77839200c7573a88c8" is_pre_election: true
I20260630 12:17:13.588631 16670 raft_consensus.cc:2468] T 019beb63bf404fcca7879e168738e7aa P 978ba8822a604c77839200c7573a88c8 [term 0 FOLLOWER]: Leader pre-election vote request: Granting yes vote for candidate 5875c87138fc4e56b0fdc957b74a93ab in term 0.
I20260630 12:17:13.588631 16977 raft_consensus.cc:2468] T 019beb63bf404fcca7879e168738e7aa P e33676dd2d62466489a36af639f9ed6d [term 0 FOLLOWER]: Leader pre-election vote request: Granting yes vote for candidate 5875c87138fc4e56b0fdc957b74a93ab in term 0.
I20260630 12:17:13.590097 16782 leader_election.cc:304] T 019beb63bf404fcca7879e168738e7aa P 5875c87138fc4e56b0fdc957b74a93ab [CANDIDATE]: Term 1 pre-election: Election decided. Result: candidate won. Election summary: received 2 responses out of 3 voters: 2 yes votes; 0 no votes. yes voters: 5875c87138fc4e56b0fdc957b74a93ab, 978ba8822a604c77839200c7573a88c8; no voters: 
I20260630 12:17:13.590873 16926 raft_consensus.cc:2804] T 019beb63bf404fcca7879e168738e7aa P 5875c87138fc4e56b0fdc957b74a93ab [term 0 FOLLOWER]: Leader pre-election won for term 1
I20260630 12:17:13.591236 16926 raft_consensus.cc:493] T 019beb63bf404fcca7879e168738e7aa P 5875c87138fc4e56b0fdc957b74a93ab [term 0 FOLLOWER]: Starting leader election (no leader contacted us within the election timeout)
I20260630 12:17:13.591503 16926 raft_consensus.cc:3060] T 019beb63bf404fcca7879e168738e7aa P 5875c87138fc4e56b0fdc957b74a93ab [term 0 FOLLOWER]: Advancing to term 1
I20260630 12:17:13.596130 16926 raft_consensus.cc:515] T 019beb63bf404fcca7879e168738e7aa P 5875c87138fc4e56b0fdc957b74a93ab [term 1 FOLLOWER]: Starting leader election with config: opid_index: -1 OBSOLETE_local: false peers { permanent_uuid: "978ba8822a604c77839200c7573a88c8" member_type: VOTER last_known_addr { host: "127.13.88.129" port: 32985 } } peers { permanent_uuid: "e33676dd2d62466489a36af639f9ed6d" member_type: VOTER last_known_addr { host: "127.13.88.132" port: 33651 } } peers { permanent_uuid: "5875c87138fc4e56b0fdc957b74a93ab" member_type: VOTER last_known_addr { host: "127.13.88.131" port: 35391 } }
I20260630 12:17:13.597815 16926 leader_election.cc:290] T 019beb63bf404fcca7879e168738e7aa P 5875c87138fc4e56b0fdc957b74a93ab [CANDIDATE]: Term 1 election: Requested vote from peers 978ba8822a604c77839200c7573a88c8 (127.13.88.129:32985), e33676dd2d62466489a36af639f9ed6d (127.13.88.132:33651)
I20260630 12:17:13.598606 16670 tablet_service.cc:1917] Received RequestConsensusVote() RPC: tablet_id: "019beb63bf404fcca7879e168738e7aa" candidate_uuid: "5875c87138fc4e56b0fdc957b74a93ab" candidate_term: 1 candidate_status { last_received { term: 0 index: 0 } } ignore_live_leader: false dest_uuid: "978ba8822a604c77839200c7573a88c8"
I20260630 12:17:13.598758 16977 tablet_service.cc:1917] Received RequestConsensusVote() RPC: tablet_id: "019beb63bf404fcca7879e168738e7aa" candidate_uuid: "5875c87138fc4e56b0fdc957b74a93ab" candidate_term: 1 candidate_status { last_received { term: 0 index: 0 } } ignore_live_leader: false dest_uuid: "e33676dd2d62466489a36af639f9ed6d"
I20260630 12:17:13.599177 16670 raft_consensus.cc:3060] T 019beb63bf404fcca7879e168738e7aa P 978ba8822a604c77839200c7573a88c8 [term 0 FOLLOWER]: Advancing to term 1
I20260630 12:17:13.599328 16977 raft_consensus.cc:3060] T 019beb63bf404fcca7879e168738e7aa P e33676dd2d62466489a36af639f9ed6d [term 0 FOLLOWER]: Advancing to term 1
I20260630 12:17:13.603950 16670 raft_consensus.cc:2468] T 019beb63bf404fcca7879e168738e7aa P 978ba8822a604c77839200c7573a88c8 [term 1 FOLLOWER]: Leader election vote request: Granting yes vote for candidate 5875c87138fc4e56b0fdc957b74a93ab in term 1.
I20260630 12:17:13.603950 16977 raft_consensus.cc:2468] T 019beb63bf404fcca7879e168738e7aa P e33676dd2d62466489a36af639f9ed6d [term 1 FOLLOWER]: Leader election vote request: Granting yes vote for candidate 5875c87138fc4e56b0fdc957b74a93ab in term 1.
I20260630 12:17:13.605211 16782 leader_election.cc:304] T 019beb63bf404fcca7879e168738e7aa P 5875c87138fc4e56b0fdc957b74a93ab [CANDIDATE]: Term 1 election: Election decided. Result: candidate won. Election summary: received 2 responses out of 3 voters: 2 yes votes; 0 no votes. yes voters: 5875c87138fc4e56b0fdc957b74a93ab, 978ba8822a604c77839200c7573a88c8; no voters: 
I20260630 12:17:13.605908 16926 raft_consensus.cc:2804] T 019beb63bf404fcca7879e168738e7aa P 5875c87138fc4e56b0fdc957b74a93ab [term 1 FOLLOWER]: Leader election won for term 1
I20260630 12:17:13.606398 16926 raft_consensus.cc:697] T 019beb63bf404fcca7879e168738e7aa P 5875c87138fc4e56b0fdc957b74a93ab [term 1 LEADER]: Becoming Leader. State: Replica: 5875c87138fc4e56b0fdc957b74a93ab, State: Running, Role: LEADER
I20260630 12:17:13.607169 16926 consensus_queue.cc:237] T 019beb63bf404fcca7879e168738e7aa P 5875c87138fc4e56b0fdc957b74a93ab [LEADER]: Queue going to LEADER mode. State: All replicated index: 0, Majority replicated index: 0, Committed index: 0, Last appended: 0.0, Last appended by leader: 0, Current term: 1, Majority size: 2, State: 0, Mode: LEADER, active raft config: opid_index: -1 OBSOLETE_local: false peers { permanent_uuid: "978ba8822a604c77839200c7573a88c8" member_type: VOTER last_known_addr { host: "127.13.88.129" port: 32985 } } peers { permanent_uuid: "e33676dd2d62466489a36af639f9ed6d" member_type: VOTER last_known_addr { host: "127.13.88.132" port: 33651 } } peers { permanent_uuid: "5875c87138fc4e56b0fdc957b74a93ab" member_type: VOTER last_known_addr { host: "127.13.88.131" port: 35391 } }
I20260630 12:17:13.615787 16568 catalog_manager.cc:5697] T 019beb63bf404fcca7879e168738e7aa P 5875c87138fc4e56b0fdc957b74a93ab reported cstate change: term changed from 0 to 1, leader changed from <none> to 5875c87138fc4e56b0fdc957b74a93ab (127.13.88.131). New cstate: current_term: 1 leader_uuid: "5875c87138fc4e56b0fdc957b74a93ab" committed_config { opid_index: -1 OBSOLETE_local: false peers { permanent_uuid: "978ba8822a604c77839200c7573a88c8" member_type: VOTER last_known_addr { host: "127.13.88.129" port: 32985 } health_report { overall_health: UNKNOWN } } peers { permanent_uuid: "e33676dd2d62466489a36af639f9ed6d" member_type: VOTER last_known_addr { host: "127.13.88.132" port: 33651 } health_report { overall_health: UNKNOWN } } peers { permanent_uuid: "5875c87138fc4e56b0fdc957b74a93ab" member_type: VOTER last_known_addr { host: "127.13.88.131" port: 35391 } health_report { overall_health: HEALTHY } } }
I20260630 12:17:13.617797 16907 consensus_queue.cc:1048] T 58e796e474c948999002c18313f4befb P 05ddbba9615a4e35bb4dec52995490a2 [LEADER]: Connected to new peer: Peer: permanent_uuid: "978ba8822a604c77839200c7573a88c8" member_type: VOTER last_known_addr { host: "127.13.88.129" port: 32985 }, Status: LMP_MISMATCH, Last received: 0.0, Next index: 1, Last known committed idx: 0, Time since last communication: 0.000s
I20260630 12:17:13.620271 17039 consensus_queue.cc:1048] T fd5926a5132a41cbb7bda6c16bb3f34b P e33676dd2d62466489a36af639f9ed6d [LEADER]: Connected to new peer: Peer: permanent_uuid: "978ba8822a604c77839200c7573a88c8" member_type: VOTER last_known_addr { host: "127.13.88.129" port: 32985 }, Status: LMP_MISMATCH, Last received: 0.0, Next index: 1, Last known committed idx: 0, Time since last communication: 0.000s
I20260630 12:17:13.638765 17039 raft_consensus.cc:493] T 26eeb164ed234364a71002ca89002000 P e33676dd2d62466489a36af639f9ed6d [term 0 FOLLOWER]: Starting pre-election (no leader contacted us within the election timeout)
I20260630 12:17:13.639289 17039 raft_consensus.cc:515] T 26eeb164ed234364a71002ca89002000 P e33676dd2d62466489a36af639f9ed6d [term 0 FOLLOWER]: Starting pre-election with config: opid_index: -1 OBSOLETE_local: false peers { permanent_uuid: "05ddbba9615a4e35bb4dec52995490a2" member_type: VOTER last_known_addr { host: "127.13.88.130" port: 36427 } } peers { permanent_uuid: "5875c87138fc4e56b0fdc957b74a93ab" member_type: VOTER last_known_addr { host: "127.13.88.131" port: 35391 } } peers { permanent_uuid: "e33676dd2d62466489a36af639f9ed6d" member_type: VOTER last_known_addr { host: "127.13.88.132" port: 33651 } }
I20260630 12:17:13.642241 16745 tablet_service.cc:1917] Received RequestConsensusVote() RPC: tablet_id: "26eeb164ed234364a71002ca89002000" candidate_uuid: "e33676dd2d62466489a36af639f9ed6d" candidate_term: 1 candidate_status { last_received { term: 0 index: 0 } } ignore_live_leader: false dest_uuid: "05ddbba9615a4e35bb4dec52995490a2" is_pre_election: true
I20260630 12:17:13.642943 16745 raft_consensus.cc:2468] T 26eeb164ed234364a71002ca89002000 P 05ddbba9615a4e35bb4dec52995490a2 [term 0 FOLLOWER]: Leader pre-election vote request: Granting yes vote for candidate e33676dd2d62466489a36af639f9ed6d in term 0.
I20260630 12:17:13.644501 16934 leader_election.cc:304] T 26eeb164ed234364a71002ca89002000 P e33676dd2d62466489a36af639f9ed6d [CANDIDATE]: Term 1 pre-election: Election decided. Result: candidate won. Election summary: received 2 responses out of 3 voters: 2 yes votes; 0 no votes. yes voters: 05ddbba9615a4e35bb4dec52995490a2, e33676dd2d62466489a36af639f9ed6d; no voters: 
I20260630 12:17:13.646275 17040 raft_consensus.cc:2804] T 26eeb164ed234364a71002ca89002000 P e33676dd2d62466489a36af639f9ed6d [term 0 FOLLOWER]: Leader pre-election won for term 1
I20260630 12:17:13.646661 17040 raft_consensus.cc:493] T 26eeb164ed234364a71002ca89002000 P e33676dd2d62466489a36af639f9ed6d [term 0 FOLLOWER]: Starting leader election (no leader contacted us within the election timeout)
I20260630 12:17:13.646993 17040 raft_consensus.cc:3060] T 26eeb164ed234364a71002ca89002000 P e33676dd2d62466489a36af639f9ed6d [term 0 FOLLOWER]: Advancing to term 1
I20260630 12:17:13.647671 16907 consensus_queue.cc:1048] T 58e796e474c948999002c18313f4befb P 05ddbba9615a4e35bb4dec52995490a2 [LEADER]: Connected to new peer: Peer: permanent_uuid: "e33676dd2d62466489a36af639f9ed6d" member_type: VOTER last_known_addr { host: "127.13.88.132" port: 33651 }, Status: LMP_MISMATCH, Last received: 0.0, Next index: 1, Last known committed idx: 0, Time since last communication: 0.000s
I20260630 12:17:13.650619 17021 consensus_queue.cc:1048] T fd5926a5132a41cbb7bda6c16bb3f34b P e33676dd2d62466489a36af639f9ed6d [LEADER]: Connected to new peer: Peer: permanent_uuid: "5875c87138fc4e56b0fdc957b74a93ab" member_type: VOTER last_known_addr { host: "127.13.88.131" port: 35391 }, Status: LMP_MISMATCH, Last received: 0.0, Next index: 1, Last known committed idx: 0, Time since last communication: 0.000s
I20260630 12:17:13.652462 17039 leader_election.cc:290] T 26eeb164ed234364a71002ca89002000 P e33676dd2d62466489a36af639f9ed6d [CANDIDATE]: Term 1 pre-election: Requested pre-vote from peers 05ddbba9615a4e35bb4dec52995490a2 (127.13.88.130:36427), 5875c87138fc4e56b0fdc957b74a93ab (127.13.88.131:35391)
I20260630 12:17:13.656380 16817 tablet_service.cc:1917] Received RequestConsensusVote() RPC: tablet_id: "26eeb164ed234364a71002ca89002000" candidate_uuid: "e33676dd2d62466489a36af639f9ed6d" candidate_term: 1 candidate_status { last_received { term: 0 index: 0 } } ignore_live_leader: false dest_uuid: "5875c87138fc4e56b0fdc957b74a93ab" is_pre_election: true
I20260630 12:17:13.657351 16817 raft_consensus.cc:2468] T 26eeb164ed234364a71002ca89002000 P 5875c87138fc4e56b0fdc957b74a93ab [term 0 FOLLOWER]: Leader pre-election vote request: Granting yes vote for candidate e33676dd2d62466489a36af639f9ed6d in term 0.
I20260630 12:17:13.661718 17040 raft_consensus.cc:515] T 26eeb164ed234364a71002ca89002000 P e33676dd2d62466489a36af639f9ed6d [term 1 FOLLOWER]: Starting leader election with config: opid_index: -1 OBSOLETE_local: false peers { permanent_uuid: "05ddbba9615a4e35bb4dec52995490a2" member_type: VOTER last_known_addr { host: "127.13.88.130" port: 36427 } } peers { permanent_uuid: "5875c87138fc4e56b0fdc957b74a93ab" member_type: VOTER last_known_addr { host: "127.13.88.131" port: 35391 } } peers { permanent_uuid: "e33676dd2d62466489a36af639f9ed6d" member_type: VOTER last_known_addr { host: "127.13.88.132" port: 33651 } }
I20260630 12:17:13.664064 17040 leader_election.cc:290] T 26eeb164ed234364a71002ca89002000 P e33676dd2d62466489a36af639f9ed6d [CANDIDATE]: Term 1 election: Requested vote from peers 05ddbba9615a4e35bb4dec52995490a2 (127.13.88.130:36427), 5875c87138fc4e56b0fdc957b74a93ab (127.13.88.131:35391)
I20260630 12:17:13.664856 16745 tablet_service.cc:1917] Received RequestConsensusVote() RPC: tablet_id: "26eeb164ed234364a71002ca89002000" candidate_uuid: "e33676dd2d62466489a36af639f9ed6d" candidate_term: 1 candidate_status { last_received { term: 0 index: 0 } } ignore_live_leader: false dest_uuid: "05ddbba9615a4e35bb4dec52995490a2"
I20260630 12:17:13.665534 16745 raft_consensus.cc:3060] T 26eeb164ed234364a71002ca89002000 P 05ddbba9615a4e35bb4dec52995490a2 [term 0 FOLLOWER]: Advancing to term 1
I20260630 12:17:13.665549 16819 tablet_service.cc:1917] Received RequestConsensusVote() RPC: tablet_id: "26eeb164ed234364a71002ca89002000" candidate_uuid: "e33676dd2d62466489a36af639f9ed6d" candidate_term: 1 candidate_status { last_received { term: 0 index: 0 } } ignore_live_leader: false dest_uuid: "5875c87138fc4e56b0fdc957b74a93ab"
I20260630 12:17:13.677814 16819 raft_consensus.cc:3060] T 26eeb164ed234364a71002ca89002000 P 5875c87138fc4e56b0fdc957b74a93ab [term 0 FOLLOWER]: Advancing to term 1
I20260630 12:17:13.678658 16745 raft_consensus.cc:2468] T 26eeb164ed234364a71002ca89002000 P 05ddbba9615a4e35bb4dec52995490a2 [term 1 FOLLOWER]: Leader election vote request: Granting yes vote for candidate e33676dd2d62466489a36af639f9ed6d in term 1.
I20260630 12:17:13.680006 16934 leader_election.cc:304] T 26eeb164ed234364a71002ca89002000 P e33676dd2d62466489a36af639f9ed6d [CANDIDATE]: Term 1 election: Election decided. Result: candidate won. Election summary: received 2 responses out of 3 voters: 2 yes votes; 0 no votes. yes voters: 05ddbba9615a4e35bb4dec52995490a2, e33676dd2d62466489a36af639f9ed6d; no voters: 
I20260630 12:17:13.680825 17040 raft_consensus.cc:2804] T 26eeb164ed234364a71002ca89002000 P e33676dd2d62466489a36af639f9ed6d [term 1 FOLLOWER]: Leader election won for term 1
I20260630 12:17:13.682052 17040 raft_consensus.cc:697] T 26eeb164ed234364a71002ca89002000 P e33676dd2d62466489a36af639f9ed6d [term 1 LEADER]: Becoming Leader. State: Replica: e33676dd2d62466489a36af639f9ed6d, State: Running, Role: LEADER
I20260630 12:17:13.684444 16819 raft_consensus.cc:2468] T 26eeb164ed234364a71002ca89002000 P 5875c87138fc4e56b0fdc957b74a93ab [term 1 FOLLOWER]: Leader election vote request: Granting yes vote for candidate e33676dd2d62466489a36af639f9ed6d in term 1.
I20260630 12:17:13.682905 17040 consensus_queue.cc:237] T 26eeb164ed234364a71002ca89002000 P e33676dd2d62466489a36af639f9ed6d [LEADER]: Queue going to LEADER mode. State: All replicated index: 0, Majority replicated index: 0, Committed index: 0, Last appended: 0.0, Last appended by leader: 0, Current term: 1, Majority size: 2, State: 0, Mode: LEADER, active raft config: opid_index: -1 OBSOLETE_local: false peers { permanent_uuid: "05ddbba9615a4e35bb4dec52995490a2" member_type: VOTER last_known_addr { host: "127.13.88.130" port: 36427 } } peers { permanent_uuid: "5875c87138fc4e56b0fdc957b74a93ab" member_type: VOTER last_known_addr { host: "127.13.88.131" port: 35391 } } peers { permanent_uuid: "e33676dd2d62466489a36af639f9ed6d" member_type: VOTER last_known_addr { host: "127.13.88.132" port: 33651 } }
I20260630 12:17:13.691650 16564 catalog_manager.cc:5697] T 26eeb164ed234364a71002ca89002000 P e33676dd2d62466489a36af639f9ed6d reported cstate change: term changed from 0 to 1, leader changed from <none> to e33676dd2d62466489a36af639f9ed6d (127.13.88.132). New cstate: current_term: 1 leader_uuid: "e33676dd2d62466489a36af639f9ed6d" committed_config { opid_index: -1 OBSOLETE_local: false peers { permanent_uuid: "05ddbba9615a4e35bb4dec52995490a2" member_type: VOTER last_known_addr { host: "127.13.88.130" port: 36427 } health_report { overall_health: UNKNOWN } } peers { permanent_uuid: "5875c87138fc4e56b0fdc957b74a93ab" member_type: VOTER last_known_addr { host: "127.13.88.131" port: 35391 } health_report { overall_health: UNKNOWN } } peers { permanent_uuid: "e33676dd2d62466489a36af639f9ed6d" member_type: VOTER last_known_addr { host: "127.13.88.132" port: 33651 } health_report { overall_health: HEALTHY } } }
I20260630 12:17:13.698542 17040 consensus_queue.cc:1048] T 6417b946ad784f7980094ed5d19a5d2b P e33676dd2d62466489a36af639f9ed6d [LEADER]: Connected to new peer: Peer: permanent_uuid: "05ddbba9615a4e35bb4dec52995490a2" member_type: VOTER last_known_addr { host: "127.13.88.130" port: 36427 }, Status: LMP_MISMATCH, Last received: 0.0, Next index: 1, Last known committed idx: 0, Time since last communication: 0.000s
I20260630 12:17:13.708658 16668 raft_consensus.cc:3060] T 6417b946ad784f7980094ed5d19a5d2b P 978ba8822a604c77839200c7573a88c8 [term 0 FOLLOWER]: Advancing to term 1
I20260630 12:17:13.716727 17039 consensus_queue.cc:1048] T 6417b946ad784f7980094ed5d19a5d2b P e33676dd2d62466489a36af639f9ed6d [LEADER]: Connected to new peer: Peer: permanent_uuid: "978ba8822a604c77839200c7573a88c8" member_type: VOTER last_known_addr { host: "127.13.88.129" port: 32985 }, Status: LMP_MISMATCH, Last received: 0.0, Next index: 1, Last known committed idx: 0, Time since last communication: 0.000s
I20260630 12:17:13.719982 16621 auto_leader_rebalancer.cc:141] leader rebalance for table range_aware_rebalance_new_range
I20260630 12:17:13.733281 17065 consensus_queue.cc:1048] T 03e46e9509ef44ca959a52b0fcc52dd8 P 05ddbba9615a4e35bb4dec52995490a2 [LEADER]: Connected to new peer: Peer: permanent_uuid: "e33676dd2d62466489a36af639f9ed6d" member_type: VOTER last_known_addr { host: "127.13.88.132" port: 33651 }, Status: LMP_MISMATCH, Last received: 0.0, Next index: 1, Last known committed idx: 0, Time since last communication: 0.001s
I20260630 12:17:13.752053 16907 consensus_queue.cc:1048] T 03e46e9509ef44ca959a52b0fcc52dd8 P 05ddbba9615a4e35bb4dec52995490a2 [LEADER]: Connected to new peer: Peer: permanent_uuid: "5875c87138fc4e56b0fdc957b74a93ab" member_type: VOTER last_known_addr { host: "127.13.88.131" port: 35391 }, Status: LMP_MISMATCH, Last received: 0.0, Next index: 1, Last known committed idx: 0, Time since last communication: 0.000s
I20260630 12:17:13.757833 16621 auto_leader_rebalancer.cc:440] table: range_aware_rebalance_new_range, leader rebalance finish, leader transfer count: 0
I20260630 12:17:13.758756 16621 auto_leader_rebalancer.cc:515] All tables' leader rebalancing finished this round
I20260630 12:17:13.783609 16819 consensus_queue.cc:237] T 3e150bdee06a4b1d9029a1020662fda0 P 5875c87138fc4e56b0fdc957b74a93ab [LEADER]: Queue going to LEADER mode. State: All replicated index: 0, Majority replicated index: 1, Committed index: 1, Last appended: 1.1, Last appended by leader: 0, Current term: 1, Majority size: 2, State: 0, Mode: LEADER, active raft config: opid_index: 2 OBSOLETE_local: false peers { permanent_uuid: "978ba8822a604c77839200c7573a88c8" member_type: VOTER last_known_addr { host: "127.13.88.129" port: 32985 } attrs { replace: true } } peers { permanent_uuid: "05ddbba9615a4e35bb4dec52995490a2" member_type: VOTER last_known_addr { host: "127.13.88.130" port: 36427 } } peers { permanent_uuid: "5875c87138fc4e56b0fdc957b74a93ab" member_type: VOTER last_known_addr { host: "127.13.88.131" port: 35391 } } peers { permanent_uuid: "e33676dd2d62466489a36af639f9ed6d" member_type: NON_VOTER last_known_addr { host: "127.13.88.132" port: 33651 } attrs { promote: true } }
I20260630 12:17:13.786430 17039 consensus_queue.cc:1048] T 315ccdb74a834e7a96f7f33654b3dee8 P e33676dd2d62466489a36af639f9ed6d [LEADER]: Connected to new peer: Peer: permanent_uuid: "978ba8822a604c77839200c7573a88c8" member_type: VOTER last_known_addr { host: "127.13.88.129" port: 32985 }, Status: LMP_MISMATCH, Last received: 0.0, Next index: 1, Last known committed idx: 0, Time since last communication: 0.000s
I20260630 12:17:13.793454 16669 raft_consensus.cc:1275] T 3e150bdee06a4b1d9029a1020662fda0 P 978ba8822a604c77839200c7573a88c8 [term 1 FOLLOWER]: Refusing update from remote peer 5875c87138fc4e56b0fdc957b74a93ab: Log matching property violated. Preceding OpId in replica: term: 1 index: 1. Preceding OpId from leader: term: 1 index: 2. (index mismatch)
W20260630 12:17:13.796243 16783 consensus_peers.cc:597] T 3e150bdee06a4b1d9029a1020662fda0 P 5875c87138fc4e56b0fdc957b74a93ab -> Peer e33676dd2d62466489a36af639f9ed6d (127.13.88.132:33651): Couldn't send request to peer e33676dd2d62466489a36af639f9ed6d. Error code: TABLET_NOT_FOUND (6). Status: Not found: Tablet not found: 3e150bdee06a4b1d9029a1020662fda0. This is attempt 1: this message will repeat every 5th retry.
I20260630 12:17:13.796900 16882 consensus_queue.cc:1048] T 3e150bdee06a4b1d9029a1020662fda0 P 5875c87138fc4e56b0fdc957b74a93ab [LEADER]: Connected to new peer: Peer: permanent_uuid: "978ba8822a604c77839200c7573a88c8" member_type: VOTER last_known_addr { host: "127.13.88.129" port: 32985 } attrs { replace: true }, Status: LMP_MISMATCH, Last received: 0.0, Next index: 2, Last known committed idx: 1, Time since last communication: 0.000s
I20260630 12:17:13.797221 16745 raft_consensus.cc:1275] T 3e150bdee06a4b1d9029a1020662fda0 P 05ddbba9615a4e35bb4dec52995490a2 [term 1 FOLLOWER]: Refusing update from remote peer 5875c87138fc4e56b0fdc957b74a93ab: Log matching property violated. Preceding OpId in replica: term: 1 index: 1. Preceding OpId from leader: term: 1 index: 2. (index mismatch)
I20260630 12:17:13.799772 16926 consensus_queue.cc:1048] T 3e150bdee06a4b1d9029a1020662fda0 P 5875c87138fc4e56b0fdc957b74a93ab [LEADER]: Connected to new peer: Peer: permanent_uuid: "05ddbba9615a4e35bb4dec52995490a2" member_type: VOTER last_known_addr { host: "127.13.88.130" port: 36427 }, Status: LMP_MISMATCH, Last received: 0.0, Next index: 2, Last known committed idx: 1, Time since last communication: 0.000s
I20260630 12:17:13.813047 17021 consensus_queue.cc:1048] T 315ccdb74a834e7a96f7f33654b3dee8 P e33676dd2d62466489a36af639f9ed6d [LEADER]: Connected to new peer: Peer: permanent_uuid: "5875c87138fc4e56b0fdc957b74a93ab" member_type: VOTER last_known_addr { host: "127.13.88.131" port: 35391 }, Status: LMP_MISMATCH, Last received: 0.0, Next index: 1, Last known committed idx: 0, Time since last communication: 0.001s
I20260630 12:17:13.819572 16926 raft_consensus.cc:2955] T 3e150bdee06a4b1d9029a1020662fda0 P 5875c87138fc4e56b0fdc957b74a93ab [term 1 LEADER]: Committing config change with OpId 1.2: config changed from index -1 to 2, NON_VOTER e33676dd2d62466489a36af639f9ed6d (127.13.88.132) added. New config: { opid_index: 2 OBSOLETE_local: false peers { permanent_uuid: "978ba8822a604c77839200c7573a88c8" member_type: VOTER last_known_addr { host: "127.13.88.129" port: 32985 } attrs { replace: true } } peers { permanent_uuid: "05ddbba9615a4e35bb4dec52995490a2" member_type: VOTER last_known_addr { host: "127.13.88.130" port: 36427 } } peers { permanent_uuid: "5875c87138fc4e56b0fdc957b74a93ab" member_type: VOTER last_known_addr { host: "127.13.88.131" port: 35391 } } peers { permanent_uuid: "e33676dd2d62466489a36af639f9ed6d" member_type: NON_VOTER last_known_addr { host: "127.13.88.132" port: 33651 } attrs { promote: true } } }
I20260630 12:17:13.824225 16745 raft_consensus.cc:2955] T 3e150bdee06a4b1d9029a1020662fda0 P 05ddbba9615a4e35bb4dec52995490a2 [term 1 FOLLOWER]: Committing config change with OpId 1.2: config changed from index -1 to 2, NON_VOTER e33676dd2d62466489a36af639f9ed6d (127.13.88.132) added. New config: { opid_index: 2 OBSOLETE_local: false peers { permanent_uuid: "978ba8822a604c77839200c7573a88c8" member_type: VOTER last_known_addr { host: "127.13.88.129" port: 32985 } attrs { replace: true } } peers { permanent_uuid: "05ddbba9615a4e35bb4dec52995490a2" member_type: VOTER last_known_addr { host: "127.13.88.130" port: 36427 } } peers { permanent_uuid: "5875c87138fc4e56b0fdc957b74a93ab" member_type: VOTER last_known_addr { host: "127.13.88.131" port: 35391 } } peers { permanent_uuid: "e33676dd2d62466489a36af639f9ed6d" member_type: NON_VOTER last_known_addr { host: "127.13.88.132" port: 33651 } attrs { promote: true } } }
I20260630 12:17:13.825239 16669 raft_consensus.cc:2955] T 3e150bdee06a4b1d9029a1020662fda0 P 978ba8822a604c77839200c7573a88c8 [term 1 FOLLOWER]: Committing config change with OpId 1.2: config changed from index -1 to 2, NON_VOTER e33676dd2d62466489a36af639f9ed6d (127.13.88.132) added. New config: { opid_index: 2 OBSOLETE_local: false peers { permanent_uuid: "978ba8822a604c77839200c7573a88c8" member_type: VOTER last_known_addr { host: "127.13.88.129" port: 32985 } attrs { replace: true } } peers { permanent_uuid: "05ddbba9615a4e35bb4dec52995490a2" member_type: VOTER last_known_addr { host: "127.13.88.130" port: 36427 } } peers { permanent_uuid: "5875c87138fc4e56b0fdc957b74a93ab" member_type: VOTER last_known_addr { host: "127.13.88.131" port: 35391 } } peers { permanent_uuid: "e33676dd2d62466489a36af639f9ed6d" member_type: NON_VOTER last_known_addr { host: "127.13.88.132" port: 33651 } attrs { promote: true } } }
I20260630 12:17:13.838856 16564 catalog_manager.cc:5697] T 3e150bdee06a4b1d9029a1020662fda0 P 05ddbba9615a4e35bb4dec52995490a2 reported cstate change: config changed from index -1 to 2, NON_VOTER e33676dd2d62466489a36af639f9ed6d (127.13.88.132) added. New cstate: current_term: 1 leader_uuid: "5875c87138fc4e56b0fdc957b74a93ab" committed_config { opid_index: 2 OBSOLETE_local: false peers { permanent_uuid: "978ba8822a604c77839200c7573a88c8" member_type: VOTER last_known_addr { host: "127.13.88.129" port: 32985 } attrs { replace: true } } peers { permanent_uuid: "05ddbba9615a4e35bb4dec52995490a2" member_type: VOTER last_known_addr { host: "127.13.88.130" port: 36427 } } peers { permanent_uuid: "5875c87138fc4e56b0fdc957b74a93ab" member_type: VOTER last_known_addr { host: "127.13.88.131" port: 35391 } } peers { permanent_uuid: "e33676dd2d62466489a36af639f9ed6d" member_type: NON_VOTER last_known_addr { host: "127.13.88.132" port: 33651 } attrs { promote: true } } }
I20260630 12:17:13.860299 16669 consensus_queue.cc:237] T def94ad816994cda8198c6f51646642a P 978ba8822a604c77839200c7573a88c8 [LEADER]: Queue going to LEADER mode. State: All replicated index: 0, Majority replicated index: 1, Committed index: 1, Last appended: 1.1, Last appended by leader: 0, Current term: 1, Majority size: 2, State: 0, Mode: LEADER, active raft config: opid_index: 2 OBSOLETE_local: false peers { permanent_uuid: "978ba8822a604c77839200c7573a88c8" member_type: VOTER last_known_addr { host: "127.13.88.129" port: 32985 } } peers { permanent_uuid: "05ddbba9615a4e35bb4dec52995490a2" member_type: VOTER last_known_addr { host: "127.13.88.130" port: 36427 } attrs { replace: true } } peers { permanent_uuid: "5875c87138fc4e56b0fdc957b74a93ab" member_type: VOTER last_known_addr { host: "127.13.88.131" port: 35391 } } peers { permanent_uuid: "e33676dd2d62466489a36af639f9ed6d" member_type: NON_VOTER last_known_addr { host: "127.13.88.132" port: 33651 } attrs { promote: true } }
I20260630 12:17:13.867098 16818 raft_consensus.cc:1275] T def94ad816994cda8198c6f51646642a P 5875c87138fc4e56b0fdc957b74a93ab [term 1 FOLLOWER]: Refusing update from remote peer 978ba8822a604c77839200c7573a88c8: Log matching property violated. Preceding OpId in replica: term: 1 index: 1. Preceding OpId from leader: term: 1 index: 2. (index mismatch)
I20260630 12:17:13.867947 16745 raft_consensus.cc:1275] T def94ad816994cda8198c6f51646642a P 05ddbba9615a4e35bb4dec52995490a2 [term 1 FOLLOWER]: Refusing update from remote peer 978ba8822a604c77839200c7573a88c8: Log matching property violated. Preceding OpId in replica: term: 1 index: 1. Preceding OpId from leader: term: 1 index: 2. (index mismatch)
W20260630 12:17:13.868643 16634 consensus_peers.cc:597] T def94ad816994cda8198c6f51646642a P 978ba8822a604c77839200c7573a88c8 -> Peer e33676dd2d62466489a36af639f9ed6d (127.13.88.132:33651): Couldn't send request to peer e33676dd2d62466489a36af639f9ed6d. Error code: TABLET_NOT_FOUND (6). Status: Not found: Tablet not found: def94ad816994cda8198c6f51646642a. This is attempt 1: this message will repeat every 5th retry.
I20260630 12:17:13.868974 17088 consensus_queue.cc:1048] T def94ad816994cda8198c6f51646642a P 978ba8822a604c77839200c7573a88c8 [LEADER]: Connected to new peer: Peer: permanent_uuid: "5875c87138fc4e56b0fdc957b74a93ab" member_type: VOTER last_known_addr { host: "127.13.88.131" port: 35391 }, Status: LMP_MISMATCH, Last received: 0.0, Next index: 2, Last known committed idx: 1, Time since last communication: 0.001s
I20260630 12:17:13.870002 16904 consensus_queue.cc:1048] T def94ad816994cda8198c6f51646642a P 978ba8822a604c77839200c7573a88c8 [LEADER]: Connected to new peer: Peer: permanent_uuid: "05ddbba9615a4e35bb4dec52995490a2" member_type: VOTER last_known_addr { host: "127.13.88.130" port: 36427 } attrs { replace: true }, Status: LMP_MISMATCH, Last received: 0.0, Next index: 2, Last known committed idx: 1, Time since last communication: 0.000s
I20260630 12:17:13.877715 16873 raft_consensus.cc:2955] T def94ad816994cda8198c6f51646642a P 978ba8822a604c77839200c7573a88c8 [term 1 LEADER]: Committing config change with OpId 1.2: config changed from index -1 to 2, NON_VOTER e33676dd2d62466489a36af639f9ed6d (127.13.88.132) added. New config: { opid_index: 2 OBSOLETE_local: false peers { permanent_uuid: "978ba8822a604c77839200c7573a88c8" member_type: VOTER last_known_addr { host: "127.13.88.129" port: 32985 } } peers { permanent_uuid: "05ddbba9615a4e35bb4dec52995490a2" member_type: VOTER last_known_addr { host: "127.13.88.130" port: 36427 } attrs { replace: true } } peers { permanent_uuid: "5875c87138fc4e56b0fdc957b74a93ab" member_type: VOTER last_known_addr { host: "127.13.88.131" port: 35391 } } peers { permanent_uuid: "e33676dd2d62466489a36af639f9ed6d" member_type: NON_VOTER last_known_addr { host: "127.13.88.132" port: 33651 } attrs { promote: true } } }
I20260630 12:17:13.879498 16745 raft_consensus.cc:2955] T def94ad816994cda8198c6f51646642a P 05ddbba9615a4e35bb4dec52995490a2 [term 1 FOLLOWER]: Committing config change with OpId 1.2: config changed from index -1 to 2, NON_VOTER e33676dd2d62466489a36af639f9ed6d (127.13.88.132) added. New config: { opid_index: 2 OBSOLETE_local: false peers { permanent_uuid: "978ba8822a604c77839200c7573a88c8" member_type: VOTER last_known_addr { host: "127.13.88.129" port: 32985 } } peers { permanent_uuid: "05ddbba9615a4e35bb4dec52995490a2" member_type: VOTER last_known_addr { host: "127.13.88.130" port: 36427 } attrs { replace: true } } peers { permanent_uuid: "5875c87138fc4e56b0fdc957b74a93ab" member_type: VOTER last_known_addr { host: "127.13.88.131" port: 35391 } } peers { permanent_uuid: "e33676dd2d62466489a36af639f9ed6d" member_type: NON_VOTER last_known_addr { host: "127.13.88.132" port: 33651 } attrs { promote: true } } }
I20260630 12:17:13.879576 16818 raft_consensus.cc:2955] T def94ad816994cda8198c6f51646642a P 5875c87138fc4e56b0fdc957b74a93ab [term 1 FOLLOWER]: Committing config change with OpId 1.2: config changed from index -1 to 2, NON_VOTER e33676dd2d62466489a36af639f9ed6d (127.13.88.132) added. New config: { opid_index: 2 OBSOLETE_local: false peers { permanent_uuid: "978ba8822a604c77839200c7573a88c8" member_type: VOTER last_known_addr { host: "127.13.88.129" port: 32985 } } peers { permanent_uuid: "05ddbba9615a4e35bb4dec52995490a2" member_type: VOTER last_known_addr { host: "127.13.88.130" port: 36427 } attrs { replace: true } } peers { permanent_uuid: "5875c87138fc4e56b0fdc957b74a93ab" member_type: VOTER last_known_addr { host: "127.13.88.131" port: 35391 } } peers { permanent_uuid: "e33676dd2d62466489a36af639f9ed6d" member_type: NON_VOTER last_known_addr { host: "127.13.88.132" port: 33651 } attrs { promote: true } } }
I20260630 12:17:13.892459 16669 consensus_queue.cc:237] T 6b5f26c9aa864f18b15b3c28491fc16c P 978ba8822a604c77839200c7573a88c8 [LEADER]: Queue going to LEADER mode. State: All replicated index: 0, Majority replicated index: 1, Committed index: 1, Last appended: 1.1, Last appended by leader: 0, Current term: 1, Majority size: 2, State: 0, Mode: LEADER, active raft config: opid_index: 2 OBSOLETE_local: false peers { permanent_uuid: "05ddbba9615a4e35bb4dec52995490a2" member_type: VOTER last_known_addr { host: "127.13.88.130" port: 36427 } } peers { permanent_uuid: "978ba8822a604c77839200c7573a88c8" member_type: VOTER last_known_addr { host: "127.13.88.129" port: 32985 } } peers { permanent_uuid: "5875c87138fc4e56b0fdc957b74a93ab" member_type: VOTER last_known_addr { host: "127.13.88.131" port: 35391 } attrs { replace: true } } peers { permanent_uuid: "e33676dd2d62466489a36af639f9ed6d" member_type: NON_VOTER last_known_addr { host: "127.13.88.132" port: 33651 } attrs { promote: true } }
I20260630 12:17:13.893733 16568 catalog_manager.cc:5697] T def94ad816994cda8198c6f51646642a P 978ba8822a604c77839200c7573a88c8 reported cstate change: config changed from index -1 to 2, NON_VOTER e33676dd2d62466489a36af639f9ed6d (127.13.88.132) added. New cstate: current_term: 1 leader_uuid: "978ba8822a604c77839200c7573a88c8" committed_config { opid_index: 2 OBSOLETE_local: false peers { permanent_uuid: "978ba8822a604c77839200c7573a88c8" member_type: VOTER last_known_addr { host: "127.13.88.129" port: 32985 } health_report { overall_health: HEALTHY } } peers { permanent_uuid: "05ddbba9615a4e35bb4dec52995490a2" member_type: VOTER last_known_addr { host: "127.13.88.130" port: 36427 } attrs { replace: true } health_report { overall_health: HEALTHY } } peers { permanent_uuid: "5875c87138fc4e56b0fdc957b74a93ab" member_type: VOTER last_known_addr { host: "127.13.88.131" port: 35391 } health_report { overall_health: HEALTHY } } peers { permanent_uuid: "e33676dd2d62466489a36af639f9ed6d" member_type: NON_VOTER last_known_addr { host: "127.13.88.132" port: 33651 } attrs { promote: true } health_report { overall_health: UNKNOWN } } }
I20260630 12:17:13.899904 16818 raft_consensus.cc:1275] T 6b5f26c9aa864f18b15b3c28491fc16c P 5875c87138fc4e56b0fdc957b74a93ab [term 1 FOLLOWER]: Refusing update from remote peer 978ba8822a604c77839200c7573a88c8: Log matching property violated. Preceding OpId in replica: term: 1 index: 1. Preceding OpId from leader: term: 1 index: 2. (index mismatch)
W20260630 12:17:13.901182 16634 consensus_peers.cc:597] T 6b5f26c9aa864f18b15b3c28491fc16c P 978ba8822a604c77839200c7573a88c8 -> Peer e33676dd2d62466489a36af639f9ed6d (127.13.88.132:33651): Couldn't send request to peer e33676dd2d62466489a36af639f9ed6d. Error code: TABLET_NOT_FOUND (6). Status: Not found: Tablet not found: 6b5f26c9aa864f18b15b3c28491fc16c. This is attempt 1: this message will repeat every 5th retry.
I20260630 12:17:13.903436 16904 consensus_queue.cc:1048] T 6b5f26c9aa864f18b15b3c28491fc16c P 978ba8822a604c77839200c7573a88c8 [LEADER]: Connected to new peer: Peer: permanent_uuid: "5875c87138fc4e56b0fdc957b74a93ab" member_type: VOTER last_known_addr { host: "127.13.88.131" port: 35391 } attrs { replace: true }, Status: LMP_MISMATCH, Last received: 0.0, Next index: 2, Last known committed idx: 1, Time since last communication: 0.000s
I20260630 12:17:13.912233 16904 raft_consensus.cc:2955] T 6b5f26c9aa864f18b15b3c28491fc16c P 978ba8822a604c77839200c7573a88c8 [term 1 LEADER]: Committing config change with OpId 1.2: config changed from index -1 to 2, NON_VOTER e33676dd2d62466489a36af639f9ed6d (127.13.88.132) added. New config: { opid_index: 2 OBSOLETE_local: false peers { permanent_uuid: "05ddbba9615a4e35bb4dec52995490a2" member_type: VOTER last_known_addr { host: "127.13.88.130" port: 36427 } } peers { permanent_uuid: "978ba8822a604c77839200c7573a88c8" member_type: VOTER last_known_addr { host: "127.13.88.129" port: 32985 } } peers { permanent_uuid: "5875c87138fc4e56b0fdc957b74a93ab" member_type: VOTER last_known_addr { host: "127.13.88.131" port: 35391 } attrs { replace: true } } peers { permanent_uuid: "e33676dd2d62466489a36af639f9ed6d" member_type: NON_VOTER last_known_addr { host: "127.13.88.132" port: 33651 } attrs { promote: true } } }
I20260630 12:17:13.914274 16818 raft_consensus.cc:2955] T 6b5f26c9aa864f18b15b3c28491fc16c P 5875c87138fc4e56b0fdc957b74a93ab [term 1 FOLLOWER]: Committing config change with OpId 1.2: config changed from index -1 to 2, NON_VOTER e33676dd2d62466489a36af639f9ed6d (127.13.88.132) added. New config: { opid_index: 2 OBSOLETE_local: false peers { permanent_uuid: "05ddbba9615a4e35bb4dec52995490a2" member_type: VOTER last_known_addr { host: "127.13.88.130" port: 36427 } } peers { permanent_uuid: "978ba8822a604c77839200c7573a88c8" member_type: VOTER last_known_addr { host: "127.13.88.129" port: 32985 } } peers { permanent_uuid: "5875c87138fc4e56b0fdc957b74a93ab" member_type: VOTER last_known_addr { host: "127.13.88.131" port: 35391 } attrs { replace: true } } peers { permanent_uuid: "e33676dd2d62466489a36af639f9ed6d" member_type: NON_VOTER last_known_addr { host: "127.13.88.132" port: 33651 } attrs { promote: true } } }
I20260630 12:17:13.912247 16745 raft_consensus.cc:1275] T 6b5f26c9aa864f18b15b3c28491fc16c P 05ddbba9615a4e35bb4dec52995490a2 [term 1 FOLLOWER]: Refusing update from remote peer 978ba8822a604c77839200c7573a88c8: Log matching property violated. Preceding OpId in replica: term: 1 index: 1. Preceding OpId from leader: term: 1 index: 2. (index mismatch)
I20260630 12:17:13.918756 17088 consensus_queue.cc:1048] T 6b5f26c9aa864f18b15b3c28491fc16c P 978ba8822a604c77839200c7573a88c8 [LEADER]: Connected to new peer: Peer: permanent_uuid: "05ddbba9615a4e35bb4dec52995490a2" member_type: VOTER last_known_addr { host: "127.13.88.130" port: 36427 }, Status: LMP_MISMATCH, Last received: 0.0, Next index: 2, Last known committed idx: 1, Time since last communication: 0.000s
I20260630 12:17:13.927639 16819 consensus_queue.cc:237] T eb84a7ed2fa9455894d9b91d9dc18836 P 5875c87138fc4e56b0fdc957b74a93ab [LEADER]: Queue going to LEADER mode. State: All replicated index: 0, Majority replicated index: 1, Committed index: 1, Last appended: 1.1, Last appended by leader: 0, Current term: 1, Majority size: 2, State: 0, Mode: LEADER, active raft config: opid_index: 2 OBSOLETE_local: false peers { permanent_uuid: "05ddbba9615a4e35bb4dec52995490a2" member_type: VOTER last_known_addr { host: "127.13.88.130" port: 36427 } } peers { permanent_uuid: "978ba8822a604c77839200c7573a88c8" member_type: VOTER last_known_addr { host: "127.13.88.129" port: 32985 } attrs { replace: true } } peers { permanent_uuid: "5875c87138fc4e56b0fdc957b74a93ab" member_type: VOTER last_known_addr { host: "127.13.88.131" port: 35391 } } peers { permanent_uuid: "e33676dd2d62466489a36af639f9ed6d" member_type: NON_VOTER last_known_addr { host: "127.13.88.132" port: 33651 } attrs { promote: true } }
I20260630 12:17:13.927767 16745 raft_consensus.cc:2955] T 6b5f26c9aa864f18b15b3c28491fc16c P 05ddbba9615a4e35bb4dec52995490a2 [term 1 FOLLOWER]: Committing config change with OpId 1.2: config changed from index -1 to 2, NON_VOTER e33676dd2d62466489a36af639f9ed6d (127.13.88.132) added. New config: { opid_index: 2 OBSOLETE_local: false peers { permanent_uuid: "05ddbba9615a4e35bb4dec52995490a2" member_type: VOTER last_known_addr { host: "127.13.88.130" port: 36427 } } peers { permanent_uuid: "978ba8822a604c77839200c7573a88c8" member_type: VOTER last_known_addr { host: "127.13.88.129" port: 32985 } } peers { permanent_uuid: "5875c87138fc4e56b0fdc957b74a93ab" member_type: VOTER last_known_addr { host: "127.13.88.131" port: 35391 } attrs { replace: true } } peers { permanent_uuid: "e33676dd2d62466489a36af639f9ed6d" member_type: NON_VOTER last_known_addr { host: "127.13.88.132" port: 33651 } attrs { promote: true } } }
I20260630 12:17:13.930325 16565 catalog_manager.cc:5697] T 6b5f26c9aa864f18b15b3c28491fc16c P 978ba8822a604c77839200c7573a88c8 reported cstate change: config changed from index -1 to 2, NON_VOTER e33676dd2d62466489a36af639f9ed6d (127.13.88.132) added. New cstate: current_term: 1 leader_uuid: "978ba8822a604c77839200c7573a88c8" committed_config { opid_index: 2 OBSOLETE_local: false peers { permanent_uuid: "05ddbba9615a4e35bb4dec52995490a2" member_type: VOTER last_known_addr { host: "127.13.88.130" port: 36427 } health_report { overall_health: UNKNOWN } } peers { permanent_uuid: "978ba8822a604c77839200c7573a88c8" member_type: VOTER last_known_addr { host: "127.13.88.129" port: 32985 } health_report { overall_health: HEALTHY } } peers { permanent_uuid: "5875c87138fc4e56b0fdc957b74a93ab" member_type: VOTER last_known_addr { host: "127.13.88.131" port: 35391 } attrs { replace: true } health_report { overall_health: HEALTHY } } peers { permanent_uuid: "e33676dd2d62466489a36af639f9ed6d" member_type: NON_VOTER last_known_addr { host: "127.13.88.132" port: 33651 } attrs { promote: true } health_report { overall_health: UNKNOWN } } }
I20260630 12:17:13.937018 16669 raft_consensus.cc:1275] T eb84a7ed2fa9455894d9b91d9dc18836 P 978ba8822a604c77839200c7573a88c8 [term 1 FOLLOWER]: Refusing update from remote peer 5875c87138fc4e56b0fdc957b74a93ab: Log matching property violated. Preceding OpId in replica: term: 1 index: 1. Preceding OpId from leader: term: 1 index: 2. (index mismatch)
W20260630 12:17:13.936933 16783 consensus_peers.cc:597] T eb84a7ed2fa9455894d9b91d9dc18836 P 5875c87138fc4e56b0fdc957b74a93ab -> Peer e33676dd2d62466489a36af639f9ed6d (127.13.88.132:33651): Couldn't send request to peer e33676dd2d62466489a36af639f9ed6d. Error code: TABLET_NOT_FOUND (6). Status: Not found: Tablet not found: eb84a7ed2fa9455894d9b91d9dc18836. This is attempt 1: this message will repeat every 5th retry.
