format_stamp: "Formatted at 2026-06-30 12:16:59 on dist-test-slave-k49h"
I20260630 12:16:59.724277 13400 fs_report.cc:389] FS layout report
--------------------
wal directory: /tmp/dist-test-taskZK7Y_6/test-tmp/auto_rebalancer-test.0.AutoRebalancerTest.NoReplicaMovesIfNoTablets.1782821749353850-13400-0/minicluster-data/ts-0-root
metadata directory: /tmp/dist-test-taskZK7Y_6/test-tmp/auto_rebalancer-test.0.AutoRebalancerTest.NoReplicaMovesIfNoTablets.1782821749353850-13400-0/minicluster-data/ts-0-root
1 data directories: /tmp/dist-test-taskZK7Y_6/test-tmp/auto_rebalancer-test.0.AutoRebalancerTest.NoReplicaMovesIfNoTablets.1782821749353850-13400-0/minicluster-data/ts-0-root/data
Total live blocks: 0
Total live bytes: 0
Total live bytes (after alignment): 0
Total number of LBM containers: 0 (0 full)
Did not check for missing blocks
Did not check for orphaned blocks
Total full LBM containers with extra space: 0 (0 repaired)
Total full LBM container extra space in bytes: 0 (0 repaired)
Total incomplete LBM containers: 0 (0 repaired)
Total LBM partial records: 0 (0 repaired)
Total corrupted LBM metadata records in RocksDB: 0 (0 repaired)
I20260630 12:16:59.744407 13400 rpc_server.cc:225] running with OpenSSL 1.1.1  11 Sep 2018
I20260630 12:16:59.745779 13400 kserver.cc:163] Server-wide thread pool size limit: 3276
I20260630 12:16:59.747387 13400 txn_system_client.cc:432] TxnSystemClient initialization is disabled...
I20260630 12:16:59.749995 13400 ts_tablet_manager.cc:585] Loaded tablet metadata (0 total tablets, 0 live tablets)
I20260630 12:16:59.750249 13400 ts_tablet_manager.cc:531] Time spent load tablet metadata: real 0.000s	user 0.000s	sys 0.000s
I20260630 12:16:59.750504 13400 ts_tablet_manager.cc:616] Registered 0 tablets
I20260630 12:16:59.750696 13400 ts_tablet_manager.cc:595] Time spent register tablets: real 0.000s	user 0.000s	sys 0.000s
I20260630 12:16:59.793463 13400 rpc_server.cc:307] RPC server started. Bound to: 127.13.22.1:34883
I20260630 12:16:59.793610 15752 acceptor_pool.cc:272] collecting diagnostics on the listening RPC socket 127.13.22.1:34883 every 8 connection(s)
I20260630 12:16:59.798439 13400 file_cache.cc:492] Constructed file cache file cache with capacity 419430
W20260630 12:16:59.822141 15759 instance_detector.cc:116] could not retrieve Azure instance metadata: Network error: curl error: HTTP response code said error: The requested URL returned error: 404
W20260630 12:16:59.824102 15758 instance_detector.cc:116] could not retrieve AWS instance metadata: Network error: curl error: HTTP response code said error: The requested URL returned error: 404
W20260630 12:16:59.830799 15761 instance_detector.cc:116] could not retrieve OpenStack instance metadata: Network error: curl error: HTTP response code said error: The requested URL returned error: 404
I20260630 12:16:59.831972 13400 server_base.cc:1061] running on GCE node
I20260630 12:16:59.833014 13400 hybrid_clock.cc:584] initializing the hybrid clock with 'system_unsync' time source
W20260630 12:16:59.833251 13400 system_unsync_time.cc:38] NTP support is disabled. Clock error bounds will not be accurate. This configuration is not suitable for distributed clusters.
I20260630 12:16:59.833447 13400 hybrid_clock.cc:648] HybridClock initialized: now 1782821819833431 us; error 0 us; skew 500 ppm
I20260630 12:16:59.834009 13400 server_base.cc:861] Flag tcmalloc_max_total_thread_cache_bytes is not working since tcmalloc is not enabled.
I20260630 12:16:59.838606 13400 webserver.cc:533] Webserver started at http://127.13.22.2:33593/ using document root <none> and password file <none>
I20260630 12:16:59.839401 13400 fs_manager.cc:362] Metadata directory not provided
I20260630 12:16:59.839672 13400 fs_manager.cc:368] Using write-ahead log directory (fs_wal_dir) as metadata directory
I20260630 12:16:59.840176 13400 server_base.cc:909] This appears to be a new deployment of Kudu; creating new FS layout
I20260630 12:16:59.840384 15753 heartbeater.cc:344] Connected to a master server at 127.13.22.62:35153
I20260630 12:16:59.840937 15753 heartbeater.cc:461] Registering TS with master...
I20260630 12:16:59.841845 15753 heartbeater.cc:507] Master 127.13.22.62:35153 requested a full tablet report, sending...
I20260630 12:16:59.841913 13400 fs_manager.cc:1068] Generated new instance metadata in path /tmp/dist-test-taskZK7Y_6/test-tmp/auto_rebalancer-test.0.AutoRebalancerTest.NoReplicaMovesIfNoTablets.1782821749353850-13400-0/minicluster-data/ts-1-root/instance:
uuid: "a8ad86510cfc46f09fe3986778f7f8f0"
format_stamp: "Formatted at 2026-06-30 12:16:59 on dist-test-slave-k49h"
I20260630 12:16:59.844831 15626 ts_manager.cc:194] Registered new tserver with Master: 443c5f15abf64fd8a3d60575e9172d25 (127.13.22.1:34883)
I20260630 12:16:59.846994 15626 master_service.cc:502] Signed X509 certificate for tserver {username='slave'} at 127.0.0.1:34826
I20260630 12:16:59.848469 13400 fs_manager.cc:696] Time spent creating directory manager: real 0.006s	user 0.006s	sys 0.001s
I20260630 12:16:59.852370 15766 log_block_manager.cc:4031] Time spent loading block containers with low live blocks: real 0.000s	user 0.000s	sys 0.000s
I20260630 12:16:59.853235 13400 fs_manager.cc:730] Time spent opening block manager: real 0.003s	user 0.003s	sys 0.000s
I20260630 12:16:59.853562 13400 fs_manager.cc:647] Opened local filesystem: /tmp/dist-test-taskZK7Y_6/test-tmp/auto_rebalancer-test.0.AutoRebalancerTest.NoReplicaMovesIfNoTablets.1782821749353850-13400-0/minicluster-data/ts-1-root
uuid: "a8ad86510cfc46f09fe3986778f7f8f0"
format_stamp: "Formatted at 2026-06-30 12:16:59 on dist-test-slave-k49h"
I20260630 12:16:59.853819 13400 fs_report.cc:389] FS layout report
--------------------
wal directory: /tmp/dist-test-taskZK7Y_6/test-tmp/auto_rebalancer-test.0.AutoRebalancerTest.NoReplicaMovesIfNoTablets.1782821749353850-13400-0/minicluster-data/ts-1-root
metadata directory: /tmp/dist-test-taskZK7Y_6/test-tmp/auto_rebalancer-test.0.AutoRebalancerTest.NoReplicaMovesIfNoTablets.1782821749353850-13400-0/minicluster-data/ts-1-root
1 data directories: /tmp/dist-test-taskZK7Y_6/test-tmp/auto_rebalancer-test.0.AutoRebalancerTest.NoReplicaMovesIfNoTablets.1782821749353850-13400-0/minicluster-data/ts-1-root/data
Total live blocks: 0
Total live bytes: 0
Total live bytes (after alignment): 0
Total number of LBM containers: 0 (0 full)
Did not check for missing blocks
Did not check for orphaned blocks
Total full LBM containers with extra space: 0 (0 repaired)
Total full LBM container extra space in bytes: 0 (0 repaired)
Total incomplete LBM containers: 0 (0 repaired)
Total LBM partial records: 0 (0 repaired)
Total corrupted LBM metadata records in RocksDB: 0 (0 repaired)
I20260630 12:16:59.867964 13400 rpc_server.cc:225] running with OpenSSL 1.1.1  11 Sep 2018
I20260630 12:16:59.869463 13400 kserver.cc:163] Server-wide thread pool size limit: 3276
I20260630 12:16:59.871059 13400 txn_system_client.cc:432] TxnSystemClient initialization is disabled...
I20260630 12:16:59.873602 13400 ts_tablet_manager.cc:585] Loaded tablet metadata (0 total tablets, 0 live tablets)
I20260630 12:16:59.873862 13400 ts_tablet_manager.cc:531] Time spent load tablet metadata: real 0.000s	user 0.000s	sys 0.000s
I20260630 12:16:59.874112 13400 ts_tablet_manager.cc:616] Registered 0 tablets
I20260630 12:16:59.874297 13400 ts_tablet_manager.cc:595] Time spent register tablets: real 0.000s	user 0.000s	sys 0.000s
I20260630 12:16:59.916844 13400 rpc_server.cc:307] RPC server started. Bound to: 127.13.22.2:39929
I20260630 12:16:59.916944 15828 acceptor_pool.cc:272] collecting diagnostics on the listening RPC socket 127.13.22.2:39929 every 8 connection(s)
I20260630 12:16:59.922727 13400 file_cache.cc:492] Constructed file cache file cache with capacity 419430
W20260630 12:16:59.931092 15832 instance_detector.cc:116] could not retrieve AWS instance metadata: Network error: curl error: HTTP response code said error: The requested URL returned error: 404
W20260630 12:16:59.932745 15833 instance_detector.cc:116] could not retrieve Azure instance metadata: Network error: curl error: HTTP response code said error: The requested URL returned error: 404
I20260630 12:16:59.937073 15829 heartbeater.cc:344] Connected to a master server at 127.13.22.62:35153
I20260630 12:16:59.937525 15829 heartbeater.cc:461] Registering TS with master...
I20260630 12:16:59.937546 13400 server_base.cc:1061] running on GCE node
W20260630 12:16:59.938356 15835 instance_detector.cc:116] could not retrieve OpenStack instance metadata: Network error: curl error: HTTP response code said error: The requested URL returned error: 404
I20260630 12:16:59.938637 15829 heartbeater.cc:507] Master 127.13.22.62:35153 requested a full tablet report, sending...
I20260630 12:16:59.939306 13400 hybrid_clock.cc:584] initializing the hybrid clock with 'system_unsync' time source
W20260630 12:16:59.939571 13400 system_unsync_time.cc:38] NTP support is disabled. Clock error bounds will not be accurate. This configuration is not suitable for distributed clusters.
I20260630 12:16:59.939776 13400 hybrid_clock.cc:648] HybridClock initialized: now 1782821819939757 us; error 0 us; skew 500 ppm
I20260630 12:16:59.940411 13400 server_base.cc:861] Flag tcmalloc_max_total_thread_cache_bytes is not working since tcmalloc is not enabled.
I20260630 12:16:59.940927 15626 ts_manager.cc:194] Registered new tserver with Master: a8ad86510cfc46f09fe3986778f7f8f0 (127.13.22.2:39929)
I20260630 12:16:59.942603 15626 master_service.cc:502] Signed X509 certificate for tserver {username='slave'} at 127.0.0.1:34840
I20260630 12:16:59.943042 13400 webserver.cc:533] Webserver started at http://127.13.22.3:36159/ using document root <none> and password file <none>
I20260630 12:16:59.943624 13400 fs_manager.cc:362] Metadata directory not provided
I20260630 12:16:59.943862 13400 fs_manager.cc:368] Using write-ahead log directory (fs_wal_dir) as metadata directory
I20260630 12:16:59.944132 13400 server_base.cc:909] This appears to be a new deployment of Kudu; creating new FS layout
I20260630 12:16:59.945327 13400 fs_manager.cc:1068] Generated new instance metadata in path /tmp/dist-test-taskZK7Y_6/test-tmp/auto_rebalancer-test.0.AutoRebalancerTest.NoReplicaMovesIfNoTablets.1782821749353850-13400-0/minicluster-data/ts-2-root/instance:
uuid: "e6666034f343431ab95e828f4ce37ae3"
format_stamp: "Formatted at 2026-06-30 12:16:59 on dist-test-slave-k49h"
I20260630 12:16:59.949635 13400 fs_manager.cc:696] Time spent creating directory manager: real 0.004s	user 0.004s	sys 0.000s
I20260630 12:16:59.952906 15840 log_block_manager.cc:4031] Time spent loading block containers with low live blocks: real 0.000s	user 0.000s	sys 0.000s
I20260630 12:16:59.953804 13400 fs_manager.cc:730] Time spent opening block manager: real 0.002s	user 0.002s	sys 0.001s
I20260630 12:16:59.954190 13400 fs_manager.cc:647] Opened local filesystem: /tmp/dist-test-taskZK7Y_6/test-tmp/auto_rebalancer-test.0.AutoRebalancerTest.NoReplicaMovesIfNoTablets.1782821749353850-13400-0/minicluster-data/ts-2-root
uuid: "e6666034f343431ab95e828f4ce37ae3"
format_stamp: "Formatted at 2026-06-30 12:16:59 on dist-test-slave-k49h"
I20260630 12:16:59.954445 13400 fs_report.cc:389] FS layout report
--------------------
wal directory: /tmp/dist-test-taskZK7Y_6/test-tmp/auto_rebalancer-test.0.AutoRebalancerTest.NoReplicaMovesIfNoTablets.1782821749353850-13400-0/minicluster-data/ts-2-root
metadata directory: /tmp/dist-test-taskZK7Y_6/test-tmp/auto_rebalancer-test.0.AutoRebalancerTest.NoReplicaMovesIfNoTablets.1782821749353850-13400-0/minicluster-data/ts-2-root
1 data directories: /tmp/dist-test-taskZK7Y_6/test-tmp/auto_rebalancer-test.0.AutoRebalancerTest.NoReplicaMovesIfNoTablets.1782821749353850-13400-0/minicluster-data/ts-2-root/data
Total live blocks: 0
Total live bytes: 0
Total live bytes (after alignment): 0
Total number of LBM containers: 0 (0 full)
Did not check for missing blocks
Did not check for orphaned blocks
Total full LBM containers with extra space: 0 (0 repaired)
Total full LBM container extra space in bytes: 0 (0 repaired)
Total incomplete LBM containers: 0 (0 repaired)
Total LBM partial records: 0 (0 repaired)
Total corrupted LBM metadata records in RocksDB: 0 (0 repaired)
I20260630 12:16:59.976486 13400 rpc_server.cc:225] running with OpenSSL 1.1.1  11 Sep 2018
I20260630 12:16:59.977774 13400 kserver.cc:163] Server-wide thread pool size limit: 3276
I20260630 12:16:59.979246 13400 txn_system_client.cc:432] TxnSystemClient initialization is disabled...
I20260630 12:16:59.981607 13400 ts_tablet_manager.cc:585] Loaded tablet metadata (0 total tablets, 0 live tablets)
I20260630 12:16:59.981864 13400 ts_tablet_manager.cc:531] Time spent load tablet metadata: real 0.000s	user 0.000s	sys 0.000s
I20260630 12:16:59.982110 13400 ts_tablet_manager.cc:616] Registered 0 tablets
I20260630 12:16:59.982285 13400 ts_tablet_manager.cc:595] Time spent register tablets: real 0.000s	user 0.000s	sys 0.000s
I20260630 12:17:00.030036 13400 rpc_server.cc:307] RPC server started. Bound to: 127.13.22.3:43247
I20260630 12:17:00.030133 15902 acceptor_pool.cc:272] collecting diagnostics on the listening RPC socket 127.13.22.3:43247 every 8 connection(s)
I20260630 12:17:00.045230 15903 heartbeater.cc:344] Connected to a master server at 127.13.22.62:35153
I20260630 12:17:00.045600 15903 heartbeater.cc:461] Registering TS with master...
I20260630 12:17:00.046388 15903 heartbeater.cc:507] Master 127.13.22.62:35153 requested a full tablet report, sending...
I20260630 12:17:00.048373 15626 ts_manager.cc:194] Registered new tserver with Master: e6666034f343431ab95e828f4ce37ae3 (127.13.22.3:43247)
I20260630 12:17:00.049322 13400 internal_mini_cluster.cc:371] 3 TS(s) registered with all masters after 0.015946218s
I20260630 12:17:00.049814 15626 master_service.cc:502] Signed X509 certificate for tserver {username='slave'} at 127.0.0.1:34856
I20260630 12:17:00.850574 15753 heartbeater.cc:499] Master 127.13.22.62:35153 was elected leader, sending a full tablet report...
I20260630 12:17:00.945436 15829 heartbeater.cc:499] Master 127.13.22.62:35153 was elected leader, sending a full tablet report...
I20260630 12:17:01.052299 15903 heartbeater.cc:499] Master 127.13.22.62:35153 was elected leader, sending a full tablet report...
I20260630 12:17:01.629452 15679 auto_leader_rebalancer.cc:515] All tables' leader rebalancing finished this round
I20260630 12:17:03.630483 15679 auto_leader_rebalancer.cc:515] All tables' leader rebalancing finished this round
I20260630 12:17:05.631500 15679 auto_leader_rebalancer.cc:515] All tables' leader rebalancing finished this round
I20260630 12:17:07.633030 15679 auto_leader_rebalancer.cc:515] All tables' leader rebalancing finished this round
I20260630 12:17:09.634227 15679 auto_leader_rebalancer.cc:515] All tables' leader rebalancing finished this round
I20260630 12:17:11.635715 15679 auto_leader_rebalancer.cc:515] All tables' leader rebalancing finished this round
I20260630 12:17:12.146808 13400 tablet_server.cc:179] TabletServer@127.13.22.1:0 shutting down...
I20260630 12:17:12.174829 13400 ts_tablet_manager.cc:1507] Shutting down tablet manager...
I20260630 12:17:12.192974 13400 tablet_server.cc:196] TabletServer@127.13.22.1:0 shutdown complete.
I20260630 12:17:12.203738 13400 tablet_server.cc:179] TabletServer@127.13.22.2:0 shutting down...
I20260630 12:17:12.226675 13400 ts_tablet_manager.cc:1507] Shutting down tablet manager...
I20260630 12:17:12.243435 13400 tablet_server.cc:196] TabletServer@127.13.22.2:0 shutdown complete.
I20260630 12:17:12.252978 13400 tablet_server.cc:179] TabletServer@127.13.22.3:0 shutting down...
I20260630 12:17:12.276000 13400 ts_tablet_manager.cc:1507] Shutting down tablet manager...
I20260630 12:17:12.292414 13400 tablet_server.cc:196] TabletServer@127.13.22.3:0 shutdown complete.
I20260630 12:17:12.301573 13400 master.cc:562] Master@127.13.22.62:35153 shutting down...
I20260630 12:17:12.327950 13400 raft_consensus.cc:2243] T 00000000000000000000000000000000 P d267ff7476924c93885ccb5baa917453 [term 1 LEADER]: Raft consensus shutting down.
I20260630 12:17:12.328826 13400 raft_consensus.cc:2272] T 00000000000000000000000000000000 P d267ff7476924c93885ccb5baa917453 [term 1 FOLLOWER]: Raft consensus is shut down!
I20260630 12:17:12.329213 13400 tablet_replica.cc:333] T 00000000000000000000000000000000 P d267ff7476924c93885ccb5baa917453: stopping tablet replica
I20260630 12:17:12.347532 13400 master.cc:584] Master@127.13.22.62:35153 shutdown complete.
[       OK ] AutoRebalancerTest.NoReplicaMovesIfNoTablets (12919 ms)
[ RUN      ] AutoRebalancerTest.RangeAwareBuildClusterInfoGroupsByRange
I20260630 12:17:12.383033 13400 internal_mini_cluster.cc:156] Creating distributed mini masters. Addrs: 127.13.22.62:39741
I20260630 12:17:12.384163 13400 file_cache.cc:492] Constructed file cache file cache with capacity 419430
W20260630 12:17:12.390328 15908 instance_detector.cc:116] could not retrieve AWS instance metadata: Network error: curl error: HTTP response code said error: The requested URL returned error: 404
W20260630 12:17:12.390476 15909 instance_detector.cc:116] could not retrieve Azure instance metadata: Network error: curl error: HTTP response code said error: The requested URL returned error: 404
W20260630 12:17:12.391651 15911 instance_detector.cc:116] could not retrieve OpenStack instance metadata: Network error: curl error: HTTP response code said error: The requested URL returned error: 404
I20260630 12:17:12.394335 13400 server_base.cc:1061] running on GCE node
I20260630 12:17:12.395239 13400 hybrid_clock.cc:584] initializing the hybrid clock with 'system_unsync' time source
W20260630 12:17:12.395431 13400 system_unsync_time.cc:38] NTP support is disabled. Clock error bounds will not be accurate. This configuration is not suitable for distributed clusters.
I20260630 12:17:12.395643 13400 hybrid_clock.cc:648] HybridClock initialized: now 1782821832395623 us; error 0 us; skew 500 ppm
I20260630 12:17:12.396144 13400 server_base.cc:861] Flag tcmalloc_max_total_thread_cache_bytes is not working since tcmalloc is not enabled.
I20260630 12:17:12.398824 13400 webserver.cc:533] Webserver started at http://127.13.22.62:38543/ using document root <none> and password file <none>
I20260630 12:17:12.399353 13400 fs_manager.cc:362] Metadata directory not provided
I20260630 12:17:12.399551 13400 fs_manager.cc:368] Using write-ahead log directory (fs_wal_dir) as metadata directory
I20260630 12:17:12.399869 13400 server_base.cc:909] This appears to be a new deployment of Kudu; creating new FS layout
I20260630 12:17:12.401134 13400 fs_manager.cc:1068] Generated new instance metadata in path /tmp/dist-test-taskZK7Y_6/test-tmp/auto_rebalancer-test.0.AutoRebalancerTest.RangeAwareBuildClusterInfoGroupsByRange.1782821749353850-13400-0/minicluster-data/master-0-root/instance:
uuid: "5b7bccf73287444eb6d59bce84680c86"
format_stamp: "Formatted at 2026-06-30 12:17:12 on dist-test-slave-k49h"
I20260630 12:17:12.405815 13400 fs_manager.cc:696] Time spent creating directory manager: real 0.004s	user 0.005s	sys 0.000s
I20260630 12:17:12.409482 15916 log_block_manager.cc:4031] Time spent loading block containers with low live blocks: real 0.000s	user 0.000s	sys 0.000s
I20260630 12:17:12.410285 13400 fs_manager.cc:730] Time spent opening block manager: real 0.002s	user 0.003s	sys 0.000s
I20260630 12:17:12.410620 13400 fs_manager.cc:647] Opened local filesystem: /tmp/dist-test-taskZK7Y_6/test-tmp/auto_rebalancer-test.0.AutoRebalancerTest.RangeAwareBuildClusterInfoGroupsByRange.1782821749353850-13400-0/minicluster-data/master-0-root
uuid: "5b7bccf73287444eb6d59bce84680c86"
format_stamp: "Formatted at 2026-06-30 12:17:12 on dist-test-slave-k49h"
I20260630 12:17:12.410912 13400 fs_report.cc:389] FS layout report
--------------------
wal directory: /tmp/dist-test-taskZK7Y_6/test-tmp/auto_rebalancer-test.0.AutoRebalancerTest.RangeAwareBuildClusterInfoGroupsByRange.1782821749353850-13400-0/minicluster-data/master-0-root
metadata directory: /tmp/dist-test-taskZK7Y_6/test-tmp/auto_rebalancer-test.0.AutoRebalancerTest.RangeAwareBuildClusterInfoGroupsByRange.1782821749353850-13400-0/minicluster-data/master-0-root
1 data directories: /tmp/dist-test-taskZK7Y_6/test-tmp/auto_rebalancer-test.0.AutoRebalancerTest.RangeAwareBuildClusterInfoGroupsByRange.1782821749353850-13400-0/minicluster-data/master-0-root/data
Total live blocks: 0
Total live bytes: 0
Total live bytes (after alignment): 0
Total number of LBM containers: 0 (0 full)
Did not check for missing blocks
Did not check for orphaned blocks
Total full LBM containers with extra space: 0 (0 repaired)
Total full LBM container extra space in bytes: 0 (0 repaired)
Total incomplete LBM containers: 0 (0 repaired)
Total LBM partial records: 0 (0 repaired)
Total corrupted LBM metadata records in RocksDB: 0 (0 repaired)
I20260630 12:17:12.435526 13400 rpc_server.cc:225] running with OpenSSL 1.1.1  11 Sep 2018
I20260630 12:17:12.436859 13400 kserver.cc:163] Server-wide thread pool size limit: 3276
I20260630 12:17:12.476490 13400 rpc_server.cc:307] RPC server started. Bound to: 127.13.22.62:39741
I20260630 12:17:12.476676 15967 acceptor_pool.cc:272] collecting diagnostics on the listening RPC socket 127.13.22.62:39741 every 8 connection(s)
I20260630 12:17:12.480753 15968 data_dirs.cc:400] Could only allocate 1 dirs of requested 3 for tablet 00000000000000000000000000000000. 1 dirs total, 0 dirs full, 0 dirs failed
I20260630 12:17:12.492064 15968 tablet_bootstrap.cc:492] T 00000000000000000000000000000000 P 5b7bccf73287444eb6d59bce84680c86: Bootstrap starting.
I20260630 12:17:12.496846 15968 tablet_bootstrap.cc:654] T 00000000000000000000000000000000 P 5b7bccf73287444eb6d59bce84680c86: Neither blocks nor log segments found. Creating new log.
I20260630 12:17:12.501247 15968 tablet_bootstrap.cc:492] T 00000000000000000000000000000000 P 5b7bccf73287444eb6d59bce84680c86: No bootstrap required, opened a new log
I20260630 12:17:12.503526 15968 raft_consensus.cc:359] T 00000000000000000000000000000000 P 5b7bccf73287444eb6d59bce84680c86 [term 0 FOLLOWER]: Replica starting. Triggering 0 pending ops. Active config: opid_index: -1 OBSOLETE_local: true peers { permanent_uuid: "5b7bccf73287444eb6d59bce84680c86" member_type: VOTER }
I20260630 12:17:12.503979 15968 raft_consensus.cc:385] T 00000000000000000000000000000000 P 5b7bccf73287444eb6d59bce84680c86 [term 0 FOLLOWER]: Consensus starting up: Expiring failure detector timer to make a prompt election more likely
I20260630 12:17:12.504262 15968 raft_consensus.cc:740] T 00000000000000000000000000000000 P 5b7bccf73287444eb6d59bce84680c86 [term 0 FOLLOWER]: Becoming Follower/Learner. State: Replica: 5b7bccf73287444eb6d59bce84680c86, State: Initialized, Role: FOLLOWER
I20260630 12:17:12.504861 15968 consensus_queue.cc:260] T 00000000000000000000000000000000 P 5b7bccf73287444eb6d59bce84680c86 [NON_LEADER]: Queue going to NON_LEADER mode. State: All replicated index: 0, Majority replicated index: 0, Committed index: 0, Last appended: 0.0, Last appended by leader: 0, Current term: 0, Majority size: -1, State: 0, Mode: NON_LEADER, active raft config: opid_index: -1 OBSOLETE_local: true peers { permanent_uuid: "5b7bccf73287444eb6d59bce84680c86" member_type: VOTER }
I20260630 12:17:12.505324 15968 raft_consensus.cc:399] T 00000000000000000000000000000000 P 5b7bccf73287444eb6d59bce84680c86 [term 0 FOLLOWER]: Only one voter in the Raft config. Triggering election immediately
I20260630 12:17:12.505594 15968 raft_consensus.cc:493] T 00000000000000000000000000000000 P 5b7bccf73287444eb6d59bce84680c86 [term 0 FOLLOWER]: Starting leader election (initial election of a single-replica configuration)
I20260630 12:17:12.505892 15968 raft_consensus.cc:3060] T 00000000000000000000000000000000 P 5b7bccf73287444eb6d59bce84680c86 [term 0 FOLLOWER]: Advancing to term 1
I20260630 12:17:12.510784 15968 raft_consensus.cc:515] T 00000000000000000000000000000000 P 5b7bccf73287444eb6d59bce84680c86 [term 1 FOLLOWER]: Starting leader election with config: opid_index: -1 OBSOLETE_local: true peers { permanent_uuid: "5b7bccf73287444eb6d59bce84680c86" member_type: VOTER }
I20260630 12:17:12.511427 15968 leader_election.cc:304] T 00000000000000000000000000000000 P 5b7bccf73287444eb6d59bce84680c86 [CANDIDATE]: Term 1 election: Election decided. Result: candidate won. Election summary: received 1 responses out of 1 voters: 1 yes votes; 0 no votes. yes voters: 5b7bccf73287444eb6d59bce84680c86; no voters: 
I20260630 12:17:12.512801 15968 leader_election.cc:290] T 00000000000000000000000000000000 P 5b7bccf73287444eb6d59bce84680c86 [CANDIDATE]: Term 1 election: Requested vote from peers 
I20260630 12:17:12.513216 15971 raft_consensus.cc:2804] T 00000000000000000000000000000000 P 5b7bccf73287444eb6d59bce84680c86 [term 1 FOLLOWER]: Leader election won for term 1
I20260630 12:17:12.514619 15971 raft_consensus.cc:697] T 00000000000000000000000000000000 P 5b7bccf73287444eb6d59bce84680c86 [term 1 LEADER]: Becoming Leader. State: Replica: 5b7bccf73287444eb6d59bce84680c86, State: Running, Role: LEADER
I20260630 12:17:12.515441 15971 consensus_queue.cc:237] T 00000000000000000000000000000000 P 5b7bccf73287444eb6d59bce84680c86 [LEADER]: Queue going to LEADER mode. State: All replicated index: 0, Majority replicated index: 0, Committed index: 0, Last appended: 0.0, Last appended by leader: 0, Current term: 1, Majority size: 1, State: 0, Mode: LEADER, active raft config: opid_index: -1 OBSOLETE_local: true peers { permanent_uuid: "5b7bccf73287444eb6d59bce84680c86" member_type: VOTER }
I20260630 12:17:12.516073 15968 sys_catalog.cc:565] T 00000000000000000000000000000000 P 5b7bccf73287444eb6d59bce84680c86 [sys.catalog]: configured and running, proceeding with master startup.
I20260630 12:17:12.518766 15973 sys_catalog.cc:455] T 00000000000000000000000000000000 P 5b7bccf73287444eb6d59bce84680c86 [sys.catalog]: SysCatalogTable state changed. Reason: New leader 5b7bccf73287444eb6d59bce84680c86. Latest consensus state: current_term: 1 leader_uuid: "5b7bccf73287444eb6d59bce84680c86" committed_config { opid_index: -1 OBSOLETE_local: true peers { permanent_uuid: "5b7bccf73287444eb6d59bce84680c86" member_type: VOTER } }
I20260630 12:17:12.518723 15972 sys_catalog.cc:455] T 00000000000000000000000000000000 P 5b7bccf73287444eb6d59bce84680c86 [sys.catalog]: SysCatalogTable state changed. Reason: RaftConsensus started. Latest consensus state: current_term: 1 leader_uuid: "5b7bccf73287444eb6d59bce84680c86" committed_config { opid_index: -1 OBSOLETE_local: true peers { permanent_uuid: "5b7bccf73287444eb6d59bce84680c86" member_type: VOTER } }
I20260630 12:17:12.519585 15973 sys_catalog.cc:458] T 00000000000000000000000000000000 P 5b7bccf73287444eb6d59bce84680c86 [sys.catalog]: This master's current role is: LEADER
I20260630 12:17:12.519874 15972 sys_catalog.cc:458] T 00000000000000000000000000000000 P 5b7bccf73287444eb6d59bce84680c86 [sys.catalog]: This master's current role is: LEADER
I20260630 12:17:12.528447 15976 catalog_manager.cc:1511] Loading table and tablet metadata into memory...
I20260630 12:17:12.536897 15976 catalog_manager.cc:1520] Initializing Kudu cluster ID...
I20260630 12:17:12.538024 13400 internal_mini_cluster.cc:184] Waiting to initialize catalog manager on master 0
I20260630 12:17:12.546849 15976 catalog_manager.cc:1383] Generated new cluster ID: fab419823ff5435cb461a9dfa64f2648
I20260630 12:17:12.547250 15976 catalog_manager.cc:1531] Initializing Kudu internal certificate authority...
I20260630 12:17:12.567041 15976 catalog_manager.cc:1406] Generated new certificate authority record
I20260630 12:17:12.568384 15976 catalog_manager.cc:1540] Loading token signing keys...
I20260630 12:17:12.586153 15976 catalog_manager.cc:6070] T 00000000000000000000000000000000 P 5b7bccf73287444eb6d59bce84680c86: Generated new TSK 0
I20260630 12:17:12.586839 15976 catalog_manager.cc:1550] Initializing in-progress tserver states...
I20260630 12:17:12.604712 13400 file_cache.cc:492] Constructed file cache file cache with capacity 419430
W20260630 12:17:12.611001 15989 instance_detector.cc:116] could not retrieve AWS instance metadata: Network error: curl error: HTTP response code said error: The requested URL returned error: 404
W20260630 12:17:12.612030 15990 instance_detector.cc:116] could not retrieve Azure instance metadata: Network error: curl error: HTTP response code said error: The requested URL returned error: 404
W20260630 12:17:12.613544 15992 instance_detector.cc:116] could not retrieve OpenStack instance metadata: Network error: curl error: HTTP response code said error: The requested URL returned error: 404
I20260630 12:17:12.614125 13400 server_base.cc:1061] running on GCE node
I20260630 12:17:12.614990 13400 hybrid_clock.cc:584] initializing the hybrid clock with 'system_unsync' time source
W20260630 12:17:12.615178 13400 system_unsync_time.cc:38] NTP support is disabled. Clock error bounds will not be accurate. This configuration is not suitable for distributed clusters.
I20260630 12:17:12.615314 13400 hybrid_clock.cc:648] HybridClock initialized: now 1782821832615302 us; error 0 us; skew 500 ppm
I20260630 12:17:12.615752 13400 server_base.cc:861] Flag tcmalloc_max_total_thread_cache_bytes is not working since tcmalloc is not enabled.
I20260630 12:17:12.618263 13400 webserver.cc:533] Webserver started at http://127.13.22.1:34053/ using document root <none> and password file <none>
I20260630 12:17:12.618711 13400 fs_manager.cc:362] Metadata directory not provided
I20260630 12:17:12.618862 13400 fs_manager.cc:368] Using write-ahead log directory (fs_wal_dir) as metadata directory
I20260630 12:17:12.619069 13400 server_base.cc:909] This appears to be a new deployment of Kudu; creating new FS layout
I20260630 12:17:12.620114 13400 fs_manager.cc:1068] Generated new instance metadata in path /tmp/dist-test-taskZK7Y_6/test-tmp/auto_rebalancer-test.0.AutoRebalancerTest.RangeAwareBuildClusterInfoGroupsByRange.1782821749353850-13400-0/minicluster-data/ts-0-root/instance:
uuid: "5a7487ddc17e4cdc850bab314faba869"
format_stamp: "Formatted at 2026-06-30 12:17:12 on dist-test-slave-k49h"
I20260630 12:17:12.624715 13400 fs_manager.cc:696] Time spent creating directory manager: real 0.004s	user 0.000s	sys 0.003s
I20260630 12:17:12.628218 15997 log_block_manager.cc:4031] Time spent loading block containers with low live blocks: real 0.000s	user 0.000s	sys 0.000s
I20260630 12:17:12.629129 13400 fs_manager.cc:730] Time spent opening block manager: real 0.002s	user 0.003s	sys 0.000s
I20260630 12:17:12.629458 13400 fs_manager.cc:647] Opened local filesystem: /tmp/dist-test-taskZK7Y_6/test-tmp/auto_rebalancer-test.0.AutoRebalancerTest.RangeAwareBuildClusterInfoGroupsByRange.1782821749353850-13400-0/minicluster-data/ts-0-root
uuid: "5a7487ddc17e4cdc850bab314faba869"
format_stamp: "Formatted at 2026-06-30 12:17:12 on dist-test-slave-k49h"
I20260630 12:17:12.629757 13400 fs_report.cc:389] FS layout report
--------------------
wal directory: /tmp/dist-test-taskZK7Y_6/test-tmp/auto_rebalancer-test.0.AutoRebalancerTest.RangeAwareBuildClusterInfoGroupsByRange.1782821749353850-13400-0/minicluster-data/ts-0-root
metadata directory: /tmp/dist-test-taskZK7Y_6/test-tmp/auto_rebalancer-test.0.AutoRebalancerTest.RangeAwareBuildClusterInfoGroupsByRange.1782821749353850-13400-0/minicluster-data/ts-0-root
1 data directories: /tmp/dist-test-taskZK7Y_6/test-tmp/auto_rebalancer-test.0.AutoRebalancerTest.RangeAwareBuildClusterInfoGroupsByRange.1782821749353850-13400-0/minicluster-data/ts-0-root/data
Total live blocks: 0
Total live bytes: 0
Total live bytes (after alignment): 0
Total number of LBM containers: 0 (0 full)
Did not check for missing blocks
Did not check for orphaned blocks
Total full LBM containers with extra space: 0 (0 repaired)
Total full LBM container extra space in bytes: 0 (0 repaired)
Total incomplete LBM containers: 0 (0 repaired)
Total LBM partial records: 0 (0 repaired)
Total corrupted LBM metadata records in RocksDB: 0 (0 repaired)
I20260630 12:17:12.663120 13400 rpc_server.cc:225] running with OpenSSL 1.1.1  11 Sep 2018
I20260630 12:17:12.664386 13400 kserver.cc:163] Server-wide thread pool size limit: 3276
I20260630 12:17:12.665942 13400 txn_system_client.cc:432] TxnSystemClient initialization is disabled...
I20260630 12:17:12.668390 13400 ts_tablet_manager.cc:585] Loaded tablet metadata (0 total tablets, 0 live tablets)
I20260630 12:17:12.668658 13400 ts_tablet_manager.cc:531] Time spent load tablet metadata: real 0.000s	user 0.000s	sys 0.001s
I20260630 12:17:12.668906 13400 ts_tablet_manager.cc:616] Registered 0 tablets
I20260630 12:17:12.669091 13400 ts_tablet_manager.cc:595] Time spent register tablets: real 0.000s	user 0.000s	sys 0.000s
I20260630 12:17:12.711879 13400 rpc_server.cc:307] RPC server started. Bound to: 127.13.22.1:35041
I20260630 12:17:12.712000 16059 acceptor_pool.cc:272] collecting diagnostics on the listening RPC socket 127.13.22.1:35041 every 8 connection(s)
I20260630 12:17:12.717556 13400 file_cache.cc:492] Constructed file cache file cache with capacity 419430
W20260630 12:17:12.724978 16064 instance_detector.cc:116] could not retrieve AWS instance metadata: Network error: curl error: HTTP response code said error: The requested URL returned error: 404
W20260630 12:17:12.728252 16065 instance_detector.cc:116] could not retrieve Azure instance metadata: Network error: curl error: HTTP response code said error: The requested URL returned error: 404
W20260630 12:17:12.728430 16067 instance_detector.cc:116] could not retrieve OpenStack instance metadata: Network error: curl error: HTTP response code said error: The requested URL returned error: 404
I20260630 12:17:12.730090 13400 server_base.cc:1061] running on GCE node
I20260630 12:17:12.730974 13400 hybrid_clock.cc:584] initializing the hybrid clock with 'system_unsync' time source
W20260630 12:17:12.731175 13400 system_unsync_time.cc:38] NTP support is disabled. Clock error bounds will not be accurate. This configuration is not suitable for distributed clusters.
I20260630 12:17:12.731354 13400 hybrid_clock.cc:648] HybridClock initialized: now 1782821832731332 us; error 0 us; skew 500 ppm
I20260630 12:17:12.731859 13400 server_base.cc:861] Flag tcmalloc_max_total_thread_cache_bytes is not working since tcmalloc is not enabled.
I20260630 12:17:12.734661 13400 webserver.cc:533] Webserver started at http://127.13.22.2:37005/ using document root <none> and password file <none>
I20260630 12:17:12.735262 13400 fs_manager.cc:362] Metadata directory not provided
I20260630 12:17:12.735502 13400 fs_manager.cc:368] Using write-ahead log directory (fs_wal_dir) as metadata directory
I20260630 12:17:12.735816 13400 server_base.cc:909] This appears to be a new deployment of Kudu; creating new FS layout
I20260630 12:17:12.736750 16060 heartbeater.cc:344] Connected to a master server at 127.13.22.62:39741
I20260630 12:17:12.737146 16060 heartbeater.cc:461] Registering TS with master...
I20260630 12:17:12.737208 13400 fs_manager.cc:1068] Generated new instance metadata in path /tmp/dist-test-taskZK7Y_6/test-tmp/auto_rebalancer-test.0.AutoRebalancerTest.RangeAwareBuildClusterInfoGroupsByRange.1782821749353850-13400-0/minicluster-data/ts-1-root/instance:
uuid: "dcbfbdf4a0ce49e4a240d18f4c671dfa"
format_stamp: "Formatted at 2026-06-30 12:17:12 on dist-test-slave-k49h"
I20260630 12:17:12.737926 16060 heartbeater.cc:507] Master 127.13.22.62:39741 requested a full tablet report, sending...
I20260630 12:17:12.740083 15933 ts_manager.cc:194] Registered new tserver with Master: 5a7487ddc17e4cdc850bab314faba869 (127.13.22.1:35041)
I20260630 12:17:12.742268 13400 fs_manager.cc:696] Time spent creating directory manager: real 0.004s	user 0.005s	sys 0.000s
I20260630 12:17:12.742369 15933 master_service.cc:502] Signed X509 certificate for tserver {username='slave'} at 127.0.0.1:58266
I20260630 12:17:12.746204 16072 log_block_manager.cc:4031] Time spent loading block containers with low live blocks: real 0.000s	user 0.000s	sys 0.000s
I20260630 12:17:12.747045 13400 fs_manager.cc:730] Time spent opening block manager: real 0.002s	user 0.001s	sys 0.000s
I20260630 12:17:12.747387 13400 fs_manager.cc:647] Opened local filesystem: /tmp/dist-test-taskZK7Y_6/test-tmp/auto_rebalancer-test.0.AutoRebalancerTest.RangeAwareBuildClusterInfoGroupsByRange.1782821749353850-13400-0/minicluster-data/ts-1-root
uuid: "dcbfbdf4a0ce49e4a240d18f4c671dfa"
format_stamp: "Formatted at 2026-06-30 12:17:12 on dist-test-slave-k49h"
I20260630 12:17:12.747761 13400 fs_report.cc:389] FS layout report
--------------------
wal directory: /tmp/dist-test-taskZK7Y_6/test-tmp/auto_rebalancer-test.0.AutoRebalancerTest.RangeAwareBuildClusterInfoGroupsByRange.1782821749353850-13400-0/minicluster-data/ts-1-root
metadata directory: /tmp/dist-test-taskZK7Y_6/test-tmp/auto_rebalancer-test.0.AutoRebalancerTest.RangeAwareBuildClusterInfoGroupsByRange.1782821749353850-13400-0/minicluster-data/ts-1-root
1 data directories: /tmp/dist-test-taskZK7Y_6/test-tmp/auto_rebalancer-test.0.AutoRebalancerTest.RangeAwareBuildClusterInfoGroupsByRange.1782821749353850-13400-0/minicluster-data/ts-1-root/data
Total live blocks: 0
Total live bytes: 0
Total live bytes (after alignment): 0
Total number of LBM containers: 0 (0 full)
Did not check for missing blocks
Did not check for orphaned blocks
Total full LBM containers with extra space: 0 (0 repaired)
Total full LBM container extra space in bytes: 0 (0 repaired)
Total incomplete LBM containers: 0 (0 repaired)
Total LBM partial records: 0 (0 repaired)
Total corrupted LBM metadata records in RocksDB: 0 (0 repaired)
I20260630 12:17:12.765981 13400 rpc_server.cc:225] running with OpenSSL 1.1.1  11 Sep 2018
I20260630 12:17:12.767222 13400 kserver.cc:163] Server-wide thread pool size limit: 3276
I20260630 12:17:12.768730 13400 txn_system_client.cc:432] TxnSystemClient initialization is disabled...
I20260630 12:17:12.770866 13400 ts_tablet_manager.cc:585] Loaded tablet metadata (0 total tablets, 0 live tablets)
I20260630 12:17:12.771113 13400 ts_tablet_manager.cc:531] Time spent load tablet metadata: real 0.000s	user 0.000s	sys 0.000s
I20260630 12:17:12.771344 13400 ts_tablet_manager.cc:616] Registered 0 tablets
I20260630 12:17:12.771510 13400 ts_tablet_manager.cc:595] Time spent register tablets: real 0.000s	user 0.000s	sys 0.000s
I20260630 12:17:12.811648 13400 rpc_server.cc:307] RPC server started. Bound to: 127.13.22.2:33527
I20260630 12:17:12.811777 16134 acceptor_pool.cc:272] collecting diagnostics on the listening RPC socket 127.13.22.2:33527 every 8 connection(s)
I20260630 12:17:12.816485 13400 file_cache.cc:492] Constructed file cache file cache with capacity 419430
W20260630 12:17:12.824051 16138 instance_detector.cc:116] could not retrieve AWS instance metadata: Network error: curl error: HTTP response code said error: The requested URL returned error: 404
W20260630 12:17:12.825232 16139 instance_detector.cc:116] could not retrieve Azure instance metadata: Network error: curl error: HTTP response code said error: The requested URL returned error: 404
W20260630 12:17:12.828516 16141 instance_detector.cc:116] could not retrieve OpenStack instance metadata: Network error: curl error: HTTP response code said error: The requested URL returned error: 404
I20260630 12:17:12.828876 13400 server_base.cc:1061] running on GCE node
I20260630 12:17:12.829496 16135 heartbeater.cc:344] Connected to a master server at 127.13.22.62:39741
I20260630 12:17:12.830022 16135 heartbeater.cc:461] Registering TS with master...
I20260630 12:17:12.830250 13400 hybrid_clock.cc:584] initializing the hybrid clock with 'system_unsync' time source
W20260630 12:17:12.830493 13400 system_unsync_time.cc:38] NTP support is disabled. Clock error bounds will not be accurate. This configuration is not suitable for distributed clusters.
I20260630 12:17:12.830672 13400 hybrid_clock.cc:648] HybridClock initialized: now 1782821832830659 us; error 0 us; skew 500 ppm
I20260630 12:17:12.830915 16135 heartbeater.cc:507] Master 127.13.22.62:39741 requested a full tablet report, sending...
I20260630 12:17:12.831204 13400 server_base.cc:861] Flag tcmalloc_max_total_thread_cache_bytes is not working since tcmalloc is not enabled.
I20260630 12:17:12.833254 15933 ts_manager.cc:194] Registered new tserver with Master: dcbfbdf4a0ce49e4a240d18f4c671dfa (127.13.22.2:33527)
I20260630 12:17:12.833871 13400 webserver.cc:533] Webserver started at http://127.13.22.3:44245/ using document root <none> and password file <none>
I20260630 12:17:12.834426 13400 fs_manager.cc:362] Metadata directory not provided
I20260630 12:17:12.834671 13400 fs_manager.cc:368] Using write-ahead log directory (fs_wal_dir) as metadata directory
I20260630 12:17:12.834856 15933 master_service.cc:502] Signed X509 certificate for tserver {username='slave'} at 127.0.0.1:58272
I20260630 12:17:12.834955 13400 server_base.cc:909] This appears to be a new deployment of Kudu; creating new FS layout
I20260630 12:17:12.836565 13400 fs_manager.cc:1068] Generated new instance metadata in path /tmp/dist-test-taskZK7Y_6/test-tmp/auto_rebalancer-test.0.AutoRebalancerTest.RangeAwareBuildClusterInfoGroupsByRange.1782821749353850-13400-0/minicluster-data/ts-2-root/instance:
uuid: "0c63d5338ce44f8aa24618ee715a7c06"
format_stamp: "Formatted at 2026-06-30 12:17:12 on dist-test-slave-k49h"
I20260630 12:17:12.841583 13400 fs_manager.cc:696] Time spent creating directory manager: real 0.004s	user 0.002s	sys 0.003s
I20260630 12:17:12.845198 16146 log_block_manager.cc:4031] Time spent loading block containers with low live blocks: real 0.000s	user 0.000s	sys 0.000s
I20260630 12:17:12.846073 13400 fs_manager.cc:730] Time spent opening block manager: real 0.002s	user 0.003s	sys 0.001s
I20260630 12:17:12.846406 13400 fs_manager.cc:647] Opened local filesystem: /tmp/dist-test-taskZK7Y_6/test-tmp/auto_rebalancer-test.0.AutoRebalancerTest.RangeAwareBuildClusterInfoGroupsByRange.1782821749353850-13400-0/minicluster-data/ts-2-root
uuid: "0c63d5338ce44f8aa24618ee715a7c06"
format_stamp: "Formatted at 2026-06-30 12:17:12 on dist-test-slave-k49h"
I20260630 12:17:12.846719 13400 fs_report.cc:389] FS layout report
--------------------
wal directory: /tmp/dist-test-taskZK7Y_6/test-tmp/auto_rebalancer-test.0.AutoRebalancerTest.RangeAwareBuildClusterInfoGroupsByRange.1782821749353850-13400-0/minicluster-data/ts-2-root
metadata directory: /tmp/dist-test-taskZK7Y_6/test-tmp/auto_rebalancer-test.0.AutoRebalancerTest.RangeAwareBuildClusterInfoGroupsByRange.1782821749353850-13400-0/minicluster-data/ts-2-root
1 data directories: /tmp/dist-test-taskZK7Y_6/test-tmp/auto_rebalancer-test.0.AutoRebalancerTest.RangeAwareBuildClusterInfoGroupsByRange.1782821749353850-13400-0/minicluster-data/ts-2-root/data
Total live blocks: 0
Total live bytes: 0
Total live bytes (after alignment): 0
Total number of LBM containers: 0 (0 full)
Did not check for missing blocks
Did not check for orphaned blocks
Total full LBM containers with extra space: 0 (0 repaired)
Total full LBM container extra space in bytes: 0 (0 repaired)
Total incomplete LBM containers: 0 (0 repaired)
Total LBM partial records: 0 (0 repaired)
Total corrupted LBM metadata records in RocksDB: 0 (0 repaired)
I20260630 12:17:12.872344 13400 rpc_server.cc:225] running with OpenSSL 1.1.1  11 Sep 2018
I20260630 12:17:12.873735 13400 kserver.cc:163] Server-wide thread pool size limit: 3276
I20260630 12:17:12.875294 13400 txn_system_client.cc:432] TxnSystemClient initialization is disabled...
I20260630 12:17:12.877717 13400 ts_tablet_manager.cc:585] Loaded tablet metadata (0 total tablets, 0 live tablets)
I20260630 12:17:12.877967 13400 ts_tablet_manager.cc:531] Time spent load tablet metadata: real 0.000s	user 0.000s	sys 0.000s
I20260630 12:17:12.878228 13400 ts_tablet_manager.cc:616] Registered 0 tablets
I20260630 12:17:12.878429 13400 ts_tablet_manager.cc:595] Time spent register tablets: real 0.000s	user 0.000s	sys 0.000s
I20260630 12:17:12.921989 13400 rpc_server.cc:307] RPC server started. Bound to: 127.13.22.3:40063
I20260630 12:17:12.922086 16208 acceptor_pool.cc:272] collecting diagnostics on the listening RPC socket 127.13.22.3:40063 every 8 connection(s)
I20260630 12:17:12.937227 16209 heartbeater.cc:344] Connected to a master server at 127.13.22.62:39741
I20260630 12:17:12.937690 16209 heartbeater.cc:461] Registering TS with master...
I20260630 12:17:12.938511 16209 heartbeater.cc:507] Master 127.13.22.62:39741 requested a full tablet report, sending...
I20260630 12:17:12.940832 15933 ts_manager.cc:194] Registered new tserver with Master: 0c63d5338ce44f8aa24618ee715a7c06 (127.13.22.3:40063)
I20260630 12:17:12.941663 13400 internal_mini_cluster.cc:371] 3 TS(s) registered with all masters after 0.01601799s
I20260630 12:17:12.942545 15933 master_service.cc:502] Signed X509 certificate for tserver {username='slave'} at 127.0.0.1:58278
I20260630 12:17:13.745366 16060 heartbeater.cc:499] Master 127.13.22.62:39741 was elected leader, sending a full tablet report...
I20260630 12:17:13.837808 16135 heartbeater.cc:499] Master 127.13.22.62:39741 was elected leader, sending a full tablet report...
I20260630 12:17:13.945662 16209 heartbeater.cc:499] Master 127.13.22.62:39741 was elected leader, sending a full tablet report...
I20260630 12:17:13.996733 15933 catalog_manager.cc:2283] Servicing CreateTable request from {username='slave'} at 127.0.0.1:58286:
name: "range_aware_auto_rebalancer_test"
schema {
  columns {
    name: "key"
    type: INT32
    is_key: true
    is_nullable: false
    encoding: AUTO_ENCODING
    compression: DEFAULT_COMPRESSION
    cfile_block_size: 0
    immutable: false
  }
}
num_replicas: 3
split_rows_range_bounds {
  rows: "\006\001\000\000\000\000\007\001\n\000\000\000\006\001\n\000\000\000\007\001\024\000\000\000""\006\001\000\000\000\000\007\001\n\000\000\000\006\001\n\000\000\000\007\001\024\000\000\000"
  indirect_data: """"
}
partition_schema {
  hash_schema {
    columns {
      name: "key"
    }
    num_buckets: 2
    seed: 0
  }
  range_schema {
    columns {
      name: "key"
    }
  }
}
W20260630 12:17:13.999140 15933 catalog_manager.cc:7077] The number of live tablet servers is not enough to re-replicate a tablet replica of the newly created table range_aware_auto_rebalancer_test in case of a server failure: 4 tablet servers would be needed, 3 are available. Consider bringing up more tablet servers.
I20260630 12:17:14.071868 16022 tablet_service.cc:1511] Processing CreateTablet for tablet c689a2d2acb34e998fcf0d41f85663dd (DEFAULT_TABLE table=range_aware_auto_rebalancer_test [id=c91cf8175a4b4b58b0a637f13fda9b11]), partition=HASH (key) PARTITION 1, RANGE (key) PARTITION 10 <= VALUES < 20
I20260630 12:17:14.073071 16099 tablet_service.cc:1511] Processing CreateTablet for tablet b5adfcc5c99f417c89c749147679afae (DEFAULT_TABLE table=range_aware_auto_rebalancer_test [id=c91cf8175a4b4b58b0a637f13fda9b11]), partition=HASH (key) PARTITION 0, RANGE (key) PARTITION 10 <= VALUES < 20
I20260630 12:17:14.073067 16100 tablet_service.cc:1511] Processing CreateTablet for tablet 6eebc53700c14683ba008871a841ed66 (DEFAULT_TABLE table=range_aware_auto_rebalancer_test [id=c91cf8175a4b4b58b0a637f13fda9b11]), partition=HASH (key) PARTITION 0, RANGE (key) PARTITION 0 <= VALUES < 10
I20260630 12:17:14.073581 16023 tablet_service.cc:1511] Processing CreateTablet for tablet c594bde057e84d48a13ed01c24c65a5f (DEFAULT_TABLE table=range_aware_auto_rebalancer_test [id=c91cf8175a4b4b58b0a637f13fda9b11]), partition=HASH (key) PARTITION 1, RANGE (key) PARTITION 0 <= VALUES < 10
I20260630 12:17:14.071868 16025 tablet_service.cc:1511] Processing CreateTablet for tablet 6eebc53700c14683ba008871a841ed66 (DEFAULT_TABLE table=range_aware_auto_rebalancer_test [id=c91cf8175a4b4b58b0a637f13fda9b11]), partition=HASH (key) PARTITION 0, RANGE (key) PARTITION 0 <= VALUES < 10
I20260630 12:17:14.071995 16024 tablet_service.cc:1511] Processing CreateTablet for tablet b5adfcc5c99f417c89c749147679afae (DEFAULT_TABLE table=range_aware_auto_rebalancer_test [id=c91cf8175a4b4b58b0a637f13fda9b11]), partition=HASH (key) PARTITION 0, RANGE (key) PARTITION 10 <= VALUES < 20
I20260630 12:17:14.075335 16098 tablet_service.cc:1511] Processing CreateTablet for tablet c594bde057e84d48a13ed01c24c65a5f (DEFAULT_TABLE table=range_aware_auto_rebalancer_test [id=c91cf8175a4b4b58b0a637f13fda9b11]), partition=HASH (key) PARTITION 1, RANGE (key) PARTITION 0 <= VALUES < 10
I20260630 12:17:14.073796 16022 data_dirs.cc:400] Could only allocate 1 dirs of requested 3 for tablet c689a2d2acb34e998fcf0d41f85663dd. 1 dirs total, 0 dirs full, 0 dirs failed
I20260630 12:17:14.075724 16099 data_dirs.cc:400] Could only allocate 1 dirs of requested 3 for tablet b5adfcc5c99f417c89c749147679afae. 1 dirs total, 0 dirs full, 0 dirs failed
I20260630 12:17:14.076838 16098 data_dirs.cc:400] Could only allocate 1 dirs of requested 3 for tablet c594bde057e84d48a13ed01c24c65a5f. 1 dirs total, 0 dirs full, 0 dirs failed
I20260630 12:17:14.076740 16097 tablet_service.cc:1511] Processing CreateTablet for tablet c689a2d2acb34e998fcf0d41f85663dd (DEFAULT_TABLE table=range_aware_auto_rebalancer_test [id=c91cf8175a4b4b58b0a637f13fda9b11]), partition=HASH (key) PARTITION 1, RANGE (key) PARTITION 10 <= VALUES < 20
I20260630 12:17:14.078136 16097 data_dirs.cc:400] Could only allocate 1 dirs of requested 3 for tablet c689a2d2acb34e998fcf0d41f85663dd. 1 dirs total, 0 dirs full, 0 dirs failed
I20260630 12:17:14.076910 16023 data_dirs.cc:400] Could only allocate 1 dirs of requested 3 for tablet c594bde057e84d48a13ed01c24c65a5f. 1 dirs total, 0 dirs full, 0 dirs failed
I20260630 12:17:14.079790 16024 data_dirs.cc:400] Could only allocate 1 dirs of requested 3 for tablet b5adfcc5c99f417c89c749147679afae. 1 dirs total, 0 dirs full, 0 dirs failed
