I20260630 12:17:29.960842 17008 ts_manager.cc:194] Registered new tserver with Master: 05a83dad88da4eaebe453da6e94bfcbd (127.13.22.1:35787)
I20260630 12:17:29.963359 17008 master_service.cc:502] Signed X509 certificate for tserver {username='slave'} at 127.0.0.1:51498
I20260630 12:17:29.965890 13400 fs_manager.cc:696] Time spent creating directory manager: real 0.005s	user 0.008s	sys 0.000s
I20260630 12:17:29.969432 17147 log_block_manager.cc:4031] Time spent loading block containers with low live blocks: real 0.000s	user 0.000s	sys 0.000s
I20260630 12:17:29.970286 13400 fs_manager.cc:730] Time spent opening block manager: real 0.002s	user 0.003s	sys 0.000s
I20260630 12:17:29.970551 13400 fs_manager.cc:647] Opened local filesystem: /tmp/dist-test-taskZK7Y_6/test-tmp/auto_rebalancer-test.0.AutoRebalancerTest.NoReplicaMovesIfLocationLoadSkewedByOne.1782821749353850-13400-0/minicluster-data/ts-1-root
uuid: "3a0378a70e0f40ec95c0f4746c3e2691"
format_stamp: "Formatted at 2026-06-30 12:17:29 on dist-test-slave-k49h"
I20260630 12:17:29.970793 13400 fs_report.cc:389] FS layout report
--------------------
wal directory: /tmp/dist-test-taskZK7Y_6/test-tmp/auto_rebalancer-test.0.AutoRebalancerTest.NoReplicaMovesIfLocationLoadSkewedByOne.1782821749353850-13400-0/minicluster-data/ts-1-root
metadata directory: /tmp/dist-test-taskZK7Y_6/test-tmp/auto_rebalancer-test.0.AutoRebalancerTest.NoReplicaMovesIfLocationLoadSkewedByOne.1782821749353850-13400-0/minicluster-data/ts-1-root
1 data directories: /tmp/dist-test-taskZK7Y_6/test-tmp/auto_rebalancer-test.0.AutoRebalancerTest.NoReplicaMovesIfLocationLoadSkewedByOne.1782821749353850-13400-0/minicluster-data/ts-1-root/data
Total live blocks: 0
Total live bytes: 0
Total live bytes (after alignment): 0
Total number of LBM containers: 0 (0 full)
Did not check for missing blocks
Did not check for orphaned blocks
Total full LBM containers with extra space: 0 (0 repaired)
Total full LBM container extra space in bytes: 0 (0 repaired)
Total incomplete LBM containers: 0 (0 repaired)
Total LBM partial records: 0 (0 repaired)
Total corrupted LBM metadata records in RocksDB: 0 (0 repaired)
I20260630 12:17:30.025344 13400 rpc_server.cc:225] running with OpenSSL 1.1.1  11 Sep 2018
I20260630 12:17:30.027192 13400 kserver.cc:163] Server-wide thread pool size limit: 3276
I20260630 12:17:30.029011 13400 txn_system_client.cc:432] TxnSystemClient initialization is disabled...
I20260630 12:17:30.031848 13400 ts_tablet_manager.cc:585] Loaded tablet metadata (0 total tablets, 0 live tablets)
I20260630 12:17:30.032068 13400 ts_tablet_manager.cc:531] Time spent load tablet metadata: real 0.000s	user 0.000s	sys 0.000s
I20260630 12:17:30.032322 13400 ts_tablet_manager.cc:616] Registered 0 tablets
I20260630 12:17:30.032475 13400 ts_tablet_manager.cc:595] Time spent register tablets: real 0.000s	user 0.000s	sys 0.000s
I20260630 12:17:30.079355 13400 rpc_server.cc:307] RPC server started. Bound to: 127.13.22.2:33901
I20260630 12:17:30.079582 17210 acceptor_pool.cc:272] collecting diagnostics on the listening RPC socket 127.13.22.2:33901 every 8 connection(s)
I20260630 12:17:30.086715 13400 file_cache.cc:492] Constructed file cache file cache with capacity 419430
W20260630 12:17:30.097143 17214 instance_detector.cc:116] could not retrieve AWS instance metadata: Network error: curl error: HTTP response code said error: The requested URL returned error: 404
W20260630 12:17:30.097913 17215 instance_detector.cc:116] could not retrieve Azure instance metadata: Network error: curl error: HTTP response code said error: The requested URL returned error: 404
W20260630 12:17:30.101125 17217 instance_detector.cc:116] could not retrieve OpenStack instance metadata: Network error: curl error: HTTP response code said error: The requested URL returned error: 404
I20260630 12:17:30.102131 13400 server_base.cc:1061] running on GCE node
I20260630 12:17:30.103310 17211 heartbeater.cc:344] Connected to a master server at 127.13.22.62:43715
I20260630 12:17:30.103466 13400 hybrid_clock.cc:584] initializing the hybrid clock with 'system_unsync' time source
I20260630 12:17:30.103776 17211 heartbeater.cc:461] Registering TS with master...
W20260630 12:17:30.103823 13400 system_unsync_time.cc:38] NTP support is disabled. Clock error bounds will not be accurate. This configuration is not suitable for distributed clusters.
I20260630 12:17:30.104251 13400 hybrid_clock.cc:648] HybridClock initialized: now 1782821850104222 us; error 0 us; skew 500 ppm
I20260630 12:17:30.104861 17211 heartbeater.cc:507] Master 127.13.22.62:43715 requested a full tablet report, sending...
I20260630 12:17:30.104947 13400 server_base.cc:861] Flag tcmalloc_max_total_thread_cache_bytes is not working since tcmalloc is not enabled.
I20260630 12:17:30.108054 17008 ts_manager.cc:194] Registered new tserver with Master: 3a0378a70e0f40ec95c0f4746c3e2691 (127.13.22.2:33901)
I20260630 12:17:30.108716 13400 webserver.cc:533] Webserver started at http://127.13.22.3:42967/ using document root <none> and password file <none>
I20260630 12:17:30.109443 13400 fs_manager.cc:362] Metadata directory not provided
I20260630 12:17:30.109730 13400 fs_manager.cc:368] Using write-ahead log directory (fs_wal_dir) as metadata directory
I20260630 12:17:30.110143 13400 server_base.cc:909] This appears to be a new deployment of Kudu; creating new FS layout
I20260630 12:17:30.110690 17008 master_service.cc:502] Signed X509 certificate for tserver {username='slave'} at 127.0.0.1:51500
I20260630 12:17:30.112399 13400 fs_manager.cc:1068] Generated new instance metadata in path /tmp/dist-test-taskZK7Y_6/test-tmp/auto_rebalancer-test.0.AutoRebalancerTest.NoReplicaMovesIfLocationLoadSkewedByOne.1782821749353850-13400-0/minicluster-data/ts-2-root/instance:
uuid: "849dcb3b81194d3992dc581ff2b4b289"
format_stamp: "Formatted at 2026-06-30 12:17:30 on dist-test-slave-k49h"
I20260630 12:17:30.117657 13400 fs_manager.cc:696] Time spent creating directory manager: real 0.004s	user 0.000s	sys 0.004s
I20260630 12:17:30.121608 17222 log_block_manager.cc:4031] Time spent loading block containers with low live blocks: real 0.000s	user 0.000s	sys 0.000s
I20260630 12:17:30.122488 13400 fs_manager.cc:730] Time spent opening block manager: real 0.003s	user 0.004s	sys 0.000s
I20260630 12:17:30.122813 13400 fs_manager.cc:647] Opened local filesystem: /tmp/dist-test-taskZK7Y_6/test-tmp/auto_rebalancer-test.0.AutoRebalancerTest.NoReplicaMovesIfLocationLoadSkewedByOne.1782821749353850-13400-0/minicluster-data/ts-2-root
uuid: "849dcb3b81194d3992dc581ff2b4b289"
format_stamp: "Formatted at 2026-06-30 12:17:30 on dist-test-slave-k49h"
I20260630 12:17:30.123175 13400 fs_report.cc:389] FS layout report
--------------------
wal directory: /tmp/dist-test-taskZK7Y_6/test-tmp/auto_rebalancer-test.0.AutoRebalancerTest.NoReplicaMovesIfLocationLoadSkewedByOne.1782821749353850-13400-0/minicluster-data/ts-2-root
metadata directory: /tmp/dist-test-taskZK7Y_6/test-tmp/auto_rebalancer-test.0.AutoRebalancerTest.NoReplicaMovesIfLocationLoadSkewedByOne.1782821749353850-13400-0/minicluster-data/ts-2-root
1 data directories: /tmp/dist-test-taskZK7Y_6/test-tmp/auto_rebalancer-test.0.AutoRebalancerTest.NoReplicaMovesIfLocationLoadSkewedByOne.1782821749353850-13400-0/minicluster-data/ts-2-root/data
Total live blocks: 0
Total live bytes: 0
Total live bytes (after alignment): 0
Total number of LBM containers: 0 (0 full)
Did not check for missing blocks
Did not check for orphaned blocks
Total full LBM containers with extra space: 0 (0 repaired)
Total full LBM container extra space in bytes: 0 (0 repaired)
Total incomplete LBM containers: 0 (0 repaired)
Total LBM partial records: 0 (0 repaired)
Total corrupted LBM metadata records in RocksDB: 0 (0 repaired)
I20260630 12:17:30.170008 13400 rpc_server.cc:225] running with OpenSSL 1.1.1  11 Sep 2018
I20260630 12:17:30.171278 13400 kserver.cc:163] Server-wide thread pool size limit: 3276
I20260630 12:17:30.172813 13400 txn_system_client.cc:432] TxnSystemClient initialization is disabled...
I20260630 12:17:30.175197 13400 ts_tablet_manager.cc:585] Loaded tablet metadata (0 total tablets, 0 live tablets)
I20260630 12:17:30.175431 13400 ts_tablet_manager.cc:531] Time spent load tablet metadata: real 0.000s	user 0.000s	sys 0.000s
I20260630 12:17:30.175668 13400 ts_tablet_manager.cc:616] Registered 0 tablets
I20260630 12:17:30.175840 13400 ts_tablet_manager.cc:595] Time spent register tablets: real 0.000s	user 0.000s	sys 0.000s
I20260630 12:17:30.220584 13400 rpc_server.cc:307] RPC server started. Bound to: 127.13.22.3:32773
I20260630 12:17:30.220773 17284 acceptor_pool.cc:272] collecting diagnostics on the listening RPC socket 127.13.22.3:32773 every 8 connection(s)
I20260630 12:17:30.225622 13400 file_cache.cc:492] Constructed file cache file cache with capacity 419430
W20260630 12:17:30.233834 17288 instance_detector.cc:116] could not retrieve AWS instance metadata: Network error: curl error: HTTP response code said error: The requested URL returned error: 404
W20260630 12:17:30.235783 17289 instance_detector.cc:116] could not retrieve Azure instance metadata: Network error: curl error: HTTP response code said error: The requested URL returned error: 404
I20260630 12:17:30.237571 13400 server_base.cc:1061] running on GCE node
W20260630 12:17:30.238358 17291 instance_detector.cc:116] could not retrieve OpenStack instance metadata: Network error: curl error: HTTP response code said error: The requested URL returned error: 404
I20260630 12:17:30.239573 13400 hybrid_clock.cc:584] initializing the hybrid clock with 'system_unsync' time source
W20260630 12:17:30.240046 13400 system_unsync_time.cc:38] NTP support is disabled. Clock error bounds will not be accurate. This configuration is not suitable for distributed clusters.
I20260630 12:17:30.240170 17285 heartbeater.cc:344] Connected to a master server at 127.13.22.62:43715
I20260630 12:17:30.240331 13400 hybrid_clock.cc:648] HybridClock initialized: now 1782821850240309 us; error 0 us; skew 500 ppm
I20260630 12:17:30.240623 17285 heartbeater.cc:461] Registering TS with master...
I20260630 12:17:30.241119 13400 server_base.cc:861] Flag tcmalloc_max_total_thread_cache_bytes is not working since tcmalloc is not enabled.
I20260630 12:17:30.241577 17285 heartbeater.cc:507] Master 127.13.22.62:43715 requested a full tablet report, sending...
I20260630 12:17:30.244156 17008 ts_manager.cc:194] Registered new tserver with Master: 849dcb3b81194d3992dc581ff2b4b289 (127.13.22.3:32773)
I20260630 12:17:30.244719 13400 webserver.cc:533] Webserver started at http://127.13.22.4:34729/ using document root <none> and password file <none>
I20260630 12:17:30.245395 13400 fs_manager.cc:362] Metadata directory not provided
I20260630 12:17:30.245651 13400 fs_manager.cc:368] Using write-ahead log directory (fs_wal_dir) as metadata directory
I20260630 12:17:30.246012 13400 server_base.cc:909] This appears to be a new deployment of Kudu; creating new FS layout
I20260630 12:17:30.246253 17008 master_service.cc:502] Signed X509 certificate for tserver {username='slave'} at 127.0.0.1:51514
I20260630 12:17:30.247846 13400 fs_manager.cc:1068] Generated new instance metadata in path /tmp/dist-test-taskZK7Y_6/test-tmp/auto_rebalancer-test.0.AutoRebalancerTest.NoReplicaMovesIfLocationLoadSkewedByOne.1782821749353850-13400-0/minicluster-data/ts-3-root/instance:
uuid: "81ce7a6281114b668d4c4d9efef1cd1b"
format_stamp: "Formatted at 2026-06-30 12:17:30 on dist-test-slave-k49h"
I20260630 12:17:30.253173 13400 fs_manager.cc:696] Time spent creating directory manager: real 0.005s	user 0.003s	sys 0.000s
I20260630 12:17:30.257727 17296 log_block_manager.cc:4031] Time spent loading block containers with low live blocks: real 0.000s	user 0.000s	sys 0.000s
I20260630 12:17:30.258857 13400 fs_manager.cc:730] Time spent opening block manager: real 0.003s	user 0.002s	sys 0.000s
I20260630 12:17:30.259155 13400 fs_manager.cc:647] Opened local filesystem: /tmp/dist-test-taskZK7Y_6/test-tmp/auto_rebalancer-test.0.AutoRebalancerTest.NoReplicaMovesIfLocationLoadSkewedByOne.1782821749353850-13400-0/minicluster-data/ts-3-root
uuid: "81ce7a6281114b668d4c4d9efef1cd1b"
format_stamp: "Formatted at 2026-06-30 12:17:30 on dist-test-slave-k49h"
I20260630 12:17:30.259581 13400 fs_report.cc:389] FS layout report
--------------------
wal directory: /tmp/dist-test-taskZK7Y_6/test-tmp/auto_rebalancer-test.0.AutoRebalancerTest.NoReplicaMovesIfLocationLoadSkewedByOne.1782821749353850-13400-0/minicluster-data/ts-3-root
metadata directory: /tmp/dist-test-taskZK7Y_6/test-tmp/auto_rebalancer-test.0.AutoRebalancerTest.NoReplicaMovesIfLocationLoadSkewedByOne.1782821749353850-13400-0/minicluster-data/ts-3-root
1 data directories: /tmp/dist-test-taskZK7Y_6/test-tmp/auto_rebalancer-test.0.AutoRebalancerTest.NoReplicaMovesIfLocationLoadSkewedByOne.1782821749353850-13400-0/minicluster-data/ts-3-root/data
Total live blocks: 0
Total live bytes: 0
Total live bytes (after alignment): 0
Total number of LBM containers: 0 (0 full)
Did not check for missing blocks
Did not check for orphaned blocks
Total full LBM containers with extra space: 0 (0 repaired)
Total full LBM container extra space in bytes: 0 (0 repaired)
Total incomplete LBM containers: 0 (0 repaired)
Total LBM partial records: 0 (0 repaired)
Total corrupted LBM metadata records in RocksDB: 0 (0 repaired)
I20260630 12:17:30.291440 13400 rpc_server.cc:225] running with OpenSSL 1.1.1  11 Sep 2018
I20260630 12:17:30.292783 13400 kserver.cc:163] Server-wide thread pool size limit: 3276
I20260630 12:17:30.294087 13400 txn_system_client.cc:432] TxnSystemClient initialization is disabled...
I20260630 12:17:30.296435 13400 ts_tablet_manager.cc:585] Loaded tablet metadata (0 total tablets, 0 live tablets)
I20260630 12:17:30.296697 13400 ts_tablet_manager.cc:531] Time spent load tablet metadata: real 0.000s	user 0.000s	sys 0.000s
I20260630 12:17:30.296949 13400 ts_tablet_manager.cc:616] Registered 0 tablets
I20260630 12:17:30.297137 13400 ts_tablet_manager.cc:595] Time spent register tablets: real 0.000s	user 0.000s	sys 0.000s
I20260630 12:17:30.339725 13400 rpc_server.cc:307] RPC server started. Bound to: 127.13.22.4:41265
I20260630 12:17:30.339932 17358 acceptor_pool.cc:272] collecting diagnostics on the listening RPC socket 127.13.22.4:41265 every 8 connection(s)
I20260630 12:17:30.354722 17359 heartbeater.cc:344] Connected to a master server at 127.13.22.62:43715
I20260630 12:17:30.355361 17359 heartbeater.cc:461] Registering TS with master...
I20260630 12:17:30.356244 17359 heartbeater.cc:507] Master 127.13.22.62:43715 requested a full tablet report, sending...
I20260630 12:17:30.358448 17008 ts_manager.cc:194] Registered new tserver with Master: 81ce7a6281114b668d4c4d9efef1cd1b (127.13.22.4:41265)
I20260630 12:17:30.359129 13400 internal_mini_cluster.cc:371] 4 TS(s) registered with all masters after 0.016276743s
I20260630 12:17:30.360011 17008 master_service.cc:502] Signed X509 certificate for tserver {username='slave'} at 127.0.0.1:51520
I20260630 12:17:30.915889 17008 catalog_manager.cc:2283] Servicing CreateTable request from {username='slave'} at 127.0.0.1:51536:
name: "test-workload"
schema {
  columns {
    name: "key"
    type: INT32
    is_key: true
    is_nullable: false
    encoding: AUTO_ENCODING
    compression: DEFAULT_COMPRESSION
    cfile_block_size: 0
    immutable: false
  }
  columns {
    name: "int_val"
    type: INT32
    is_key: false
    is_nullable: false
    encoding: AUTO_ENCODING
    compression: DEFAULT_COMPRESSION
    cfile_block_size: 0
    immutable: false
  }
  columns {
    name: "string_val"
    type: STRING
    is_key: false
    is_nullable: true
    encoding: AUTO_ENCODING
    compression: DEFAULT_COMPRESSION
    cfile_block_size: 0
    immutable: false
  }
}
num_replicas: 3
split_rows_range_bounds {
}
partition_schema {
  range_schema {
    columns {
      name: "key"
    }
  }
}
I20260630 12:17:30.966885 17135 heartbeater.cc:499] Master 127.13.22.62:43715 was elected leader, sending a full tablet report...
I20260630 12:17:30.969487 17176 tablet_service.cc:1511] Processing CreateTablet for tablet 2065ea53c25a460da1fd2d701356e3c3 (DEFAULT_TABLE table=test-workload [id=0d9f62401342424ab8e17b269c74ae19]), partition=RANGE (key) PARTITION UNBOUNDED
I20260630 12:17:30.971135 17176 data_dirs.cc:400] Could only allocate 1 dirs of requested 3 for tablet 2065ea53c25a460da1fd2d701356e3c3. 1 dirs total, 0 dirs full, 0 dirs failed
I20260630 12:17:30.982347 17324 tablet_service.cc:1511] Processing CreateTablet for tablet 2065ea53c25a460da1fd2d701356e3c3 (DEFAULT_TABLE table=test-workload [id=0d9f62401342424ab8e17b269c74ae19]), partition=RANGE (key) PARTITION UNBOUNDED
I20260630 12:17:30.983752 17324 data_dirs.cc:400] Could only allocate 1 dirs of requested 3 for tablet 2065ea53c25a460da1fd2d701356e3c3. 1 dirs total, 0 dirs full, 0 dirs failed
I20260630 12:17:30.984189 17250 tablet_service.cc:1511] Processing CreateTablet for tablet 2065ea53c25a460da1fd2d701356e3c3 (DEFAULT_TABLE table=test-workload [id=0d9f62401342424ab8e17b269c74ae19]), partition=RANGE (key) PARTITION UNBOUNDED
I20260630 12:17:30.985468 17250 data_dirs.cc:400] Could only allocate 1 dirs of requested 3 for tablet 2065ea53c25a460da1fd2d701356e3c3. 1 dirs total, 0 dirs full, 0 dirs failed
I20260630 12:17:30.990739 17380 tablet_bootstrap.cc:492] T 2065ea53c25a460da1fd2d701356e3c3 P 3a0378a70e0f40ec95c0f4746c3e2691: Bootstrap starting.
I20260630 12:17:30.996483 17380 tablet_bootstrap.cc:654] T 2065ea53c25a460da1fd2d701356e3c3 P 3a0378a70e0f40ec95c0f4746c3e2691: Neither blocks nor log segments found. Creating new log.
I20260630 12:17:31.003108 17382 tablet_bootstrap.cc:492] T 2065ea53c25a460da1fd2d701356e3c3 P 81ce7a6281114b668d4c4d9efef1cd1b: Bootstrap starting.
I20260630 12:17:31.003229 17380 tablet_bootstrap.cc:492] T 2065ea53c25a460da1fd2d701356e3c3 P 3a0378a70e0f40ec95c0f4746c3e2691: No bootstrap required, opened a new log
I20260630 12:17:31.003821 17380 ts_tablet_manager.cc:1403] T 2065ea53c25a460da1fd2d701356e3c3 P 3a0378a70e0f40ec95c0f4746c3e2691: Time spent bootstrapping tablet: real 0.013s	user 0.007s	sys 0.006s
I20260630 12:17:31.005316 17383 tablet_bootstrap.cc:492] T 2065ea53c25a460da1fd2d701356e3c3 P 849dcb3b81194d3992dc581ff2b4b289: Bootstrap starting.
I20260630 12:17:31.007279 17380 raft_consensus.cc:359] T 2065ea53c25a460da1fd2d701356e3c3 P 3a0378a70e0f40ec95c0f4746c3e2691 [term 0 FOLLOWER]: Replica starting. Triggering 0 pending ops. Active config: opid_index: -1 OBSOLETE_local: false peers { permanent_uuid: "3a0378a70e0f40ec95c0f4746c3e2691" member_type: VOTER last_known_addr { host: "127.13.22.2" port: 33901 } } peers { permanent_uuid: "81ce7a6281114b668d4c4d9efef1cd1b" member_type: VOTER last_known_addr { host: "127.13.22.4" port: 41265 } } peers { permanent_uuid: "849dcb3b81194d3992dc581ff2b4b289" member_type: VOTER last_known_addr { host: "127.13.22.3" port: 32773 } }
I20260630 12:17:31.008350 17380 raft_consensus.cc:385] T 2065ea53c25a460da1fd2d701356e3c3 P 3a0378a70e0f40ec95c0f4746c3e2691 [term 0 FOLLOWER]: Consensus starting up: Expiring failure detector timer to make a prompt election more likely
I20260630 12:17:31.008729 17380 raft_consensus.cc:740] T 2065ea53c25a460da1fd2d701356e3c3 P 3a0378a70e0f40ec95c0f4746c3e2691 [term 0 FOLLOWER]: Becoming Follower/Learner. State: Replica: 3a0378a70e0f40ec95c0f4746c3e2691, State: Initialized, Role: FOLLOWER
I20260630 12:17:31.009773 17380 consensus_queue.cc:260] T 2065ea53c25a460da1fd2d701356e3c3 P 3a0378a70e0f40ec95c0f4746c3e2691 [NON_LEADER]: Queue going to NON_LEADER mode. State: All replicated index: 0, Majority replicated index: 0, Committed index: 0, Last appended: 0.0, Last appended by leader: 0, Current term: 0, Majority size: -1, State: 0, Mode: NON_LEADER, active raft config: opid_index: -1 OBSOLETE_local: false peers { permanent_uuid: "3a0378a70e0f40ec95c0f4746c3e2691" member_type: VOTER last_known_addr { host: "127.13.22.2" port: 33901 } } peers { permanent_uuid: "81ce7a6281114b668d4c4d9efef1cd1b" member_type: VOTER last_known_addr { host: "127.13.22.4" port: 41265 } } peers { permanent_uuid: "849dcb3b81194d3992dc581ff2b4b289" member_type: VOTER last_known_addr { host: "127.13.22.3" port: 32773 } }
I20260630 12:17:31.010536 17382 tablet_bootstrap.cc:654] T 2065ea53c25a460da1fd2d701356e3c3 P 81ce7a6281114b668d4c4d9efef1cd1b: Neither blocks nor log segments found. Creating new log.
I20260630 12:17:31.012493 17211 heartbeater.cc:499] Master 127.13.22.62:43715 was elected leader, sending a full tablet report...
I20260630 12:17:31.012672 17383 tablet_bootstrap.cc:654] T 2065ea53c25a460da1fd2d701356e3c3 P 849dcb3b81194d3992dc581ff2b4b289: Neither blocks nor log segments found. Creating new log.
I20260630 12:17:31.013088 17380 ts_tablet_manager.cc:1434] T 2065ea53c25a460da1fd2d701356e3c3 P 3a0378a70e0f40ec95c0f4746c3e2691: Time spent starting tablet: real 0.009s	user 0.005s	sys 0.004s
I20260630 12:17:31.017508 17382 tablet_bootstrap.cc:492] T 2065ea53c25a460da1fd2d701356e3c3 P 81ce7a6281114b668d4c4d9efef1cd1b: No bootstrap required, opened a new log
I20260630 12:17:31.018088 17382 ts_tablet_manager.cc:1403] T 2065ea53c25a460da1fd2d701356e3c3 P 81ce7a6281114b668d4c4d9efef1cd1b: Time spent bootstrapping tablet: real 0.015s	user 0.001s	sys 0.012s
I20260630 12:17:31.018386 17383 tablet_bootstrap.cc:492] T 2065ea53c25a460da1fd2d701356e3c3 P 849dcb3b81194d3992dc581ff2b4b289: No bootstrap required, opened a new log
I20260630 12:17:31.018903 17383 ts_tablet_manager.cc:1403] T 2065ea53c25a460da1fd2d701356e3c3 P 849dcb3b81194d3992dc581ff2b4b289: Time spent bootstrapping tablet: real 0.014s	user 0.004s	sys 0.007s
I20260630 12:17:31.021159 17382 raft_consensus.cc:359] T 2065ea53c25a460da1fd2d701356e3c3 P 81ce7a6281114b668d4c4d9efef1cd1b [term 0 FOLLOWER]: Replica starting. Triggering 0 pending ops. Active config: opid_index: -1 OBSOLETE_local: false peers { permanent_uuid: "3a0378a70e0f40ec95c0f4746c3e2691" member_type: VOTER last_known_addr { host: "127.13.22.2" port: 33901 } } peers { permanent_uuid: "81ce7a6281114b668d4c4d9efef1cd1b" member_type: VOTER last_known_addr { host: "127.13.22.4" port: 41265 } } peers { permanent_uuid: "849dcb3b81194d3992dc581ff2b4b289" member_type: VOTER last_known_addr { host: "127.13.22.3" port: 32773 } }
I20260630 12:17:31.021584 17383 raft_consensus.cc:359] T 2065ea53c25a460da1fd2d701356e3c3 P 849dcb3b81194d3992dc581ff2b4b289 [term 0 FOLLOWER]: Replica starting. Triggering 0 pending ops. Active config: opid_index: -1 OBSOLETE_local: false peers { permanent_uuid: "3a0378a70e0f40ec95c0f4746c3e2691" member_type: VOTER last_known_addr { host: "127.13.22.2" port: 33901 } } peers { permanent_uuid: "81ce7a6281114b668d4c4d9efef1cd1b" member_type: VOTER last_known_addr { host: "127.13.22.4" port: 41265 } } peers { permanent_uuid: "849dcb3b81194d3992dc581ff2b4b289" member_type: VOTER last_known_addr { host: "127.13.22.3" port: 32773 } }
I20260630 12:17:31.021960 17382 raft_consensus.cc:385] T 2065ea53c25a460da1fd2d701356e3c3 P 81ce7a6281114b668d4c4d9efef1cd1b [term 0 FOLLOWER]: Consensus starting up: Expiring failure detector timer to make a prompt election more likely
I20260630 12:17:31.022339 17383 raft_consensus.cc:385] T 2065ea53c25a460da1fd2d701356e3c3 P 849dcb3b81194d3992dc581ff2b4b289 [term 0 FOLLOWER]: Consensus starting up: Expiring failure detector timer to make a prompt election more likely
I20260630 12:17:31.022421 17382 raft_consensus.cc:740] T 2065ea53c25a460da1fd2d701356e3c3 P 81ce7a6281114b668d4c4d9efef1cd1b [term 0 FOLLOWER]: Becoming Follower/Learner. State: Replica: 81ce7a6281114b668d4c4d9efef1cd1b, State: Initialized, Role: FOLLOWER
I20260630 12:17:31.022733 17383 raft_consensus.cc:740] T 2065ea53c25a460da1fd2d701356e3c3 P 849dcb3b81194d3992dc581ff2b4b289 [term 0 FOLLOWER]: Becoming Follower/Learner. State: Replica: 849dcb3b81194d3992dc581ff2b4b289, State: Initialized, Role: FOLLOWER
I20260630 12:17:31.023453 17382 consensus_queue.cc:260] T 2065ea53c25a460da1fd2d701356e3c3 P 81ce7a6281114b668d4c4d9efef1cd1b [NON_LEADER]: Queue going to NON_LEADER mode. State: All replicated index: 0, Majority replicated index: 0, Committed index: 0, Last appended: 0.0, Last appended by leader: 0, Current term: 0, Majority size: -1, State: 0, Mode: NON_LEADER, active raft config: opid_index: -1 OBSOLETE_local: false peers { permanent_uuid: "3a0378a70e0f40ec95c0f4746c3e2691" member_type: VOTER last_known_addr { host: "127.13.22.2" port: 33901 } } peers { permanent_uuid: "81ce7a6281114b668d4c4d9efef1cd1b" member_type: VOTER last_known_addr { host: "127.13.22.4" port: 41265 } } peers { permanent_uuid: "849dcb3b81194d3992dc581ff2b4b289" member_type: VOTER last_known_addr { host: "127.13.22.3" port: 32773 } }
I20260630 12:17:31.023553 17383 consensus_queue.cc:260] T 2065ea53c25a460da1fd2d701356e3c3 P 849dcb3b81194d3992dc581ff2b4b289 [NON_LEADER]: Queue going to NON_LEADER mode. State: All replicated index: 0, Majority replicated index: 0, Committed index: 0, Last appended: 0.0, Last appended by leader: 0, Current term: 0, Majority size: -1, State: 0, Mode: NON_LEADER, active raft config: opid_index: -1 OBSOLETE_local: false peers { permanent_uuid: "3a0378a70e0f40ec95c0f4746c3e2691" member_type: VOTER last_known_addr { host: "127.13.22.2" port: 33901 } } peers { permanent_uuid: "81ce7a6281114b668d4c4d9efef1cd1b" member_type: VOTER last_known_addr { host: "127.13.22.4" port: 41265 } } peers { permanent_uuid: "849dcb3b81194d3992dc581ff2b4b289" member_type: VOTER last_known_addr { host: "127.13.22.3" port: 32773 } }
I20260630 12:17:31.026203 17359 heartbeater.cc:499] Master 127.13.22.62:43715 was elected leader, sending a full tablet report...
I20260630 12:17:31.027324 17382 ts_tablet_manager.cc:1434] T 2065ea53c25a460da1fd2d701356e3c3 P 81ce7a6281114b668d4c4d9efef1cd1b: Time spent starting tablet: real 0.009s	user 0.009s	sys 0.000s
I20260630 12:17:31.028789 17285 heartbeater.cc:499] Master 127.13.22.62:43715 was elected leader, sending a full tablet report...
I20260630 12:17:31.029189 17383 ts_tablet_manager.cc:1434] T 2065ea53c25a460da1fd2d701356e3c3 P 849dcb3b81194d3992dc581ff2b4b289: Time spent starting tablet: real 0.010s	user 0.006s	sys 0.006s
I20260630 12:17:31.038023 17384 raft_consensus.cc:493] T 2065ea53c25a460da1fd2d701356e3c3 P 3a0378a70e0f40ec95c0f4746c3e2691 [term 0 FOLLOWER]: Starting pre-election (no leader contacted us within the election timeout)
I20260630 12:17:31.038676 17384 raft_consensus.cc:515] T 2065ea53c25a460da1fd2d701356e3c3 P 3a0378a70e0f40ec95c0f4746c3e2691 [term 0 FOLLOWER]: Starting pre-election with config: opid_index: -1 OBSOLETE_local: false peers { permanent_uuid: "3a0378a70e0f40ec95c0f4746c3e2691" member_type: VOTER last_known_addr { host: "127.13.22.2" port: 33901 } } peers { permanent_uuid: "81ce7a6281114b668d4c4d9efef1cd1b" member_type: VOTER last_known_addr { host: "127.13.22.4" port: 41265 } } peers { permanent_uuid: "849dcb3b81194d3992dc581ff2b4b289" member_type: VOTER last_known_addr { host: "127.13.22.3" port: 32773 } }
I20260630 12:17:31.041253 17384 leader_election.cc:290] T 2065ea53c25a460da1fd2d701356e3c3 P 3a0378a70e0f40ec95c0f4746c3e2691 [CANDIDATE]: Term 1 pre-election: Requested pre-vote from peers 81ce7a6281114b668d4c4d9efef1cd1b (127.13.22.4:41265), 849dcb3b81194d3992dc581ff2b4b289 (127.13.22.3:32773)
I20260630 12:17:31.053690 17334 tablet_service.cc:1917] Received RequestConsensusVote() RPC: tablet_id: "2065ea53c25a460da1fd2d701356e3c3" candidate_uuid: "3a0378a70e0f40ec95c0f4746c3e2691" candidate_term: 1 candidate_status { last_received { term: 0 index: 0 } } ignore_live_leader: false dest_uuid: "81ce7a6281114b668d4c4d9efef1cd1b" is_pre_election: true
I20260630 12:17:31.054602 17334 raft_consensus.cc:2468] T 2065ea53c25a460da1fd2d701356e3c3 P 81ce7a6281114b668d4c4d9efef1cd1b [term 0 FOLLOWER]: Leader pre-election vote request: Granting yes vote for candidate 3a0378a70e0f40ec95c0f4746c3e2691 in term 0.
I20260630 12:17:31.055442 17260 tablet_service.cc:1917] Received RequestConsensusVote() RPC: tablet_id: "2065ea53c25a460da1fd2d701356e3c3" candidate_uuid: "3a0378a70e0f40ec95c0f4746c3e2691" candidate_term: 1 candidate_status { last_received { term: 0 index: 0 } } ignore_live_leader: false dest_uuid: "849dcb3b81194d3992dc581ff2b4b289" is_pre_election: true
I20260630 12:17:31.055832 17149 leader_election.cc:304] T 2065ea53c25a460da1fd2d701356e3c3 P 3a0378a70e0f40ec95c0f4746c3e2691 [CANDIDATE]: Term 1 pre-election: Election decided. Result: candidate won. Election summary: received 2 responses out of 3 voters: 2 yes votes; 0 no votes. yes voters: 3a0378a70e0f40ec95c0f4746c3e2691, 81ce7a6281114b668d4c4d9efef1cd1b; no voters: 
I20260630 12:17:31.056167 17260 raft_consensus.cc:2468] T 2065ea53c25a460da1fd2d701356e3c3 P 849dcb3b81194d3992dc581ff2b4b289 [term 0 FOLLOWER]: Leader pre-election vote request: Granting yes vote for candidate 3a0378a70e0f40ec95c0f4746c3e2691 in term 0.
I20260630 12:17:31.056748 17384 raft_consensus.cc:2804] T 2065ea53c25a460da1fd2d701356e3c3 P 3a0378a70e0f40ec95c0f4746c3e2691 [term 0 FOLLOWER]: Leader pre-election won for term 1
I20260630 12:17:31.057089 17384 raft_consensus.cc:493] T 2065ea53c25a460da1fd2d701356e3c3 P 3a0378a70e0f40ec95c0f4746c3e2691 [term 0 FOLLOWER]: Starting leader election (no leader contacted us within the election timeout)
I20260630 12:17:31.057462 17384 raft_consensus.cc:3060] T 2065ea53c25a460da1fd2d701356e3c3 P 3a0378a70e0f40ec95c0f4746c3e2691 [term 0 FOLLOWER]: Advancing to term 1
I20260630 12:17:31.063251 17384 raft_consensus.cc:515] T 2065ea53c25a460da1fd2d701356e3c3 P 3a0378a70e0f40ec95c0f4746c3e2691 [term 1 FOLLOWER]: Starting leader election with config: opid_index: -1 OBSOLETE_local: false peers { permanent_uuid: "3a0378a70e0f40ec95c0f4746c3e2691" member_type: VOTER last_known_addr { host: "127.13.22.2" port: 33901 } } peers { permanent_uuid: "81ce7a6281114b668d4c4d9efef1cd1b" member_type: VOTER last_known_addr { host: "127.13.22.4" port: 41265 } } peers { permanent_uuid: "849dcb3b81194d3992dc581ff2b4b289" member_type: VOTER last_known_addr { host: "127.13.22.3" port: 32773 } }
I20260630 12:17:31.065711 17384 leader_election.cc:290] T 2065ea53c25a460da1fd2d701356e3c3 P 3a0378a70e0f40ec95c0f4746c3e2691 [CANDIDATE]: Term 1 election: Requested vote from peers 81ce7a6281114b668d4c4d9efef1cd1b (127.13.22.4:41265), 849dcb3b81194d3992dc581ff2b4b289 (127.13.22.3:32773)
I20260630 12:17:31.066315 17260 tablet_service.cc:1917] Received RequestConsensusVote() RPC: tablet_id: "2065ea53c25a460da1fd2d701356e3c3" candidate_uuid: "3a0378a70e0f40ec95c0f4746c3e2691" candidate_term: 1 candidate_status { last_received { term: 0 index: 0 } } ignore_live_leader: false dest_uuid: "849dcb3b81194d3992dc581ff2b4b289"
I20260630 12:17:31.066164 17334 tablet_service.cc:1917] Received RequestConsensusVote() RPC: tablet_id: "2065ea53c25a460da1fd2d701356e3c3" candidate_uuid: "3a0378a70e0f40ec95c0f4746c3e2691" candidate_term: 1 candidate_status { last_received { term: 0 index: 0 } } ignore_live_leader: false dest_uuid: "81ce7a6281114b668d4c4d9efef1cd1b"
I20260630 12:17:31.066951 17260 raft_consensus.cc:3060] T 2065ea53c25a460da1fd2d701356e3c3 P 849dcb3b81194d3992dc581ff2b4b289 [term 0 FOLLOWER]: Advancing to term 1
I20260630 12:17:31.066967 17334 raft_consensus.cc:3060] T 2065ea53c25a460da1fd2d701356e3c3 P 81ce7a6281114b668d4c4d9efef1cd1b [term 0 FOLLOWER]: Advancing to term 1
I20260630 12:17:31.075186 17260 raft_consensus.cc:2468] T 2065ea53c25a460da1fd2d701356e3c3 P 849dcb3b81194d3992dc581ff2b4b289 [term 1 FOLLOWER]: Leader election vote request: Granting yes vote for candidate 3a0378a70e0f40ec95c0f4746c3e2691 in term 1.
I20260630 12:17:31.075186 17334 raft_consensus.cc:2468] T 2065ea53c25a460da1fd2d701356e3c3 P 81ce7a6281114b668d4c4d9efef1cd1b [term 1 FOLLOWER]: Leader election vote request: Granting yes vote for candidate 3a0378a70e0f40ec95c0f4746c3e2691 in term 1.
I20260630 12:17:31.076709 17149 leader_election.cc:304] T 2065ea53c25a460da1fd2d701356e3c3 P 3a0378a70e0f40ec95c0f4746c3e2691 [CANDIDATE]: Term 1 election: Election decided. Result: candidate won. Election summary: received 2 responses out of 3 voters: 2 yes votes; 0 no votes. yes voters: 3a0378a70e0f40ec95c0f4746c3e2691, 81ce7a6281114b668d4c4d9efef1cd1b; no voters: 
I20260630 12:17:31.077493 17384 raft_consensus.cc:2804] T 2065ea53c25a460da1fd2d701356e3c3 P 3a0378a70e0f40ec95c0f4746c3e2691 [term 1 FOLLOWER]: Leader election won for term 1
I20260630 12:17:31.078742 17384 raft_consensus.cc:697] T 2065ea53c25a460da1fd2d701356e3c3 P 3a0378a70e0f40ec95c0f4746c3e2691 [term 1 LEADER]: Becoming Leader. State: Replica: 3a0378a70e0f40ec95c0f4746c3e2691, State: Running, Role: LEADER
I20260630 12:17:31.079537 17384 consensus_queue.cc:237] T 2065ea53c25a460da1fd2d701356e3c3 P 3a0378a70e0f40ec95c0f4746c3e2691 [LEADER]: Queue going to LEADER mode. State: All replicated index: 0, Majority replicated index: 0, Committed index: 0, Last appended: 0.0, Last appended by leader: 0, Current term: 1, Majority size: 2, State: 0, Mode: LEADER, active raft config: opid_index: -1 OBSOLETE_local: false peers { permanent_uuid: "3a0378a70e0f40ec95c0f4746c3e2691" member_type: VOTER last_known_addr { host: "127.13.22.2" port: 33901 } } peers { permanent_uuid: "81ce7a6281114b668d4c4d9efef1cd1b" member_type: VOTER last_known_addr { host: "127.13.22.4" port: 41265 } } peers { permanent_uuid: "849dcb3b81194d3992dc581ff2b4b289" member_type: VOTER last_known_addr { host: "127.13.22.3" port: 32773 } }
I20260630 12:17:31.088990 17007 catalog_manager.cc:5697] T 2065ea53c25a460da1fd2d701356e3c3 P 3a0378a70e0f40ec95c0f4746c3e2691 reported cstate change: term changed from 0 to 1, leader changed from <none> to 3a0378a70e0f40ec95c0f4746c3e2691 (127.13.22.2). New cstate: current_term: 1 leader_uuid: "3a0378a70e0f40ec95c0f4746c3e2691" committed_config { opid_index: -1 OBSOLETE_local: false peers { permanent_uuid: "3a0378a70e0f40ec95c0f4746c3e2691" member_type: VOTER last_known_addr { host: "127.13.22.2" port: 33901 } health_report { overall_health: HEALTHY } } peers { permanent_uuid: "81ce7a6281114b668d4c4d9efef1cd1b" member_type: VOTER last_known_addr { host: "127.13.22.4" port: 41265 } health_report { overall_health: UNKNOWN } } peers { permanent_uuid: "849dcb3b81194d3992dc581ff2b4b289" member_type: VOTER last_known_addr { host: "127.13.22.3" port: 32773 } health_report { overall_health: UNKNOWN } } }
I20260630 12:17:31.468787 17384 consensus_queue.cc:1048] T 2065ea53c25a460da1fd2d701356e3c3 P 3a0378a70e0f40ec95c0f4746c3e2691 [LEADER]: Connected to new peer: Peer: permanent_uuid: "849dcb3b81194d3992dc581ff2b4b289" member_type: VOTER last_known_addr { host: "127.13.22.3" port: 32773 }, Status: LMP_MISMATCH, Last received: 0.0, Next index: 1, Last known committed idx: 0, Time since last communication: 0.000s
I20260630 12:17:31.481312 17395 consensus_queue.cc:1048] T 2065ea53c25a460da1fd2d701356e3c3 P 3a0378a70e0f40ec95c0f4746c3e2691 [LEADER]: Connected to new peer: Peer: permanent_uuid: "81ce7a6281114b668d4c4d9efef1cd1b" member_type: VOTER last_known_addr { host: "127.13.22.4" port: 41265 }, Status: LMP_MISMATCH, Last received: 0.0, Next index: 1, Last known committed idx: 0, Time since last communication: 0.001s
I20260630 12:17:31.763422 17061 auto_leader_rebalancer.cc:141] leader rebalance for table test-workload
I20260630 12:17:31.764909 17061 auto_leader_rebalancer.cc:440] table: test-workload, leader rebalance finish, leader transfer count: 0
I20260630 12:17:31.765857 17061 auto_leader_rebalancer.cc:515] All tables' leader rebalancing finished this round
I20260630 12:17:33.766906 17061 auto_leader_rebalancer.cc:141] leader rebalance for table test-workload
I20260630 12:17:33.768327 17061 auto_leader_rebalancer.cc:440] table: test-workload, leader rebalance finish, leader transfer count: 0
I20260630 12:17:33.768797 17061 auto_leader_rebalancer.cc:515] All tables' leader rebalancing finished this round
I20260630 12:17:35.769802 17061 auto_leader_rebalancer.cc:141] leader rebalance for table test-workload
I20260630 12:17:35.771170 17061 auto_leader_rebalancer.cc:440] table: test-workload, leader rebalance finish, leader transfer count: 0
I20260630 12:17:35.771487 17061 auto_leader_rebalancer.cc:515] All tables' leader rebalancing finished this round
I20260630 12:17:37.772519 17061 auto_leader_rebalancer.cc:141] leader rebalance for table test-workload
I20260630 12:17:37.774017 17061 auto_leader_rebalancer.cc:440] table: test-workload, leader rebalance finish, leader transfer count: 0
I20260630 12:17:37.774382 17061 auto_leader_rebalancer.cc:515] All tables' leader rebalancing finished this round
I20260630 12:17:39.775424 17061 auto_leader_rebalancer.cc:141] leader rebalance for table test-workload
I20260630 12:17:39.776885 17061 auto_leader_rebalancer.cc:440] table: test-workload, leader rebalance finish, leader transfer count: 0
I20260630 12:17:39.777202 17061 auto_leader_rebalancer.cc:515] All tables' leader rebalancing finished this round
I20260630 12:17:41.778439 17061 auto_leader_rebalancer.cc:141] leader rebalance for table test-workload
I20260630 12:17:41.779981 17061 auto_leader_rebalancer.cc:440] table: test-workload, leader rebalance finish, leader transfer count: 0
I20260630 12:17:41.780314 17061 auto_leader_rebalancer.cc:515] All tables' leader rebalancing finished this round
I20260630 12:17:42.177596 13400 tablet_server.cc:179] TabletServer@127.13.22.1:0 shutting down...
I20260630 12:17:42.205289 13400 ts_tablet_manager.cc:1507] Shutting down tablet manager...
I20260630 12:17:42.223889 13400 tablet_server.cc:196] TabletServer@127.13.22.1:0 shutdown complete.
I20260630 12:17:42.236407 13400 tablet_server.cc:179] TabletServer@127.13.22.2:0 shutting down...
I20260630 12:17:42.264178 13400 ts_tablet_manager.cc:1507] Shutting down tablet manager...
I20260630 12:17:42.264961 13400 tablet_replica.cc:333] T 2065ea53c25a460da1fd2d701356e3c3 P 3a0378a70e0f40ec95c0f4746c3e2691: stopping tablet replica
I20260630 12:17:42.265522 13400 raft_consensus.cc:2243] T 2065ea53c25a460da1fd2d701356e3c3 P 3a0378a70e0f40ec95c0f4746c3e2691 [term 1 LEADER]: Raft consensus shutting down.
I20260630 12:17:42.266495 13400 raft_consensus.cc:2272] T 2065ea53c25a460da1fd2d701356e3c3 P 3a0378a70e0f40ec95c0f4746c3e2691 [term 1 FOLLOWER]: Raft consensus is shut down!
I20260630 12:17:42.287395 13400 tablet_server.cc:196] TabletServer@127.13.22.2:0 shutdown complete.
I20260630 12:17:42.299118 13400 tablet_server.cc:179] TabletServer@127.13.22.3:0 shutting down...
I20260630 12:17:42.323235 13400 ts_tablet_manager.cc:1507] Shutting down tablet manager...
I20260630 12:17:42.324034 13400 tablet_replica.cc:333] T 2065ea53c25a460da1fd2d701356e3c3 P 849dcb3b81194d3992dc581ff2b4b289: stopping tablet replica
I20260630 12:17:42.324733 13400 raft_consensus.cc:2243] T 2065ea53c25a460da1fd2d701356e3c3 P 849dcb3b81194d3992dc581ff2b4b289 [term 1 FOLLOWER]: Raft consensus shutting down.
I20260630 12:17:42.325315 13400 raft_consensus.cc:2272] T 2065ea53c25a460da1fd2d701356e3c3 P 849dcb3b81194d3992dc581ff2b4b289 [term 1 FOLLOWER]: Raft consensus is shut down!
I20260630 12:17:42.346037 13400 tablet_server.cc:196] TabletServer@127.13.22.3:0 shutdown complete.
I20260630 12:17:42.358767 13400 tablet_server.cc:179] TabletServer@127.13.22.4:0 shutting down...
I20260630 12:17:42.381263 13400 ts_tablet_manager.cc:1507] Shutting down tablet manager...
I20260630 12:17:42.381908 13400 tablet_replica.cc:333] T 2065ea53c25a460da1fd2d701356e3c3 P 81ce7a6281114b668d4c4d9efef1cd1b: stopping tablet replica
I20260630 12:17:42.382452 13400 raft_consensus.cc:2243] T 2065ea53c25a460da1fd2d701356e3c3 P 81ce7a6281114b668d4c4d9efef1cd1b [term 1 FOLLOWER]: Raft consensus shutting down.
I20260630 12:17:42.382939 13400 raft_consensus.cc:2272] T 2065ea53c25a460da1fd2d701356e3c3 P 81ce7a6281114b668d4c4d9efef1cd1b [term 1 FOLLOWER]: Raft consensus is shut down!
I20260630 12:17:42.403522 13400 tablet_server.cc:196] TabletServer@127.13.22.4:0 shutdown complete.
I20260630 12:17:42.415010 13400 master.cc:562] Master@127.13.22.62:43715 shutting down...
I20260630 12:17:42.436738 13400 raft_consensus.cc:2243] T 00000000000000000000000000000000 P e1b0e137cc25444283267e85c2003bd0 [term 1 LEADER]: Raft consensus shutting down.
I20260630 12:17:42.437481 13400 raft_consensus.cc:2272] T 00000000000000000000000000000000 P e1b0e137cc25444283267e85c2003bd0 [term 1 FOLLOWER]: Raft consensus is shut down!
I20260630 12:17:42.437830 13400 tablet_replica.cc:333] T 00000000000000000000000000000000 P e1b0e137cc25444283267e85c2003bd0: stopping tablet replica
I20260630 12:17:42.457329 13400 master.cc:584] Master@127.13.22.62:43715 shutdown complete.
[       OK ] AutoRebalancerTest.NoReplicaMovesIfLocationLoadSkewedByOne (12866 ms)
[ RUN      ] AutoRebalancerTest.NoReplicaMovesIfCannotFixPlacementPolicy
I20260630 12:17:42.495680 13400 internal_mini_cluster.cc:156] Creating distributed mini masters. Addrs: 127.13.22.62:46629
I20260630 12:17:42.497082 13400 file_cache.cc:492] Constructed file cache file cache with capacity 419430
W20260630 12:17:42.503960 17402 instance_detector.cc:116] could not retrieve Azure instance metadata: Network error: curl error: HTTP response code said error: The requested URL returned error: 404
W20260630 12:17:42.504107 17401 instance_detector.cc:116] could not retrieve AWS instance metadata: Network error: curl error: HTTP response code said error: The requested URL returned error: 404
W20260630 12:17:42.504170 17404 instance_detector.cc:116] could not retrieve OpenStack instance metadata: Network error: curl error: HTTP response code said error: The requested URL returned error: 404
I20260630 12:17:42.504607 13400 server_base.cc:1061] running on GCE node
I20260630 12:17:42.505661 13400 hybrid_clock.cc:584] initializing the hybrid clock with 'system_unsync' time source
W20260630 12:17:42.505854 13400 system_unsync_time.cc:38] NTP support is disabled. Clock error bounds will not be accurate. This configuration is not suitable for distributed clusters.
I20260630 12:17:42.506036 13400 hybrid_clock.cc:648] HybridClock initialized: now 1782821862506021 us; error 0 us; skew 500 ppm
I20260630 12:17:42.506608 13400 server_base.cc:861] Flag tcmalloc_max_total_thread_cache_bytes is not working since tcmalloc is not enabled.
I20260630 12:17:42.513659 13400 webserver.cc:533] Webserver started at http://127.13.22.62:39219/ using document root <none> and password file <none>
I20260630 12:17:42.514334 13400 fs_manager.cc:362] Metadata directory not provided
I20260630 12:17:42.514569 13400 fs_manager.cc:368] Using write-ahead log directory (fs_wal_dir) as metadata directory
I20260630 12:17:42.515044 13400 server_base.cc:909] This appears to be a new deployment of Kudu; creating new FS layout
I20260630 12:17:42.516846 13400 fs_manager.cc:1068] Generated new instance metadata in path /tmp/dist-test-taskZK7Y_6/test-tmp/auto_rebalancer-test.0.AutoRebalancerTest.NoReplicaMovesIfCannotFixPlacementPolicy.1782821749353850-13400-0/minicluster-data/master-0-root/instance:
uuid: "36d2650563574279b9e6762a2b05d93b"
format_stamp: "Formatted at 2026-06-30 12:17:42 on dist-test-slave-k49h"
I20260630 12:17:42.523427 13400 fs_manager.cc:696] Time spent creating directory manager: real 0.006s	user 0.002s	sys 0.004s
I20260630 12:17:42.529412 17409 log_block_manager.cc:4031] Time spent loading block containers with low live blocks: real 0.000s	user 0.000s	sys 0.000s
I20260630 12:17:42.530493 13400 fs_manager.cc:730] Time spent opening block manager: real 0.003s	user 0.003s	sys 0.001s
I20260630 12:17:42.530858 13400 fs_manager.cc:647] Opened local filesystem: /tmp/dist-test-taskZK7Y_6/test-tmp/auto_rebalancer-test.0.AutoRebalancerTest.NoReplicaMovesIfCannotFixPlacementPolicy.1782821749353850-13400-0/minicluster-data/master-0-root
uuid: "36d2650563574279b9e6762a2b05d93b"
format_stamp: "Formatted at 2026-06-30 12:17:42 on dist-test-slave-k49h"
I20260630 12:17:42.531178 13400 fs_report.cc:389] FS layout report
--------------------
wal directory: /tmp/dist-test-taskZK7Y_6/test-tmp/auto_rebalancer-test.0.AutoRebalancerTest.NoReplicaMovesIfCannotFixPlacementPolicy.1782821749353850-13400-0/minicluster-data/master-0-root
metadata directory: /tmp/dist-test-taskZK7Y_6/test-tmp/auto_rebalancer-test.0.AutoRebalancerTest.NoReplicaMovesIfCannotFixPlacementPolicy.1782821749353850-13400-0/minicluster-data/master-0-root
1 data directories: /tmp/dist-test-taskZK7Y_6/test-tmp/auto_rebalancer-test.0.AutoRebalancerTest.NoReplicaMovesIfCannotFixPlacementPolicy.1782821749353850-13400-0/minicluster-data/master-0-root/data
Total live blocks: 0
Total live bytes: 0
Total live bytes (after alignment): 0
Total number of LBM containers: 0 (0 full)
Did not check for missing blocks
Did not check for orphaned blocks
Total full LBM containers with extra space: 0 (0 repaired)
Total full LBM container extra space in bytes: 0 (0 repaired)
Total incomplete LBM containers: 0 (0 repaired)
Total LBM partial records: 0 (0 repaired)
Total corrupted LBM metadata records in RocksDB: 0 (0 repaired)
I20260630 12:17:42.546802 13400 rpc_server.cc:225] running with OpenSSL 1.1.1  11 Sep 2018
I20260630 12:17:42.548504 13400 kserver.cc:163] Server-wide thread pool size limit: 3276
I20260630 12:17:42.596335 13400 rpc_server.cc:307] RPC server started. Bound to: 127.13.22.62:46629
I20260630 12:17:42.596449 17460 acceptor_pool.cc:272] collecting diagnostics on the listening RPC socket 127.13.22.62:46629 every 8 connection(s)
I20260630 12:17:42.603016 17461 data_dirs.cc:400] Could only allocate 1 dirs of requested 3 for tablet 00000000000000000000000000000000. 1 dirs total, 0 dirs full, 0 dirs failed
I20260630 12:17:42.615417 17461 tablet_bootstrap.cc:492] T 00000000000000000000000000000000 P 36d2650563574279b9e6762a2b05d93b: Bootstrap starting.
I20260630 12:17:42.620096 17461 tablet_bootstrap.cc:654] T 00000000000000000000000000000000 P 36d2650563574279b9e6762a2b05d93b: Neither blocks nor log segments found. Creating new log.
I20260630 12:17:42.624821 17461 tablet_bootstrap.cc:492] T 00000000000000000000000000000000 P 36d2650563574279b9e6762a2b05d93b: No bootstrap required, opened a new log
I20260630 12:17:42.626961 17461 raft_consensus.cc:359] T 00000000000000000000000000000000 P 36d2650563574279b9e6762a2b05d93b [term 0 FOLLOWER]: Replica starting. Triggering 0 pending ops. Active config: opid_index: -1 OBSOLETE_local: true peers { permanent_uuid: "36d2650563574279b9e6762a2b05d93b" member_type: VOTER }
I20260630 12:17:42.627410 17461 raft_consensus.cc:385] T 00000000000000000000000000000000 P 36d2650563574279b9e6762a2b05d93b [term 0 FOLLOWER]: Consensus starting up: Expiring failure detector timer to make a prompt election more likely
I20260630 12:17:42.627591 17461 raft_consensus.cc:740] T 00000000000000000000000000000000 P 36d2650563574279b9e6762a2b05d93b [term 0 FOLLOWER]: Becoming Follower/Learner. State: Replica: 36d2650563574279b9e6762a2b05d93b, State: Initialized, Role: FOLLOWER
I20260630 12:17:42.628080 17461 consensus_queue.cc:260] T 00000000000000000000000000000000 P 36d2650563574279b9e6762a2b05d93b [NON_LEADER]: Queue going to NON_LEADER mode. State: All replicated index: 0, Majority replicated index: 0, Committed index: 0, Last appended: 0.0, Last appended by leader: 0, Current term: 0, Majority size: -1, State: 0, Mode: NON_LEADER, active raft config: opid_index: -1 OBSOLETE_local: true peers { permanent_uuid: "36d2650563574279b9e6762a2b05d93b" member_type: VOTER }
I20260630 12:17:42.628516 17461 raft_consensus.cc:399] T 00000000000000000000000000000000 P 36d2650563574279b9e6762a2b05d93b [term 0 FOLLOWER]: Only one voter in the Raft config. Triggering election immediately
I20260630 12:17:42.628829 17461 raft_consensus.cc:493] T 00000000000000000000000000000000 P 36d2650563574279b9e6762a2b05d93b [term 0 FOLLOWER]: Starting leader election (initial election of a single-replica configuration)
I20260630 12:17:42.629046 17461 raft_consensus.cc:3060] T 00000000000000000000000000000000 P 36d2650563574279b9e6762a2b05d93b [term 0 FOLLOWER]: Advancing to term 1
I20260630 12:17:42.634526 17461 raft_consensus.cc:515] T 00000000000000000000000000000000 P 36d2650563574279b9e6762a2b05d93b [term 1 FOLLOWER]: Starting leader election with config: opid_index: -1 OBSOLETE_local: true peers { permanent_uuid: "36d2650563574279b9e6762a2b05d93b" member_type: VOTER }
I20260630 12:17:42.635226 17461 leader_election.cc:304] T 00000000000000000000000000000000 P 36d2650563574279b9e6762a2b05d93b [CANDIDATE]: Term 1 election: Election decided. Result: candidate won. Election summary: received 1 responses out of 1 voters: 1 yes votes; 0 no votes. yes voters: 36d2650563574279b9e6762a2b05d93b; no voters: 
I20260630 12:17:42.636467 17461 leader_election.cc:290] T 00000000000000000000000000000000 P 36d2650563574279b9e6762a2b05d93b [CANDIDATE]: Term 1 election: Requested vote from peers 
I20260630 12:17:42.636904 17464 raft_consensus.cc:2804] T 00000000000000000000000000000000 P 36d2650563574279b9e6762a2b05d93b [term 1 FOLLOWER]: Leader election won for term 1
I20260630 12:17:42.638334 17464 raft_consensus.cc:697] T 00000000000000000000000000000000 P 36d2650563574279b9e6762a2b05d93b [term 1 LEADER]: Becoming Leader. State: Replica: 36d2650563574279b9e6762a2b05d93b, State: Running, Role: LEADER
I20260630 12:17:42.639096 17464 consensus_queue.cc:237] T 00000000000000000000000000000000 P 36d2650563574279b9e6762a2b05d93b [LEADER]: Queue going to LEADER mode. State: All replicated index: 0, Majority replicated index: 0, Committed index: 0, Last appended: 0.0, Last appended by leader: 0, Current term: 1, Majority size: 1, State: 0, Mode: LEADER, active raft config: opid_index: -1 OBSOLETE_local: true peers { permanent_uuid: "36d2650563574279b9e6762a2b05d93b" member_type: VOTER }
