I20260630 12:15:55.053858 13640 server_base.cc:1061] running on GCE node
I20260630 12:15:55.054602 13640 hybrid_clock.cc:584] initializing the hybrid clock with 'system_unsync' time source
W20260630 12:15:55.054771 13640 system_unsync_time.cc:38] NTP support is disabled. Clock error bounds will not be accurate. This configuration is not suitable for distributed clusters.
I20260630 12:15:55.054931 13640 hybrid_clock.cc:648] HybridClock initialized: now 1782821755054915 us; error 0 us; skew 500 ppm
I20260630 12:15:55.055411 13640 server_base.cc:861] Flag tcmalloc_max_total_thread_cache_bytes is not working since tcmalloc is not enabled.
I20260630 12:15:55.057431 13640 webserver.cc:533] Webserver started at http://127.13.82.62:38867/ using document root <none> and password file <none>
I20260630 12:15:55.057844 13640 fs_manager.cc:362] Metadata directory not provided
I20260630 12:15:55.058007 13640 fs_manager.cc:368] Using write-ahead log directory (fs_wal_dir) as metadata directory
I20260630 12:15:55.058295 13640 server_base.cc:909] This appears to be a new deployment of Kudu; creating new FS layout
I20260630 12:15:55.059268 13640 fs_manager.cc:1068] Generated new instance metadata in path /tmp/dist-test-tasksdiAmu/test-tmp/auto_rebalancer-test.0.AutoRebalancerTest.AutoRebalancingTurnOffAndOn.1782821748317884-13640-0/minicluster-data/master-0-root/instance:
uuid: "14edcc809f814cf399665a104d45a450"
format_stamp: "Formatted at 2026-06-30 12:15:55 on dist-test-slave-3p4m"
I20260630 12:15:55.063206 13640 fs_manager.cc:696] Time spent creating directory manager: real 0.003s	user 0.004s	sys 0.000s
I20260630 12:15:55.066075 14190 log_block_manager.cc:4031] Time spent loading block containers with low live blocks: real 0.000s	user 0.000s	sys 0.000s
I20260630 12:15:55.066762 13640 fs_manager.cc:730] Time spent opening block manager: real 0.002s	user 0.002s	sys 0.000s
I20260630 12:15:55.067011 13640 fs_manager.cc:647] Opened local filesystem: /tmp/dist-test-tasksdiAmu/test-tmp/auto_rebalancer-test.0.AutoRebalancerTest.AutoRebalancingTurnOffAndOn.1782821748317884-13640-0/minicluster-data/master-0-root
uuid: "14edcc809f814cf399665a104d45a450"
format_stamp: "Formatted at 2026-06-30 12:15:55 on dist-test-slave-3p4m"
I20260630 12:15:55.067255 13640 fs_report.cc:389] FS layout report
--------------------
wal directory: /tmp/dist-test-tasksdiAmu/test-tmp/auto_rebalancer-test.0.AutoRebalancerTest.AutoRebalancingTurnOffAndOn.1782821748317884-13640-0/minicluster-data/master-0-root
metadata directory: /tmp/dist-test-tasksdiAmu/test-tmp/auto_rebalancer-test.0.AutoRebalancerTest.AutoRebalancingTurnOffAndOn.1782821748317884-13640-0/minicluster-data/master-0-root
1 data directories: /tmp/dist-test-tasksdiAmu/test-tmp/auto_rebalancer-test.0.AutoRebalancerTest.AutoRebalancingTurnOffAndOn.1782821748317884-13640-0/minicluster-data/master-0-root/data
Total live blocks: 0
Total live bytes: 0
Total live bytes (after alignment): 0
Total number of LBM containers: 0 (0 full)
Did not check for missing blocks
Did not check for orphaned blocks
Total full LBM containers with extra space: 0 (0 repaired)
Total full LBM container extra space in bytes: 0 (0 repaired)
Total incomplete LBM containers: 0 (0 repaired)
Total LBM partial records: 0 (0 repaired)
Total corrupted LBM metadata records in RocksDB: 0 (0 repaired)
I20260630 12:15:55.087960 13640 rpc_server.cc:225] running with OpenSSL 1.1.1  11 Sep 2018
I20260630 12:15:55.088848 13640 kserver.cc:163] Server-wide thread pool size limit: 3276
I20260630 12:15:55.120728 13640 rpc_server.cc:307] RPC server started. Bound to: 127.13.82.62:42339
I20260630 12:15:55.120810 14241 acceptor_pool.cc:272] collecting diagnostics on the listening RPC socket 127.13.82.62:42339 every 8 connection(s)
I20260630 12:15:55.124279 14242 data_dirs.cc:400] Could only allocate 1 dirs of requested 3 for tablet 00000000000000000000000000000000. 1 dirs total, 0 dirs full, 0 dirs failed
I20260630 12:15:55.132972 14242 tablet_bootstrap.cc:492] T 00000000000000000000000000000000 P 14edcc809f814cf399665a104d45a450: Bootstrap starting.
I20260630 12:15:55.136746 14242 tablet_bootstrap.cc:654] T 00000000000000000000000000000000 P 14edcc809f814cf399665a104d45a450: Neither blocks nor log segments found. Creating new log.
I20260630 12:15:55.140131 14242 tablet_bootstrap.cc:492] T 00000000000000000000000000000000 P 14edcc809f814cf399665a104d45a450: No bootstrap required, opened a new log
I20260630 12:15:55.141836 14242 raft_consensus.cc:359] T 00000000000000000000000000000000 P 14edcc809f814cf399665a104d45a450 [term 0 FOLLOWER]: Replica starting. Triggering 0 pending ops. Active config: opid_index: -1 OBSOLETE_local: true peers { permanent_uuid: "14edcc809f814cf399665a104d45a450" member_type: VOTER }
I20260630 12:15:55.142179 14242 raft_consensus.cc:385] T 00000000000000000000000000000000 P 14edcc809f814cf399665a104d45a450 [term 0 FOLLOWER]: Consensus starting up: Expiring failure detector timer to make a prompt election more likely
I20260630 12:15:55.142410 14242 raft_consensus.cc:740] T 00000000000000000000000000000000 P 14edcc809f814cf399665a104d45a450 [term 0 FOLLOWER]: Becoming Follower/Learner. State: Replica: 14edcc809f814cf399665a104d45a450, State: Initialized, Role: FOLLOWER
I20260630 12:15:55.142915 14242 consensus_queue.cc:260] T 00000000000000000000000000000000 P 14edcc809f814cf399665a104d45a450 [NON_LEADER]: Queue going to NON_LEADER mode. State: All replicated index: 0, Majority replicated index: 0, Committed index: 0, Last appended: 0.0, Last appended by leader: 0, Current term: 0, Majority size: -1, State: 0, Mode: NON_LEADER, active raft config: opid_index: -1 OBSOLETE_local: true peers { permanent_uuid: "14edcc809f814cf399665a104d45a450" member_type: VOTER }
I20260630 12:15:55.143328 14242 raft_consensus.cc:399] T 00000000000000000000000000000000 P 14edcc809f814cf399665a104d45a450 [term 0 FOLLOWER]: Only one voter in the Raft config. Triggering election immediately
I20260630 12:15:55.143538 14242 raft_consensus.cc:493] T 00000000000000000000000000000000 P 14edcc809f814cf399665a104d45a450 [term 0 FOLLOWER]: Starting leader election (initial election of a single-replica configuration)
I20260630 12:15:55.143774 14242 raft_consensus.cc:3060] T 00000000000000000000000000000000 P 14edcc809f814cf399665a104d45a450 [term 0 FOLLOWER]: Advancing to term 1
I20260630 12:15:55.147511 14242 raft_consensus.cc:515] T 00000000000000000000000000000000 P 14edcc809f814cf399665a104d45a450 [term 1 FOLLOWER]: Starting leader election with config: opid_index: -1 OBSOLETE_local: true peers { permanent_uuid: "14edcc809f814cf399665a104d45a450" member_type: VOTER }
I20260630 12:15:55.147969 14242 leader_election.cc:304] T 00000000000000000000000000000000 P 14edcc809f814cf399665a104d45a450 [CANDIDATE]: Term 1 election: Election decided. Result: candidate won. Election summary: received 1 responses out of 1 voters: 1 yes votes; 0 no votes. yes voters: 14edcc809f814cf399665a104d45a450; no voters: 
I20260630 12:15:55.148945 14242 leader_election.cc:290] T 00000000000000000000000000000000 P 14edcc809f814cf399665a104d45a450 [CANDIDATE]: Term 1 election: Requested vote from peers 
I20260630 12:15:55.149189 14245 raft_consensus.cc:2804] T 00000000000000000000000000000000 P 14edcc809f814cf399665a104d45a450 [term 1 FOLLOWER]: Leader election won for term 1
I20260630 12:15:55.150437 14245 raft_consensus.cc:697] T 00000000000000000000000000000000 P 14edcc809f814cf399665a104d45a450 [term 1 LEADER]: Becoming Leader. State: Replica: 14edcc809f814cf399665a104d45a450, State: Running, Role: LEADER
I20260630 12:15:55.151057 14245 consensus_queue.cc:237] T 00000000000000000000000000000000 P 14edcc809f814cf399665a104d45a450 [LEADER]: Queue going to LEADER mode. State: All replicated index: 0, Majority replicated index: 0, Committed index: 0, Last appended: 0.0, Last appended by leader: 0, Current term: 1, Majority size: 1, State: 0, Mode: LEADER, active raft config: opid_index: -1 OBSOLETE_local: true peers { permanent_uuid: "14edcc809f814cf399665a104d45a450" member_type: VOTER }
I20260630 12:15:55.151881 14242 sys_catalog.cc:565] T 00000000000000000000000000000000 P 14edcc809f814cf399665a104d45a450 [sys.catalog]: configured and running, proceeding with master startup.
I20260630 12:15:55.153674 14246 sys_catalog.cc:455] T 00000000000000000000000000000000 P 14edcc809f814cf399665a104d45a450 [sys.catalog]: SysCatalogTable state changed. Reason: RaftConsensus started. Latest consensus state: current_term: 1 leader_uuid: "14edcc809f814cf399665a104d45a450" committed_config { opid_index: -1 OBSOLETE_local: true peers { permanent_uuid: "14edcc809f814cf399665a104d45a450" member_type: VOTER } }
I20260630 12:15:55.153775 14247 sys_catalog.cc:455] T 00000000000000000000000000000000 P 14edcc809f814cf399665a104d45a450 [sys.catalog]: SysCatalogTable state changed. Reason: New leader 14edcc809f814cf399665a104d45a450. Latest consensus state: current_term: 1 leader_uuid: "14edcc809f814cf399665a104d45a450" committed_config { opid_index: -1 OBSOLETE_local: true peers { permanent_uuid: "14edcc809f814cf399665a104d45a450" member_type: VOTER } }
I20260630 12:15:55.154305 14246 sys_catalog.cc:458] T 00000000000000000000000000000000 P 14edcc809f814cf399665a104d45a450 [sys.catalog]: This master's current role is: LEADER
I20260630 12:15:55.154367 14247 sys_catalog.cc:458] T 00000000000000000000000000000000 P 14edcc809f814cf399665a104d45a450 [sys.catalog]: This master's current role is: LEADER
I20260630 12:15:55.157034 14251 catalog_manager.cc:1511] Loading table and tablet metadata into memory...
I20260630 12:15:55.161712 14251 catalog_manager.cc:1520] Initializing Kudu cluster ID...
I20260630 12:15:55.165187 13640 internal_mini_cluster.cc:184] Waiting to initialize catalog manager on master 0
I20260630 12:15:55.169801 14251 catalog_manager.cc:1383] Generated new cluster ID: ddcc216542ec48eca9b00c1613b42723
I20260630 12:15:55.170054 14251 catalog_manager.cc:1531] Initializing Kudu internal certificate authority...
I20260630 12:15:55.188215 14251 catalog_manager.cc:1406] Generated new certificate authority record
I20260630 12:15:55.189324 14251 catalog_manager.cc:1540] Loading token signing keys...
I20260630 12:15:55.199015 14251 catalog_manager.cc:6070] T 00000000000000000000000000000000 P 14edcc809f814cf399665a104d45a450: Generated new TSK 0
I20260630 12:15:55.199522 14251 catalog_manager.cc:1550] Initializing in-progress tserver states...
I20260630 12:15:55.231370 13640 file_cache.cc:492] Constructed file cache file cache with capacity 419430
W20260630 12:15:55.236749 14263 instance_detector.cc:116] could not retrieve AWS instance metadata: Network error: curl error: HTTP response code said error: The requested URL returned error: 404
W20260630 12:15:55.237619 14264 instance_detector.cc:116] could not retrieve Azure instance metadata: Network error: curl error: HTTP response code said error: The requested URL returned error: 404
I20260630 12:15:55.239223 13640 server_base.cc:1061] running on GCE node
W20260630 12:15:55.239395 14266 instance_detector.cc:116] could not retrieve OpenStack instance metadata: Network error: curl error: HTTP response code said error: The requested URL returned error: 404
I20260630 12:15:55.240198 13640 hybrid_clock.cc:584] initializing the hybrid clock with 'system_unsync' time source
W20260630 12:15:55.240382 13640 system_unsync_time.cc:38] NTP support is disabled. Clock error bounds will not be accurate. This configuration is not suitable for distributed clusters.
I20260630 12:15:55.240501 13640 hybrid_clock.cc:648] HybridClock initialized: now 1782821755240490 us; error 0 us; skew 500 ppm
I20260630 12:15:55.240923 13640 server_base.cc:861] Flag tcmalloc_max_total_thread_cache_bytes is not working since tcmalloc is not enabled.
I20260630 12:15:55.242944 13640 webserver.cc:533] Webserver started at http://127.13.82.1:39815/ using document root <none> and password file <none>
I20260630 12:15:55.243336 13640 fs_manager.cc:362] Metadata directory not provided
I20260630 12:15:55.243490 13640 fs_manager.cc:368] Using write-ahead log directory (fs_wal_dir) as metadata directory
I20260630 12:15:55.243692 13640 server_base.cc:909] This appears to be a new deployment of Kudu; creating new FS layout
I20260630 12:15:55.244616 13640 fs_manager.cc:1068] Generated new instance metadata in path /tmp/dist-test-tasksdiAmu/test-tmp/auto_rebalancer-test.0.AutoRebalancerTest.AutoRebalancingTurnOffAndOn.1782821748317884-13640-0/minicluster-data/ts-0-root/instance:
uuid: "98c216b8567f4cf9a6f49c38804521c1"
format_stamp: "Formatted at 2026-06-30 12:15:55 on dist-test-slave-3p4m"
I20260630 12:15:55.248533 13640 fs_manager.cc:696] Time spent creating directory manager: real 0.003s	user 0.005s	sys 0.000s
I20260630 12:15:55.251397 14271 log_block_manager.cc:4031] Time spent loading block containers with low live blocks: real 0.000s	user 0.000s	sys 0.000s
I20260630 12:15:55.252038 13640 fs_manager.cc:730] Time spent opening block manager: real 0.002s	user 0.000s	sys 0.003s
I20260630 12:15:55.252279 13640 fs_manager.cc:647] Opened local filesystem: /tmp/dist-test-tasksdiAmu/test-tmp/auto_rebalancer-test.0.AutoRebalancerTest.AutoRebalancingTurnOffAndOn.1782821748317884-13640-0/minicluster-data/ts-0-root
uuid: "98c216b8567f4cf9a6f49c38804521c1"
format_stamp: "Formatted at 2026-06-30 12:15:55 on dist-test-slave-3p4m"
I20260630 12:15:55.252530 13640 fs_report.cc:389] FS layout report
--------------------
wal directory: /tmp/dist-test-tasksdiAmu/test-tmp/auto_rebalancer-test.0.AutoRebalancerTest.AutoRebalancingTurnOffAndOn.1782821748317884-13640-0/minicluster-data/ts-0-root
metadata directory: /tmp/dist-test-tasksdiAmu/test-tmp/auto_rebalancer-test.0.AutoRebalancerTest.AutoRebalancingTurnOffAndOn.1782821748317884-13640-0/minicluster-data/ts-0-root
1 data directories: /tmp/dist-test-tasksdiAmu/test-tmp/auto_rebalancer-test.0.AutoRebalancerTest.AutoRebalancingTurnOffAndOn.1782821748317884-13640-0/minicluster-data/ts-0-root/data
Total live blocks: 0
Total live bytes: 0
Total live bytes (after alignment): 0
Total number of LBM containers: 0 (0 full)
Did not check for missing blocks
Did not check for orphaned blocks
Total full LBM containers with extra space: 0 (0 repaired)
Total full LBM container extra space in bytes: 0 (0 repaired)
Total incomplete LBM containers: 0 (0 repaired)
Total LBM partial records: 0 (0 repaired)
Total corrupted LBM metadata records in RocksDB: 0 (0 repaired)
I20260630 12:15:55.265684 13640 rpc_server.cc:225] running with OpenSSL 1.1.1  11 Sep 2018
I20260630 12:15:55.266623 13640 kserver.cc:163] Server-wide thread pool size limit: 3276
I20260630 12:15:55.267905 13640 txn_system_client.cc:432] TxnSystemClient initialization is disabled...
I20260630 12:15:55.269994 13640 ts_tablet_manager.cc:585] Loaded tablet metadata (0 total tablets, 0 live tablets)
I20260630 12:15:55.270183 13640 ts_tablet_manager.cc:531] Time spent load tablet metadata: real 0.000s	user 0.000s	sys 0.000s
I20260630 12:15:55.270438 13640 ts_tablet_manager.cc:616] Registered 0 tablets
I20260630 12:15:55.270587 13640 ts_tablet_manager.cc:595] Time spent register tablets: real 0.000s	user 0.000s	sys 0.000s
I20260630 12:15:55.304627 13640 rpc_server.cc:307] RPC server started. Bound to: 127.13.82.1:43561
I20260630 12:15:55.304709 14333 acceptor_pool.cc:272] collecting diagnostics on the listening RPC socket 127.13.82.1:43561 every 8 connection(s)
I20260630 12:15:55.309067 13640 file_cache.cc:492] Constructed file cache file cache with capacity 419430
W20260630 12:15:55.315114 14338 instance_detector.cc:116] could not retrieve AWS instance metadata: Network error: curl error: HTTP response code said error: The requested URL returned error: 404
W20260630 12:15:55.315554 14339 instance_detector.cc:116] could not retrieve Azure instance metadata: Network error: curl error: HTTP response code said error: The requested URL returned error: 404
I20260630 12:15:55.318661 13640 server_base.cc:1061] running on GCE node
W20260630 12:15:55.319072 14341 instance_detector.cc:116] could not retrieve OpenStack instance metadata: Network error: curl error: HTTP response code said error: The requested URL returned error: 404
I20260630 12:15:55.319813 13640 hybrid_clock.cc:584] initializing the hybrid clock with 'system_unsync' time source
W20260630 12:15:55.320041 13640 system_unsync_time.cc:38] NTP support is disabled. Clock error bounds will not be accurate. This configuration is not suitable for distributed clusters.
I20260630 12:15:55.320246 13640 hybrid_clock.cc:648] HybridClock initialized: now 1782821755320226 us; error 0 us; skew 500 ppm
I20260630 12:15:55.320726 13640 server_base.cc:861] Flag tcmalloc_max_total_thread_cache_bytes is not working since tcmalloc is not enabled.
I20260630 12:15:55.323122 14334 heartbeater.cc:344] Connected to a master server at 127.13.82.62:42339
I20260630 12:15:55.323410 13640 webserver.cc:533] Webserver started at http://127.13.82.2:38421/ using document root <none> and password file <none>
I20260630 12:15:55.323451 14334 heartbeater.cc:461] Registering TS with master...
I20260630 12:15:55.323930 13640 fs_manager.cc:362] Metadata directory not provided
I20260630 12:15:55.324105 13640 fs_manager.cc:368] Using write-ahead log directory (fs_wal_dir) as metadata directory
I20260630 12:15:55.324311 13640 server_base.cc:909] This appears to be a new deployment of Kudu; creating new FS layout
I20260630 12:15:55.324330 14334 heartbeater.cc:507] Master 127.13.82.62:42339 requested a full tablet report, sending...
I20260630 12:15:55.325299 13640 fs_manager.cc:1068] Generated new instance metadata in path /tmp/dist-test-tasksdiAmu/test-tmp/auto_rebalancer-test.0.AutoRebalancerTest.AutoRebalancingTurnOffAndOn.1782821748317884-13640-0/minicluster-data/ts-1-root/instance:
uuid: "0727c97d37844d19908c51b76d200e32"
format_stamp: "Formatted at 2026-06-30 12:15:55 on dist-test-slave-3p4m"
I20260630 12:15:55.326268 14207 ts_manager.cc:194] Registered new tserver with Master: 98c216b8567f4cf9a6f49c38804521c1 (127.13.82.1:43561)
I20260630 12:15:55.327775 14207 master_service.cc:502] Signed X509 certificate for tserver {username='slave'} at 127.0.0.1:47976
I20260630 12:15:55.329531 13640 fs_manager.cc:696] Time spent creating directory manager: real 0.004s	user 0.005s	sys 0.000s
I20260630 12:15:55.332540 14346 log_block_manager.cc:4031] Time spent loading block containers with low live blocks: real 0.000s	user 0.000s	sys 0.000s
I20260630 12:15:55.333250 13640 fs_manager.cc:730] Time spent opening block manager: real 0.002s	user 0.002s	sys 0.000s
I20260630 12:15:55.333511 13640 fs_manager.cc:647] Opened local filesystem: /tmp/dist-test-tasksdiAmu/test-tmp/auto_rebalancer-test.0.AutoRebalancerTest.AutoRebalancingTurnOffAndOn.1782821748317884-13640-0/minicluster-data/ts-1-root
uuid: "0727c97d37844d19908c51b76d200e32"
format_stamp: "Formatted at 2026-06-30 12:15:55 on dist-test-slave-3p4m"
I20260630 12:15:55.333757 13640 fs_report.cc:389] FS layout report
--------------------
wal directory: /tmp/dist-test-tasksdiAmu/test-tmp/auto_rebalancer-test.0.AutoRebalancerTest.AutoRebalancingTurnOffAndOn.1782821748317884-13640-0/minicluster-data/ts-1-root
metadata directory: /tmp/dist-test-tasksdiAmu/test-tmp/auto_rebalancer-test.0.AutoRebalancerTest.AutoRebalancingTurnOffAndOn.1782821748317884-13640-0/minicluster-data/ts-1-root
1 data directories: /tmp/dist-test-tasksdiAmu/test-tmp/auto_rebalancer-test.0.AutoRebalancerTest.AutoRebalancingTurnOffAndOn.1782821748317884-13640-0/minicluster-data/ts-1-root/data
Total live blocks: 0
Total live bytes: 0
Total live bytes (after alignment): 0
Total number of LBM containers: 0 (0 full)
Did not check for missing blocks
Did not check for orphaned blocks
Total full LBM containers with extra space: 0 (0 repaired)
Total full LBM container extra space in bytes: 0 (0 repaired)
Total incomplete LBM containers: 0 (0 repaired)
Total LBM partial records: 0 (0 repaired)
Total corrupted LBM metadata records in RocksDB: 0 (0 repaired)
I20260630 12:15:55.352187 13640 rpc_server.cc:225] running with OpenSSL 1.1.1  11 Sep 2018
I20260630 12:15:55.353266 13640 kserver.cc:163] Server-wide thread pool size limit: 3276
I20260630 12:15:55.354516 13640 txn_system_client.cc:432] TxnSystemClient initialization is disabled...
I20260630 12:15:55.356488 13640 ts_tablet_manager.cc:585] Loaded tablet metadata (0 total tablets, 0 live tablets)
I20260630 12:15:55.356671 13640 ts_tablet_manager.cc:531] Time spent load tablet metadata: real 0.000s	user 0.000s	sys 0.000s
I20260630 12:15:55.356868 13640 ts_tablet_manager.cc:616] Registered 0 tablets
I20260630 12:15:55.357013 13640 ts_tablet_manager.cc:595] Time spent register tablets: real 0.000s	user 0.000s	sys 0.000s
I20260630 12:15:55.391168 13640 rpc_server.cc:307] RPC server started. Bound to: 127.13.82.2:33709
I20260630 12:15:55.391269 14408 acceptor_pool.cc:272] collecting diagnostics on the listening RPC socket 127.13.82.2:33709 every 8 connection(s)
I20260630 12:15:55.395569 13640 file_cache.cc:492] Constructed file cache file cache with capacity 419430
W20260630 12:15:55.401773 14412 instance_detector.cc:116] could not retrieve AWS instance metadata: Network error: curl error: HTTP response code said error: The requested URL returned error: 404
W20260630 12:15:55.403309 14413 instance_detector.cc:116] could not retrieve Azure instance metadata: Network error: curl error: HTTP response code said error: The requested URL returned error: 404
I20260630 12:15:55.405104 13640 server_base.cc:1061] running on GCE node
I20260630 12:15:55.405990 14409 heartbeater.cc:344] Connected to a master server at 127.13.82.62:42339
I20260630 12:15:55.406381 14409 heartbeater.cc:461] Registering TS with master...
W20260630 12:15:55.406491 14416 instance_detector.cc:116] could not retrieve OpenStack instance metadata: Network error: curl error: HTTP response code said error: The requested URL returned error: 404
I20260630 12:15:55.407138 14409 heartbeater.cc:507] Master 127.13.82.62:42339 requested a full tablet report, sending...
I20260630 12:15:55.407320 13640 hybrid_clock.cc:584] initializing the hybrid clock with 'system_unsync' time source
W20260630 12:15:55.407581 13640 system_unsync_time.cc:38] NTP support is disabled. Clock error bounds will not be accurate. This configuration is not suitable for distributed clusters.
I20260630 12:15:55.407742 13640 hybrid_clock.cc:648] HybridClock initialized: now 1782821755407724 us; error 0 us; skew 500 ppm
I20260630 12:15:55.408326 13640 server_base.cc:861] Flag tcmalloc_max_total_thread_cache_bytes is not working since tcmalloc is not enabled.
I20260630 12:15:55.409097 14207 ts_manager.cc:194] Registered new tserver with Master: 0727c97d37844d19908c51b76d200e32 (127.13.82.2:33709)
I20260630 12:15:55.410604 14207 master_service.cc:502] Signed X509 certificate for tserver {username='slave'} at 127.0.0.1:47992
I20260630 12:15:55.410660 13640 webserver.cc:533] Webserver started at http://127.13.82.3:36101/ using document root <none> and password file <none>
I20260630 12:15:55.411192 13640 fs_manager.cc:362] Metadata directory not provided
I20260630 12:15:55.411419 13640 fs_manager.cc:368] Using write-ahead log directory (fs_wal_dir) as metadata directory
I20260630 12:15:55.411727 13640 server_base.cc:909] This appears to be a new deployment of Kudu; creating new FS layout
I20260630 12:15:55.412709 13640 fs_manager.cc:1068] Generated new instance metadata in path /tmp/dist-test-tasksdiAmu/test-tmp/auto_rebalancer-test.0.AutoRebalancerTest.AutoRebalancingTurnOffAndOn.1782821748317884-13640-0/minicluster-data/ts-2-root/instance:
uuid: "003b558a07e740cd9b76d47a4bc8d4db"
format_stamp: "Formatted at 2026-06-30 12:15:55 on dist-test-slave-3p4m"
I20260630 12:15:55.416610 13640 fs_manager.cc:696] Time spent creating directory manager: real 0.003s	user 0.003s	sys 0.002s
I20260630 12:15:55.419436 14420 log_block_manager.cc:4031] Time spent loading block containers with low live blocks: real 0.000s	user 0.000s	sys 0.000s
I20260630 12:15:55.420101 13640 fs_manager.cc:730] Time spent opening block manager: real 0.002s	user 0.000s	sys 0.001s
I20260630 12:15:55.420354 13640 fs_manager.cc:647] Opened local filesystem: /tmp/dist-test-tasksdiAmu/test-tmp/auto_rebalancer-test.0.AutoRebalancerTest.AutoRebalancingTurnOffAndOn.1782821748317884-13640-0/minicluster-data/ts-2-root
uuid: "003b558a07e740cd9b76d47a4bc8d4db"
format_stamp: "Formatted at 2026-06-30 12:15:55 on dist-test-slave-3p4m"
I20260630 12:15:55.420598 13640 fs_report.cc:389] FS layout report
--------------------
wal directory: /tmp/dist-test-tasksdiAmu/test-tmp/auto_rebalancer-test.0.AutoRebalancerTest.AutoRebalancingTurnOffAndOn.1782821748317884-13640-0/minicluster-data/ts-2-root
metadata directory: /tmp/dist-test-tasksdiAmu/test-tmp/auto_rebalancer-test.0.AutoRebalancerTest.AutoRebalancingTurnOffAndOn.1782821748317884-13640-0/minicluster-data/ts-2-root
1 data directories: /tmp/dist-test-tasksdiAmu/test-tmp/auto_rebalancer-test.0.AutoRebalancerTest.AutoRebalancingTurnOffAndOn.1782821748317884-13640-0/minicluster-data/ts-2-root/data
Total live blocks: 0
Total live bytes: 0
Total live bytes (after alignment): 0
Total number of LBM containers: 0 (0 full)
Did not check for missing blocks
Did not check for orphaned blocks
Total full LBM containers with extra space: 0 (0 repaired)
Total full LBM container extra space in bytes: 0 (0 repaired)
Total incomplete LBM containers: 0 (0 repaired)
Total LBM partial records: 0 (0 repaired)
Total corrupted LBM metadata records in RocksDB: 0 (0 repaired)
I20260630 12:15:55.443192 13640 rpc_server.cc:225] running with OpenSSL 1.1.1  11 Sep 2018
I20260630 12:15:55.444121 13640 kserver.cc:163] Server-wide thread pool size limit: 3276
I20260630 12:15:55.445379 13640 txn_system_client.cc:432] TxnSystemClient initialization is disabled...
I20260630 12:15:55.447410 13640 ts_tablet_manager.cc:585] Loaded tablet metadata (0 total tablets, 0 live tablets)
I20260630 12:15:55.447595 13640 ts_tablet_manager.cc:531] Time spent load tablet metadata: real 0.000s	user 0.000s	sys 0.000s
I20260630 12:15:55.447798 13640 ts_tablet_manager.cc:616] Registered 0 tablets
I20260630 12:15:55.447943 13640 ts_tablet_manager.cc:595] Time spent register tablets: real 0.000s	user 0.000s	sys 0.000s
I20260630 12:15:55.482527 13640 rpc_server.cc:307] RPC server started. Bound to: 127.13.82.3:39415
I20260630 12:15:55.482613 14482 acceptor_pool.cc:272] collecting diagnostics on the listening RPC socket 127.13.82.3:39415 every 8 connection(s)
I20260630 12:15:55.494611 14483 heartbeater.cc:344] Connected to a master server at 127.13.82.62:42339
I20260630 12:15:55.494967 14483 heartbeater.cc:461] Registering TS with master...
I20260630 12:15:55.495615 14483 heartbeater.cc:507] Master 127.13.82.62:42339 requested a full tablet report, sending...
I20260630 12:15:55.497284 14207 ts_manager.cc:194] Registered new tserver with Master: 003b558a07e740cd9b76d47a4bc8d4db (127.13.82.3:39415)
I20260630 12:15:55.497393 13640 internal_mini_cluster.cc:371] 3 TS(s) registered with all masters after 0.012029651s
I20260630 12:15:55.498550 14207 master_service.cc:502] Signed X509 certificate for tserver {username='slave'} at 127.0.0.1:48006
I20260630 12:15:56.329955 14334 heartbeater.cc:499] Master 127.13.82.62:42339 was elected leader, sending a full tablet report...
I20260630 12:15:56.412804 14409 heartbeater.cc:499] Master 127.13.82.62:42339 was elected leader, sending a full tablet report...
I20260630 12:15:56.500617 14483 heartbeater.cc:499] Master 127.13.82.62:42339 was elected leader, sending a full tablet report...
I20260630 12:15:56.548370 14207 catalog_manager.cc:2283] Servicing CreateTable request from {username='slave'} at 127.0.0.1:48014:
name: "test-workload"
schema {
  columns {
    name: "key"
    type: INT32
    is_key: true
    is_nullable: false
    encoding: AUTO_ENCODING
    compression: DEFAULT_COMPRESSION
    cfile_block_size: 0
    immutable: false
  }
  columns {
    name: "int_val"
    type: INT32
    is_key: false
    is_nullable: false
    encoding: AUTO_ENCODING
    compression: DEFAULT_COMPRESSION
    cfile_block_size: 0
    immutable: false
  }
  columns {
    name: "string_val"
    type: STRING
    is_key: false
    is_nullable: true
    encoding: AUTO_ENCODING
    compression: DEFAULT_COMPRESSION
    cfile_block_size: 0
    immutable: false
  }
}
num_replicas: 3
split_rows_range_bounds {
  rows: "\004\001\000\377\377\377\017\004\001\000\376\377\377\037\004\001\000\375\377\377/\004\001\000\374\377\377?\004\001\000\373\377\377O\004\001\000\372\377\377_\004\001\000\371\377\377o""\004\001\000\377\377\377\017\004\001\000\376\377\377\037\004\001\000\375\377\377/\004\001\000\374\377\377?\004\001\000\373\377\377O\004\001\000\372\377\377_\004\001\000\371\377\377o"
  indirect_data: """"
}
partition_schema {
  range_schema {
    columns {
      name: "key"
    }
  }
}
W20260630 12:15:56.551128 14207 catalog_manager.cc:7077] The number of live tablet servers is not enough to re-replicate a tablet replica of the newly created table test-workload in case of a server failure: 4 tablet servers would be needed, 3 are available. Consider bringing up more tablet servers.
I20260630 12:15:56.614152 14448 tablet_service.cc:1511] Processing CreateTablet for tablet 874055cae6004afe8913ed082e473005 (DEFAULT_TABLE table=test-workload [id=1579b485262f4c24838aac05c0eb9881]), partition=RANGE (key) PARTITION VALUES < 268435455
I20260630 12:15:56.616392 14448 data_dirs.cc:400] Could only allocate 1 dirs of requested 3 for tablet 874055cae6004afe8913ed082e473005. 1 dirs total, 0 dirs full, 0 dirs failed
I20260630 12:15:56.614507 14447 tablet_service.cc:1511] Processing CreateTablet for tablet a957340931224b70a5df9e1b7a78e68a (DEFAULT_TABLE table=test-workload [id=1579b485262f4c24838aac05c0eb9881]), partition=RANGE (key) PARTITION 268435455 <= VALUES < 536870910
I20260630 12:15:56.616034 14446 tablet_service.cc:1511] Processing CreateTablet for tablet aa837c7e94c944548419c79de4e9a404 (DEFAULT_TABLE table=test-workload [id=1579b485262f4c24838aac05c0eb9881]), partition=RANGE (key) PARTITION 536870910 <= VALUES < 805306365
I20260630 12:15:56.618860 14447 data_dirs.cc:400] Could only allocate 1 dirs of requested 3 for tablet a957340931224b70a5df9e1b7a78e68a. 1 dirs total, 0 dirs full, 0 dirs failed
I20260630 12:15:56.619472 14446 data_dirs.cc:400] Could only allocate 1 dirs of requested 3 for tablet aa837c7e94c944548419c79de4e9a404. 1 dirs total, 0 dirs full, 0 dirs failed
I20260630 12:15:56.619602 14445 tablet_service.cc:1511] Processing CreateTablet for tablet 01a665f484684af48ec9a219176c2e07 (DEFAULT_TABLE table=test-workload [id=1579b485262f4c24838aac05c0eb9881]), partition=RANGE (key) PARTITION 805306365 <= VALUES < 1073741820
I20260630 12:15:56.620877 14445 data_dirs.cc:400] Could only allocate 1 dirs of requested 3 for tablet 01a665f484684af48ec9a219176c2e07. 1 dirs total, 0 dirs full, 0 dirs failed
I20260630 12:15:56.623487 14444 tablet_service.cc:1511] Processing CreateTablet for tablet 065b3cc6b0944a3f9ee0ed785b5d8480 (DEFAULT_TABLE table=test-workload [id=1579b485262f4c24838aac05c0eb9881]), partition=RANGE (key) PARTITION 1073741820 <= VALUES < 1342177275
I20260630 12:15:56.624663 14444 data_dirs.cc:400] Could only allocate 1 dirs of requested 3 for tablet 065b3cc6b0944a3f9ee0ed785b5d8480. 1 dirs total, 0 dirs full, 0 dirs failed
I20260630 12:15:56.628109 14443 tablet_service.cc:1511] Processing CreateTablet for tablet b9f35eaa27394d64b6bc557b0da6e12d (DEFAULT_TABLE table=test-workload [id=1579b485262f4c24838aac05c0eb9881]), partition=RANGE (key) PARTITION 1342177275 <= VALUES < 1610612730
I20260630 12:15:56.629374 14443 data_dirs.cc:400] Could only allocate 1 dirs of requested 3 for tablet b9f35eaa27394d64b6bc557b0da6e12d. 1 dirs total, 0 dirs full, 0 dirs failed
I20260630 12:15:56.632928 14442 tablet_service.cc:1511] Processing CreateTablet for tablet 58c6402c8bcb44069485c6de5d1d39b4 (DEFAULT_TABLE table=test-workload [id=1579b485262f4c24838aac05c0eb9881]), partition=RANGE (key) PARTITION 1610612730 <= VALUES < 1879048185
I20260630 12:15:56.634135 14442 data_dirs.cc:400] Could only allocate 1 dirs of requested 3 for tablet 58c6402c8bcb44069485c6de5d1d39b4. 1 dirs total, 0 dirs full, 0 dirs failed
I20260630 12:15:56.639277 14373 tablet_service.cc:1511] Processing CreateTablet for tablet a957340931224b70a5df9e1b7a78e68a (DEFAULT_TABLE table=test-workload [id=1579b485262f4c24838aac05c0eb9881]), partition=RANGE (key) PARTITION 268435455 <= VALUES < 536870910
I20260630 12:15:56.639693 14441 tablet_service.cc:1511] Processing CreateTablet for tablet 3fe3713972b94fb8b400eddc9a95a3bb (DEFAULT_TABLE table=test-workload [id=1579b485262f4c24838aac05c0eb9881]), partition=RANGE (key) PARTITION 1879048185 <= VALUES
I20260630 12:15:56.640165 14367 tablet_service.cc:1511] Processing CreateTablet for tablet 3fe3713972b94fb8b400eddc9a95a3bb (DEFAULT_TABLE table=test-workload [id=1579b485262f4c24838aac05c0eb9881]), partition=RANGE (key) PARTITION 1879048185 <= VALUES
I20260630 12:15:56.640951 14441 data_dirs.cc:400] Could only allocate 1 dirs of requested 3 for tablet 3fe3713972b94fb8b400eddc9a95a3bb. 1 dirs total, 0 dirs full, 0 dirs failed
I20260630 12:15:56.641758 14372 tablet_service.cc:1511] Processing CreateTablet for tablet aa837c7e94c944548419c79de4e9a404 (DEFAULT_TABLE table=test-workload [id=1579b485262f4c24838aac05c0eb9881]), partition=RANGE (key) PARTITION 536870910 <= VALUES < 805306365
I20260630 12:15:56.643833 14371 tablet_service.cc:1511] Processing CreateTablet for tablet 01a665f484684af48ec9a219176c2e07 (DEFAULT_TABLE table=test-workload [id=1579b485262f4c24838aac05c0eb9881]), partition=RANGE (key) PARTITION 805306365 <= VALUES < 1073741820
I20260630 12:15:56.647255 14369 tablet_service.cc:1511] Processing CreateTablet for tablet b9f35eaa27394d64b6bc557b0da6e12d (DEFAULT_TABLE table=test-workload [id=1579b485262f4c24838aac05c0eb9881]), partition=RANGE (key) PARTITION 1342177275 <= VALUES < 1610612730
I20260630 12:15:56.649274 14368 tablet_service.cc:1511] Processing CreateTablet for tablet 58c6402c8bcb44069485c6de5d1d39b4 (DEFAULT_TABLE table=test-workload [id=1579b485262f4c24838aac05c0eb9881]), partition=RANGE (key) PARTITION 1610612730 <= VALUES < 1879048185
I20260630 12:15:56.637825 14374 tablet_service.cc:1511] Processing CreateTablet for tablet 874055cae6004afe8913ed082e473005 (DEFAULT_TABLE table=test-workload [id=1579b485262f4c24838aac05c0eb9881]), partition=RANGE (key) PARTITION VALUES < 268435455
I20260630 12:15:56.645848 14370 tablet_service.cc:1511] Processing CreateTablet for tablet 065b3cc6b0944a3f9ee0ed785b5d8480 (DEFAULT_TABLE table=test-workload [id=1579b485262f4c24838aac05c0eb9881]), partition=RANGE (key) PARTITION 1073741820 <= VALUES < 1342177275
I20260630 12:15:56.655823 14299 tablet_service.cc:1511] Processing CreateTablet for tablet 874055cae6004afe8913ed082e473005 (DEFAULT_TABLE table=test-workload [id=1579b485262f4c24838aac05c0eb9881]), partition=RANGE (key) PARTITION VALUES < 268435455
I20260630 12:15:56.657068 14299 data_dirs.cc:400] Could only allocate 1 dirs of requested 3 for tablet 874055cae6004afe8913ed082e473005. 1 dirs total, 0 dirs full, 0 dirs failed
I20260630 12:15:56.640571 14373 data_dirs.cc:400] Could only allocate 1 dirs of requested 3 for tablet a957340931224b70a5df9e1b7a78e68a. 1 dirs total, 0 dirs full, 0 dirs failed
I20260630 12:15:56.658813 14371 data_dirs.cc:400] Could only allocate 1 dirs of requested 3 for tablet 01a665f484684af48ec9a219176c2e07. 1 dirs total, 0 dirs full, 0 dirs failed
I20260630 12:15:56.659408 14367 data_dirs.cc:400] Could only allocate 1 dirs of requested 3 for tablet 3fe3713972b94fb8b400eddc9a95a3bb. 1 dirs total, 0 dirs full, 0 dirs failed
I20260630 12:15:56.660000 14369 data_dirs.cc:400] Could only allocate 1 dirs of requested 3 for tablet b9f35eaa27394d64b6bc557b0da6e12d. 1 dirs total, 0 dirs full, 0 dirs failed
I20260630 12:15:56.660754 14370 data_dirs.cc:400] Could only allocate 1 dirs of requested 3 for tablet 065b3cc6b0944a3f9ee0ed785b5d8480. 1 dirs total, 0 dirs full, 0 dirs failed
I20260630 12:15:56.662323 14368 data_dirs.cc:400] Could only allocate 1 dirs of requested 3 for tablet 58c6402c8bcb44069485c6de5d1d39b4. 1 dirs total, 0 dirs full, 0 dirs failed
I20260630 12:15:56.666527 14374 data_dirs.cc:400] Could only allocate 1 dirs of requested 3 for tablet 874055cae6004afe8913ed082e473005. 1 dirs total, 0 dirs full, 0 dirs failed
I20260630 12:15:56.668777 14372 data_dirs.cc:400] Could only allocate 1 dirs of requested 3 for tablet aa837c7e94c944548419c79de4e9a404. 1 dirs total, 0 dirs full, 0 dirs failed
I20260630 12:15:56.670229 14298 tablet_service.cc:1511] Processing CreateTablet for tablet a957340931224b70a5df9e1b7a78e68a (DEFAULT_TABLE table=test-workload [id=1579b485262f4c24838aac05c0eb9881]), partition=RANGE (key) PARTITION 268435455 <= VALUES < 536870910
I20260630 12:15:56.671664 14298 data_dirs.cc:400] Could only allocate 1 dirs of requested 3 for tablet a957340931224b70a5df9e1b7a78e68a. 1 dirs total, 0 dirs full, 0 dirs failed
I20260630 12:15:56.675817 14503 tablet_bootstrap.cc:492] T a957340931224b70a5df9e1b7a78e68a P 003b558a07e740cd9b76d47a4bc8d4db: Bootstrap starting.
I20260630 12:15:56.681627 14503 tablet_bootstrap.cc:654] T a957340931224b70a5df9e1b7a78e68a P 003b558a07e740cd9b76d47a4bc8d4db: Neither blocks nor log segments found. Creating new log.
I20260630 12:15:56.691372 14297 tablet_service.cc:1511] Processing CreateTablet for tablet aa837c7e94c944548419c79de4e9a404 (DEFAULT_TABLE table=test-workload [id=1579b485262f4c24838aac05c0eb9881]), partition=RANGE (key) PARTITION 536870910 <= VALUES < 805306365
I20260630 12:15:56.692790 14297 data_dirs.cc:400] Could only allocate 1 dirs of requested 3 for tablet aa837c7e94c944548419c79de4e9a404. 1 dirs total, 0 dirs full, 0 dirs failed
I20260630 12:15:56.703797 14296 tablet_service.cc:1511] Processing CreateTablet for tablet 01a665f484684af48ec9a219176c2e07 (DEFAULT_TABLE table=test-workload [id=1579b485262f4c24838aac05c0eb9881]), partition=RANGE (key) PARTITION 805306365 <= VALUES < 1073741820
I20260630 12:15:56.705200 14296 data_dirs.cc:400] Could only allocate 1 dirs of requested 3 for tablet 01a665f484684af48ec9a219176c2e07. 1 dirs total, 0 dirs full, 0 dirs failed
I20260630 12:15:56.715785 14295 tablet_service.cc:1511] Processing CreateTablet for tablet 065b3cc6b0944a3f9ee0ed785b5d8480 (DEFAULT_TABLE table=test-workload [id=1579b485262f4c24838aac05c0eb9881]), partition=RANGE (key) PARTITION 1073741820 <= VALUES < 1342177275
I20260630 12:15:56.717185 14295 data_dirs.cc:400] Could only allocate 1 dirs of requested 3 for tablet 065b3cc6b0944a3f9ee0ed785b5d8480. 1 dirs total, 0 dirs full, 0 dirs failed
I20260630 12:15:56.727329 14294 tablet_service.cc:1511] Processing CreateTablet for tablet b9f35eaa27394d64b6bc557b0da6e12d (DEFAULT_TABLE table=test-workload [id=1579b485262f4c24838aac05c0eb9881]), partition=RANGE (key) PARTITION 1342177275 <= VALUES < 1610612730
I20260630 12:15:56.728719 14294 data_dirs.cc:400] Could only allocate 1 dirs of requested 3 for tablet b9f35eaa27394d64b6bc557b0da6e12d. 1 dirs total, 0 dirs full, 0 dirs failed
I20260630 12:15:56.743769 14293 tablet_service.cc:1511] Processing CreateTablet for tablet 58c6402c8bcb44069485c6de5d1d39b4 (DEFAULT_TABLE table=test-workload [id=1579b485262f4c24838aac05c0eb9881]), partition=RANGE (key) PARTITION 1610612730 <= VALUES < 1879048185
I20260630 12:15:56.746285 14292 tablet_service.cc:1511] Processing CreateTablet for tablet 3fe3713972b94fb8b400eddc9a95a3bb (DEFAULT_TABLE table=test-workload [id=1579b485262f4c24838aac05c0eb9881]), partition=RANGE (key) PARTITION 1879048185 <= VALUES
I20260630 12:15:56.754443 14503 tablet_bootstrap.cc:492] T a957340931224b70a5df9e1b7a78e68a P 003b558a07e740cd9b76d47a4bc8d4db: No bootstrap required, opened a new log
I20260630 12:15:56.754971 14503 ts_tablet_manager.cc:1403] T a957340931224b70a5df9e1b7a78e68a P 003b558a07e740cd9b76d47a4bc8d4db: Time spent bootstrapping tablet: real 0.079s	user 0.019s	sys 0.045s
I20260630 12:15:56.756052 14293 data_dirs.cc:400] Could only allocate 1 dirs of requested 3 for tablet 58c6402c8bcb44069485c6de5d1d39b4. 1 dirs total, 0 dirs full, 0 dirs failed
I20260630 12:15:56.762154 14506 tablet_bootstrap.cc:492] T 065b3cc6b0944a3f9ee0ed785b5d8480 P 98c216b8567f4cf9a6f49c38804521c1: Bootstrap starting.
I20260630 12:15:56.762574 14292 data_dirs.cc:400] Could only allocate 1 dirs of requested 3 for tablet 3fe3713972b94fb8b400eddc9a95a3bb. 1 dirs total, 0 dirs full, 0 dirs failed
I20260630 12:15:56.772903 14503 raft_consensus.cc:359] T a957340931224b70a5df9e1b7a78e68a P 003b558a07e740cd9b76d47a4bc8d4db [term 0 FOLLOWER]: Replica starting. Triggering 0 pending ops. Active config: opid_index: -1 OBSOLETE_local: false peers { permanent_uuid: "98c216b8567f4cf9a6f49c38804521c1" member_type: VOTER last_known_addr { host: "127.13.82.1" port: 43561 } } peers { permanent_uuid: "0727c97d37844d19908c51b76d200e32" member_type: VOTER last_known_addr { host: "127.13.82.2" port: 33709 } } peers { permanent_uuid: "003b558a07e740cd9b76d47a4bc8d4db" member_type: VOTER last_known_addr { host: "127.13.82.3" port: 39415 } }
I20260630 12:15:56.781054 14503 raft_consensus.cc:385] T a957340931224b70a5df9e1b7a78e68a P 003b558a07e740cd9b76d47a4bc8d4db [term 0 FOLLOWER]: Consensus starting up: Expiring failure detector timer to make a prompt election more likely
I20260630 12:15:56.781412 14503 raft_consensus.cc:740] T a957340931224b70a5df9e1b7a78e68a P 003b558a07e740cd9b76d47a4bc8d4db [term 0 FOLLOWER]: Becoming Follower/Learner. State: Replica: 003b558a07e740cd9b76d47a4bc8d4db, State: Initialized, Role: FOLLOWER
I20260630 12:15:56.782498 14503 consensus_queue.cc:260] T a957340931224b70a5df9e1b7a78e68a P 003b558a07e740cd9b76d47a4bc8d4db [NON_LEADER]: Queue going to NON_LEADER mode. State: All replicated index: 0, Majority replicated index: 0, Committed index: 0, Last appended: 0.0, Last appended by leader: 0, Current term: 0, Majority size: -1, State: 0, Mode: NON_LEADER, active raft config: opid_index: -1 OBSOLETE_local: false peers { permanent_uuid: "98c216b8567f4cf9a6f49c38804521c1" member_type: VOTER last_known_addr { host: "127.13.82.1" port: 43561 } } peers { permanent_uuid: "0727c97d37844d19908c51b76d200e32" member_type: VOTER last_known_addr { host: "127.13.82.2" port: 33709 } } peers { permanent_uuid: "003b558a07e740cd9b76d47a4bc8d4db" member_type: VOTER last_known_addr { host: "127.13.82.3" port: 39415 } }
I20260630 12:15:56.784402 14506 tablet_bootstrap.cc:654] T 065b3cc6b0944a3f9ee0ed785b5d8480 P 98c216b8567f4cf9a6f49c38804521c1: Neither blocks nor log segments found. Creating new log.
I20260630 12:15:56.785338 14504 tablet_bootstrap.cc:492] T 065b3cc6b0944a3f9ee0ed785b5d8480 P 0727c97d37844d19908c51b76d200e32: Bootstrap starting.
I20260630 12:15:56.786267 14503 ts_tablet_manager.cc:1434] T a957340931224b70a5df9e1b7a78e68a P 003b558a07e740cd9b76d47a4bc8d4db: Time spent starting tablet: real 0.016s	user 0.006s	sys 0.002s
I20260630 12:15:56.787336 14503 tablet_bootstrap.cc:492] T aa837c7e94c944548419c79de4e9a404 P 003b558a07e740cd9b76d47a4bc8d4db: Bootstrap starting.
I20260630 12:15:56.791077 14504 tablet_bootstrap.cc:654] T 065b3cc6b0944a3f9ee0ed785b5d8480 P 0727c97d37844d19908c51b76d200e32: Neither blocks nor log segments found. Creating new log.
I20260630 12:15:56.792500 14503 tablet_bootstrap.cc:654] T aa837c7e94c944548419c79de4e9a404 P 003b558a07e740cd9b76d47a4bc8d4db: Neither blocks nor log segments found. Creating new log.
I20260630 12:15:56.799072 14506 tablet_bootstrap.cc:492] T 065b3cc6b0944a3f9ee0ed785b5d8480 P 98c216b8567f4cf9a6f49c38804521c1: No bootstrap required, opened a new log
I20260630 12:15:56.799317 14504 tablet_bootstrap.cc:492] T 065b3cc6b0944a3f9ee0ed785b5d8480 P 0727c97d37844d19908c51b76d200e32: No bootstrap required, opened a new log
I20260630 12:15:56.799525 14506 ts_tablet_manager.cc:1403] T 065b3cc6b0944a3f9ee0ed785b5d8480 P 98c216b8567f4cf9a6f49c38804521c1: Time spent bootstrapping tablet: real 0.038s	user 0.007s	sys 0.009s
I20260630 12:15:56.799733 14504 ts_tablet_manager.cc:1403] T 065b3cc6b0944a3f9ee0ed785b5d8480 P 0727c97d37844d19908c51b76d200e32: Time spent bootstrapping tablet: real 0.015s	user 0.008s	sys 0.004s
I20260630 12:15:56.800397 14503 tablet_bootstrap.cc:492] T aa837c7e94c944548419c79de4e9a404 P 003b558a07e740cd9b76d47a4bc8d4db: No bootstrap required, opened a new log
I20260630 12:15:56.800843 14503 ts_tablet_manager.cc:1403] T aa837c7e94c944548419c79de4e9a404 P 003b558a07e740cd9b76d47a4bc8d4db: Time spent bootstrapping tablet: real 0.014s	user 0.010s	sys 0.000s
I20260630 12:15:56.801792 14506 raft_consensus.cc:359] T 065b3cc6b0944a3f9ee0ed785b5d8480 P 98c216b8567f4cf9a6f49c38804521c1 [term 0 FOLLOWER]: Replica starting. Triggering 0 pending ops. Active config: opid_index: -1 OBSOLETE_local: false peers { permanent_uuid: "98c216b8567f4cf9a6f49c38804521c1" member_type: VOTER last_known_addr { host: "127.13.82.1" port: 43561 } } peers { permanent_uuid: "0727c97d37844d19908c51b76d200e32" member_type: VOTER last_known_addr { host: "127.13.82.2" port: 33709 } } peers { permanent_uuid: "003b558a07e740cd9b76d47a4bc8d4db" member_type: VOTER last_known_addr { host: "127.13.82.3" port: 39415 } }
I20260630 12:15:56.802356 14506 raft_consensus.cc:385] T 065b3cc6b0944a3f9ee0ed785b5d8480 P 98c216b8567f4cf9a6f49c38804521c1 [term 0 FOLLOWER]: Consensus starting up: Expiring failure detector timer to make a prompt election more likely
I20260630 12:15:56.802736 14506 raft_consensus.cc:740] T 065b3cc6b0944a3f9ee0ed785b5d8480 P 98c216b8567f4cf9a6f49c38804521c1 [term 0 FOLLOWER]: Becoming Follower/Learner. State: Replica: 98c216b8567f4cf9a6f49c38804521c1, State: Initialized, Role: FOLLOWER
I20260630 12:15:56.802297 14504 raft_consensus.cc:359] T 065b3cc6b0944a3f9ee0ed785b5d8480 P 0727c97d37844d19908c51b76d200e32 [term 0 FOLLOWER]: Replica starting. Triggering 0 pending ops. Active config: opid_index: -1 OBSOLETE_local: false peers { permanent_uuid: "98c216b8567f4cf9a6f49c38804521c1" member_type: VOTER last_known_addr { host: "127.13.82.1" port: 43561 } } peers { permanent_uuid: "0727c97d37844d19908c51b76d200e32" member_type: VOTER last_known_addr { host: "127.13.82.2" port: 33709 } } peers { permanent_uuid: "003b558a07e740cd9b76d47a4bc8d4db" member_type: VOTER last_known_addr { host: "127.13.82.3" port: 39415 } }
I20260630 12:15:56.803129 14504 raft_consensus.cc:385] T 065b3cc6b0944a3f9ee0ed785b5d8480 P 0727c97d37844d19908c51b76d200e32 [term 0 FOLLOWER]: Consensus starting up: Expiring failure detector timer to make a prompt election more likely
I20260630 12:15:56.803522 14504 raft_consensus.cc:740] T 065b3cc6b0944a3f9ee0ed785b5d8480 P 0727c97d37844d19908c51b76d200e32 [term 0 FOLLOWER]: Becoming Follower/Learner. State: Replica: 0727c97d37844d19908c51b76d200e32, State: Initialized, Role: FOLLOWER
I20260630 12:15:56.803210 14503 raft_consensus.cc:359] T aa837c7e94c944548419c79de4e9a404 P 003b558a07e740cd9b76d47a4bc8d4db [term 0 FOLLOWER]: Replica starting. Triggering 0 pending ops. Active config: opid_index: -1 OBSOLETE_local: false peers { permanent_uuid: "98c216b8567f4cf9a6f49c38804521c1" member_type: VOTER last_known_addr { host: "127.13.82.1" port: 43561 } } peers { permanent_uuid: "0727c97d37844d19908c51b76d200e32" member_type: VOTER last_known_addr { host: "127.13.82.2" port: 33709 } } peers { permanent_uuid: "003b558a07e740cd9b76d47a4bc8d4db" member_type: VOTER last_known_addr { host: "127.13.82.3" port: 39415 } }
I20260630 12:15:56.803349 14506 consensus_queue.cc:260] T 065b3cc6b0944a3f9ee0ed785b5d8480 P 98c216b8567f4cf9a6f49c38804521c1 [NON_LEADER]: Queue going to NON_LEADER mode. State: All replicated index: 0, Majority replicated index: 0, Committed index: 0, Last appended: 0.0, Last appended by leader: 0, Current term: 0, Majority size: -1, State: 0, Mode: NON_LEADER, active raft config: opid_index: -1 OBSOLETE_local: false peers { permanent_uuid: "98c216b8567f4cf9a6f49c38804521c1" member_type: VOTER last_known_addr { host: "127.13.82.1" port: 43561 } } peers { permanent_uuid: "0727c97d37844d19908c51b76d200e32" member_type: VOTER last_known_addr { host: "127.13.82.2" port: 33709 } } peers { permanent_uuid: "003b558a07e740cd9b76d47a4bc8d4db" member_type: VOTER last_known_addr { host: "127.13.82.3" port: 39415 } }
I20260630 12:15:56.803997 14503 raft_consensus.cc:385] T aa837c7e94c944548419c79de4e9a404 P 003b558a07e740cd9b76d47a4bc8d4db [term 0 FOLLOWER]: Consensus starting up: Expiring failure detector timer to make a prompt election more likely
I20260630 12:15:56.804315 14503 raft_consensus.cc:740] T aa837c7e94c944548419c79de4e9a404 P 003b558a07e740cd9b76d47a4bc8d4db [term 0 FOLLOWER]: Becoming Follower/Learner. State: Replica: 003b558a07e740cd9b76d47a4bc8d4db, State: Initialized, Role: FOLLOWER
I20260630 12:15:56.804266 14504 consensus_queue.cc:260] T 065b3cc6b0944a3f9ee0ed785b5d8480 P 0727c97d37844d19908c51b76d200e32 [NON_LEADER]: Queue going to NON_LEADER mode. State: All replicated index: 0, Majority replicated index: 0, Committed index: 0, Last appended: 0.0, Last appended by leader: 0, Current term: 0, Majority size: -1, State: 0, Mode: NON_LEADER, active raft config: opid_index: -1 OBSOLETE_local: false peers { permanent_uuid: "98c216b8567f4cf9a6f49c38804521c1" member_type: VOTER last_known_addr { host: "127.13.82.1" port: 43561 } } peers { permanent_uuid: "0727c97d37844d19908c51b76d200e32" member_type: VOTER last_known_addr { host: "127.13.82.2" port: 33709 } } peers { permanent_uuid: "003b558a07e740cd9b76d47a4bc8d4db" member_type: VOTER last_known_addr { host: "127.13.82.3" port: 39415 } }
