I20260630 12:17:12.589206 16419 raft_consensus.cc:2468] T 6e2e7e52b9a34af090a1fd9b3c4672a1 P 2650146a6466400c876f444fb7665c9e [term 0 FOLLOWER]: Leader pre-election vote request: Granting yes vote for candidate f704fe21e00c4840a78c93b71de7299a in term 0.
I20260630 12:17:12.590319 16536 leader_election.cc:304] T 6e2e7e52b9a34af090a1fd9b3c4672a1 P f704fe21e00c4840a78c93b71de7299a [CANDIDATE]: Term 1 pre-election: Election decided. Result: candidate won. Election summary: received 2 responses out of 3 voters: 2 yes votes; 0 no votes. yes voters: 433bf2e3827d4ff48a097fa6263f7434, f704fe21e00c4840a78c93b71de7299a; no voters: 
I20260630 12:17:12.591157 16625 raft_consensus.cc:2804] T 6e2e7e52b9a34af090a1fd9b3c4672a1 P f704fe21e00c4840a78c93b71de7299a [term 0 FOLLOWER]: Leader pre-election won for term 1
I20260630 12:17:12.591257 16618 raft_consensus.cc:515] T b72c9d3619e84cb3bb96892f6978347b P 2650146a6466400c876f444fb7665c9e [term 1 FOLLOWER]: Starting leader election with config: opid_index: -1 OBSOLETE_local: false peers { permanent_uuid: "433bf2e3827d4ff48a097fa6263f7434" member_type: VOTER last_known_addr { host: "127.13.33.194" port: 46513 } } peers { permanent_uuid: "2650146a6466400c876f444fb7665c9e" member_type: VOTER last_known_addr { host: "127.13.33.193" port: 38783 } } peers { permanent_uuid: "f704fe21e00c4840a78c93b71de7299a" member_type: VOTER last_known_addr { host: "127.13.33.195" port: 35301 } }
I20260630 12:17:12.591634 16625 raft_consensus.cc:493] T 6e2e7e52b9a34af090a1fd9b3c4672a1 P f704fe21e00c4840a78c93b71de7299a [term 0 FOLLOWER]: Starting leader election (no leader contacted us within the election timeout)
I20260630 12:17:12.592018 16625 raft_consensus.cc:3060] T 6e2e7e52b9a34af090a1fd9b3c4672a1 P f704fe21e00c4840a78c93b71de7299a [term 0 FOLLOWER]: Advancing to term 1
I20260630 12:17:12.593099 16618 leader_election.cc:290] T b72c9d3619e84cb3bb96892f6978347b P 2650146a6466400c876f444fb7665c9e [CANDIDATE]: Term 1 election: Requested vote from peers 433bf2e3827d4ff48a097fa6263f7434 (127.13.33.194:46513), f704fe21e00c4840a78c93b71de7299a (127.13.33.195:35301)
I20260630 12:17:12.594043 16495 tablet_service.cc:1917] Received RequestConsensusVote() RPC: tablet_id: "b72c9d3619e84cb3bb96892f6978347b" candidate_uuid: "2650146a6466400c876f444fb7665c9e" candidate_term: 1 candidate_status { last_received { term: 0 index: 0 } } ignore_live_leader: false dest_uuid: "433bf2e3827d4ff48a097fa6263f7434"
I20260630 12:17:12.594523 16495 raft_consensus.cc:3060] T b72c9d3619e84cb3bb96892f6978347b P 433bf2e3827d4ff48a097fa6263f7434 [term 0 FOLLOWER]: Advancing to term 1
I20260630 12:17:12.595101 16570 tablet_service.cc:1917] Received RequestConsensusVote() RPC: tablet_id: "b72c9d3619e84cb3bb96892f6978347b" candidate_uuid: "2650146a6466400c876f444fb7665c9e" candidate_term: 1 candidate_status { last_received { term: 0 index: 0 } } ignore_live_leader: false dest_uuid: "f704fe21e00c4840a78c93b71de7299a"
I20260630 12:17:12.595669 16570 raft_consensus.cc:3060] T b72c9d3619e84cb3bb96892f6978347b P f704fe21e00c4840a78c93b71de7299a [term 0 FOLLOWER]: Advancing to term 1
I20260630 12:17:12.597860 16625 raft_consensus.cc:515] T 6e2e7e52b9a34af090a1fd9b3c4672a1 P f704fe21e00c4840a78c93b71de7299a [term 1 FOLLOWER]: Starting leader election with config: opid_index: -1 OBSOLETE_local: false peers { permanent_uuid: "433bf2e3827d4ff48a097fa6263f7434" member_type: VOTER last_known_addr { host: "127.13.33.194" port: 46513 } } peers { permanent_uuid: "2650146a6466400c876f444fb7665c9e" member_type: VOTER last_known_addr { host: "127.13.33.193" port: 38783 } } peers { permanent_uuid: "f704fe21e00c4840a78c93b71de7299a" member_type: VOTER last_known_addr { host: "127.13.33.195" port: 35301 } }
I20260630 12:17:12.599781 16625 leader_election.cc:290] T 6e2e7e52b9a34af090a1fd9b3c4672a1 P f704fe21e00c4840a78c93b71de7299a [CANDIDATE]: Term 1 election: Requested vote from peers 433bf2e3827d4ff48a097fa6263f7434 (127.13.33.194:46513), 2650146a6466400c876f444fb7665c9e (127.13.33.193:38783)
I20260630 12:17:12.600715 16496 tablet_service.cc:1917] Received RequestConsensusVote() RPC: tablet_id: "6e2e7e52b9a34af090a1fd9b3c4672a1" candidate_uuid: "f704fe21e00c4840a78c93b71de7299a" candidate_term: 1 candidate_status { last_received { term: 0 index: 0 } } ignore_live_leader: false dest_uuid: "433bf2e3827d4ff48a097fa6263f7434"
I20260630 12:17:12.601274 16496 raft_consensus.cc:3060] T 6e2e7e52b9a34af090a1fd9b3c4672a1 P 433bf2e3827d4ff48a097fa6263f7434 [term 0 FOLLOWER]: Advancing to term 1
I20260630 12:17:12.601874 16495 raft_consensus.cc:2468] T b72c9d3619e84cb3bb96892f6978347b P 433bf2e3827d4ff48a097fa6263f7434 [term 1 FOLLOWER]: Leader election vote request: Granting yes vote for candidate 2650146a6466400c876f444fb7665c9e in term 1.
I20260630 12:17:12.602051 16570 raft_consensus.cc:2468] T b72c9d3619e84cb3bb96892f6978347b P f704fe21e00c4840a78c93b71de7299a [term 1 FOLLOWER]: Leader election vote request: Granting yes vote for candidate 2650146a6466400c876f444fb7665c9e in term 1.
I20260630 12:17:12.603204 16387 leader_election.cc:304] T b72c9d3619e84cb3bb96892f6978347b P 2650146a6466400c876f444fb7665c9e [CANDIDATE]: Term 1 election: Election decided. Result: candidate won. Election summary: received 2 responses out of 3 voters: 2 yes votes; 0 no votes. yes voters: 2650146a6466400c876f444fb7665c9e, 433bf2e3827d4ff48a097fa6263f7434; no voters: 
I20260630 12:17:12.603996 16419 tablet_service.cc:1917] Received RequestConsensusVote() RPC: tablet_id: "6e2e7e52b9a34af090a1fd9b3c4672a1" candidate_uuid: "f704fe21e00c4840a78c93b71de7299a" candidate_term: 1 candidate_status { last_received { term: 0 index: 0 } } ignore_live_leader: false dest_uuid: "2650146a6466400c876f444fb7665c9e"
I20260630 12:17:12.604025 16618 raft_consensus.cc:2804] T b72c9d3619e84cb3bb96892f6978347b P 2650146a6466400c876f444fb7665c9e [term 1 FOLLOWER]: Leader election won for term 1
I20260630 12:17:12.604681 16419 raft_consensus.cc:3060] T 6e2e7e52b9a34af090a1fd9b3c4672a1 P 2650146a6466400c876f444fb7665c9e [term 0 FOLLOWER]: Advancing to term 1
I20260630 12:17:12.604785 16618 raft_consensus.cc:697] T b72c9d3619e84cb3bb96892f6978347b P 2650146a6466400c876f444fb7665c9e [term 1 LEADER]: Becoming Leader. State: Replica: 2650146a6466400c876f444fb7665c9e, State: Running, Role: LEADER
I20260630 12:17:12.605747 16618 consensus_queue.cc:237] T b72c9d3619e84cb3bb96892f6978347b P 2650146a6466400c876f444fb7665c9e [LEADER]: Queue going to LEADER mode. State: All replicated index: 0, Majority replicated index: 0, Committed index: 0, Last appended: 0.0, Last appended by leader: 0, Current term: 1, Majority size: 2, State: 0, Mode: LEADER, active raft config: opid_index: -1 OBSOLETE_local: false peers { permanent_uuid: "433bf2e3827d4ff48a097fa6263f7434" member_type: VOTER last_known_addr { host: "127.13.33.194" port: 46513 } } peers { permanent_uuid: "2650146a6466400c876f444fb7665c9e" member_type: VOTER last_known_addr { host: "127.13.33.193" port: 38783 } } peers { permanent_uuid: "f704fe21e00c4840a78c93b71de7299a" member_type: VOTER last_known_addr { host: "127.13.33.195" port: 35301 } }
I20260630 12:17:12.607743 16496 raft_consensus.cc:2468] T 6e2e7e52b9a34af090a1fd9b3c4672a1 P 433bf2e3827d4ff48a097fa6263f7434 [term 1 FOLLOWER]: Leader election vote request: Granting yes vote for candidate f704fe21e00c4840a78c93b71de7299a in term 1.
I20260630 12:17:12.610918 16536 leader_election.cc:304] T 6e2e7e52b9a34af090a1fd9b3c4672a1 P f704fe21e00c4840a78c93b71de7299a [CANDIDATE]: Term 1 election: Election decided. Result: candidate won. Election summary: received 2 responses out of 3 voters: 2 yes votes; 0 no votes. yes voters: 433bf2e3827d4ff48a097fa6263f7434, f704fe21e00c4840a78c93b71de7299a; no voters: 
I20260630 12:17:12.612046 16625 raft_consensus.cc:2804] T 6e2e7e52b9a34af090a1fd9b3c4672a1 P f704fe21e00c4840a78c93b71de7299a [term 1 FOLLOWER]: Leader election won for term 1
I20260630 12:17:12.614580 16419 raft_consensus.cc:2468] T 6e2e7e52b9a34af090a1fd9b3c4672a1 P 2650146a6466400c876f444fb7665c9e [term 1 FOLLOWER]: Leader election vote request: Granting yes vote for candidate f704fe21e00c4840a78c93b71de7299a in term 1.
I20260630 12:17:12.615249 16319 catalog_manager.cc:5697] T b72c9d3619e84cb3bb96892f6978347b P 2650146a6466400c876f444fb7665c9e reported cstate change: term changed from 0 to 1, leader changed from <none> to 2650146a6466400c876f444fb7665c9e (127.13.33.193). New cstate: current_term: 1 leader_uuid: "2650146a6466400c876f444fb7665c9e" committed_config { opid_index: -1 OBSOLETE_local: false peers { permanent_uuid: "433bf2e3827d4ff48a097fa6263f7434" member_type: VOTER last_known_addr { host: "127.13.33.194" port: 46513 } health_report { overall_health: UNKNOWN } } peers { permanent_uuid: "2650146a6466400c876f444fb7665c9e" member_type: VOTER last_known_addr { host: "127.13.33.193" port: 38783 } health_report { overall_health: HEALTHY } } peers { permanent_uuid: "f704fe21e00c4840a78c93b71de7299a" member_type: VOTER last_known_addr { host: "127.13.33.195" port: 35301 } health_report { overall_health: UNKNOWN } } }
I20260630 12:17:12.616734 16625 raft_consensus.cc:697] T 6e2e7e52b9a34af090a1fd9b3c4672a1 P f704fe21e00c4840a78c93b71de7299a [term 1 LEADER]: Becoming Leader. State: Replica: f704fe21e00c4840a78c93b71de7299a, State: Running, Role: LEADER
I20260630 12:17:12.617690 16625 consensus_queue.cc:237] T 6e2e7e52b9a34af090a1fd9b3c4672a1 P f704fe21e00c4840a78c93b71de7299a [LEADER]: Queue going to LEADER mode. State: All replicated index: 0, Majority replicated index: 0, Committed index: 0, Last appended: 0.0, Last appended by leader: 0, Current term: 1, Majority size: 2, State: 0, Mode: LEADER, active raft config: opid_index: -1 OBSOLETE_local: false peers { permanent_uuid: "433bf2e3827d4ff48a097fa6263f7434" member_type: VOTER last_known_addr { host: "127.13.33.194" port: 46513 } } peers { permanent_uuid: "2650146a6466400c876f444fb7665c9e" member_type: VOTER last_known_addr { host: "127.13.33.193" port: 38783 } } peers { permanent_uuid: "f704fe21e00c4840a78c93b71de7299a" member_type: VOTER last_known_addr { host: "127.13.33.195" port: 35301 } }
I20260630 12:17:12.626276 16318 catalog_manager.cc:5697] T 6e2e7e52b9a34af090a1fd9b3c4672a1 P f704fe21e00c4840a78c93b71de7299a reported cstate change: term changed from 0 to 1, leader changed from <none> to f704fe21e00c4840a78c93b71de7299a (127.13.33.195). New cstate: current_term: 1 leader_uuid: "f704fe21e00c4840a78c93b71de7299a" committed_config { opid_index: -1 OBSOLETE_local: false peers { permanent_uuid: "433bf2e3827d4ff48a097fa6263f7434" member_type: VOTER last_known_addr { host: "127.13.33.194" port: 46513 } health_report { overall_health: UNKNOWN } } peers { permanent_uuid: "2650146a6466400c876f444fb7665c9e" member_type: VOTER last_known_addr { host: "127.13.33.193" port: 38783 } health_report { overall_health: UNKNOWN } } peers { permanent_uuid: "f704fe21e00c4840a78c93b71de7299a" member_type: VOTER last_known_addr { host: "127.13.33.195" port: 35301 } health_report { overall_health: HEALTHY } } }
I20260630 12:17:12.641642 16618 consensus_queue.cc:1048] T 05858d43eb0b4ecb9c3aa6ad502f039e P 2650146a6466400c876f444fb7665c9e [LEADER]: Connected to new peer: Peer: permanent_uuid: "433bf2e3827d4ff48a097fa6263f7434" member_type: VOTER last_known_addr { host: "127.13.33.194" port: 46513 }, Status: LMP_MISMATCH, Last received: 0.0, Next index: 1, Last known committed idx: 0, Time since last communication: 0.000s
I20260630 12:17:12.646222 16618 consensus_queue.cc:1048] T 05858d43eb0b4ecb9c3aa6ad502f039e P 2650146a6466400c876f444fb7665c9e [LEADER]: Connected to new peer: Peer: permanent_uuid: "f704fe21e00c4840a78c93b71de7299a" member_type: VOTER last_known_addr { host: "127.13.33.195" port: 35301 }, Status: LMP_MISMATCH, Last received: 0.0, Next index: 1, Last known committed idx: 0, Time since last communication: 0.000s
I20260630 12:17:12.649453 16627 raft_consensus.cc:493] T 54cc65ae3a8748cb8639c51634157c68 P 433bf2e3827d4ff48a097fa6263f7434 [term 0 FOLLOWER]: Starting pre-election (no leader contacted us within the election timeout)
I20260630 12:17:12.649959 16627 raft_consensus.cc:515] T 54cc65ae3a8748cb8639c51634157c68 P 433bf2e3827d4ff48a097fa6263f7434 [term 0 FOLLOWER]: Starting pre-election with config: opid_index: -1 OBSOLETE_local: false peers { permanent_uuid: "433bf2e3827d4ff48a097fa6263f7434" member_type: VOTER last_known_addr { host: "127.13.33.194" port: 46513 } } peers { permanent_uuid: "2650146a6466400c876f444fb7665c9e" member_type: VOTER last_known_addr { host: "127.13.33.193" port: 38783 } } peers { permanent_uuid: "f704fe21e00c4840a78c93b71de7299a" member_type: VOTER last_known_addr { host: "127.13.33.195" port: 35301 } }
I20260630 12:17:12.653966 16419 tablet_service.cc:1917] Received RequestConsensusVote() RPC: tablet_id: "54cc65ae3a8748cb8639c51634157c68" candidate_uuid: "433bf2e3827d4ff48a097fa6263f7434" candidate_term: 1 candidate_status { last_received { term: 0 index: 0 } } ignore_live_leader: false dest_uuid: "2650146a6466400c876f444fb7665c9e" is_pre_election: true
I20260630 12:17:12.654897 16627 leader_election.cc:290] T 54cc65ae3a8748cb8639c51634157c68 P 433bf2e3827d4ff48a097fa6263f7434 [CANDIDATE]: Term 1 pre-election: Requested pre-vote from peers 2650146a6466400c876f444fb7665c9e (127.13.33.193:38783), f704fe21e00c4840a78c93b71de7299a (127.13.33.195:35301)
I20260630 12:17:12.655061 16419 raft_consensus.cc:2468] T 54cc65ae3a8748cb8639c51634157c68 P 2650146a6466400c876f444fb7665c9e [term 0 FOLLOWER]: Leader pre-election vote request: Granting yes vote for candidate 433bf2e3827d4ff48a097fa6263f7434 in term 0.
I20260630 12:17:12.657806 16569 tablet_service.cc:1917] Received RequestConsensusVote() RPC: tablet_id: "54cc65ae3a8748cb8639c51634157c68" candidate_uuid: "433bf2e3827d4ff48a097fa6263f7434" candidate_term: 1 candidate_status { last_received { term: 0 index: 0 } } ignore_live_leader: false dest_uuid: "f704fe21e00c4840a78c93b71de7299a" is_pre_election: true
I20260630 12:17:12.658663 16569 raft_consensus.cc:2468] T 54cc65ae3a8748cb8639c51634157c68 P f704fe21e00c4840a78c93b71de7299a [term 0 FOLLOWER]: Leader pre-election vote request: Granting yes vote for candidate 433bf2e3827d4ff48a097fa6263f7434 in term 0.
I20260630 12:17:12.660950 16461 leader_election.cc:304] T 54cc65ae3a8748cb8639c51634157c68 P 433bf2e3827d4ff48a097fa6263f7434 [CANDIDATE]: Term 1 pre-election: Election decided. Result: candidate won. Election summary: received 2 responses out of 3 voters: 2 yes votes; 0 no votes. yes voters: 433bf2e3827d4ff48a097fa6263f7434, f704fe21e00c4840a78c93b71de7299a; no voters: 
I20260630 12:17:12.661834 16627 raft_consensus.cc:2804] T 54cc65ae3a8748cb8639c51634157c68 P 433bf2e3827d4ff48a097fa6263f7434 [term 0 FOLLOWER]: Leader pre-election won for term 1
I20260630 12:17:12.666636 16627 raft_consensus.cc:493] T 54cc65ae3a8748cb8639c51634157c68 P 433bf2e3827d4ff48a097fa6263f7434 [term 0 FOLLOWER]: Starting leader election (no leader contacted us within the election timeout)
I20260630 12:17:12.667126 16627 raft_consensus.cc:3060] T 54cc65ae3a8748cb8639c51634157c68 P 433bf2e3827d4ff48a097fa6263f7434 [term 0 FOLLOWER]: Advancing to term 1
I20260630 12:17:12.685708 16625 raft_consensus.cc:493] T d8b26e3c1fbc482a8b43f15e807373b5 P f704fe21e00c4840a78c93b71de7299a [term 0 FOLLOWER]: Starting pre-election (no leader contacted us within the election timeout)
I20260630 12:17:12.685441 16627 raft_consensus.cc:515] T 54cc65ae3a8748cb8639c51634157c68 P 433bf2e3827d4ff48a097fa6263f7434 [term 1 FOLLOWER]: Starting leader election with config: opid_index: -1 OBSOLETE_local: false peers { permanent_uuid: "433bf2e3827d4ff48a097fa6263f7434" member_type: VOTER last_known_addr { host: "127.13.33.194" port: 46513 } } peers { permanent_uuid: "2650146a6466400c876f444fb7665c9e" member_type: VOTER last_known_addr { host: "127.13.33.193" port: 38783 } } peers { permanent_uuid: "f704fe21e00c4840a78c93b71de7299a" member_type: VOTER last_known_addr { host: "127.13.33.195" port: 35301 } }
I20260630 12:17:12.686450 16625 raft_consensus.cc:515] T d8b26e3c1fbc482a8b43f15e807373b5 P f704fe21e00c4840a78c93b71de7299a [term 0 FOLLOWER]: Starting pre-election with config: opid_index: -1 OBSOLETE_local: false peers { permanent_uuid: "2650146a6466400c876f444fb7665c9e" member_type: VOTER last_known_addr { host: "127.13.33.193" port: 38783 } } peers { permanent_uuid: "433bf2e3827d4ff48a097fa6263f7434" member_type: VOTER last_known_addr { host: "127.13.33.194" port: 46513 } } peers { permanent_uuid: "f704fe21e00c4840a78c93b71de7299a" member_type: VOTER last_known_addr { host: "127.13.33.195" port: 35301 } }
I20260630 12:17:12.690351 16627 leader_election.cc:290] T 54cc65ae3a8748cb8639c51634157c68 P 433bf2e3827d4ff48a097fa6263f7434 [CANDIDATE]: Term 1 election: Requested vote from peers 2650146a6466400c876f444fb7665c9e (127.13.33.193:38783), f704fe21e00c4840a78c93b71de7299a (127.13.33.195:35301)
I20260630 12:17:12.691509 16496 tablet_service.cc:1917] Received RequestConsensusVote() RPC: tablet_id: "d8b26e3c1fbc482a8b43f15e807373b5" candidate_uuid: "f704fe21e00c4840a78c93b71de7299a" candidate_term: 1 candidate_status { last_received { term: 0 index: 0 } } ignore_live_leader: false dest_uuid: "433bf2e3827d4ff48a097fa6263f7434" is_pre_election: true
I20260630 12:17:12.692304 16496 raft_consensus.cc:2468] T d8b26e3c1fbc482a8b43f15e807373b5 P 433bf2e3827d4ff48a097fa6263f7434 [term 0 FOLLOWER]: Leader pre-election vote request: Granting yes vote for candidate f704fe21e00c4840a78c93b71de7299a in term 0.
I20260630 12:17:12.692354 16419 tablet_service.cc:1917] Received RequestConsensusVote() RPC: tablet_id: "d8b26e3c1fbc482a8b43f15e807373b5" candidate_uuid: "f704fe21e00c4840a78c93b71de7299a" candidate_term: 1 candidate_status { last_received { term: 0 index: 0 } } ignore_live_leader: false dest_uuid: "2650146a6466400c876f444fb7665c9e" is_pre_election: true
I20260630 12:17:12.693032 16419 raft_consensus.cc:2468] T d8b26e3c1fbc482a8b43f15e807373b5 P 2650146a6466400c876f444fb7665c9e [term 0 FOLLOWER]: Leader pre-election vote request: Granting yes vote for candidate f704fe21e00c4840a78c93b71de7299a in term 0.
I20260630 12:17:12.691596 16570 tablet_service.cc:1917] Received RequestConsensusVote() RPC: tablet_id: "54cc65ae3a8748cb8639c51634157c68" candidate_uuid: "433bf2e3827d4ff48a097fa6263f7434" candidate_term: 1 candidate_status { last_received { term: 0 index: 0 } } ignore_live_leader: false dest_uuid: "f704fe21e00c4840a78c93b71de7299a"
I20260630 12:17:12.693905 16570 raft_consensus.cc:3060] T 54cc65ae3a8748cb8639c51634157c68 P f704fe21e00c4840a78c93b71de7299a [term 0 FOLLOWER]: Advancing to term 1
I20260630 12:17:12.693847 16536 leader_election.cc:304] T d8b26e3c1fbc482a8b43f15e807373b5 P f704fe21e00c4840a78c93b71de7299a [CANDIDATE]: Term 1 pre-election: Election decided. Result: candidate won. Election summary: received 2 responses out of 3 voters: 2 yes votes; 0 no votes. yes voters: 433bf2e3827d4ff48a097fa6263f7434, f704fe21e00c4840a78c93b71de7299a; no voters: 
I20260630 12:17:12.695000 16658 raft_consensus.cc:2804] T d8b26e3c1fbc482a8b43f15e807373b5 P f704fe21e00c4840a78c93b71de7299a [term 0 FOLLOWER]: Leader pre-election won for term 1
I20260630 12:17:12.695353 16658 raft_consensus.cc:493] T d8b26e3c1fbc482a8b43f15e807373b5 P f704fe21e00c4840a78c93b71de7299a [term 0 FOLLOWER]: Starting leader election (no leader contacted us within the election timeout)
I20260630 12:17:12.695669 16658 raft_consensus.cc:3060] T d8b26e3c1fbc482a8b43f15e807373b5 P f704fe21e00c4840a78c93b71de7299a [term 0 FOLLOWER]: Advancing to term 1
I20260630 12:17:12.689955 16625 leader_election.cc:290] T d8b26e3c1fbc482a8b43f15e807373b5 P f704fe21e00c4840a78c93b71de7299a [CANDIDATE]: Term 1 pre-election: Requested pre-vote from peers 2650146a6466400c876f444fb7665c9e (127.13.33.193:38783), 433bf2e3827d4ff48a097fa6263f7434 (127.13.33.194:46513)
I20260630 12:17:12.703671 16419 tablet_service.cc:1917] Received RequestConsensusVote() RPC: tablet_id: "54cc65ae3a8748cb8639c51634157c68" candidate_uuid: "433bf2e3827d4ff48a097fa6263f7434" candidate_term: 1 candidate_status { last_received { term: 0 index: 0 } } ignore_live_leader: false dest_uuid: "2650146a6466400c876f444fb7665c9e"
I20260630 12:17:12.703624 16658 raft_consensus.cc:515] T d8b26e3c1fbc482a8b43f15e807373b5 P f704fe21e00c4840a78c93b71de7299a [term 1 FOLLOWER]: Starting leader election with config: opid_index: -1 OBSOLETE_local: false peers { permanent_uuid: "2650146a6466400c876f444fb7665c9e" member_type: VOTER last_known_addr { host: "127.13.33.193" port: 38783 } } peers { permanent_uuid: "433bf2e3827d4ff48a097fa6263f7434" member_type: VOTER last_known_addr { host: "127.13.33.194" port: 46513 } } peers { permanent_uuid: "f704fe21e00c4840a78c93b71de7299a" member_type: VOTER last_known_addr { host: "127.13.33.195" port: 35301 } }
I20260630 12:17:12.704416 16419 raft_consensus.cc:3060] T 54cc65ae3a8748cb8639c51634157c68 P 2650146a6466400c876f444fb7665c9e [term 0 FOLLOWER]: Advancing to term 1
I20260630 12:17:12.703102 16570 raft_consensus.cc:2468] T 54cc65ae3a8748cb8639c51634157c68 P f704fe21e00c4840a78c93b71de7299a [term 1 FOLLOWER]: Leader election vote request: Granting yes vote for candidate 433bf2e3827d4ff48a097fa6263f7434 in term 1.
I20260630 12:17:12.706120 16658 leader_election.cc:290] T d8b26e3c1fbc482a8b43f15e807373b5 P f704fe21e00c4840a78c93b71de7299a [CANDIDATE]: Term 1 election: Requested vote from peers 2650146a6466400c876f444fb7665c9e (127.13.33.193:38783), 433bf2e3827d4ff48a097fa6263f7434 (127.13.33.194:46513)
I20260630 12:17:12.706343 16461 leader_election.cc:304] T 54cc65ae3a8748cb8639c51634157c68 P 433bf2e3827d4ff48a097fa6263f7434 [CANDIDATE]: Term 1 election: Election decided. Result: candidate won. Election summary: received 2 responses out of 3 voters: 2 yes votes; 0 no votes. yes voters: 433bf2e3827d4ff48a097fa6263f7434, f704fe21e00c4840a78c93b71de7299a; no voters: 
I20260630 12:17:12.706975 16421 tablet_service.cc:1917] Received RequestConsensusVote() RPC: tablet_id: "d8b26e3c1fbc482a8b43f15e807373b5" candidate_uuid: "f704fe21e00c4840a78c93b71de7299a" candidate_term: 1 candidate_status { last_received { term: 0 index: 0 } } ignore_live_leader: false dest_uuid: "2650146a6466400c876f444fb7665c9e"
I20260630 12:17:12.707175 16627 raft_consensus.cc:2804] T 54cc65ae3a8748cb8639c51634157c68 P 433bf2e3827d4ff48a097fa6263f7434 [term 1 FOLLOWER]: Leader election won for term 1
I20260630 12:17:12.707674 16421 raft_consensus.cc:3060] T d8b26e3c1fbc482a8b43f15e807373b5 P 2650146a6466400c876f444fb7665c9e [term 0 FOLLOWER]: Advancing to term 1
I20260630 12:17:12.707715 16627 raft_consensus.cc:697] T 54cc65ae3a8748cb8639c51634157c68 P 433bf2e3827d4ff48a097fa6263f7434 [term 1 LEADER]: Becoming Leader. State: Replica: 433bf2e3827d4ff48a097fa6263f7434, State: Running, Role: LEADER
I20260630 12:17:12.709497 16627 consensus_queue.cc:237] T 54cc65ae3a8748cb8639c51634157c68 P 433bf2e3827d4ff48a097fa6263f7434 [LEADER]: Queue going to LEADER mode. State: All replicated index: 0, Majority replicated index: 0, Committed index: 0, Last appended: 0.0, Last appended by leader: 0, Current term: 1, Majority size: 2, State: 0, Mode: LEADER, active raft config: opid_index: -1 OBSOLETE_local: false peers { permanent_uuid: "433bf2e3827d4ff48a097fa6263f7434" member_type: VOTER last_known_addr { host: "127.13.33.194" port: 46513 } } peers { permanent_uuid: "2650146a6466400c876f444fb7665c9e" member_type: VOTER last_known_addr { host: "127.13.33.193" port: 38783 } } peers { permanent_uuid: "f704fe21e00c4840a78c93b71de7299a" member_type: VOTER last_known_addr { host: "127.13.33.195" port: 35301 } }
I20260630 12:17:12.711139 16496 tablet_service.cc:1917] Received RequestConsensusVote() RPC: tablet_id: "d8b26e3c1fbc482a8b43f15e807373b5" candidate_uuid: "f704fe21e00c4840a78c93b71de7299a" candidate_term: 1 candidate_status { last_received { term: 0 index: 0 } } ignore_live_leader: false dest_uuid: "433bf2e3827d4ff48a097fa6263f7434"
I20260630 12:17:12.711781 16496 raft_consensus.cc:3060] T d8b26e3c1fbc482a8b43f15e807373b5 P 433bf2e3827d4ff48a097fa6263f7434 [term 0 FOLLOWER]: Advancing to term 1
I20260630 12:17:12.715656 16421 raft_consensus.cc:2468] T d8b26e3c1fbc482a8b43f15e807373b5 P 2650146a6466400c876f444fb7665c9e [term 1 FOLLOWER]: Leader election vote request: Granting yes vote for candidate f704fe21e00c4840a78c93b71de7299a in term 1.
I20260630 12:17:12.717056 16534 leader_election.cc:304] T d8b26e3c1fbc482a8b43f15e807373b5 P f704fe21e00c4840a78c93b71de7299a [CANDIDATE]: Term 1 election: Election decided. Result: candidate won. Election summary: received 2 responses out of 3 voters: 2 yes votes; 0 no votes. yes voters: 2650146a6466400c876f444fb7665c9e, f704fe21e00c4840a78c93b71de7299a; no voters: 
I20260630 12:17:12.718006 16658 raft_consensus.cc:2804] T d8b26e3c1fbc482a8b43f15e807373b5 P f704fe21e00c4840a78c93b71de7299a [term 1 FOLLOWER]: Leader election won for term 1
I20260630 12:17:12.718532 16658 raft_consensus.cc:697] T d8b26e3c1fbc482a8b43f15e807373b5 P f704fe21e00c4840a78c93b71de7299a [term 1 LEADER]: Becoming Leader. State: Replica: f704fe21e00c4840a78c93b71de7299a, State: Running, Role: LEADER
I20260630 12:17:12.719616 16496 raft_consensus.cc:2468] T d8b26e3c1fbc482a8b43f15e807373b5 P 433bf2e3827d4ff48a097fa6263f7434 [term 1 FOLLOWER]: Leader election vote request: Granting yes vote for candidate f704fe21e00c4840a78c93b71de7299a in term 1.
I20260630 12:17:12.719408 16658 consensus_queue.cc:237] T d8b26e3c1fbc482a8b43f15e807373b5 P f704fe21e00c4840a78c93b71de7299a [LEADER]: Queue going to LEADER mode. State: All replicated index: 0, Majority replicated index: 0, Committed index: 0, Last appended: 0.0, Last appended by leader: 0, Current term: 1, Majority size: 2, State: 0, Mode: LEADER, active raft config: opid_index: -1 OBSOLETE_local: false peers { permanent_uuid: "2650146a6466400c876f444fb7665c9e" member_type: VOTER last_known_addr { host: "127.13.33.193" port: 38783 } } peers { permanent_uuid: "433bf2e3827d4ff48a097fa6263f7434" member_type: VOTER last_known_addr { host: "127.13.33.194" port: 46513 } } peers { permanent_uuid: "f704fe21e00c4840a78c93b71de7299a" member_type: VOTER last_known_addr { host: "127.13.33.195" port: 35301 } }
I20260630 12:17:12.720014 16419 raft_consensus.cc:2468] T 54cc65ae3a8748cb8639c51634157c68 P 2650146a6466400c876f444fb7665c9e [term 1 FOLLOWER]: Leader election vote request: Granting yes vote for candidate 433bf2e3827d4ff48a097fa6263f7434 in term 1.
I20260630 12:17:12.726544 16318 catalog_manager.cc:5697] T 54cc65ae3a8748cb8639c51634157c68 P 433bf2e3827d4ff48a097fa6263f7434 reported cstate change: term changed from 0 to 1, leader changed from <none> to 433bf2e3827d4ff48a097fa6263f7434 (127.13.33.194). New cstate: current_term: 1 leader_uuid: "433bf2e3827d4ff48a097fa6263f7434" committed_config { opid_index: -1 OBSOLETE_local: false peers { permanent_uuid: "433bf2e3827d4ff48a097fa6263f7434" member_type: VOTER last_known_addr { host: "127.13.33.194" port: 46513 } health_report { overall_health: HEALTHY } } peers { permanent_uuid: "2650146a6466400c876f444fb7665c9e" member_type: VOTER last_known_addr { host: "127.13.33.193" port: 38783 } health_report { overall_health: UNKNOWN } } peers { permanent_uuid: "f704fe21e00c4840a78c93b71de7299a" member_type: VOTER last_known_addr { host: "127.13.33.195" port: 35301 } health_report { overall_health: UNKNOWN } } }
I20260630 12:17:12.728614 16315 catalog_manager.cc:5697] T d8b26e3c1fbc482a8b43f15e807373b5 P f704fe21e00c4840a78c93b71de7299a reported cstate change: term changed from 0 to 1, leader changed from <none> to f704fe21e00c4840a78c93b71de7299a (127.13.33.195). New cstate: current_term: 1 leader_uuid: "f704fe21e00c4840a78c93b71de7299a" committed_config { opid_index: -1 OBSOLETE_local: false peers { permanent_uuid: "2650146a6466400c876f444fb7665c9e" member_type: VOTER last_known_addr { host: "127.13.33.193" port: 38783 } health_report { overall_health: UNKNOWN } } peers { permanent_uuid: "433bf2e3827d4ff48a097fa6263f7434" member_type: VOTER last_known_addr { host: "127.13.33.194" port: 46513 } health_report { overall_health: UNKNOWN } } peers { permanent_uuid: "f704fe21e00c4840a78c93b71de7299a" member_type: VOTER last_known_addr { host: "127.13.33.195" port: 35301 } health_report { overall_health: HEALTHY } } }
I20260630 12:17:12.824455 16629 raft_consensus.cc:493] T e8ebde3e69b84d0c9ea13aab64170bb8 P 2650146a6466400c876f444fb7665c9e [term 0 FOLLOWER]: Starting pre-election (no leader contacted us within the election timeout)
I20260630 12:17:12.825048 16629 raft_consensus.cc:515] T e8ebde3e69b84d0c9ea13aab64170bb8 P 2650146a6466400c876f444fb7665c9e [term 0 FOLLOWER]: Starting pre-election with config: opid_index: -1 OBSOLETE_local: false peers { permanent_uuid: "2650146a6466400c876f444fb7665c9e" member_type: VOTER last_known_addr { host: "127.13.33.193" port: 38783 } } peers { permanent_uuid: "433bf2e3827d4ff48a097fa6263f7434" member_type: VOTER last_known_addr { host: "127.13.33.194" port: 46513 } } peers { permanent_uuid: "f704fe21e00c4840a78c93b71de7299a" member_type: VOTER last_known_addr { host: "127.13.33.195" port: 35301 } }
I20260630 12:17:12.826855 16629 leader_election.cc:290] T e8ebde3e69b84d0c9ea13aab64170bb8 P 2650146a6466400c876f444fb7665c9e [CANDIDATE]: Term 1 pre-election: Requested pre-vote from peers 433bf2e3827d4ff48a097fa6263f7434 (127.13.33.194:46513), f704fe21e00c4840a78c93b71de7299a (127.13.33.195:35301)
I20260630 12:17:12.827924 16570 tablet_service.cc:1917] Received RequestConsensusVote() RPC: tablet_id: "e8ebde3e69b84d0c9ea13aab64170bb8" candidate_uuid: "2650146a6466400c876f444fb7665c9e" candidate_term: 1 candidate_status { last_received { term: 0 index: 0 } } ignore_live_leader: false dest_uuid: "f704fe21e00c4840a78c93b71de7299a" is_pre_election: true
I20260630 12:17:12.827924 16496 tablet_service.cc:1917] Received RequestConsensusVote() RPC: tablet_id: "e8ebde3e69b84d0c9ea13aab64170bb8" candidate_uuid: "2650146a6466400c876f444fb7665c9e" candidate_term: 1 candidate_status { last_received { term: 0 index: 0 } } ignore_live_leader: false dest_uuid: "433bf2e3827d4ff48a097fa6263f7434" is_pre_election: true
I20260630 12:17:12.828900 16570 raft_consensus.cc:2468] T e8ebde3e69b84d0c9ea13aab64170bb8 P f704fe21e00c4840a78c93b71de7299a [term 0 FOLLOWER]: Leader pre-election vote request: Granting yes vote for candidate 2650146a6466400c876f444fb7665c9e in term 0.
I20260630 12:17:12.828963 16496 raft_consensus.cc:2468] T e8ebde3e69b84d0c9ea13aab64170bb8 P 433bf2e3827d4ff48a097fa6263f7434 [term 0 FOLLOWER]: Leader pre-election vote request: Granting yes vote for candidate 2650146a6466400c876f444fb7665c9e in term 0.
I20260630 12:17:12.830596 16386 leader_election.cc:304] T e8ebde3e69b84d0c9ea13aab64170bb8 P 2650146a6466400c876f444fb7665c9e [CANDIDATE]: Term 1 pre-election: Election decided. Result: candidate won. Election summary: received 2 responses out of 3 voters: 2 yes votes; 0 no votes. yes voters: 2650146a6466400c876f444fb7665c9e, f704fe21e00c4840a78c93b71de7299a; no voters: 
I20260630 12:17:12.831374 16629 raft_consensus.cc:2804] T e8ebde3e69b84d0c9ea13aab64170bb8 P 2650146a6466400c876f444fb7665c9e [term 0 FOLLOWER]: Leader pre-election won for term 1
I20260630 12:17:12.831725 16629 raft_consensus.cc:493] T e8ebde3e69b84d0c9ea13aab64170bb8 P 2650146a6466400c876f444fb7665c9e [term 0 FOLLOWER]: Starting leader election (no leader contacted us within the election timeout)
I20260630 12:17:12.831995 16629 raft_consensus.cc:3060] T e8ebde3e69b84d0c9ea13aab64170bb8 P 2650146a6466400c876f444fb7665c9e [term 0 FOLLOWER]: Advancing to term 1
I20260630 12:17:12.837056 16629 raft_consensus.cc:515] T e8ebde3e69b84d0c9ea13aab64170bb8 P 2650146a6466400c876f444fb7665c9e [term 1 FOLLOWER]: Starting leader election with config: opid_index: -1 OBSOLETE_local: false peers { permanent_uuid: "2650146a6466400c876f444fb7665c9e" member_type: VOTER last_known_addr { host: "127.13.33.193" port: 38783 } } peers { permanent_uuid: "433bf2e3827d4ff48a097fa6263f7434" member_type: VOTER last_known_addr { host: "127.13.33.194" port: 46513 } } peers { permanent_uuid: "f704fe21e00c4840a78c93b71de7299a" member_type: VOTER last_known_addr { host: "127.13.33.195" port: 35301 } }
I20260630 12:17:12.838562 16629 leader_election.cc:290] T e8ebde3e69b84d0c9ea13aab64170bb8 P 2650146a6466400c876f444fb7665c9e [CANDIDATE]: Term 1 election: Requested vote from peers 433bf2e3827d4ff48a097fa6263f7434 (127.13.33.194:46513), f704fe21e00c4840a78c93b71de7299a (127.13.33.195:35301)
I20260630 12:17:12.839468 16496 tablet_service.cc:1917] Received RequestConsensusVote() RPC: tablet_id: "e8ebde3e69b84d0c9ea13aab64170bb8" candidate_uuid: "2650146a6466400c876f444fb7665c9e" candidate_term: 1 candidate_status { last_received { term: 0 index: 0 } } ignore_live_leader: false dest_uuid: "433bf2e3827d4ff48a097fa6263f7434"
I20260630 12:17:12.839715 16570 tablet_service.cc:1917] Received RequestConsensusVote() RPC: tablet_id: "e8ebde3e69b84d0c9ea13aab64170bb8" candidate_uuid: "2650146a6466400c876f444fb7665c9e" candidate_term: 1 candidate_status { last_received { term: 0 index: 0 } } ignore_live_leader: false dest_uuid: "f704fe21e00c4840a78c93b71de7299a"
I20260630 12:17:12.840037 16496 raft_consensus.cc:3060] T e8ebde3e69b84d0c9ea13aab64170bb8 P 433bf2e3827d4ff48a097fa6263f7434 [term 0 FOLLOWER]: Advancing to term 1
I20260630 12:17:12.840354 16570 raft_consensus.cc:3060] T e8ebde3e69b84d0c9ea13aab64170bb8 P f704fe21e00c4840a78c93b71de7299a [term 0 FOLLOWER]: Advancing to term 1
I20260630 12:17:12.845284 16496 raft_consensus.cc:2468] T e8ebde3e69b84d0c9ea13aab64170bb8 P 433bf2e3827d4ff48a097fa6263f7434 [term 1 FOLLOWER]: Leader election vote request: Granting yes vote for candidate 2650146a6466400c876f444fb7665c9e in term 1.
I20260630 12:17:12.845633 16570 raft_consensus.cc:2468] T e8ebde3e69b84d0c9ea13aab64170bb8 P f704fe21e00c4840a78c93b71de7299a [term 1 FOLLOWER]: Leader election vote request: Granting yes vote for candidate 2650146a6466400c876f444fb7665c9e in term 1.
I20260630 12:17:12.846547 16387 leader_election.cc:304] T e8ebde3e69b84d0c9ea13aab64170bb8 P 2650146a6466400c876f444fb7665c9e [CANDIDATE]: Term 1 election: Election decided. Result: candidate won. Election summary: received 2 responses out of 3 voters: 2 yes votes; 0 no votes. yes voters: 2650146a6466400c876f444fb7665c9e, 433bf2e3827d4ff48a097fa6263f7434; no voters: 
I20260630 12:17:12.847422 16629 raft_consensus.cc:2804] T e8ebde3e69b84d0c9ea13aab64170bb8 P 2650146a6466400c876f444fb7665c9e [term 1 FOLLOWER]: Leader election won for term 1
I20260630 12:17:12.847913 16629 raft_consensus.cc:697] T e8ebde3e69b84d0c9ea13aab64170bb8 P 2650146a6466400c876f444fb7665c9e [term 1 LEADER]: Becoming Leader. State: Replica: 2650146a6466400c876f444fb7665c9e, State: Running, Role: LEADER
I20260630 12:17:12.848608 16629 consensus_queue.cc:237] T e8ebde3e69b84d0c9ea13aab64170bb8 P 2650146a6466400c876f444fb7665c9e [LEADER]: Queue going to LEADER mode. State: All replicated index: 0, Majority replicated index: 0, Committed index: 0, Last appended: 0.0, Last appended by leader: 0, Current term: 1, Majority size: 2, State: 0, Mode: LEADER, active raft config: opid_index: -1 OBSOLETE_local: false peers { permanent_uuid: "2650146a6466400c876f444fb7665c9e" member_type: VOTER last_known_addr { host: "127.13.33.193" port: 38783 } } peers { permanent_uuid: "433bf2e3827d4ff48a097fa6263f7434" member_type: VOTER last_known_addr { host: "127.13.33.194" port: 46513 } } peers { permanent_uuid: "f704fe21e00c4840a78c93b71de7299a" member_type: VOTER last_known_addr { host: "127.13.33.195" port: 35301 } }
I20260630 12:17:12.855044 16315 catalog_manager.cc:5697] T e8ebde3e69b84d0c9ea13aab64170bb8 P 2650146a6466400c876f444fb7665c9e reported cstate change: term changed from 0 to 1, leader changed from <none> to 2650146a6466400c876f444fb7665c9e (127.13.33.193). New cstate: current_term: 1 leader_uuid: "2650146a6466400c876f444fb7665c9e" committed_config { opid_index: -1 OBSOLETE_local: false peers { permanent_uuid: "2650146a6466400c876f444fb7665c9e" member_type: VOTER last_known_addr { host: "127.13.33.193" port: 38783 } health_report { overall_health: HEALTHY } } peers { permanent_uuid: "433bf2e3827d4ff48a097fa6263f7434" member_type: VOTER last_known_addr { host: "127.13.33.194" port: 46513 } health_report { overall_health: UNKNOWN } } peers { permanent_uuid: "f704fe21e00c4840a78c93b71de7299a" member_type: VOTER last_known_addr { host: "127.13.33.195" port: 35301 } health_report { overall_health: UNKNOWN } } }
I20260630 12:17:12.921159 16627 consensus_queue.cc:1048] T 2385e65d8354487988584472142f012a P 433bf2e3827d4ff48a097fa6263f7434 [LEADER]: Connected to new peer: Peer: permanent_uuid: "f704fe21e00c4840a78c93b71de7299a" member_type: VOTER last_known_addr { host: "127.13.33.195" port: 35301 }, Status: LMP_MISMATCH, Last received: 0.0, Next index: 1, Last known committed idx: 0, Time since last communication: 0.000s
I20260630 12:17:12.932600 16627 consensus_queue.cc:1048] T 2385e65d8354487988584472142f012a P 433bf2e3827d4ff48a097fa6263f7434 [LEADER]: Connected to new peer: Peer: permanent_uuid: "2650146a6466400c876f444fb7665c9e" member_type: VOTER last_known_addr { host: "127.13.33.193" port: 38783 }, Status: LMP_MISMATCH, Last received: 0.0, Next index: 1, Last known committed idx: 0, Time since last communication: 0.001s
I20260630 12:17:13.038367 16629 consensus_queue.cc:1048] T bb550bd41f1a4d588c762913f46e5e20 P 2650146a6466400c876f444fb7665c9e [LEADER]: Connected to new peer: Peer: permanent_uuid: "433bf2e3827d4ff48a097fa6263f7434" member_type: VOTER last_known_addr { host: "127.13.33.194" port: 46513 }, Status: LMP_MISMATCH, Last received: 0.0, Next index: 1, Last known committed idx: 0, Time since last communication: 0.000s
I20260630 12:17:13.047487 16618 consensus_queue.cc:1048] T bb550bd41f1a4d588c762913f46e5e20 P 2650146a6466400c876f444fb7665c9e [LEADER]: Connected to new peer: Peer: permanent_uuid: "f704fe21e00c4840a78c93b71de7299a" member_type: VOTER last_known_addr { host: "127.13.33.195" port: 35301 }, Status: LMP_MISMATCH, Last received: 0.0, Next index: 1, Last known committed idx: 0, Time since last communication: 0.001s
I20260630 12:17:13.049543 16658 consensus_queue.cc:1048] T 6e2e7e52b9a34af090a1fd9b3c4672a1 P f704fe21e00c4840a78c93b71de7299a [LEADER]: Connected to new peer: Peer: permanent_uuid: "433bf2e3827d4ff48a097fa6263f7434" member_type: VOTER last_known_addr { host: "127.13.33.194" port: 46513 }, Status: LMP_MISMATCH, Last received: 0.0, Next index: 1, Last known committed idx: 0, Time since last communication: 0.000s
I20260630 12:17:13.062371 13447 file_cache.cc:492] Constructed file cache file cache with capacity 419430
I20260630 12:17:13.073308 16658 consensus_queue.cc:1048] T 6e2e7e52b9a34af090a1fd9b3c4672a1 P f704fe21e00c4840a78c93b71de7299a [LEADER]: Connected to new peer: Peer: permanent_uuid: "2650146a6466400c876f444fb7665c9e" member_type: VOTER last_known_addr { host: "127.13.33.193" port: 38783 }, Status: LMP_MISMATCH, Last received: 0.0, Next index: 1, Last known committed idx: 0, Time since last communication: 0.000s
I20260630 12:17:13.078163 16618 consensus_queue.cc:1048] T b72c9d3619e84cb3bb96892f6978347b P 2650146a6466400c876f444fb7665c9e [LEADER]: Connected to new peer: Peer: permanent_uuid: "f704fe21e00c4840a78c93b71de7299a" member_type: VOTER last_known_addr { host: "127.13.33.195" port: 35301 }, Status: LMP_MISMATCH, Last received: 0.0, Next index: 1, Last known committed idx: 0, Time since last communication: 0.000s
W20260630 12:17:13.082700 16677 instance_detector.cc:116] could not retrieve AWS instance metadata: Network error: curl error: HTTP response code said error: The requested URL returned error: 404
I20260630 12:17:13.101359 16627 consensus_queue.cc:1048] T 54cc65ae3a8748cb8639c51634157c68 P 433bf2e3827d4ff48a097fa6263f7434 [LEADER]: Connected to new peer: Peer: permanent_uuid: "2650146a6466400c876f444fb7665c9e" member_type: VOTER last_known_addr { host: "127.13.33.193" port: 38783 }, Status: LMP_MISMATCH, Last received: 0.0, Next index: 1, Last known committed idx: 0, Time since last communication: 0.000s
I20260630 12:17:13.110134 16664 consensus_queue.cc:1048] T b72c9d3619e84cb3bb96892f6978347b P 2650146a6466400c876f444fb7665c9e [LEADER]: Connected to new peer: Peer: permanent_uuid: "433bf2e3827d4ff48a097fa6263f7434" member_type: VOTER last_known_addr { host: "127.13.33.194" port: 46513 }, Status: LMP_MISMATCH, Last received: 0.0, Next index: 1, Last known committed idx: 0, Time since last communication: 0.001s
W20260630 12:17:13.126698 16679 instance_detector.cc:116] could not retrieve Azure instance metadata: Network error: curl error: HTTP response code said error: The requested URL returned error: 404
I20260630 12:17:13.134742 16627 consensus_queue.cc:1048] T 54cc65ae3a8748cb8639c51634157c68 P 433bf2e3827d4ff48a097fa6263f7434 [LEADER]: Connected to new peer: Peer: permanent_uuid: "f704fe21e00c4840a78c93b71de7299a" member_type: VOTER last_known_addr { host: "127.13.33.195" port: 35301 }, Status: LMP_MISMATCH, Last received: 0.0, Next index: 1, Last known committed idx: 0, Time since last communication: 0.001s
I20260630 12:17:13.154016 13447 server_base.cc:1061] running on GCE node
W20260630 12:17:13.156299 16685 instance_detector.cc:116] could not retrieve OpenStack instance metadata: Network error: curl error: HTTP response code said error: The requested URL returned error: 404
I20260630 12:17:13.157336 13447 hybrid_clock.cc:584] initializing the hybrid clock with 'system_unsync' time source
W20260630 12:17:13.157608 13447 system_unsync_time.cc:38] NTP support is disabled. Clock error bounds will not be accurate. This configuration is not suitable for distributed clusters.
I20260630 12:17:13.157806 13447 hybrid_clock.cc:648] HybridClock initialized: now 1782821833157791 us; error 0 us; skew 500 ppm
I20260630 12:17:13.158336 13447 server_base.cc:861] Flag tcmalloc_max_total_thread_cache_bytes is not working since tcmalloc is not enabled.
I20260630 12:17:13.161360 13447 webserver.cc:533] Webserver started at http://127.13.33.196:40095/ using document root <none> and password file <none>
I20260630 12:17:13.161921 13447 fs_manager.cc:362] Metadata directory not provided
I20260630 12:17:13.162153 13447 fs_manager.cc:368] Using write-ahead log directory (fs_wal_dir) as metadata directory
I20260630 12:17:13.162420 13447 server_base.cc:909] This appears to be a new deployment of Kudu; creating new FS layout
I20260630 12:17:13.163597 13447 fs_manager.cc:1068] Generated new instance metadata in path /tmp/dist-test-taskenq7Ef/test-tmp/auto_rebalancer-test.0.AutoRebalancerTest.RangeAwareRebalancesNewRangeReplicas.1782821748482691-13447-0/minicluster-data/ts-3-root/instance:
uuid: "1e0794d5a1664261b7cbe1f14c4b0ec2"
format_stamp: "Formatted at 2026-06-30 12:17:13 on dist-test-slave-xgxq"
I20260630 12:17:13.168649 13447 fs_manager.cc:696] Time spent creating directory manager: real 0.004s	user 0.007s	sys 0.000s
I20260630 12:17:13.172865 16691 log_block_manager.cc:4031] Time spent loading block containers with low live blocks: real 0.000s	user 0.000s	sys 0.000s
I20260630 12:17:13.173717 13447 fs_manager.cc:730] Time spent opening block manager: real 0.003s	user 0.003s	sys 0.001s
I20260630 12:17:13.174152 13447 fs_manager.cc:647] Opened local filesystem: /tmp/dist-test-taskenq7Ef/test-tmp/auto_rebalancer-test.0.AutoRebalancerTest.RangeAwareRebalancesNewRangeReplicas.1782821748482691-13447-0/minicluster-data/ts-3-root
uuid: "1e0794d5a1664261b7cbe1f14c4b0ec2"
format_stamp: "Formatted at 2026-06-30 12:17:13 on dist-test-slave-xgxq"
I20260630 12:17:13.174413 13447 fs_report.cc:389] FS layout report
--------------------
wal directory: /tmp/dist-test-taskenq7Ef/test-tmp/auto_rebalancer-test.0.AutoRebalancerTest.RangeAwareRebalancesNewRangeReplicas.1782821748482691-13447-0/minicluster-data/ts-3-root
metadata directory: /tmp/dist-test-taskenq7Ef/test-tmp/auto_rebalancer-test.0.AutoRebalancerTest.RangeAwareRebalancesNewRangeReplicas.1782821748482691-13447-0/minicluster-data/ts-3-root
1 data directories: /tmp/dist-test-taskenq7Ef/test-tmp/auto_rebalancer-test.0.AutoRebalancerTest.RangeAwareRebalancesNewRangeReplicas.1782821748482691-13447-0/minicluster-data/ts-3-root/data
Total live blocks: 0
Total live bytes: 0
Total live bytes (after alignment): 0
Total number of LBM containers: 0 (0 full)
Did not check for missing blocks
Did not check for orphaned blocks
Total full LBM containers with extra space: 0 (0 repaired)
Total full LBM container extra space in bytes: 0 (0 repaired)
Total incomplete LBM containers: 0 (0 repaired)
Total LBM partial records: 0 (0 repaired)
Total corrupted LBM metadata records in RocksDB: 0 (0 repaired)
I20260630 12:17:13.185165 13447 rpc_server.cc:225] running with OpenSSL 1.1.1  11 Sep 2018
I20260630 12:17:13.186475 13447 kserver.cc:163] Server-wide thread pool size limit: 3276
I20260630 12:17:13.187958 13447 txn_system_client.cc:432] TxnSystemClient initialization is disabled...
I20260630 12:17:13.190295 13447 ts_tablet_manager.cc:585] Loaded tablet metadata (0 total tablets, 0 live tablets)
I20260630 12:17:13.190515 13447 ts_tablet_manager.cc:531] Time spent load tablet metadata: real 0.000s	user 0.000s	sys 0.000s
I20260630 12:17:13.190778 13447 ts_tablet_manager.cc:616] Registered 0 tablets
I20260630 12:17:13.190918 13447 ts_tablet_manager.cc:595] Time spent register tablets: real 0.000s	user 0.000s	sys 0.000s
I20260630 12:17:13.233777 13447 rpc_server.cc:307] RPC server started. Bound to: 127.13.33.196:34379
I20260630 12:17:13.233863 16753 acceptor_pool.cc:272] collecting diagnostics on the listening RPC socket 127.13.33.196:34379 every 8 connection(s)
I20260630 12:17:13.240309 16315 catalog_manager.cc:3570] Servicing AlterTable request from {username='slave'} at 127.0.0.1:43514:
table { table_name: "range_aware_rebalance_new_range" } alter_schema_steps { type: ADD_RANGE_PARTITION add_range_partition { range_bounds { rows: "\006\001\n\000\000\000\007\001\024\000\000\000""\006\001\n\000\000\000\007\001\024\000\000\000" indirect_data: """" } } } schema { columns { name: "key" type: INT32 is_key: true is_nullable: false encoding: AUTO_ENCODING compression: DEFAULT_COMPRESSION cfile_block_size: 0 immutable: false } } modify_external_catalogs: true
I20260630 12:17:13.250352 16754 heartbeater.cc:344] Connected to a master server at 127.13.33.254:34945
I20260630 12:17:13.250885 16754 heartbeater.cc:461] Registering TS with master...
I20260630 12:17:13.251986 16754 heartbeater.cc:507] Master 127.13.33.254:34945 requested a full tablet report, sending...
I20260630 12:17:13.254703 16318 ts_manager.cc:194] Registered new tserver with Master: 1e0794d5a1664261b7cbe1f14c4b0ec2 (127.13.33.196:34379)
I20260630 12:17:13.256435 16318 master_service.cc:502] Signed X509 certificate for tserver {username='slave'} at 127.0.0.1:43528
I20260630 12:17:13.257781 16664 consensus_queue.cc:1048] T e8ebde3e69b84d0c9ea13aab64170bb8 P 2650146a6466400c876f444fb7665c9e [LEADER]: Connected to new peer: Peer: permanent_uuid: "f704fe21e00c4840a78c93b71de7299a" member_type: VOTER last_known_addr { host: "127.13.33.195" port: 35301 }, Status: LMP_MISMATCH, Last received: 0.0, Next index: 1, Last known committed idx: 0, Time since last communication: 0.000s
W20260630 12:17:13.267258 16315 catalog_manager.cc:5957] Failed to send alter table request: Not found: failed to reset TS proxy: No leader found: Tablet 2b2be0547e7642dd92a73a49c8585de2 has no consensus state
W20260630 12:17:13.269011 16315 catalog_manager.cc:5957] Failed to send alter table request: Not found: failed to reset TS proxy: No leader found: Tablet 2cdd06a7e4e144ac861ee0bda5c167af has no consensus state
W20260630 12:17:13.270876 16315 catalog_manager.cc:5957] Failed to send alter table request: Not found: failed to reset TS proxy: No leader found: Tablet 0daa5611213148cdac55c4c1cc6330c4 has no consensus state
W20260630 12:17:13.272432 16315 catalog_manager.cc:5957] Failed to send alter table request: Not found: failed to reset TS proxy: No leader found: Tablet 9be503064dc24eaa89cff8e82cd61b94 has no consensus state
I20260630 12:17:13.273406 16618 consensus_queue.cc:1048] T e8ebde3e69b84d0c9ea13aab64170bb8 P 2650146a6466400c876f444fb7665c9e [LEADER]: Connected to new peer: Peer: permanent_uuid: "433bf2e3827d4ff48a097fa6263f7434" member_type: VOTER last_known_addr { host: "127.13.33.194" port: 46513 }, Status: LMP_MISMATCH, Last received: 0.0, Next index: 1, Last known committed idx: 0, Time since last communication: 0.000s
W20260630 12:17:13.273994 16315 catalog_manager.cc:5957] Failed to send alter table request: Not found: failed to reset TS proxy: No leader found: Tablet eaa088f4198745d08bfc5139d3ec4712 has no consensus state
W20260630 12:17:13.275586 16315 catalog_manager.cc:5957] Failed to send alter table request: Not found: failed to reset TS proxy: No leader found: Tablet ddaa27fb757e4486b8be3c2b35ab83a5 has no consensus state
W20260630 12:17:13.277364 16315 catalog_manager.cc:5957] Failed to send alter table request: Not found: failed to reset TS proxy: No leader found: Tablet 3548102b4bc94fc6ba35024d5a6a5a19 has no consensus state
W20260630 12:17:13.278952 16315 catalog_manager.cc:5957] Failed to send alter table request: Not found: failed to reset TS proxy: No leader found: Tablet edb625838cd74463b979ee7b8d94e415 has no consensus state
W20260630 12:17:13.292969 16305 catalog_manager.cc:4810] Async tablet task AlterTable RPC for tablet 0daa5611213148cdac55c4c1cc6330c4 (table range_aware_rebalance_new_range [id=15ba4a46dbc148b0853ac1b53a5e5cb9], current schema version=0) failed: Not found: failed to reset TS proxy: No leader found: Tablet 0daa5611213148cdac55c4c1cc6330c4 has no consensus state
