I20260630 12:17:10.951694 16664 raft_consensus.cc:359] T f495efaff6f6417eb72865355ed81f8c P 373eaa0e8fb54a87b5f4c888a6d214e8 [term 0 FOLLOWER]: Replica starting. Triggering 0 pending ops. Active config: opid_index: -1 OBSOLETE_local: false peers { permanent_uuid: "373eaa0e8fb54a87b5f4c888a6d214e8" member_type: VOTER last_known_addr { host: "127.13.41.67" port: 33427 } } peers { permanent_uuid: "7e1fa71c64ea4492af2cd425a4fd3848" member_type: VOTER last_known_addr { host: "127.13.41.65" port: 35403 } } peers { permanent_uuid: "075d6e595a414edca02912e32dee523f" member_type: VOTER last_known_addr { host: "127.13.41.66" port: 42083 } }
I20260630 12:17:10.952468 16664 raft_consensus.cc:385] T f495efaff6f6417eb72865355ed81f8c P 373eaa0e8fb54a87b5f4c888a6d214e8 [term 0 FOLLOWER]: Consensus starting up: Expiring failure detector timer to make a prompt election more likely
I20260630 12:17:10.952780 16664 raft_consensus.cc:740] T f495efaff6f6417eb72865355ed81f8c P 373eaa0e8fb54a87b5f4c888a6d214e8 [term 0 FOLLOWER]: Becoming Follower/Learner. State: Replica: 373eaa0e8fb54a87b5f4c888a6d214e8, State: Initialized, Role: FOLLOWER
I20260630 12:17:10.955927 16664 consensus_queue.cc:260] T f495efaff6f6417eb72865355ed81f8c P 373eaa0e8fb54a87b5f4c888a6d214e8 [NON_LEADER]: Queue going to NON_LEADER mode. State: All replicated index: 0, Majority replicated index: 0, Committed index: 0, Last appended: 0.0, Last appended by leader: 0, Current term: 0, Majority size: -1, State: 0, Mode: NON_LEADER, active raft config: opid_index: -1 OBSOLETE_local: false peers { permanent_uuid: "373eaa0e8fb54a87b5f4c888a6d214e8" member_type: VOTER last_known_addr { host: "127.13.41.67" port: 33427 } } peers { permanent_uuid: "7e1fa71c64ea4492af2cd425a4fd3848" member_type: VOTER last_known_addr { host: "127.13.41.65" port: 35403 } } peers { permanent_uuid: "075d6e595a414edca02912e32dee523f" member_type: VOTER last_known_addr { host: "127.13.41.66" port: 42083 } }
I20260630 12:17:10.957813 16663 tablet_bootstrap.cc:492] T 12a71e37dea249a3972bab43178c6d63 P 7e1fa71c64ea4492af2cd425a4fd3848: Bootstrap starting.
I20260630 12:17:10.975646 16643 heartbeater.cc:499] Master 127.13.41.126:33897 was elected leader, sending a full tablet report...
I20260630 12:17:10.984371 16668 raft_consensus.cc:493] T f495efaff6f6417eb72865355ed81f8c P 373eaa0e8fb54a87b5f4c888a6d214e8 [term 0 FOLLOWER]: Starting pre-election (no leader contacted us within the election timeout)
I20260630 12:17:10.984895 16668 raft_consensus.cc:515] T f495efaff6f6417eb72865355ed81f8c P 373eaa0e8fb54a87b5f4c888a6d214e8 [term 0 FOLLOWER]: Starting pre-election with config: opid_index: -1 OBSOLETE_local: false peers { permanent_uuid: "373eaa0e8fb54a87b5f4c888a6d214e8" member_type: VOTER last_known_addr { host: "127.13.41.67" port: 33427 } } peers { permanent_uuid: "7e1fa71c64ea4492af2cd425a4fd3848" member_type: VOTER last_known_addr { host: "127.13.41.65" port: 35403 } } peers { permanent_uuid: "075d6e595a414edca02912e32dee523f" member_type: VOTER last_known_addr { host: "127.13.41.66" port: 42083 } }
I20260630 12:17:10.987892 16663 tablet_bootstrap.cc:654] T 12a71e37dea249a3972bab43178c6d63 P 7e1fa71c64ea4492af2cd425a4fd3848: Neither blocks nor log segments found. Creating new log.
I20260630 12:17:10.988087 16664 ts_tablet_manager.cc:1434] T f495efaff6f6417eb72865355ed81f8c P 373eaa0e8fb54a87b5f4c888a6d214e8: Time spent starting tablet: real 0.042s	user 0.008s	sys 0.000s
I20260630 12:17:10.990615 16664 tablet_bootstrap.cc:492] T 2d12750c9a1f4d4f931bcb006bb2c57b P 373eaa0e8fb54a87b5f4c888a6d214e8: Bootstrap starting.
I20260630 12:17:10.991657 16665 tablet_bootstrap.cc:492] T 993123c7217d4013a9822fcebbe914cb P 075d6e595a414edca02912e32dee523f: Bootstrap starting.
I20260630 12:17:10.997546 16665 tablet_bootstrap.cc:654] T 993123c7217d4013a9822fcebbe914cb P 075d6e595a414edca02912e32dee523f: Neither blocks nor log segments found. Creating new log.
I20260630 12:17:10.999454 16663 tablet_bootstrap.cc:492] T 12a71e37dea249a3972bab43178c6d63 P 7e1fa71c64ea4492af2cd425a4fd3848: No bootstrap required, opened a new log
I20260630 12:17:11.000016 16663 ts_tablet_manager.cc:1403] T 12a71e37dea249a3972bab43178c6d63 P 7e1fa71c64ea4492af2cd425a4fd3848: Time spent bootstrapping tablet: real 0.042s	user 0.012s	sys 0.006s
I20260630 12:17:11.003481 16663 raft_consensus.cc:359] T 12a71e37dea249a3972bab43178c6d63 P 7e1fa71c64ea4492af2cd425a4fd3848 [term 0 FOLLOWER]: Replica starting. Triggering 0 pending ops. Active config: opid_index: -1 OBSOLETE_local: false peers { permanent_uuid: "7e1fa71c64ea4492af2cd425a4fd3848" member_type: VOTER last_known_addr { host: "127.13.41.65" port: 35403 } } peers { permanent_uuid: "075d6e595a414edca02912e32dee523f" member_type: VOTER last_known_addr { host: "127.13.41.66" port: 42083 } } peers { permanent_uuid: "373eaa0e8fb54a87b5f4c888a6d214e8" member_type: VOTER last_known_addr { host: "127.13.41.67" port: 33427 } }
I20260630 12:17:11.004688 16663 raft_consensus.cc:385] T 12a71e37dea249a3972bab43178c6d63 P 7e1fa71c64ea4492af2cd425a4fd3848 [term 0 FOLLOWER]: Consensus starting up: Expiring failure detector timer to make a prompt election more likely
I20260630 12:17:11.005035 16663 raft_consensus.cc:740] T 12a71e37dea249a3972bab43178c6d63 P 7e1fa71c64ea4492af2cd425a4fd3848 [term 0 FOLLOWER]: Becoming Follower/Learner. State: Replica: 7e1fa71c64ea4492af2cd425a4fd3848, State: Initialized, Role: FOLLOWER
I20260630 12:17:11.005896 16663 consensus_queue.cc:260] T 12a71e37dea249a3972bab43178c6d63 P 7e1fa71c64ea4492af2cd425a4fd3848 [NON_LEADER]: Queue going to NON_LEADER mode. State: All replicated index: 0, Majority replicated index: 0, Committed index: 0, Last appended: 0.0, Last appended by leader: 0, Current term: 0, Majority size: -1, State: 0, Mode: NON_LEADER, active raft config: opid_index: -1 OBSOLETE_local: false peers { permanent_uuid: "7e1fa71c64ea4492af2cd425a4fd3848" member_type: VOTER last_known_addr { host: "127.13.41.65" port: 35403 } } peers { permanent_uuid: "075d6e595a414edca02912e32dee523f" member_type: VOTER last_known_addr { host: "127.13.41.66" port: 42083 } } peers { permanent_uuid: "373eaa0e8fb54a87b5f4c888a6d214e8" member_type: VOTER last_known_addr { host: "127.13.41.67" port: 33427 } }
I20260630 12:17:11.015064 16668 leader_election.cc:290] T f495efaff6f6417eb72865355ed81f8c P 373eaa0e8fb54a87b5f4c888a6d214e8 [CANDIDATE]: Term 1 pre-election: Requested pre-vote from peers 7e1fa71c64ea4492af2cd425a4fd3848 (127.13.41.65:35403), 075d6e595a414edca02912e32dee523f (127.13.41.66:42083)
I20260630 12:17:11.015653 16663 ts_tablet_manager.cc:1434] T 12a71e37dea249a3972bab43178c6d63 P 7e1fa71c64ea4492af2cd425a4fd3848: Time spent starting tablet: real 0.015s	user 0.010s	sys 0.004s
I20260630 12:17:11.022989 16664 tablet_bootstrap.cc:654] T 2d12750c9a1f4d4f931bcb006bb2c57b P 373eaa0e8fb54a87b5f4c888a6d214e8: Neither blocks nor log segments found. Creating new log.
I20260630 12:17:11.023501 16663 tablet_bootstrap.cc:492] T f495efaff6f6417eb72865355ed81f8c P 7e1fa71c64ea4492af2cd425a4fd3848: Bootstrap starting.
I20260630 12:17:11.030071 16469 tablet_service.cc:1917] Received RequestConsensusVote() RPC: tablet_id: "f495efaff6f6417eb72865355ed81f8c" candidate_uuid: "373eaa0e8fb54a87b5f4c888a6d214e8" candidate_term: 1 candidate_status { last_received { term: 0 index: 0 } } ignore_live_leader: false dest_uuid: "7e1fa71c64ea4492af2cd425a4fd3848" is_pre_election: true
W20260630 12:17:11.031785 16580 leader_election.cc:343] T f495efaff6f6417eb72865355ed81f8c P 373eaa0e8fb54a87b5f4c888a6d214e8 [CANDIDATE]: Term 1 pre-election: Tablet error from VoteRequest() call to peer 7e1fa71c64ea4492af2cd425a4fd3848 (127.13.41.65:35403): Illegal state: must be running to vote when last-logged opid is not known
I20260630 12:17:11.035894 16664 tablet_bootstrap.cc:492] T 2d12750c9a1f4d4f931bcb006bb2c57b P 373eaa0e8fb54a87b5f4c888a6d214e8: No bootstrap required, opened a new log
I20260630 12:17:11.036465 16664 ts_tablet_manager.cc:1403] T 2d12750c9a1f4d4f931bcb006bb2c57b P 373eaa0e8fb54a87b5f4c888a6d214e8: Time spent bootstrapping tablet: real 0.046s	user 0.011s	sys 0.000s
I20260630 12:17:11.039179 16663 tablet_bootstrap.cc:654] T f495efaff6f6417eb72865355ed81f8c P 7e1fa71c64ea4492af2cd425a4fd3848: Neither blocks nor log segments found. Creating new log.
I20260630 12:17:11.039356 16664 raft_consensus.cc:359] T 2d12750c9a1f4d4f931bcb006bb2c57b P 373eaa0e8fb54a87b5f4c888a6d214e8 [term 0 FOLLOWER]: Replica starting. Triggering 0 pending ops. Active config: opid_index: -1 OBSOLETE_local: false peers { permanent_uuid: "7e1fa71c64ea4492af2cd425a4fd3848" member_type: VOTER last_known_addr { host: "127.13.41.65" port: 35403 } } peers { permanent_uuid: "075d6e595a414edca02912e32dee523f" member_type: VOTER last_known_addr { host: "127.13.41.66" port: 42083 } } peers { permanent_uuid: "373eaa0e8fb54a87b5f4c888a6d214e8" member_type: VOTER last_known_addr { host: "127.13.41.67" port: 33427 } }
I20260630 12:17:11.040066 16664 raft_consensus.cc:385] T 2d12750c9a1f4d4f931bcb006bb2c57b P 373eaa0e8fb54a87b5f4c888a6d214e8 [term 0 FOLLOWER]: Consensus starting up: Expiring failure detector timer to make a prompt election more likely
I20260630 12:17:11.040382 16664 raft_consensus.cc:740] T 2d12750c9a1f4d4f931bcb006bb2c57b P 373eaa0e8fb54a87b5f4c888a6d214e8 [term 0 FOLLOWER]: Becoming Follower/Learner. State: Replica: 373eaa0e8fb54a87b5f4c888a6d214e8, State: Initialized, Role: FOLLOWER
I20260630 12:17:11.041371 16664 consensus_queue.cc:260] T 2d12750c9a1f4d4f931bcb006bb2c57b P 373eaa0e8fb54a87b5f4c888a6d214e8 [NON_LEADER]: Queue going to NON_LEADER mode. State: All replicated index: 0, Majority replicated index: 0, Committed index: 0, Last appended: 0.0, Last appended by leader: 0, Current term: 0, Majority size: -1, State: 0, Mode: NON_LEADER, active raft config: opid_index: -1 OBSOLETE_local: false peers { permanent_uuid: "7e1fa71c64ea4492af2cd425a4fd3848" member_type: VOTER last_known_addr { host: "127.13.41.65" port: 35403 } } peers { permanent_uuid: "075d6e595a414edca02912e32dee523f" member_type: VOTER last_known_addr { host: "127.13.41.66" port: 42083 } } peers { permanent_uuid: "373eaa0e8fb54a87b5f4c888a6d214e8" member_type: VOTER last_known_addr { host: "127.13.41.67" port: 33427 } }
I20260630 12:17:11.046002 16664 ts_tablet_manager.cc:1434] T 2d12750c9a1f4d4f931bcb006bb2c57b P 373eaa0e8fb54a87b5f4c888a6d214e8: Time spent starting tablet: real 0.009s	user 0.005s	sys 0.000s
I20260630 12:17:11.047021 16664 tablet_bootstrap.cc:492] T 2d54af293b594b7a9b29334545c86bde P 373eaa0e8fb54a87b5f4c888a6d214e8: Bootstrap starting.
I20260630 12:17:11.051847 16665 tablet_bootstrap.cc:492] T 993123c7217d4013a9822fcebbe914cb P 075d6e595a414edca02912e32dee523f: No bootstrap required, opened a new log
I20260630 12:17:11.052342 16665 ts_tablet_manager.cc:1403] T 993123c7217d4013a9822fcebbe914cb P 075d6e595a414edca02912e32dee523f: Time spent bootstrapping tablet: real 0.061s	user 0.019s	sys 0.039s
I20260630 12:17:11.052856 16664 tablet_bootstrap.cc:654] T 2d54af293b594b7a9b29334545c86bde P 373eaa0e8fb54a87b5f4c888a6d214e8: Neither blocks nor log segments found. Creating new log.
I20260630 12:17:11.058681 16665 raft_consensus.cc:359] T 993123c7217d4013a9822fcebbe914cb P 075d6e595a414edca02912e32dee523f [term 0 FOLLOWER]: Replica starting. Triggering 0 pending ops. Active config: opid_index: -1 OBSOLETE_local: false peers { permanent_uuid: "7e1fa71c64ea4492af2cd425a4fd3848" member_type: VOTER last_known_addr { host: "127.13.41.65" port: 35403 } } peers { permanent_uuid: "075d6e595a414edca02912e32dee523f" member_type: VOTER last_known_addr { host: "127.13.41.66" port: 42083 } } peers { permanent_uuid: "373eaa0e8fb54a87b5f4c888a6d214e8" member_type: VOTER last_known_addr { host: "127.13.41.67" port: 33427 } }
I20260630 12:17:11.059896 16665 raft_consensus.cc:385] T 993123c7217d4013a9822fcebbe914cb P 075d6e595a414edca02912e32dee523f [term 0 FOLLOWER]: Consensus starting up: Expiring failure detector timer to make a prompt election more likely
I20260630 12:17:11.060281 16665 raft_consensus.cc:740] T 993123c7217d4013a9822fcebbe914cb P 075d6e595a414edca02912e32dee523f [term 0 FOLLOWER]: Becoming Follower/Learner. State: Replica: 075d6e595a414edca02912e32dee523f, State: Initialized, Role: FOLLOWER
I20260630 12:17:11.060626 16544 tablet_service.cc:1917] Received RequestConsensusVote() RPC: tablet_id: "f495efaff6f6417eb72865355ed81f8c" candidate_uuid: "373eaa0e8fb54a87b5f4c888a6d214e8" candidate_term: 1 candidate_status { last_received { term: 0 index: 0 } } ignore_live_leader: false dest_uuid: "075d6e595a414edca02912e32dee523f" is_pre_election: true
W20260630 12:17:11.061846 16398 debug-util.cc:398] Leaking SignalData structure 0x7b08001d4f60 after lost signal to thread 13480
I20260630 12:17:11.061429 16665 consensus_queue.cc:260] T 993123c7217d4013a9822fcebbe914cb P 075d6e595a414edca02912e32dee523f [NON_LEADER]: Queue going to NON_LEADER mode. State: All replicated index: 0, Majority replicated index: 0, Committed index: 0, Last appended: 0.0, Last appended by leader: 0, Current term: 0, Majority size: -1, State: 0, Mode: NON_LEADER, active raft config: opid_index: -1 OBSOLETE_local: false peers { permanent_uuid: "7e1fa71c64ea4492af2cd425a4fd3848" member_type: VOTER last_known_addr { host: "127.13.41.65" port: 35403 } } peers { permanent_uuid: "075d6e595a414edca02912e32dee523f" member_type: VOTER last_known_addr { host: "127.13.41.66" port: 42083 } } peers { permanent_uuid: "373eaa0e8fb54a87b5f4c888a6d214e8" member_type: VOTER last_known_addr { host: "127.13.41.67" port: 33427 } }
W20260630 12:17:11.062863 16583 leader_election.cc:343] T f495efaff6f6417eb72865355ed81f8c P 373eaa0e8fb54a87b5f4c888a6d214e8 [CANDIDATE]: Term 1 pre-election: Tablet error from VoteRequest() call to peer 075d6e595a414edca02912e32dee523f (127.13.41.66:42083): Illegal state: must be running to vote when last-logged opid is not known
I20260630 12:17:11.063299 16583 leader_election.cc:304] T f495efaff6f6417eb72865355ed81f8c P 373eaa0e8fb54a87b5f4c888a6d214e8 [CANDIDATE]: Term 1 pre-election: Election decided. Result: candidate lost. Election summary: received 3 responses out of 3 voters: 1 yes votes; 2 no votes. yes voters: 373eaa0e8fb54a87b5f4c888a6d214e8; no voters: 075d6e595a414edca02912e32dee523f, 7e1fa71c64ea4492af2cd425a4fd3848
I20260630 12:17:11.064772 16668 raft_consensus.cc:2749] T f495efaff6f6417eb72865355ed81f8c P 373eaa0e8fb54a87b5f4c888a6d214e8 [term 0 FOLLOWER]: Leader pre-election lost for term 1. Reason: could not achieve majority
I20260630 12:17:11.068297 16664 tablet_bootstrap.cc:492] T 2d54af293b594b7a9b29334545c86bde P 373eaa0e8fb54a87b5f4c888a6d214e8: No bootstrap required, opened a new log
I20260630 12:17:11.068957 16664 ts_tablet_manager.cc:1403] T 2d54af293b594b7a9b29334545c86bde P 373eaa0e8fb54a87b5f4c888a6d214e8: Time spent bootstrapping tablet: real 0.022s	user 0.009s	sys 0.007s
I20260630 12:17:11.072041 16664 raft_consensus.cc:359] T 2d54af293b594b7a9b29334545c86bde P 373eaa0e8fb54a87b5f4c888a6d214e8 [term 0 FOLLOWER]: Replica starting. Triggering 0 pending ops. Active config: opid_index: -1 OBSOLETE_local: false peers { permanent_uuid: "7e1fa71c64ea4492af2cd425a4fd3848" member_type: VOTER last_known_addr { host: "127.13.41.65" port: 35403 } } peers { permanent_uuid: "075d6e595a414edca02912e32dee523f" member_type: VOTER last_known_addr { host: "127.13.41.66" port: 42083 } } peers { permanent_uuid: "373eaa0e8fb54a87b5f4c888a6d214e8" member_type: VOTER last_known_addr { host: "127.13.41.67" port: 33427 } }
I20260630 12:17:11.074349 16664 raft_consensus.cc:385] T 2d54af293b594b7a9b29334545c86bde P 373eaa0e8fb54a87b5f4c888a6d214e8 [term 0 FOLLOWER]: Consensus starting up: Expiring failure detector timer to make a prompt election more likely
I20260630 12:17:11.074769 16664 raft_consensus.cc:740] T 2d54af293b594b7a9b29334545c86bde P 373eaa0e8fb54a87b5f4c888a6d214e8 [term 0 FOLLOWER]: Becoming Follower/Learner. State: Replica: 373eaa0e8fb54a87b5f4c888a6d214e8, State: Initialized, Role: FOLLOWER
I20260630 12:17:11.075845 16663 tablet_bootstrap.cc:492] T f495efaff6f6417eb72865355ed81f8c P 7e1fa71c64ea4492af2cd425a4fd3848: No bootstrap required, opened a new log
I20260630 12:17:11.075709 16664 consensus_queue.cc:260] T 2d54af293b594b7a9b29334545c86bde P 373eaa0e8fb54a87b5f4c888a6d214e8 [NON_LEADER]: Queue going to NON_LEADER mode. State: All replicated index: 0, Majority replicated index: 0, Committed index: 0, Last appended: 0.0, Last appended by leader: 0, Current term: 0, Majority size: -1, State: 0, Mode: NON_LEADER, active raft config: opid_index: -1 OBSOLETE_local: false peers { permanent_uuid: "7e1fa71c64ea4492af2cd425a4fd3848" member_type: VOTER last_known_addr { host: "127.13.41.65" port: 35403 } } peers { permanent_uuid: "075d6e595a414edca02912e32dee523f" member_type: VOTER last_known_addr { host: "127.13.41.66" port: 42083 } } peers { permanent_uuid: "373eaa0e8fb54a87b5f4c888a6d214e8" member_type: VOTER last_known_addr { host: "127.13.41.67" port: 33427 } }
I20260630 12:17:11.076309 16569 heartbeater.cc:499] Master 127.13.41.126:33897 was elected leader, sending a full tablet report...
I20260630 12:17:11.076921 16665 ts_tablet_manager.cc:1434] T 993123c7217d4013a9822fcebbe914cb P 075d6e595a414edca02912e32dee523f: Time spent starting tablet: real 0.024s	user 0.016s	sys 0.005s
I20260630 12:17:11.077915 16665 tablet_bootstrap.cc:492] T 2d12750c9a1f4d4f931bcb006bb2c57b P 075d6e595a414edca02912e32dee523f: Bootstrap starting.
I20260630 12:17:11.078002 16664 ts_tablet_manager.cc:1434] T 2d54af293b594b7a9b29334545c86bde P 373eaa0e8fb54a87b5f4c888a6d214e8: Time spent starting tablet: real 0.009s	user 0.006s	sys 0.000s
I20260630 12:17:11.079018 16664 tablet_bootstrap.cc:492] T f0c349e74776411bbb377c68d5029acd P 373eaa0e8fb54a87b5f4c888a6d214e8: Bootstrap starting.
I20260630 12:17:11.079576 16663 ts_tablet_manager.cc:1403] T f495efaff6f6417eb72865355ed81f8c P 7e1fa71c64ea4492af2cd425a4fd3848: Time spent bootstrapping tablet: real 0.056s	user 0.014s	sys 0.013s
I20260630 12:17:11.082554 16663 raft_consensus.cc:359] T f495efaff6f6417eb72865355ed81f8c P 7e1fa71c64ea4492af2cd425a4fd3848 [term 0 FOLLOWER]: Replica starting. Triggering 0 pending ops. Active config: opid_index: -1 OBSOLETE_local: false peers { permanent_uuid: "373eaa0e8fb54a87b5f4c888a6d214e8" member_type: VOTER last_known_addr { host: "127.13.41.67" port: 33427 } } peers { permanent_uuid: "7e1fa71c64ea4492af2cd425a4fd3848" member_type: VOTER last_known_addr { host: "127.13.41.65" port: 35403 } } peers { permanent_uuid: "075d6e595a414edca02912e32dee523f" member_type: VOTER last_known_addr { host: "127.13.41.66" port: 42083 } }
I20260630 12:17:11.083375 16663 raft_consensus.cc:385] T f495efaff6f6417eb72865355ed81f8c P 7e1fa71c64ea4492af2cd425a4fd3848 [term 0 FOLLOWER]: Consensus starting up: Expiring failure detector timer to make a prompt election more likely
I20260630 12:17:11.083740 16663 raft_consensus.cc:740] T f495efaff6f6417eb72865355ed81f8c P 7e1fa71c64ea4492af2cd425a4fd3848 [term 0 FOLLOWER]: Becoming Follower/Learner. State: Replica: 7e1fa71c64ea4492af2cd425a4fd3848, State: Initialized, Role: FOLLOWER
I20260630 12:17:11.084628 16664 tablet_bootstrap.cc:654] T f0c349e74776411bbb377c68d5029acd P 373eaa0e8fb54a87b5f4c888a6d214e8: Neither blocks nor log segments found. Creating new log.
I20260630 12:17:11.084694 16663 consensus_queue.cc:260] T f495efaff6f6417eb72865355ed81f8c P 7e1fa71c64ea4492af2cd425a4fd3848 [NON_LEADER]: Queue going to NON_LEADER mode. State: All replicated index: 0, Majority replicated index: 0, Committed index: 0, Last appended: 0.0, Last appended by leader: 0, Current term: 0, Majority size: -1, State: 0, Mode: NON_LEADER, active raft config: opid_index: -1 OBSOLETE_local: false peers { permanent_uuid: "373eaa0e8fb54a87b5f4c888a6d214e8" member_type: VOTER last_known_addr { host: "127.13.41.67" port: 33427 } } peers { permanent_uuid: "7e1fa71c64ea4492af2cd425a4fd3848" member_type: VOTER last_known_addr { host: "127.13.41.65" port: 35403 } } peers { permanent_uuid: "075d6e595a414edca02912e32dee523f" member_type: VOTER last_known_addr { host: "127.13.41.66" port: 42083 } }
I20260630 12:17:11.087492 16663 ts_tablet_manager.cc:1434] T f495efaff6f6417eb72865355ed81f8c P 7e1fa71c64ea4492af2cd425a4fd3848: Time spent starting tablet: real 0.008s	user 0.003s	sys 0.003s
I20260630 12:17:11.088526 16663 tablet_bootstrap.cc:492] T f83c158b2172429f86c1a7648294e4dc P 7e1fa71c64ea4492af2cd425a4fd3848: Bootstrap starting.
I20260630 12:17:11.093463 16665 tablet_bootstrap.cc:654] T 2d12750c9a1f4d4f931bcb006bb2c57b P 075d6e595a414edca02912e32dee523f: Neither blocks nor log segments found. Creating new log.
I20260630 12:17:11.094157 16663 tablet_bootstrap.cc:654] T f83c158b2172429f86c1a7648294e4dc P 7e1fa71c64ea4492af2cd425a4fd3848: Neither blocks nor log segments found. Creating new log.
I20260630 12:17:11.108297 16663 tablet_bootstrap.cc:492] T f83c158b2172429f86c1a7648294e4dc P 7e1fa71c64ea4492af2cd425a4fd3848: No bootstrap required, opened a new log
I20260630 12:17:11.109004 16663 ts_tablet_manager.cc:1403] T f83c158b2172429f86c1a7648294e4dc P 7e1fa71c64ea4492af2cd425a4fd3848: Time spent bootstrapping tablet: real 0.021s	user 0.008s	sys 0.008s
I20260630 12:17:11.111707 16663 raft_consensus.cc:359] T f83c158b2172429f86c1a7648294e4dc P 7e1fa71c64ea4492af2cd425a4fd3848 [term 0 FOLLOWER]: Replica starting. Triggering 0 pending ops. Active config: opid_index: -1 OBSOLETE_local: false peers { permanent_uuid: "075d6e595a414edca02912e32dee523f" member_type: VOTER last_known_addr { host: "127.13.41.66" port: 42083 } } peers { permanent_uuid: "7e1fa71c64ea4492af2cd425a4fd3848" member_type: VOTER last_known_addr { host: "127.13.41.65" port: 35403 } } peers { permanent_uuid: "373eaa0e8fb54a87b5f4c888a6d214e8" member_type: VOTER last_known_addr { host: "127.13.41.67" port: 33427 } }
I20260630 12:17:11.112593 16663 raft_consensus.cc:385] T f83c158b2172429f86c1a7648294e4dc P 7e1fa71c64ea4492af2cd425a4fd3848 [term 0 FOLLOWER]: Consensus starting up: Expiring failure detector timer to make a prompt election more likely
I20260630 12:17:11.112970 16663 raft_consensus.cc:740] T f83c158b2172429f86c1a7648294e4dc P 7e1fa71c64ea4492af2cd425a4fd3848 [term 0 FOLLOWER]: Becoming Follower/Learner. State: Replica: 7e1fa71c64ea4492af2cd425a4fd3848, State: Initialized, Role: FOLLOWER
I20260630 12:17:11.113907 16663 consensus_queue.cc:260] T f83c158b2172429f86c1a7648294e4dc P 7e1fa71c64ea4492af2cd425a4fd3848 [NON_LEADER]: Queue going to NON_LEADER mode. State: All replicated index: 0, Majority replicated index: 0, Committed index: 0, Last appended: 0.0, Last appended by leader: 0, Current term: 0, Majority size: -1, State: 0, Mode: NON_LEADER, active raft config: opid_index: -1 OBSOLETE_local: false peers { permanent_uuid: "075d6e595a414edca02912e32dee523f" member_type: VOTER last_known_addr { host: "127.13.41.66" port: 42083 } } peers { permanent_uuid: "7e1fa71c64ea4492af2cd425a4fd3848" member_type: VOTER last_known_addr { host: "127.13.41.65" port: 35403 } } peers { permanent_uuid: "373eaa0e8fb54a87b5f4c888a6d214e8" member_type: VOTER last_known_addr { host: "127.13.41.67" port: 33427 } }
I20260630 12:17:11.114607 16665 tablet_bootstrap.cc:492] T 2d12750c9a1f4d4f931bcb006bb2c57b P 075d6e595a414edca02912e32dee523f: No bootstrap required, opened a new log
I20260630 12:17:11.115269 16665 ts_tablet_manager.cc:1403] T 2d12750c9a1f4d4f931bcb006bb2c57b P 075d6e595a414edca02912e32dee523f: Time spent bootstrapping tablet: real 0.038s	user 0.008s	sys 0.010s
I20260630 12:17:11.118746 16663 ts_tablet_manager.cc:1434] T f83c158b2172429f86c1a7648294e4dc P 7e1fa71c64ea4492af2cd425a4fd3848: Time spent starting tablet: real 0.009s	user 0.005s	sys 0.000s
I20260630 12:17:11.118948 16665 raft_consensus.cc:359] T 2d12750c9a1f4d4f931bcb006bb2c57b P 075d6e595a414edca02912e32dee523f [term 0 FOLLOWER]: Replica starting. Triggering 0 pending ops. Active config: opid_index: -1 OBSOLETE_local: false peers { permanent_uuid: "7e1fa71c64ea4492af2cd425a4fd3848" member_type: VOTER last_known_addr { host: "127.13.41.65" port: 35403 } } peers { permanent_uuid: "075d6e595a414edca02912e32dee523f" member_type: VOTER last_known_addr { host: "127.13.41.66" port: 42083 } } peers { permanent_uuid: "373eaa0e8fb54a87b5f4c888a6d214e8" member_type: VOTER last_known_addr { host: "127.13.41.67" port: 33427 } }
I20260630 12:17:11.119967 16663 tablet_bootstrap.cc:492] T 2d54af293b594b7a9b29334545c86bde P 7e1fa71c64ea4492af2cd425a4fd3848: Bootstrap starting.
I20260630 12:17:11.126057 16663 tablet_bootstrap.cc:654] T 2d54af293b594b7a9b29334545c86bde P 7e1fa71c64ea4492af2cd425a4fd3848: Neither blocks nor log segments found. Creating new log.
I20260630 12:17:11.119978 16665 raft_consensus.cc:385] T 2d12750c9a1f4d4f931bcb006bb2c57b P 075d6e595a414edca02912e32dee523f [term 0 FOLLOWER]: Consensus starting up: Expiring failure detector timer to make a prompt election more likely
I20260630 12:17:11.129159 16665 raft_consensus.cc:740] T 2d12750c9a1f4d4f931bcb006bb2c57b P 075d6e595a414edca02912e32dee523f [term 0 FOLLOWER]: Becoming Follower/Learner. State: Replica: 075d6e595a414edca02912e32dee523f, State: Initialized, Role: FOLLOWER
I20260630 12:17:11.130399 16665 consensus_queue.cc:260] T 2d12750c9a1f4d4f931bcb006bb2c57b P 075d6e595a414edca02912e32dee523f [NON_LEADER]: Queue going to NON_LEADER mode. State: All replicated index: 0, Majority replicated index: 0, Committed index: 0, Last appended: 0.0, Last appended by leader: 0, Current term: 0, Majority size: -1, State: 0, Mode: NON_LEADER, active raft config: opid_index: -1 OBSOLETE_local: false peers { permanent_uuid: "7e1fa71c64ea4492af2cd425a4fd3848" member_type: VOTER last_known_addr { host: "127.13.41.65" port: 35403 } } peers { permanent_uuid: "075d6e595a414edca02912e32dee523f" member_type: VOTER last_known_addr { host: "127.13.41.66" port: 42083 } } peers { permanent_uuid: "373eaa0e8fb54a87b5f4c888a6d214e8" member_type: VOTER last_known_addr { host: "127.13.41.67" port: 33427 } }
I20260630 12:17:11.132368 16664 tablet_bootstrap.cc:492] T f0c349e74776411bbb377c68d5029acd P 373eaa0e8fb54a87b5f4c888a6d214e8: No bootstrap required, opened a new log
I20260630 12:17:11.132962 16664 ts_tablet_manager.cc:1403] T f0c349e74776411bbb377c68d5029acd P 373eaa0e8fb54a87b5f4c888a6d214e8: Time spent bootstrapping tablet: real 0.054s	user 0.021s	sys 0.032s
I20260630 12:17:11.134008 16668 raft_consensus.cc:493] T 2d54af293b594b7a9b29334545c86bde P 373eaa0e8fb54a87b5f4c888a6d214e8 [term 0 FOLLOWER]: Starting pre-election (no leader contacted us within the election timeout)
I20260630 12:17:11.134116 16665 ts_tablet_manager.cc:1434] T 2d12750c9a1f4d4f931bcb006bb2c57b P 075d6e595a414edca02912e32dee523f: Time spent starting tablet: real 0.018s	user 0.008s	sys 0.003s
I20260630 12:17:11.134568 16668 raft_consensus.cc:515] T 2d54af293b594b7a9b29334545c86bde P 373eaa0e8fb54a87b5f4c888a6d214e8 [term 0 FOLLOWER]: Starting pre-election with config: opid_index: -1 OBSOLETE_local: false peers { permanent_uuid: "7e1fa71c64ea4492af2cd425a4fd3848" member_type: VOTER last_known_addr { host: "127.13.41.65" port: 35403 } } peers { permanent_uuid: "075d6e595a414edca02912e32dee523f" member_type: VOTER last_known_addr { host: "127.13.41.66" port: 42083 } } peers { permanent_uuid: "373eaa0e8fb54a87b5f4c888a6d214e8" member_type: VOTER last_known_addr { host: "127.13.41.67" port: 33427 } }
I20260630 12:17:11.135315 16665 tablet_bootstrap.cc:492] T f0c349e74776411bbb377c68d5029acd P 075d6e595a414edca02912e32dee523f: Bootstrap starting.
I20260630 12:17:11.135897 16664 raft_consensus.cc:359] T f0c349e74776411bbb377c68d5029acd P 373eaa0e8fb54a87b5f4c888a6d214e8 [term 0 FOLLOWER]: Replica starting. Triggering 0 pending ops. Active config: opid_index: -1 OBSOLETE_local: false peers { permanent_uuid: "7e1fa71c64ea4492af2cd425a4fd3848" member_type: VOTER last_known_addr { host: "127.13.41.65" port: 35403 } } peers { permanent_uuid: "075d6e595a414edca02912e32dee523f" member_type: VOTER last_known_addr { host: "127.13.41.66" port: 42083 } } peers { permanent_uuid: "373eaa0e8fb54a87b5f4c888a6d214e8" member_type: VOTER last_known_addr { host: "127.13.41.67" port: 33427 } }
I20260630 12:17:11.136647 16664 raft_consensus.cc:385] T f0c349e74776411bbb377c68d5029acd P 373eaa0e8fb54a87b5f4c888a6d214e8 [term 0 FOLLOWER]: Consensus starting up: Expiring failure detector timer to make a prompt election more likely
I20260630 12:17:11.136888 16668 leader_election.cc:290] T 2d54af293b594b7a9b29334545c86bde P 373eaa0e8fb54a87b5f4c888a6d214e8 [CANDIDATE]: Term 1 pre-election: Requested pre-vote from peers 7e1fa71c64ea4492af2cd425a4fd3848 (127.13.41.65:35403), 075d6e595a414edca02912e32dee523f (127.13.41.66:42083)
I20260630 12:17:11.136967 16664 raft_consensus.cc:740] T f0c349e74776411bbb377c68d5029acd P 373eaa0e8fb54a87b5f4c888a6d214e8 [term 0 FOLLOWER]: Becoming Follower/Learner. State: Replica: 373eaa0e8fb54a87b5f4c888a6d214e8, State: Initialized, Role: FOLLOWER
I20260630 12:17:11.137933 16664 consensus_queue.cc:260] T f0c349e74776411bbb377c68d5029acd P 373eaa0e8fb54a87b5f4c888a6d214e8 [NON_LEADER]: Queue going to NON_LEADER mode. State: All replicated index: 0, Majority replicated index: 0, Committed index: 0, Last appended: 0.0, Last appended by leader: 0, Current term: 0, Majority size: -1, State: 0, Mode: NON_LEADER, active raft config: opid_index: -1 OBSOLETE_local: false peers { permanent_uuid: "7e1fa71c64ea4492af2cd425a4fd3848" member_type: VOTER last_known_addr { host: "127.13.41.65" port: 35403 } } peers { permanent_uuid: "075d6e595a414edca02912e32dee523f" member_type: VOTER last_known_addr { host: "127.13.41.66" port: 42083 } } peers { permanent_uuid: "373eaa0e8fb54a87b5f4c888a6d214e8" member_type: VOTER last_known_addr { host: "127.13.41.67" port: 33427 } }
I20260630 12:17:11.139482 16469 tablet_service.cc:1917] Received RequestConsensusVote() RPC: tablet_id: "2d54af293b594b7a9b29334545c86bde" candidate_uuid: "373eaa0e8fb54a87b5f4c888a6d214e8" candidate_term: 1 candidate_status { last_received { term: 0 index: 0 } } ignore_live_leader: false dest_uuid: "7e1fa71c64ea4492af2cd425a4fd3848" is_pre_election: true
I20260630 12:17:11.140128 16664 ts_tablet_manager.cc:1434] T f0c349e74776411bbb377c68d5029acd P 373eaa0e8fb54a87b5f4c888a6d214e8: Time spent starting tablet: real 0.007s	user 0.000s	sys 0.003s
I20260630 12:17:11.140766 16544 tablet_service.cc:1917] Received RequestConsensusVote() RPC: tablet_id: "2d54af293b594b7a9b29334545c86bde" candidate_uuid: "373eaa0e8fb54a87b5f4c888a6d214e8" candidate_term: 1 candidate_status { last_received { term: 0 index: 0 } } ignore_live_leader: false dest_uuid: "075d6e595a414edca02912e32dee523f" is_pre_election: true
I20260630 12:17:11.132408 16663 tablet_bootstrap.cc:492] T 2d54af293b594b7a9b29334545c86bde P 7e1fa71c64ea4492af2cd425a4fd3848: No bootstrap required, opened a new log
I20260630 12:17:11.141683 16663 ts_tablet_manager.cc:1403] T 2d54af293b594b7a9b29334545c86bde P 7e1fa71c64ea4492af2cd425a4fd3848: Time spent bootstrapping tablet: real 0.022s	user 0.004s	sys 0.008s
W20260630 12:17:11.142148 16583 leader_election.cc:343] T 2d54af293b594b7a9b29334545c86bde P 373eaa0e8fb54a87b5f4c888a6d214e8 [CANDIDATE]: Term 1 pre-election: Tablet error from VoteRequest() call to peer 075d6e595a414edca02912e32dee523f (127.13.41.66:42083): Illegal state: must be running to vote when last-logged opid is not known
W20260630 12:17:11.143174 16580 leader_election.cc:343] T 2d54af293b594b7a9b29334545c86bde P 373eaa0e8fb54a87b5f4c888a6d214e8 [CANDIDATE]: Term 1 pre-election: Tablet error from VoteRequest() call to peer 7e1fa71c64ea4492af2cd425a4fd3848 (127.13.41.65:35403): Illegal state: must be running to vote when last-logged opid is not known
I20260630 12:17:11.143572 16580 leader_election.cc:304] T 2d54af293b594b7a9b29334545c86bde P 373eaa0e8fb54a87b5f4c888a6d214e8 [CANDIDATE]: Term 1 pre-election: Election decided. Result: candidate lost. Election summary: received 3 responses out of 3 voters: 1 yes votes; 2 no votes. yes voters: 373eaa0e8fb54a87b5f4c888a6d214e8; no voters: 075d6e595a414edca02912e32dee523f, 7e1fa71c64ea4492af2cd425a4fd3848
I20260630 12:17:11.141129 16664 tablet_bootstrap.cc:492] T 12a71e37dea249a3972bab43178c6d63 P 373eaa0e8fb54a87b5f4c888a6d214e8: Bootstrap starting.
I20260630 12:17:11.144464 16663 raft_consensus.cc:359] T 2d54af293b594b7a9b29334545c86bde P 7e1fa71c64ea4492af2cd425a4fd3848 [term 0 FOLLOWER]: Replica starting. Triggering 0 pending ops. Active config: opid_index: -1 OBSOLETE_local: false peers { permanent_uuid: "7e1fa71c64ea4492af2cd425a4fd3848" member_type: VOTER last_known_addr { host: "127.13.41.65" port: 35403 } } peers { permanent_uuid: "075d6e595a414edca02912e32dee523f" member_type: VOTER last_known_addr { host: "127.13.41.66" port: 42083 } } peers { permanent_uuid: "373eaa0e8fb54a87b5f4c888a6d214e8" member_type: VOTER last_known_addr { host: "127.13.41.67" port: 33427 } }
I20260630 12:17:11.145107 16667 raft_consensus.cc:2749] T 2d54af293b594b7a9b29334545c86bde P 373eaa0e8fb54a87b5f4c888a6d214e8 [term 0 FOLLOWER]: Leader pre-election lost for term 1. Reason: could not achieve majority
I20260630 12:17:11.145202 16663 raft_consensus.cc:385] T 2d54af293b594b7a9b29334545c86bde P 7e1fa71c64ea4492af2cd425a4fd3848 [term 0 FOLLOWER]: Consensus starting up: Expiring failure detector timer to make a prompt election more likely
I20260630 12:17:11.145641 16663 raft_consensus.cc:740] T 2d54af293b594b7a9b29334545c86bde P 7e1fa71c64ea4492af2cd425a4fd3848 [term 0 FOLLOWER]: Becoming Follower/Learner. State: Replica: 7e1fa71c64ea4492af2cd425a4fd3848, State: Initialized, Role: FOLLOWER
I20260630 12:17:11.146401 16663 consensus_queue.cc:260] T 2d54af293b594b7a9b29334545c86bde P 7e1fa71c64ea4492af2cd425a4fd3848 [NON_LEADER]: Queue going to NON_LEADER mode. State: All replicated index: 0, Majority replicated index: 0, Committed index: 0, Last appended: 0.0, Last appended by leader: 0, Current term: 0, Majority size: -1, State: 0, Mode: NON_LEADER, active raft config: opid_index: -1 OBSOLETE_local: false peers { permanent_uuid: "7e1fa71c64ea4492af2cd425a4fd3848" member_type: VOTER last_known_addr { host: "127.13.41.65" port: 35403 } } peers { permanent_uuid: "075d6e595a414edca02912e32dee523f" member_type: VOTER last_known_addr { host: "127.13.41.66" port: 42083 } } peers { permanent_uuid: "373eaa0e8fb54a87b5f4c888a6d214e8" member_type: VOTER last_known_addr { host: "127.13.41.67" port: 33427 } }
I20260630 12:17:11.148748 16663 ts_tablet_manager.cc:1434] T 2d54af293b594b7a9b29334545c86bde P 7e1fa71c64ea4492af2cd425a4fd3848: Time spent starting tablet: real 0.007s	user 0.004s	sys 0.004s
I20260630 12:17:11.149720 16663 tablet_bootstrap.cc:492] T f0c349e74776411bbb377c68d5029acd P 7e1fa71c64ea4492af2cd425a4fd3848: Bootstrap starting.
I20260630 12:17:11.150450 16664 tablet_bootstrap.cc:654] T 12a71e37dea249a3972bab43178c6d63 P 373eaa0e8fb54a87b5f4c888a6d214e8: Neither blocks nor log segments found. Creating new log.
I20260630 12:17:11.154173 16665 tablet_bootstrap.cc:654] T f0c349e74776411bbb377c68d5029acd P 075d6e595a414edca02912e32dee523f: Neither blocks nor log segments found. Creating new log.
I20260630 12:17:11.156270 16663 tablet_bootstrap.cc:654] T f0c349e74776411bbb377c68d5029acd P 7e1fa71c64ea4492af2cd425a4fd3848: Neither blocks nor log segments found. Creating new log.
I20260630 12:17:11.156426 16677 raft_consensus.cc:493] T 993123c7217d4013a9822fcebbe914cb P 075d6e595a414edca02912e32dee523f [term 0 FOLLOWER]: Starting pre-election (no leader contacted us within the election timeout)
I20260630 12:17:11.156983 16677 raft_consensus.cc:515] T 993123c7217d4013a9822fcebbe914cb P 075d6e595a414edca02912e32dee523f [term 0 FOLLOWER]: Starting pre-election with config: opid_index: -1 OBSOLETE_local: false peers { permanent_uuid: "7e1fa71c64ea4492af2cd425a4fd3848" member_type: VOTER last_known_addr { host: "127.13.41.65" port: 35403 } } peers { permanent_uuid: "075d6e595a414edca02912e32dee523f" member_type: VOTER last_known_addr { host: "127.13.41.66" port: 42083 } } peers { permanent_uuid: "373eaa0e8fb54a87b5f4c888a6d214e8" member_type: VOTER last_known_addr { host: "127.13.41.67" port: 33427 } }
I20260630 12:17:11.170135 16677 leader_election.cc:290] T 993123c7217d4013a9822fcebbe914cb P 075d6e595a414edca02912e32dee523f [CANDIDATE]: Term 1 pre-election: Requested pre-vote from peers 7e1fa71c64ea4492af2cd425a4fd3848 (127.13.41.65:35403), 373eaa0e8fb54a87b5f4c888a6d214e8 (127.13.41.67:33427)
I20260630 12:17:11.179407 16663 tablet_bootstrap.cc:492] T f0c349e74776411bbb377c68d5029acd P 7e1fa71c64ea4492af2cd425a4fd3848: No bootstrap required, opened a new log
I20260630 12:17:11.184443 16663 ts_tablet_manager.cc:1403] T f0c349e74776411bbb377c68d5029acd P 7e1fa71c64ea4492af2cd425a4fd3848: Time spent bootstrapping tablet: real 0.035s	user 0.007s	sys 0.011s
I20260630 12:17:11.190800 16663 raft_consensus.cc:359] T f0c349e74776411bbb377c68d5029acd P 7e1fa71c64ea4492af2cd425a4fd3848 [term 0 FOLLOWER]: Replica starting. Triggering 0 pending ops. Active config: opid_index: -1 OBSOLETE_local: false peers { permanent_uuid: "7e1fa71c64ea4492af2cd425a4fd3848" member_type: VOTER last_known_addr { host: "127.13.41.65" port: 35403 } } peers { permanent_uuid: "075d6e595a414edca02912e32dee523f" member_type: VOTER last_known_addr { host: "127.13.41.66" port: 42083 } } peers { permanent_uuid: "373eaa0e8fb54a87b5f4c888a6d214e8" member_type: VOTER last_known_addr { host: "127.13.41.67" port: 33427 } }
I20260630 12:17:11.191800 16663 raft_consensus.cc:385] T f0c349e74776411bbb377c68d5029acd P 7e1fa71c64ea4492af2cd425a4fd3848 [term 0 FOLLOWER]: Consensus starting up: Expiring failure detector timer to make a prompt election more likely
I20260630 12:17:11.192135 16663 raft_consensus.cc:740] T f0c349e74776411bbb377c68d5029acd P 7e1fa71c64ea4492af2cd425a4fd3848 [term 0 FOLLOWER]: Becoming Follower/Learner. State: Replica: 7e1fa71c64ea4492af2cd425a4fd3848, State: Initialized, Role: FOLLOWER
I20260630 12:17:11.193465 16665 tablet_bootstrap.cc:492] T f0c349e74776411bbb377c68d5029acd P 075d6e595a414edca02912e32dee523f: No bootstrap required, opened a new log
I20260630 12:17:11.193986 16665 ts_tablet_manager.cc:1403] T f0c349e74776411bbb377c68d5029acd P 075d6e595a414edca02912e32dee523f: Time spent bootstrapping tablet: real 0.059s	user 0.013s	sys 0.021s
I20260630 12:17:11.195472 16664 tablet_bootstrap.cc:492] T 12a71e37dea249a3972bab43178c6d63 P 373eaa0e8fb54a87b5f4c888a6d214e8: No bootstrap required, opened a new log
I20260630 12:17:11.195957 16664 ts_tablet_manager.cc:1403] T 12a71e37dea249a3972bab43178c6d63 P 373eaa0e8fb54a87b5f4c888a6d214e8: Time spent bootstrapping tablet: real 0.055s	user 0.005s	sys 0.012s
I20260630 12:17:11.196835 16665 raft_consensus.cc:359] T f0c349e74776411bbb377c68d5029acd P 075d6e595a414edca02912e32dee523f [term 0 FOLLOWER]: Replica starting. Triggering 0 pending ops. Active config: opid_index: -1 OBSOLETE_local: false peers { permanent_uuid: "7e1fa71c64ea4492af2cd425a4fd3848" member_type: VOTER last_known_addr { host: "127.13.41.65" port: 35403 } } peers { permanent_uuid: "075d6e595a414edca02912e32dee523f" member_type: VOTER last_known_addr { host: "127.13.41.66" port: 42083 } } peers { permanent_uuid: "373eaa0e8fb54a87b5f4c888a6d214e8" member_type: VOTER last_known_addr { host: "127.13.41.67" port: 33427 } }
I20260630 12:17:11.197570 16665 raft_consensus.cc:385] T f0c349e74776411bbb377c68d5029acd P 075d6e595a414edca02912e32dee523f [term 0 FOLLOWER]: Consensus starting up: Expiring failure detector timer to make a prompt election more likely
I20260630 12:17:11.197876 16665 raft_consensus.cc:740] T f0c349e74776411bbb377c68d5029acd P 075d6e595a414edca02912e32dee523f [term 0 FOLLOWER]: Becoming Follower/Learner. State: Replica: 075d6e595a414edca02912e32dee523f, State: Initialized, Role: FOLLOWER
I20260630 12:17:11.198732 16664 raft_consensus.cc:359] T 12a71e37dea249a3972bab43178c6d63 P 373eaa0e8fb54a87b5f4c888a6d214e8 [term 0 FOLLOWER]: Replica starting. Triggering 0 pending ops. Active config: opid_index: -1 OBSOLETE_local: false peers { permanent_uuid: "7e1fa71c64ea4492af2cd425a4fd3848" member_type: VOTER last_known_addr { host: "127.13.41.65" port: 35403 } } peers { permanent_uuid: "075d6e595a414edca02912e32dee523f" member_type: VOTER last_known_addr { host: "127.13.41.66" port: 42083 } } peers { permanent_uuid: "373eaa0e8fb54a87b5f4c888a6d214e8" member_type: VOTER last_known_addr { host: "127.13.41.67" port: 33427 } }
I20260630 12:17:11.201512 16664 raft_consensus.cc:385] T 12a71e37dea249a3972bab43178c6d63 P 373eaa0e8fb54a87b5f4c888a6d214e8 [term 0 FOLLOWER]: Consensus starting up: Expiring failure detector timer to make a prompt election more likely
I20260630 12:17:11.201876 16664 raft_consensus.cc:740] T 12a71e37dea249a3972bab43178c6d63 P 373eaa0e8fb54a87b5f4c888a6d214e8 [term 0 FOLLOWER]: Becoming Follower/Learner. State: Replica: 373eaa0e8fb54a87b5f4c888a6d214e8, State: Initialized, Role: FOLLOWER
I20260630 12:17:11.198623 16665 consensus_queue.cc:260] T f0c349e74776411bbb377c68d5029acd P 075d6e595a414edca02912e32dee523f [NON_LEADER]: Queue going to NON_LEADER mode. State: All replicated index: 0, Majority replicated index: 0, Committed index: 0, Last appended: 0.0, Last appended by leader: 0, Current term: 0, Majority size: -1, State: 0, Mode: NON_LEADER, active raft config: opid_index: -1 OBSOLETE_local: false peers { permanent_uuid: "7e1fa71c64ea4492af2cd425a4fd3848" member_type: VOTER last_known_addr { host: "127.13.41.65" port: 35403 } } peers { permanent_uuid: "075d6e595a414edca02912e32dee523f" member_type: VOTER last_known_addr { host: "127.13.41.66" port: 42083 } } peers { permanent_uuid: "373eaa0e8fb54a87b5f4c888a6d214e8" member_type: VOTER last_known_addr { host: "127.13.41.67" port: 33427 } }
I20260630 12:17:11.200083 16469 tablet_service.cc:1917] Received RequestConsensusVote() RPC: tablet_id: "993123c7217d4013a9822fcebbe914cb" candidate_uuid: "075d6e595a414edca02912e32dee523f" candidate_term: 1 candidate_status { last_received { term: 0 index: 0 } } ignore_live_leader: false dest_uuid: "7e1fa71c64ea4492af2cd425a4fd3848" is_pre_election: true
I20260630 12:17:11.202709 16664 consensus_queue.cc:260] T 12a71e37dea249a3972bab43178c6d63 P 373eaa0e8fb54a87b5f4c888a6d214e8 [NON_LEADER]: Queue going to NON_LEADER mode. State: All replicated index: 0, Majority replicated index: 0, Committed index: 0, Last appended: 0.0, Last appended by leader: 0, Current term: 0, Majority size: -1, State: 0, Mode: NON_LEADER, active raft config: opid_index: -1 OBSOLETE_local: false peers { permanent_uuid: "7e1fa71c64ea4492af2cd425a4fd3848" member_type: VOTER last_known_addr { host: "127.13.41.65" port: 35403 } } peers { permanent_uuid: "075d6e595a414edca02912e32dee523f" member_type: VOTER last_known_addr { host: "127.13.41.66" port: 42083 } } peers { permanent_uuid: "373eaa0e8fb54a87b5f4c888a6d214e8" member_type: VOTER last_known_addr { host: "127.13.41.67" port: 33427 } }
I20260630 12:17:11.193187 16663 consensus_queue.cc:260] T f0c349e74776411bbb377c68d5029acd P 7e1fa71c64ea4492af2cd425a4fd3848 [NON_LEADER]: Queue going to NON_LEADER mode. State: All replicated index: 0, Majority replicated index: 0, Committed index: 0, Last appended: 0.0, Last appended by leader: 0, Current term: 0, Majority size: -1, State: 0, Mode: NON_LEADER, active raft config: opid_index: -1 OBSOLETE_local: false peers { permanent_uuid: "7e1fa71c64ea4492af2cd425a4fd3848" member_type: VOTER last_known_addr { host: "127.13.41.65" port: 35403 } } peers { permanent_uuid: "075d6e595a414edca02912e32dee523f" member_type: VOTER last_known_addr { host: "127.13.41.66" port: 42083 } } peers { permanent_uuid: "373eaa0e8fb54a87b5f4c888a6d214e8" member_type: VOTER last_known_addr { host: "127.13.41.67" port: 33427 } }
I20260630 12:17:11.205520 16663 ts_tablet_manager.cc:1434] T f0c349e74776411bbb377c68d5029acd P 7e1fa71c64ea4492af2cd425a4fd3848: Time spent starting tablet: real 0.018s	user 0.006s	sys 0.001s
I20260630 12:17:11.207845 16664 ts_tablet_manager.cc:1434] T 12a71e37dea249a3972bab43178c6d63 P 373eaa0e8fb54a87b5f4c888a6d214e8: Time spent starting tablet: real 0.012s	user 0.006s	sys 0.002s
I20260630 12:17:11.208876 16663 tablet_bootstrap.cc:492] T 993123c7217d4013a9822fcebbe914cb P 7e1fa71c64ea4492af2cd425a4fd3848: Bootstrap starting.
I20260630 12:17:11.213783 16618 tablet_service.cc:1917] Received RequestConsensusVote() RPC: tablet_id: "993123c7217d4013a9822fcebbe914cb" candidate_uuid: "075d6e595a414edca02912e32dee523f" candidate_term: 1 candidate_status { last_received { term: 0 index: 0 } } ignore_live_leader: false dest_uuid: "373eaa0e8fb54a87b5f4c888a6d214e8" is_pre_election: true
W20260630 12:17:11.215622 16508 leader_election.cc:343] T 993123c7217d4013a9822fcebbe914cb P 075d6e595a414edca02912e32dee523f [CANDIDATE]: Term 1 pre-election: Tablet error from VoteRequest() call to peer 373eaa0e8fb54a87b5f4c888a6d214e8 (127.13.41.67:33427): Illegal state: must be running to vote when last-logged opid is not known
I20260630 12:17:11.216044 16664 tablet_bootstrap.cc:492] T 2b40c672ee2b4bfd93da491be94282ff P 373eaa0e8fb54a87b5f4c888a6d214e8: Bootstrap starting.
W20260630 12:17:11.217876 16507 leader_election.cc:343] T 993123c7217d4013a9822fcebbe914cb P 075d6e595a414edca02912e32dee523f [CANDIDATE]: Term 1 pre-election: Tablet error from VoteRequest() call to peer 7e1fa71c64ea4492af2cd425a4fd3848 (127.13.41.65:35403): Illegal state: must be running to vote when last-logged opid is not known
I20260630 12:17:11.218442 16507 leader_election.cc:304] T 993123c7217d4013a9822fcebbe914cb P 075d6e595a414edca02912e32dee523f [CANDIDATE]: Term 1 pre-election: Election decided. Result: candidate lost. Election summary: received 3 responses out of 3 voters: 1 yes votes; 2 no votes. yes voters: 075d6e595a414edca02912e32dee523f; no voters: 373eaa0e8fb54a87b5f4c888a6d214e8, 7e1fa71c64ea4492af2cd425a4fd3848
I20260630 12:17:11.219310 16677 raft_consensus.cc:2749] T 993123c7217d4013a9822fcebbe914cb P 075d6e595a414edca02912e32dee523f [term 0 FOLLOWER]: Leader pre-election lost for term 1. Reason: could not achieve majority
I20260630 12:17:11.222914 16664 tablet_bootstrap.cc:654] T 2b40c672ee2b4bfd93da491be94282ff P 373eaa0e8fb54a87b5f4c888a6d214e8: Neither blocks nor log segments found. Creating new log.
I20260630 12:17:11.215636 16663 tablet_bootstrap.cc:654] T 993123c7217d4013a9822fcebbe914cb P 7e1fa71c64ea4492af2cd425a4fd3848: Neither blocks nor log segments found. Creating new log.
I20260630 12:17:11.228291 16665 ts_tablet_manager.cc:1434] T f0c349e74776411bbb377c68d5029acd P 075d6e595a414edca02912e32dee523f: Time spent starting tablet: real 0.034s	user 0.004s	sys 0.003s
I20260630 12:17:11.235651 16664 tablet_bootstrap.cc:492] T 2b40c672ee2b4bfd93da491be94282ff P 373eaa0e8fb54a87b5f4c888a6d214e8: No bootstrap required, opened a new log
I20260630 12:17:11.236191 16664 ts_tablet_manager.cc:1403] T 2b40c672ee2b4bfd93da491be94282ff P 373eaa0e8fb54a87b5f4c888a6d214e8: Time spent bootstrapping tablet: real 0.020s	user 0.010s	sys 0.000s
I20260630 12:17:11.236425 16665 tablet_bootstrap.cc:492] T 2d54af293b594b7a9b29334545c86bde P 075d6e595a414edca02912e32dee523f: Bootstrap starting.
I20260630 12:17:11.239195 16664 raft_consensus.cc:359] T 2b40c672ee2b4bfd93da491be94282ff P 373eaa0e8fb54a87b5f4c888a6d214e8 [term 0 FOLLOWER]: Replica starting. Triggering 0 pending ops. Active config: opid_index: -1 OBSOLETE_local: false peers { permanent_uuid: "7e1fa71c64ea4492af2cd425a4fd3848" member_type: VOTER last_known_addr { host: "127.13.41.65" port: 35403 } } peers { permanent_uuid: "075d6e595a414edca02912e32dee523f" member_type: VOTER last_known_addr { host: "127.13.41.66" port: 42083 } } peers { permanent_uuid: "373eaa0e8fb54a87b5f4c888a6d214e8" member_type: VOTER last_known_addr { host: "127.13.41.67" port: 33427 } }
I20260630 12:17:11.239985 16664 raft_consensus.cc:385] T 2b40c672ee2b4bfd93da491be94282ff P 373eaa0e8fb54a87b5f4c888a6d214e8 [term 0 FOLLOWER]: Consensus starting up: Expiring failure detector timer to make a prompt election more likely
I20260630 12:17:11.240324 16664 raft_consensus.cc:740] T 2b40c672ee2b4bfd93da491be94282ff P 373eaa0e8fb54a87b5f4c888a6d214e8 [term 0 FOLLOWER]: Becoming Follower/Learner. State: Replica: 373eaa0e8fb54a87b5f4c888a6d214e8, State: Initialized, Role: FOLLOWER
I20260630 12:17:11.243018 16663 tablet_bootstrap.cc:492] T 993123c7217d4013a9822fcebbe914cb P 7e1fa71c64ea4492af2cd425a4fd3848: No bootstrap required, opened a new log
I20260630 12:17:11.243067 16665 tablet_bootstrap.cc:654] T 2d54af293b594b7a9b29334545c86bde P 075d6e595a414edca02912e32dee523f: Neither blocks nor log segments found. Creating new log.
I20260630 12:17:11.243669 16663 ts_tablet_manager.cc:1403] T 993123c7217d4013a9822fcebbe914cb P 7e1fa71c64ea4492af2cd425a4fd3848: Time spent bootstrapping tablet: real 0.035s	user 0.002s	sys 0.013s
I20260630 12:17:11.241305 16664 consensus_queue.cc:260] T 2b40c672ee2b4bfd93da491be94282ff P 373eaa0e8fb54a87b5f4c888a6d214e8 [NON_LEADER]: Queue going to NON_LEADER mode. State: All replicated index: 0, Majority replicated index: 0, Committed index: 0, Last appended: 0.0, Last appended by leader: 0, Current term: 0, Majority size: -1, State: 0, Mode: NON_LEADER, active raft config: opid_index: -1 OBSOLETE_local: false peers { permanent_uuid: "7e1fa71c64ea4492af2cd425a4fd3848" member_type: VOTER last_known_addr { host: "127.13.41.65" port: 35403 } } peers { permanent_uuid: "075d6e595a414edca02912e32dee523f" member_type: VOTER last_known_addr { host: "127.13.41.66" port: 42083 } } peers { permanent_uuid: "373eaa0e8fb54a87b5f4c888a6d214e8" member_type: VOTER last_known_addr { host: "127.13.41.67" port: 33427 } }
