W20260630 12:17:56.372191 18435 instance_detector.cc:116] could not retrieve OpenStack instance metadata: Network error: curl error: HTTP response code said error: The requested URL returned error: 404
I20260630 12:17:56.373315 13590 server_base.cc:1061] running on GCE node
I20260630 12:17:56.374953 13590 hybrid_clock.cc:584] initializing the hybrid clock with 'system_unsync' time source
W20260630 12:17:56.375180 13590 system_unsync_time.cc:38] NTP support is disabled. Clock error bounds will not be accurate. This configuration is not suitable for distributed clusters.
I20260630 12:17:56.375376 13590 hybrid_clock.cc:648] HybridClock initialized: now 1782821876375352 us; error 0 us; skew 500 ppm
I20260630 12:17:56.375864 13590 server_base.cc:861] Flag tcmalloc_max_total_thread_cache_bytes is not working since tcmalloc is not enabled.
I20260630 12:17:56.378417 13590 webserver.cc:533] Webserver started at http://127.13.69.132:46015/ using document root <none> and password file <none>
I20260630 12:17:56.378959 13590 fs_manager.cc:362] Metadata directory not provided
I20260630 12:17:56.379165 13590 fs_manager.cc:368] Using write-ahead log directory (fs_wal_dir) as metadata directory
I20260630 12:17:56.379462 13590 server_base.cc:909] This appears to be a new deployment of Kudu; creating new FS layout
I20260630 12:17:56.380682 13590 fs_manager.cc:1068] Generated new instance metadata in path /tmp/dist-test-taskykMCWy/test-tmp/auto_rebalancer-test.0.AutoRebalancerTest.TestMaxMovesPerServer.1782821746813344-13590-0/minicluster-data/ts-3-root/instance:
uuid: "70745da09dd745e7b24d048a2f6ed5f0"
format_stamp: "Formatted at 2026-06-30 12:17:56 on dist-test-slave-wnkp"
I20260630 12:17:56.385273 13590 fs_manager.cc:696] Time spent creating directory manager: real 0.004s	user 0.000s	sys 0.004s
I20260630 12:17:56.388501 18440 log_block_manager.cc:4031] Time spent loading block containers with low live blocks: real 0.000s	user 0.000s	sys 0.000s
I20260630 12:17:56.389228 13590 fs_manager.cc:730] Time spent opening block manager: real 0.002s	user 0.002s	sys 0.001s
I20260630 12:17:56.389534 13590 fs_manager.cc:647] Opened local filesystem: /tmp/dist-test-taskykMCWy/test-tmp/auto_rebalancer-test.0.AutoRebalancerTest.TestMaxMovesPerServer.1782821746813344-13590-0/minicluster-data/ts-3-root
uuid: "70745da09dd745e7b24d048a2f6ed5f0"
format_stamp: "Formatted at 2026-06-30 12:17:56 on dist-test-slave-wnkp"
I20260630 12:17:56.389822 13590 fs_report.cc:389] FS layout report
--------------------
wal directory: /tmp/dist-test-taskykMCWy/test-tmp/auto_rebalancer-test.0.AutoRebalancerTest.TestMaxMovesPerServer.1782821746813344-13590-0/minicluster-data/ts-3-root
metadata directory: /tmp/dist-test-taskykMCWy/test-tmp/auto_rebalancer-test.0.AutoRebalancerTest.TestMaxMovesPerServer.1782821746813344-13590-0/minicluster-data/ts-3-root
1 data directories: /tmp/dist-test-taskykMCWy/test-tmp/auto_rebalancer-test.0.AutoRebalancerTest.TestMaxMovesPerServer.1782821746813344-13590-0/minicluster-data/ts-3-root/data
Total live blocks: 0
Total live bytes: 0
Total live bytes (after alignment): 0
Total number of LBM containers: 0 (0 full)
Did not check for missing blocks
Did not check for orphaned blocks
Total full LBM containers with extra space: 0 (0 repaired)
Total full LBM container extra space in bytes: 0 (0 repaired)
Total incomplete LBM containers: 0 (0 repaired)
Total LBM partial records: 0 (0 repaired)
Total corrupted LBM metadata records in RocksDB: 0 (0 repaired)
I20260630 12:17:56.419258 13590 rpc_server.cc:225] running with OpenSSL 1.1.1  11 Sep 2018
I20260630 12:17:56.420584 13590 kserver.cc:163] Server-wide thread pool size limit: 3276
I20260630 12:17:56.422216 13590 txn_system_client.cc:432] TxnSystemClient initialization is disabled...
I20260630 12:17:56.424551 13590 ts_tablet_manager.cc:585] Loaded tablet metadata (0 total tablets, 0 live tablets)
I20260630 12:17:56.424782 13590 ts_tablet_manager.cc:531] Time spent load tablet metadata: real 0.000s	user 0.000s	sys 0.000s
I20260630 12:17:56.425060 13590 ts_tablet_manager.cc:616] Registered 0 tablets
I20260630 12:17:56.425256 13590 ts_tablet_manager.cc:595] Time spent register tablets: real 0.000s	user 0.000s	sys 0.000s
I20260630 12:17:56.466125 13590 rpc_server.cc:307] RPC server started. Bound to: 127.13.69.132:38525
I20260630 12:17:56.466215 18502 acceptor_pool.cc:272] collecting diagnostics on the listening RPC socket 127.13.69.132:38525 every 8 connection(s)
I20260630 12:17:56.471231 13590 file_cache.cc:492] Constructed file cache file cache with capacity 419430
W20260630 12:17:56.477957 18507 instance_detector.cc:116] could not retrieve AWS instance metadata: Network error: curl error: HTTP response code said error: The requested URL returned error: 404
W20260630 12:17:56.478350 18508 instance_detector.cc:116] could not retrieve Azure instance metadata: Network error: curl error: HTTP response code said error: The requested URL returned error: 404
W20260630 12:17:56.481784 18510 instance_detector.cc:116] could not retrieve OpenStack instance metadata: Network error: curl error: HTTP response code said error: The requested URL returned error: 404
I20260630 12:17:56.482148 13590 server_base.cc:1061] running on GCE node
I20260630 12:17:56.484120 13590 hybrid_clock.cc:584] initializing the hybrid clock with 'system_unsync' time source
W20260630 12:17:56.484421 13590 system_unsync_time.cc:38] NTP support is disabled. Clock error bounds will not be accurate. This configuration is not suitable for distributed clusters.
I20260630 12:17:56.484676 13590 hybrid_clock.cc:648] HybridClock initialized: now 1782821876484655 us; error 0 us; skew 500 ppm
I20260630 12:17:56.485198 13590 server_base.cc:861] Flag tcmalloc_max_total_thread_cache_bytes is not working since tcmalloc is not enabled.
I20260630 12:17:56.487888 13590 webserver.cc:533] Webserver started at http://127.13.69.133:42925/ using document root <none> and password file <none>
I20260630 12:17:56.488478 13590 fs_manager.cc:362] Metadata directory not provided
I20260630 12:17:56.488349 18503 heartbeater.cc:344] Connected to a master server at 127.13.69.190:41251
I20260630 12:17:56.488914 13590 fs_manager.cc:368] Using write-ahead log directory (fs_wal_dir) as metadata directory
I20260630 12:17:56.489063 18503 heartbeater.cc:461] Registering TS with master...
I20260630 12:17:56.489298 13590 server_base.cc:909] This appears to be a new deployment of Kudu; creating new FS layout
I20260630 12:17:56.490022 18503 heartbeater.cc:507] Master 127.13.69.190:41251 requested a full tablet report, sending...
I20260630 12:17:56.490751 13590 fs_manager.cc:1068] Generated new instance metadata in path /tmp/dist-test-taskykMCWy/test-tmp/auto_rebalancer-test.0.AutoRebalancerTest.TestMaxMovesPerServer.1782821746813344-13590-0/minicluster-data/ts-4-root/instance:
uuid: "9c6db17fb5b3463e9bd681c4d8d2467e"
format_stamp: "Formatted at 2026-06-30 12:17:56 on dist-test-slave-wnkp"
I20260630 12:17:56.492540 17939 ts_manager.cc:194] Registered new tserver with Master: 70745da09dd745e7b24d048a2f6ed5f0 (127.13.69.132:38525)
I20260630 12:17:56.494303 17939 master_service.cc:502] Signed X509 certificate for tserver {username='slave'} at 127.0.0.1:56932
I20260630 12:17:56.496601 13590 fs_manager.cc:696] Time spent creating directory manager: real 0.005s	user 0.007s	sys 0.000s
I20260630 12:17:56.499876 18515 log_block_manager.cc:4031] Time spent loading block containers with low live blocks: real 0.000s	user 0.000s	sys 0.000s
I20260630 12:17:56.500702 13590 fs_manager.cc:730] Time spent opening block manager: real 0.002s	user 0.003s	sys 0.000s
I20260630 12:17:56.501066 13590 fs_manager.cc:647] Opened local filesystem: /tmp/dist-test-taskykMCWy/test-tmp/auto_rebalancer-test.0.AutoRebalancerTest.TestMaxMovesPerServer.1782821746813344-13590-0/minicluster-data/ts-4-root
uuid: "9c6db17fb5b3463e9bd681c4d8d2467e"
format_stamp: "Formatted at 2026-06-30 12:17:56 on dist-test-slave-wnkp"
I20260630 12:17:56.501377 13590 fs_report.cc:389] FS layout report
--------------------
wal directory: /tmp/dist-test-taskykMCWy/test-tmp/auto_rebalancer-test.0.AutoRebalancerTest.TestMaxMovesPerServer.1782821746813344-13590-0/minicluster-data/ts-4-root
metadata directory: /tmp/dist-test-taskykMCWy/test-tmp/auto_rebalancer-test.0.AutoRebalancerTest.TestMaxMovesPerServer.1782821746813344-13590-0/minicluster-data/ts-4-root
1 data directories: /tmp/dist-test-taskykMCWy/test-tmp/auto_rebalancer-test.0.AutoRebalancerTest.TestMaxMovesPerServer.1782821746813344-13590-0/minicluster-data/ts-4-root/data
Total live blocks: 0
Total live bytes: 0
Total live bytes (after alignment): 0
Total number of LBM containers: 0 (0 full)
Did not check for missing blocks
Did not check for orphaned blocks
Total full LBM containers with extra space: 0 (0 repaired)
Total full LBM container extra space in bytes: 0 (0 repaired)
Total incomplete LBM containers: 0 (0 repaired)
Total LBM partial records: 0 (0 repaired)
Total corrupted LBM metadata records in RocksDB: 0 (0 repaired)
I20260630 12:17:56.512311 13590 rpc_server.cc:225] running with OpenSSL 1.1.1  11 Sep 2018
I20260630 12:17:56.513521 13590 kserver.cc:163] Server-wide thread pool size limit: 3276
I20260630 12:17:56.514991 13590 txn_system_client.cc:432] TxnSystemClient initialization is disabled...
I20260630 12:17:56.517323 13590 ts_tablet_manager.cc:585] Loaded tablet metadata (0 total tablets, 0 live tablets)
I20260630 12:17:56.517565 13590 ts_tablet_manager.cc:531] Time spent load tablet metadata: real 0.000s	user 0.000s	sys 0.000s
I20260630 12:17:56.517799 13590 ts_tablet_manager.cc:616] Registered 0 tablets
I20260630 12:17:56.517971 13590 ts_tablet_manager.cc:595] Time spent register tablets: real 0.000s	user 0.000s	sys 0.000s
I20260630 12:17:56.575860 13590 rpc_server.cc:307] RPC server started. Bound to: 127.13.69.133:34177
I20260630 12:17:56.575968 18577 acceptor_pool.cc:272] collecting diagnostics on the listening RPC socket 127.13.69.133:34177 every 8 connection(s)
I20260630 12:17:56.582494 13590 file_cache.cc:492] Constructed file cache file cache with capacity 419430
W20260630 12:17:56.591471 18581 instance_detector.cc:116] could not retrieve AWS instance metadata: Network error: curl error: HTTP response code said error: The requested URL returned error: 404
I20260630 12:17:56.593704 18578 heartbeater.cc:344] Connected to a master server at 127.13.69.190:41251
I20260630 12:17:56.594251 18578 heartbeater.cc:461] Registering TS with master...
W20260630 12:17:56.594305 18582 instance_detector.cc:116] could not retrieve Azure instance metadata: Network error: curl error: HTTP response code said error: The requested URL returned error: 404
I20260630 12:17:56.595921 18578 heartbeater.cc:507] Master 127.13.69.190:41251 requested a full tablet report, sending...
W20260630 12:17:56.598940 18584 instance_detector.cc:116] could not retrieve OpenStack instance metadata: Network error: curl error: HTTP response code said error: The requested URL returned error: 404
I20260630 12:17:56.599114 17939 ts_manager.cc:194] Registered new tserver with Master: 9c6db17fb5b3463e9bd681c4d8d2467e (127.13.69.133:34177)
I20260630 12:17:56.600977 17939 master_service.cc:502] Signed X509 certificate for tserver {username='slave'} at 127.0.0.1:56946
I20260630 12:17:56.601400 13590 server_base.cc:1061] running on GCE node
I20260630 12:17:56.604460 13590 hybrid_clock.cc:584] initializing the hybrid clock with 'system_unsync' time source
W20260630 12:17:56.604758 13590 system_unsync_time.cc:38] NTP support is disabled. Clock error bounds will not be accurate. This configuration is not suitable for distributed clusters.
I20260630 12:17:56.604991 13590 hybrid_clock.cc:648] HybridClock initialized: now 1782821876604973 us; error 0 us; skew 500 ppm
I20260630 12:17:56.605576 13590 server_base.cc:861] Flag tcmalloc_max_total_thread_cache_bytes is not working since tcmalloc is not enabled.
I20260630 12:17:56.607942 13590 webserver.cc:533] Webserver started at http://127.13.69.134:42707/ using document root <none> and password file <none>
I20260630 12:17:56.608470 13590 fs_manager.cc:362] Metadata directory not provided
I20260630 12:17:56.608680 13590 fs_manager.cc:368] Using write-ahead log directory (fs_wal_dir) as metadata directory
I20260630 12:17:56.608956 13590 server_base.cc:909] This appears to be a new deployment of Kudu; creating new FS layout
I20260630 12:17:56.610054 13590 fs_manager.cc:1068] Generated new instance metadata in path /tmp/dist-test-taskykMCWy/test-tmp/auto_rebalancer-test.0.AutoRebalancerTest.TestMaxMovesPerServer.1782821746813344-13590-0/minicluster-data/ts-5-root/instance:
uuid: "06f776304714440ead87fe63e9874e03"
format_stamp: "Formatted at 2026-06-30 12:17:56 on dist-test-slave-wnkp"
I20260630 12:17:56.615303 13590 fs_manager.cc:696] Time spent creating directory manager: real 0.005s	user 0.006s	sys 0.000s
I20260630 12:17:56.619549 18589 log_block_manager.cc:4031] Time spent loading block containers with low live blocks: real 0.000s	user 0.000s	sys 0.000s
I20260630 12:17:56.620488 13590 fs_manager.cc:730] Time spent opening block manager: real 0.003s	user 0.003s	sys 0.000s
I20260630 12:17:56.620796 13590 fs_manager.cc:647] Opened local filesystem: /tmp/dist-test-taskykMCWy/test-tmp/auto_rebalancer-test.0.AutoRebalancerTest.TestMaxMovesPerServer.1782821746813344-13590-0/minicluster-data/ts-5-root
uuid: "06f776304714440ead87fe63e9874e03"
format_stamp: "Formatted at 2026-06-30 12:17:56 on dist-test-slave-wnkp"
I20260630 12:17:56.621110 13590 fs_report.cc:389] FS layout report
--------------------
wal directory: /tmp/dist-test-taskykMCWy/test-tmp/auto_rebalancer-test.0.AutoRebalancerTest.TestMaxMovesPerServer.1782821746813344-13590-0/minicluster-data/ts-5-root
metadata directory: /tmp/dist-test-taskykMCWy/test-tmp/auto_rebalancer-test.0.AutoRebalancerTest.TestMaxMovesPerServer.1782821746813344-13590-0/minicluster-data/ts-5-root
1 data directories: /tmp/dist-test-taskykMCWy/test-tmp/auto_rebalancer-test.0.AutoRebalancerTest.TestMaxMovesPerServer.1782821746813344-13590-0/minicluster-data/ts-5-root/data
Total live blocks: 0
Total live bytes: 0
Total live bytes (after alignment): 0
Total number of LBM containers: 0 (0 full)
Did not check for missing blocks
Did not check for orphaned blocks
Total full LBM containers with extra space: 0 (0 repaired)
Total full LBM container extra space in bytes: 0 (0 repaired)
Total incomplete LBM containers: 0 (0 repaired)
Total LBM partial records: 0 (0 repaired)
Total corrupted LBM metadata records in RocksDB: 0 (0 repaired)
I20260630 12:17:56.636304 13590 rpc_server.cc:225] running with OpenSSL 1.1.1  11 Sep 2018
I20260630 12:17:56.637476 13590 kserver.cc:163] Server-wide thread pool size limit: 3276
I20260630 12:17:56.639424 13590 txn_system_client.cc:432] TxnSystemClient initialization is disabled...
I20260630 12:17:56.642387 13590 ts_tablet_manager.cc:585] Loaded tablet metadata (0 total tablets, 0 live tablets)
I20260630 12:17:56.642576 13590 ts_tablet_manager.cc:531] Time spent load tablet metadata: real 0.000s	user 0.000s	sys 0.000s
I20260630 12:17:56.642841 13590 ts_tablet_manager.cc:616] Registered 0 tablets
I20260630 12:17:56.642999 13590 ts_tablet_manager.cc:595] Time spent register tablets: real 0.000s	user 0.000s	sys 0.000s
I20260630 12:17:56.727278 13590 rpc_server.cc:307] RPC server started. Bound to: 127.13.69.134:40417
I20260630 12:17:56.727321 18651 acceptor_pool.cc:272] collecting diagnostics on the listening RPC socket 127.13.69.134:40417 every 8 connection(s)
I20260630 12:17:56.746405 18652 heartbeater.cc:344] Connected to a master server at 127.13.69.190:41251
I20260630 12:17:56.746883 18652 heartbeater.cc:461] Registering TS with master...
I20260630 12:17:56.747644 18652 heartbeater.cc:507] Master 127.13.69.190:41251 requested a full tablet report, sending...
I20260630 12:17:56.749707 17939 ts_manager.cc:194] Registered new tserver with Master: 06f776304714440ead87fe63e9874e03 (127.13.69.134:40417)
I20260630 12:17:56.751030 17939 master_service.cc:502] Signed X509 certificate for tserver {username='slave'} at 127.0.0.1:56958
I20260630 12:17:56.805496 18119 consensus_queue.cc:237] T 6a778fd7c2544bbfb865ee98a63fdf95 P 3424a6ce640d4dac89e3b4aa0092ef0f [LEADER]: Queue going to LEADER mode. State: All replicated index: 0, Majority replicated index: 25, Committed index: 25, Last appended: 1.25, Last appended by leader: 0, Current term: 1, Majority size: 2, State: 0, Mode: LEADER, active raft config: opid_index: 26 OBSOLETE_local: false peers { permanent_uuid: "8a5dcc9a7f4b467c8df32bce17a5f603" member_type: VOTER last_known_addr { host: "127.13.69.129" port: 36429 } } peers { permanent_uuid: "3424a6ce640d4dac89e3b4aa0092ef0f" member_type: VOTER last_known_addr { host: "127.13.69.130" port: 35031 } } peers { permanent_uuid: "26eb6796a78a4c74abe36a71ce60010f" member_type: VOTER last_known_addr { host: "127.13.69.131" port: 46057 } attrs { replace: true } } peers { permanent_uuid: "70745da09dd745e7b24d048a2f6ed5f0" member_type: NON_VOTER last_known_addr { host: "127.13.69.132" port: 38525 } attrs { promote: true } }
I20260630 12:17:56.811408 18193 raft_consensus.cc:1275] T 6a778fd7c2544bbfb865ee98a63fdf95 P 26eb6796a78a4c74abe36a71ce60010f [term 1 FOLLOWER]: Refusing update from remote peer 3424a6ce640d4dac89e3b4aa0092ef0f: Log matching property violated. Preceding OpId in replica: term: 1 index: 25. Preceding OpId from leader: term: 1 index: 26. (index mismatch)
I20260630 12:17:56.813164 18299 consensus_queue.cc:1048] T 6a778fd7c2544bbfb865ee98a63fdf95 P 3424a6ce640d4dac89e3b4aa0092ef0f [LEADER]: Connected to new peer: Peer: permanent_uuid: "26eb6796a78a4c74abe36a71ce60010f" member_type: VOTER last_known_addr { host: "127.13.69.131" port: 46057 } attrs { replace: true }, Status: LMP_MISMATCH, Last received: 0.0, Next index: 26, Last known committed idx: 25, Time since last communication: 0.000s
I20260630 12:17:56.814366 18042 raft_consensus.cc:1275] T 6a778fd7c2544bbfb865ee98a63fdf95 P 8a5dcc9a7f4b467c8df32bce17a5f603 [term 1 FOLLOWER]: Refusing update from remote peer 3424a6ce640d4dac89e3b4aa0092ef0f: Log matching property violated. Preceding OpId in replica: term: 1 index: 25. Preceding OpId from leader: term: 1 index: 26. (index mismatch)
I20260630 12:17:56.816058 18299 consensus_queue.cc:1048] T 6a778fd7c2544bbfb865ee98a63fdf95 P 3424a6ce640d4dac89e3b4aa0092ef0f [LEADER]: Connected to new peer: Peer: permanent_uuid: "8a5dcc9a7f4b467c8df32bce17a5f603" member_type: VOTER last_known_addr { host: "127.13.69.129" port: 36429 }, Status: LMP_MISMATCH, Last received: 0.0, Next index: 26, Last known committed idx: 25, Time since last communication: 0.000s
I20260630 12:17:56.820849 18294 raft_consensus.cc:2955] T 6a778fd7c2544bbfb865ee98a63fdf95 P 3424a6ce640d4dac89e3b4aa0092ef0f [term 1 LEADER]: Committing config change with OpId 1.26: config changed from index -1 to 26, NON_VOTER 70745da09dd745e7b24d048a2f6ed5f0 (127.13.69.132) added. New config: { opid_index: 26 OBSOLETE_local: false peers { permanent_uuid: "8a5dcc9a7f4b467c8df32bce17a5f603" member_type: VOTER last_known_addr { host: "127.13.69.129" port: 36429 } } peers { permanent_uuid: "3424a6ce640d4dac89e3b4aa0092ef0f" member_type: VOTER last_known_addr { host: "127.13.69.130" port: 35031 } } peers { permanent_uuid: "26eb6796a78a4c74abe36a71ce60010f" member_type: VOTER last_known_addr { host: "127.13.69.131" port: 46057 } attrs { replace: true } } peers { permanent_uuid: "70745da09dd745e7b24d048a2f6ed5f0" member_type: NON_VOTER last_known_addr { host: "127.13.69.132" port: 38525 } attrs { promote: true } } }
I20260630 12:17:56.825429 18042 raft_consensus.cc:2955] T 6a778fd7c2544bbfb865ee98a63fdf95 P 8a5dcc9a7f4b467c8df32bce17a5f603 [term 1 FOLLOWER]: Committing config change with OpId 1.26: config changed from index -1 to 26, NON_VOTER 70745da09dd745e7b24d048a2f6ed5f0 (127.13.69.132) added. New config: { opid_index: 26 OBSOLETE_local: false peers { permanent_uuid: "8a5dcc9a7f4b467c8df32bce17a5f603" member_type: VOTER last_known_addr { host: "127.13.69.129" port: 36429 } } peers { permanent_uuid: "3424a6ce640d4dac89e3b4aa0092ef0f" member_type: VOTER last_known_addr { host: "127.13.69.130" port: 35031 } } peers { permanent_uuid: "26eb6796a78a4c74abe36a71ce60010f" member_type: VOTER last_known_addr { host: "127.13.69.131" port: 46057 } attrs { replace: true } } peers { permanent_uuid: "70745da09dd745e7b24d048a2f6ed5f0" member_type: NON_VOTER last_known_addr { host: "127.13.69.132" port: 38525 } attrs { promote: true } } }
I20260630 12:17:56.826454 18193 raft_consensus.cc:2955] T 6a778fd7c2544bbfb865ee98a63fdf95 P 26eb6796a78a4c74abe36a71ce60010f [term 1 FOLLOWER]: Committing config change with OpId 1.26: config changed from index -1 to 26, NON_VOTER 70745da09dd745e7b24d048a2f6ed5f0 (127.13.69.132) added. New config: { opid_index: 26 OBSOLETE_local: false peers { permanent_uuid: "8a5dcc9a7f4b467c8df32bce17a5f603" member_type: VOTER last_known_addr { host: "127.13.69.129" port: 36429 } } peers { permanent_uuid: "3424a6ce640d4dac89e3b4aa0092ef0f" member_type: VOTER last_known_addr { host: "127.13.69.130" port: 35031 } } peers { permanent_uuid: "26eb6796a78a4c74abe36a71ce60010f" member_type: VOTER last_known_addr { host: "127.13.69.131" port: 46057 } attrs { replace: true } } peers { permanent_uuid: "70745da09dd745e7b24d048a2f6ed5f0" member_type: NON_VOTER last_known_addr { host: "127.13.69.132" port: 38525 } attrs { promote: true } } }
W20260630 12:17:56.827950 18082 consensus_peers.cc:597] T 6a778fd7c2544bbfb865ee98a63fdf95 P 3424a6ce640d4dac89e3b4aa0092ef0f -> Peer 70745da09dd745e7b24d048a2f6ed5f0 (127.13.69.132:38525): Couldn't send request to peer 70745da09dd745e7b24d048a2f6ed5f0. Error code: TABLET_NOT_FOUND (6). Status: Not found: Tablet not found: 6a778fd7c2544bbfb865ee98a63fdf95. This is attempt 1: this message will repeat every 5th retry.
I20260630 12:17:56.837718 17939 catalog_manager.cc:5697] T 6a778fd7c2544bbfb865ee98a63fdf95 P 3424a6ce640d4dac89e3b4aa0092ef0f reported cstate change: config changed from index -1 to 26, NON_VOTER 70745da09dd745e7b24d048a2f6ed5f0 (127.13.69.132) added. New cstate: current_term: 1 leader_uuid: "3424a6ce640d4dac89e3b4aa0092ef0f" committed_config { opid_index: 26 OBSOLETE_local: false peers { permanent_uuid: "8a5dcc9a7f4b467c8df32bce17a5f603" member_type: VOTER last_known_addr { host: "127.13.69.129" port: 36429 } health_report { overall_health: HEALTHY } } peers { permanent_uuid: "3424a6ce640d4dac89e3b4aa0092ef0f" member_type: VOTER last_known_addr { host: "127.13.69.130" port: 35031 } health_report { overall_health: HEALTHY } } peers { permanent_uuid: "26eb6796a78a4c74abe36a71ce60010f" member_type: VOTER last_known_addr { host: "127.13.69.131" port: 46057 } attrs { replace: true } health_report { overall_health: HEALTHY } } peers { permanent_uuid: "70745da09dd745e7b24d048a2f6ed5f0" member_type: NON_VOTER last_known_addr { host: "127.13.69.132" port: 38525 } attrs { promote: true } health_report { overall_health: UNKNOWN } } }
I20260630 12:17:56.856468 18043 consensus_queue.cc:237] T 491c14f7eeee4760889d866d3948b8ca P 8a5dcc9a7f4b467c8df32bce17a5f603 [LEADER]: Queue going to LEADER mode. State: All replicated index: 0, Majority replicated index: 25, Committed index: 25, Last appended: 1.25, Last appended by leader: 0, Current term: 1, Majority size: 2, State: 0, Mode: LEADER, active raft config: opid_index: 26 OBSOLETE_local: false peers { permanent_uuid: "8a5dcc9a7f4b467c8df32bce17a5f603" member_type: VOTER last_known_addr { host: "127.13.69.129" port: 36429 } } peers { permanent_uuid: "3424a6ce640d4dac89e3b4aa0092ef0f" member_type: VOTER last_known_addr { host: "127.13.69.130" port: 35031 } attrs { replace: true } } peers { permanent_uuid: "26eb6796a78a4c74abe36a71ce60010f" member_type: VOTER last_known_addr { host: "127.13.69.131" port: 46057 } } peers { permanent_uuid: "06f776304714440ead87fe63e9874e03" member_type: NON_VOTER last_known_addr { host: "127.13.69.134" port: 40417 } attrs { promote: true } }
I20260630 12:17:56.879753 18119 raft_consensus.cc:1275] T 491c14f7eeee4760889d866d3948b8ca P 3424a6ce640d4dac89e3b4aa0092ef0f [term 1 FOLLOWER]: Refusing update from remote peer 8a5dcc9a7f4b467c8df32bce17a5f603: Log matching property violated. Preceding OpId in replica: term: 1 index: 25. Preceding OpId from leader: term: 1 index: 26. (index mismatch)
I20260630 12:17:56.881393 18666 consensus_queue.cc:1048] T 491c14f7eeee4760889d866d3948b8ca P 8a5dcc9a7f4b467c8df32bce17a5f603 [LEADER]: Connected to new peer: Peer: permanent_uuid: "3424a6ce640d4dac89e3b4aa0092ef0f" member_type: VOTER last_known_addr { host: "127.13.69.130" port: 35031 } attrs { replace: true }, Status: LMP_MISMATCH, Last received: 0.0, Next index: 26, Last known committed idx: 25, Time since last communication: 0.001s
I20260630 12:17:56.882902 18193 raft_consensus.cc:1275] T 491c14f7eeee4760889d866d3948b8ca P 26eb6796a78a4c74abe36a71ce60010f [term 1 FOLLOWER]: Refusing update from remote peer 8a5dcc9a7f4b467c8df32bce17a5f603: Log matching property violated. Preceding OpId in replica: term: 1 index: 25. Preceding OpId from leader: term: 1 index: 26. (index mismatch)
I20260630 12:17:56.884658 18666 consensus_queue.cc:1048] T 491c14f7eeee4760889d866d3948b8ca P 8a5dcc9a7f4b467c8df32bce17a5f603 [LEADER]: Connected to new peer: Peer: permanent_uuid: "26eb6796a78a4c74abe36a71ce60010f" member_type: VOTER last_known_addr { host: "127.13.69.131" port: 46057 }, Status: LMP_MISMATCH, Last received: 0.0, Next index: 26, Last known committed idx: 25, Time since last communication: 0.000s
I20260630 12:17:56.888705 18429 raft_consensus.cc:2955] T 491c14f7eeee4760889d866d3948b8ca P 8a5dcc9a7f4b467c8df32bce17a5f603 [term 1 LEADER]: Committing config change with OpId 1.26: config changed from index -1 to 26, NON_VOTER 06f776304714440ead87fe63e9874e03 (127.13.69.134) added. New config: { opid_index: 26 OBSOLETE_local: false peers { permanent_uuid: "8a5dcc9a7f4b467c8df32bce17a5f603" member_type: VOTER last_known_addr { host: "127.13.69.129" port: 36429 } } peers { permanent_uuid: "3424a6ce640d4dac89e3b4aa0092ef0f" member_type: VOTER last_known_addr { host: "127.13.69.130" port: 35031 } attrs { replace: true } } peers { permanent_uuid: "26eb6796a78a4c74abe36a71ce60010f" member_type: VOTER last_known_addr { host: "127.13.69.131" port: 46057 } } peers { permanent_uuid: "06f776304714440ead87fe63e9874e03" member_type: NON_VOTER last_known_addr { host: "127.13.69.134" port: 40417 } attrs { promote: true } } }
W20260630 12:17:56.892323 18007 consensus_peers.cc:597] T 491c14f7eeee4760889d866d3948b8ca P 8a5dcc9a7f4b467c8df32bce17a5f603 -> Peer 06f776304714440ead87fe63e9874e03 (127.13.69.134:40417): Couldn't send request to peer 06f776304714440ead87fe63e9874e03. Error code: TABLET_NOT_FOUND (6). Status: Not found: Tablet not found: 491c14f7eeee4760889d866d3948b8ca. This is attempt 1: this message will repeat every 5th retry.
I20260630 12:17:56.895028 18193 raft_consensus.cc:2955] T 491c14f7eeee4760889d866d3948b8ca P 26eb6796a78a4c74abe36a71ce60010f [term 1 FOLLOWER]: Committing config change with OpId 1.26: config changed from index -1 to 26, NON_VOTER 06f776304714440ead87fe63e9874e03 (127.13.69.134) added. New config: { opid_index: 26 OBSOLETE_local: false peers { permanent_uuid: "8a5dcc9a7f4b467c8df32bce17a5f603" member_type: VOTER last_known_addr { host: "127.13.69.129" port: 36429 } } peers { permanent_uuid: "3424a6ce640d4dac89e3b4aa0092ef0f" member_type: VOTER last_known_addr { host: "127.13.69.130" port: 35031 } attrs { replace: true } } peers { permanent_uuid: "26eb6796a78a4c74abe36a71ce60010f" member_type: VOTER last_known_addr { host: "127.13.69.131" port: 46057 } } peers { permanent_uuid: "06f776304714440ead87fe63e9874e03" member_type: NON_VOTER last_known_addr { host: "127.13.69.134" port: 40417 } attrs { promote: true } } }
I20260630 12:17:56.898015 18119 raft_consensus.cc:2955] T 491c14f7eeee4760889d866d3948b8ca P 3424a6ce640d4dac89e3b4aa0092ef0f [term 1 FOLLOWER]: Committing config change with OpId 1.26: config changed from index -1 to 26, NON_VOTER 06f776304714440ead87fe63e9874e03 (127.13.69.134) added. New config: { opid_index: 26 OBSOLETE_local: false peers { permanent_uuid: "8a5dcc9a7f4b467c8df32bce17a5f603" member_type: VOTER last_known_addr { host: "127.13.69.129" port: 36429 } } peers { permanent_uuid: "3424a6ce640d4dac89e3b4aa0092ef0f" member_type: VOTER last_known_addr { host: "127.13.69.130" port: 35031 } attrs { replace: true } } peers { permanent_uuid: "26eb6796a78a4c74abe36a71ce60010f" member_type: VOTER last_known_addr { host: "127.13.69.131" port: 46057 } } peers { permanent_uuid: "06f776304714440ead87fe63e9874e03" member_type: NON_VOTER last_known_addr { host: "127.13.69.134" port: 40417 } attrs { promote: true } } }
I20260630 12:17:56.906608 17934 catalog_manager.cc:5697] T 491c14f7eeee4760889d866d3948b8ca P 8a5dcc9a7f4b467c8df32bce17a5f603 reported cstate change: config changed from index -1 to 26, NON_VOTER 06f776304714440ead87fe63e9874e03 (127.13.69.134) added. New cstate: current_term: 1 leader_uuid: "8a5dcc9a7f4b467c8df32bce17a5f603" committed_config { opid_index: 26 OBSOLETE_local: false peers { permanent_uuid: "8a5dcc9a7f4b467c8df32bce17a5f603" member_type: VOTER last_known_addr { host: "127.13.69.129" port: 36429 } health_report { overall_health: HEALTHY } } peers { permanent_uuid: "3424a6ce640d4dac89e3b4aa0092ef0f" member_type: VOTER last_known_addr { host: "127.13.69.130" port: 35031 } attrs { replace: true } health_report { overall_health: HEALTHY } } peers { permanent_uuid: "26eb6796a78a4c74abe36a71ce60010f" member_type: VOTER last_known_addr { host: "127.13.69.131" port: 46057 } health_report { overall_health: HEALTHY } } peers { permanent_uuid: "06f776304714440ead87fe63e9874e03" member_type: NON_VOTER last_known_addr { host: "127.13.69.134" port: 40417 } attrs { promote: true } health_report { overall_health: UNKNOWN } } }
I20260630 12:17:56.923947 18185 consensus_queue.cc:237] T 738f27747fae4f8189e4c56460038414 P 26eb6796a78a4c74abe36a71ce60010f [LEADER]: Queue going to LEADER mode. State: All replicated index: 0, Majority replicated index: 24, Committed index: 24, Last appended: 1.24, Last appended by leader: 0, Current term: 1, Majority size: 2, State: 0, Mode: LEADER, active raft config: opid_index: 25 OBSOLETE_local: false peers { permanent_uuid: "8a5dcc9a7f4b467c8df32bce17a5f603" member_type: VOTER last_known_addr { host: "127.13.69.129" port: 36429 } attrs { replace: true } } peers { permanent_uuid: "3424a6ce640d4dac89e3b4aa0092ef0f" member_type: VOTER last_known_addr { host: "127.13.69.130" port: 35031 } } peers { permanent_uuid: "26eb6796a78a4c74abe36a71ce60010f" member_type: VOTER last_known_addr { host: "127.13.69.131" port: 46057 } } peers { permanent_uuid: "9c6db17fb5b3463e9bd681c4d8d2467e" member_type: NON_VOTER last_known_addr { host: "127.13.69.133" port: 34177 } attrs { promote: true } }
I20260630 12:17:56.932639 18043 raft_consensus.cc:1275] T 738f27747fae4f8189e4c56460038414 P 8a5dcc9a7f4b467c8df32bce17a5f603 [term 1 FOLLOWER]: Refusing update from remote peer 26eb6796a78a4c74abe36a71ce60010f: Log matching property violated. Preceding OpId in replica: term: 1 index: 24. Preceding OpId from leader: term: 1 index: 25. (index mismatch)
I20260630 12:17:56.935093 18424 consensus_queue.cc:1048] T 738f27747fae4f8189e4c56460038414 P 26eb6796a78a4c74abe36a71ce60010f [LEADER]: Connected to new peer: Peer: permanent_uuid: "8a5dcc9a7f4b467c8df32bce17a5f603" member_type: VOTER last_known_addr { host: "127.13.69.129" port: 36429 } attrs { replace: true }, Status: LMP_MISMATCH, Last received: 0.0, Next index: 25, Last known committed idx: 24, Time since last communication: 0.001s
I20260630 12:17:56.937417 18119 raft_consensus.cc:1275] T 738f27747fae4f8189e4c56460038414 P 3424a6ce640d4dac89e3b4aa0092ef0f [term 1 FOLLOWER]: Refusing update from remote peer 26eb6796a78a4c74abe36a71ce60010f: Log matching property violated. Preceding OpId in replica: term: 1 index: 24. Preceding OpId from leader: term: 1 index: 25. (index mismatch)
I20260630 12:17:56.938936 18424 consensus_queue.cc:1048] T 738f27747fae4f8189e4c56460038414 P 26eb6796a78a4c74abe36a71ce60010f [LEADER]: Connected to new peer: Peer: permanent_uuid: "3424a6ce640d4dac89e3b4aa0092ef0f" member_type: VOTER last_known_addr { host: "127.13.69.130" port: 35031 }, Status: LMP_MISMATCH, Last received: 0.0, Next index: 25, Last known committed idx: 24, Time since last communication: 0.000s
I20260630 12:17:56.943519 18671 raft_consensus.cc:2955] T 738f27747fae4f8189e4c56460038414 P 26eb6796a78a4c74abe36a71ce60010f [term 1 LEADER]: Committing config change with OpId 1.25: config changed from index -1 to 25, NON_VOTER 9c6db17fb5b3463e9bd681c4d8d2467e (127.13.69.133) added. New config: { opid_index: 25 OBSOLETE_local: false peers { permanent_uuid: "8a5dcc9a7f4b467c8df32bce17a5f603" member_type: VOTER last_known_addr { host: "127.13.69.129" port: 36429 } attrs { replace: true } } peers { permanent_uuid: "3424a6ce640d4dac89e3b4aa0092ef0f" member_type: VOTER last_known_addr { host: "127.13.69.130" port: 35031 } } peers { permanent_uuid: "26eb6796a78a4c74abe36a71ce60010f" member_type: VOTER last_known_addr { host: "127.13.69.131" port: 46057 } } peers { permanent_uuid: "9c6db17fb5b3463e9bd681c4d8d2467e" member_type: NON_VOTER last_known_addr { host: "127.13.69.133" port: 34177 } attrs { promote: true } } }
I20260630 12:17:56.945097 18043 raft_consensus.cc:2955] T 738f27747fae4f8189e4c56460038414 P 8a5dcc9a7f4b467c8df32bce17a5f603 [term 1 FOLLOWER]: Committing config change with OpId 1.25: config changed from index -1 to 25, NON_VOTER 9c6db17fb5b3463e9bd681c4d8d2467e (127.13.69.133) added. New config: { opid_index: 25 OBSOLETE_local: false peers { permanent_uuid: "8a5dcc9a7f4b467c8df32bce17a5f603" member_type: VOTER last_known_addr { host: "127.13.69.129" port: 36429 } attrs { replace: true } } peers { permanent_uuid: "3424a6ce640d4dac89e3b4aa0092ef0f" member_type: VOTER last_known_addr { host: "127.13.69.130" port: 35031 } } peers { permanent_uuid: "26eb6796a78a4c74abe36a71ce60010f" member_type: VOTER last_known_addr { host: "127.13.69.131" port: 46057 } } peers { permanent_uuid: "9c6db17fb5b3463e9bd681c4d8d2467e" member_type: NON_VOTER last_known_addr { host: "127.13.69.133" port: 34177 } attrs { promote: true } } }
W20260630 12:17:56.950273 18157 consensus_peers.cc:597] T 738f27747fae4f8189e4c56460038414 P 26eb6796a78a4c74abe36a71ce60010f -> Peer 9c6db17fb5b3463e9bd681c4d8d2467e (127.13.69.133:34177): Couldn't send request to peer 9c6db17fb5b3463e9bd681c4d8d2467e. Error code: TABLET_NOT_FOUND (6). Status: Not found: Tablet not found: 738f27747fae4f8189e4c56460038414. This is attempt 1: this message will repeat every 5th retry.
I20260630 12:17:56.949556 18119 raft_consensus.cc:2955] T 738f27747fae4f8189e4c56460038414 P 3424a6ce640d4dac89e3b4aa0092ef0f [term 1 FOLLOWER]: Committing config change with OpId 1.25: config changed from index -1 to 25, NON_VOTER 9c6db17fb5b3463e9bd681c4d8d2467e (127.13.69.133) added. New config: { opid_index: 25 OBSOLETE_local: false peers { permanent_uuid: "8a5dcc9a7f4b467c8df32bce17a5f603" member_type: VOTER last_known_addr { host: "127.13.69.129" port: 36429 } attrs { replace: true } } peers { permanent_uuid: "3424a6ce640d4dac89e3b4aa0092ef0f" member_type: VOTER last_known_addr { host: "127.13.69.130" port: 35031 } } peers { permanent_uuid: "26eb6796a78a4c74abe36a71ce60010f" member_type: VOTER last_known_addr { host: "127.13.69.131" port: 46057 } } peers { permanent_uuid: "9c6db17fb5b3463e9bd681c4d8d2467e" member_type: NON_VOTER last_known_addr { host: "127.13.69.133" port: 34177 } attrs { promote: true } } }
I20260630 12:17:56.958809 17938 catalog_manager.cc:5697] T 738f27747fae4f8189e4c56460038414 P 8a5dcc9a7f4b467c8df32bce17a5f603 reported cstate change: config changed from index -1 to 25, NON_VOTER 9c6db17fb5b3463e9bd681c4d8d2467e (127.13.69.133) added. New cstate: current_term: 1 leader_uuid: "26eb6796a78a4c74abe36a71ce60010f" committed_config { opid_index: 25 OBSOLETE_local: false peers { permanent_uuid: "8a5dcc9a7f4b467c8df32bce17a5f603" member_type: VOTER last_known_addr { host: "127.13.69.129" port: 36429 } attrs { replace: true } } peers { permanent_uuid: "3424a6ce640d4dac89e3b4aa0092ef0f" member_type: VOTER last_known_addr { host: "127.13.69.130" port: 35031 } } peers { permanent_uuid: "26eb6796a78a4c74abe36a71ce60010f" member_type: VOTER last_known_addr { host: "127.13.69.131" port: 46057 } } peers { permanent_uuid: "9c6db17fb5b3463e9bd681c4d8d2467e" member_type: NON_VOTER last_known_addr { host: "127.13.69.133" port: 34177 } attrs { promote: true } } }
I20260630 12:17:56.964082 18115 consensus_queue.cc:237] T f5df2a8edda245b5ae7210370683bc44 P 3424a6ce640d4dac89e3b4aa0092ef0f [LEADER]: Queue going to LEADER mode. State: All replicated index: 0, Majority replicated index: 24, Committed index: 24, Last appended: 1.24, Last appended by leader: 0, Current term: 1, Majority size: 2, State: 0, Mode: LEADER, active raft config: opid_index: 25 OBSOLETE_local: false peers { permanent_uuid: "8a5dcc9a7f4b467c8df32bce17a5f603" member_type: VOTER last_known_addr { host: "127.13.69.129" port: 36429 } attrs { replace: true } } peers { permanent_uuid: "3424a6ce640d4dac89e3b4aa0092ef0f" member_type: VOTER last_known_addr { host: "127.13.69.130" port: 35031 } } peers { permanent_uuid: "26eb6796a78a4c74abe36a71ce60010f" member_type: VOTER last_known_addr { host: "127.13.69.131" port: 46057 } } peers { permanent_uuid: "70745da09dd745e7b24d048a2f6ed5f0" member_type: NON_VOTER last_known_addr { host: "127.13.69.132" port: 38525 } attrs { promote: true } }
I20260630 12:17:56.972729 18185 raft_consensus.cc:1275] T f5df2a8edda245b5ae7210370683bc44 P 26eb6796a78a4c74abe36a71ce60010f [term 1 FOLLOWER]: Refusing update from remote peer 3424a6ce640d4dac89e3b4aa0092ef0f: Log matching property violated. Preceding OpId in replica: term: 1 index: 24. Preceding OpId from leader: term: 1 index: 25. (index mismatch)
W20260630 12:17:56.973047 18082 consensus_peers.cc:597] T f5df2a8edda245b5ae7210370683bc44 P 3424a6ce640d4dac89e3b4aa0092ef0f -> Peer 70745da09dd745e7b24d048a2f6ed5f0 (127.13.69.132:38525): Couldn't send request to peer 70745da09dd745e7b24d048a2f6ed5f0. Error code: TABLET_NOT_FOUND (6). Status: Not found: Tablet not found: f5df2a8edda245b5ae7210370683bc44. This is attempt 1: this message will repeat every 5th retry.
I20260630 12:17:56.974504 18043 raft_consensus.cc:1275] T f5df2a8edda245b5ae7210370683bc44 P 8a5dcc9a7f4b467c8df32bce17a5f603 [term 1 FOLLOWER]: Refusing update from remote peer 3424a6ce640d4dac89e3b4aa0092ef0f: Log matching property violated. Preceding OpId in replica: term: 1 index: 24. Preceding OpId from leader: term: 1 index: 25. (index mismatch)
I20260630 12:17:56.974272 18299 consensus_queue.cc:1048] T f5df2a8edda245b5ae7210370683bc44 P 3424a6ce640d4dac89e3b4aa0092ef0f [LEADER]: Connected to new peer: Peer: permanent_uuid: "26eb6796a78a4c74abe36a71ce60010f" member_type: VOTER last_known_addr { host: "127.13.69.131" port: 46057 }, Status: LMP_MISMATCH, Last received: 0.0, Next index: 25, Last known committed idx: 24, Time since last communication: 0.000s
I20260630 12:17:56.976171 18431 consensus_queue.cc:1048] T f5df2a8edda245b5ae7210370683bc44 P 3424a6ce640d4dac89e3b4aa0092ef0f [LEADER]: Connected to new peer: Peer: permanent_uuid: "8a5dcc9a7f4b467c8df32bce17a5f603" member_type: VOTER last_known_addr { host: "127.13.69.129" port: 36429 } attrs { replace: true }, Status: LMP_MISMATCH, Last received: 0.0, Next index: 25, Last known committed idx: 24, Time since last communication: 0.001s
I20260630 12:17:56.982834 18294 raft_consensus.cc:2955] T f5df2a8edda245b5ae7210370683bc44 P 3424a6ce640d4dac89e3b4aa0092ef0f [term 1 LEADER]: Committing config change with OpId 1.25: config changed from index -1 to 25, NON_VOTER 70745da09dd745e7b24d048a2f6ed5f0 (127.13.69.132) added. New config: { opid_index: 25 OBSOLETE_local: false peers { permanent_uuid: "8a5dcc9a7f4b467c8df32bce17a5f603" member_type: VOTER last_known_addr { host: "127.13.69.129" port: 36429 } attrs { replace: true } } peers { permanent_uuid: "3424a6ce640d4dac89e3b4aa0092ef0f" member_type: VOTER last_known_addr { host: "127.13.69.130" port: 35031 } } peers { permanent_uuid: "26eb6796a78a4c74abe36a71ce60010f" member_type: VOTER last_known_addr { host: "127.13.69.131" port: 46057 } } peers { permanent_uuid: "70745da09dd745e7b24d048a2f6ed5f0" member_type: NON_VOTER last_known_addr { host: "127.13.69.132" port: 38525 } attrs { promote: true } } }
I20260630 12:17:56.984923 18185 raft_consensus.cc:2955] T f5df2a8edda245b5ae7210370683bc44 P 26eb6796a78a4c74abe36a71ce60010f [term 1 FOLLOWER]: Committing config change with OpId 1.25: config changed from index -1 to 25, NON_VOTER 70745da09dd745e7b24d048a2f6ed5f0 (127.13.69.132) added. New config: { opid_index: 25 OBSOLETE_local: false peers { permanent_uuid: "8a5dcc9a7f4b467c8df32bce17a5f603" member_type: VOTER last_known_addr { host: "127.13.69.129" port: 36429 } attrs { replace: true } } peers { permanent_uuid: "3424a6ce640d4dac89e3b4aa0092ef0f" member_type: VOTER last_known_addr { host: "127.13.69.130" port: 35031 } } peers { permanent_uuid: "26eb6796a78a4c74abe36a71ce60010f" member_type: VOTER last_known_addr { host: "127.13.69.131" port: 46057 } } peers { permanent_uuid: "70745da09dd745e7b24d048a2f6ed5f0" member_type: NON_VOTER last_known_addr { host: "127.13.69.132" port: 38525 } attrs { promote: true } } }
I20260630 12:17:56.992383 18043 raft_consensus.cc:2955] T f5df2a8edda245b5ae7210370683bc44 P 8a5dcc9a7f4b467c8df32bce17a5f603 [term 1 FOLLOWER]: Committing config change with OpId 1.25: config changed from index -1 to 25, NON_VOTER 70745da09dd745e7b24d048a2f6ed5f0 (127.13.69.132) added. New config: { opid_index: 25 OBSOLETE_local: false peers { permanent_uuid: "8a5dcc9a7f4b467c8df32bce17a5f603" member_type: VOTER last_known_addr { host: "127.13.69.129" port: 36429 } attrs { replace: true } } peers { permanent_uuid: "3424a6ce640d4dac89e3b4aa0092ef0f" member_type: VOTER last_known_addr { host: "127.13.69.130" port: 35031 } } peers { permanent_uuid: "26eb6796a78a4c74abe36a71ce60010f" member_type: VOTER last_known_addr { host: "127.13.69.131" port: 46057 } } peers { permanent_uuid: "70745da09dd745e7b24d048a2f6ed5f0" member_type: NON_VOTER last_known_addr { host: "127.13.69.132" port: 38525 } attrs { promote: true } } }
I20260630 12:17:56.995637 18042 consensus_queue.cc:237] T 2953ef34731147f591e399c5045ea04d P 8a5dcc9a7f4b467c8df32bce17a5f603 [LEADER]: Queue going to LEADER mode. State: All replicated index: 0, Majority replicated index: 24, Committed index: 24, Last appended: 1.24, Last appended by leader: 0, Current term: 1, Majority size: 2, State: 0, Mode: LEADER, active raft config: opid_index: 25 OBSOLETE_local: false peers { permanent_uuid: "8a5dcc9a7f4b467c8df32bce17a5f603" member_type: VOTER last_known_addr { host: "127.13.69.129" port: 36429 } } peers { permanent_uuid: "3424a6ce640d4dac89e3b4aa0092ef0f" member_type: VOTER last_known_addr { host: "127.13.69.130" port: 35031 } attrs { replace: true } } peers { permanent_uuid: "26eb6796a78a4c74abe36a71ce60010f" member_type: VOTER last_known_addr { host: "127.13.69.131" port: 46057 } } peers { permanent_uuid: "9c6db17fb5b3463e9bd681c4d8d2467e" member_type: NON_VOTER last_known_addr { host: "127.13.69.133" port: 34177 } attrs { promote: true } }
I20260630 12:17:57.001792 17939 catalog_manager.cc:5697] T f5df2a8edda245b5ae7210370683bc44 P 3424a6ce640d4dac89e3b4aa0092ef0f reported cstate change: config changed from index -1 to 25, NON_VOTER 70745da09dd745e7b24d048a2f6ed5f0 (127.13.69.132) added. New cstate: current_term: 1 leader_uuid: "3424a6ce640d4dac89e3b4aa0092ef0f" committed_config { opid_index: 25 OBSOLETE_local: false peers { permanent_uuid: "8a5dcc9a7f4b467c8df32bce17a5f603" member_type: VOTER last_known_addr { host: "127.13.69.129" port: 36429 } attrs { replace: true } health_report { overall_health: HEALTHY } } peers { permanent_uuid: "3424a6ce640d4dac89e3b4aa0092ef0f" member_type: VOTER last_known_addr { host: "127.13.69.130" port: 35031 } health_report { overall_health: HEALTHY } } peers { permanent_uuid: "26eb6796a78a4c74abe36a71ce60010f" member_type: VOTER last_known_addr { host: "127.13.69.131" port: 46057 } health_report { overall_health: HEALTHY } } peers { permanent_uuid: "70745da09dd745e7b24d048a2f6ed5f0" member_type: NON_VOTER last_known_addr { host: "127.13.69.132" port: 38525 } attrs { promote: true } health_report { overall_health: UNKNOWN } } }
I20260630 12:17:57.003573 18115 raft_consensus.cc:1275] T 2953ef34731147f591e399c5045ea04d P 3424a6ce640d4dac89e3b4aa0092ef0f [term 1 FOLLOWER]: Refusing update from remote peer 8a5dcc9a7f4b467c8df32bce17a5f603: Log matching property violated. Preceding OpId in replica: term: 1 index: 24. Preceding OpId from leader: term: 1 index: 25. (index mismatch)
I20260630 12:17:57.004740 18185 raft_consensus.cc:1275] T 2953ef34731147f591e399c5045ea04d P 26eb6796a78a4c74abe36a71ce60010f [term 1 FOLLOWER]: Refusing update from remote peer 8a5dcc9a7f4b467c8df32bce17a5f603: Log matching property violated. Preceding OpId in replica: term: 1 index: 24. Preceding OpId from leader: term: 1 index: 25. (index mismatch)
I20260630 12:17:57.009254 18667 consensus_queue.cc:1048] T 2953ef34731147f591e399c5045ea04d P 8a5dcc9a7f4b467c8df32bce17a5f603 [LEADER]: Connected to new peer: Peer: permanent_uuid: "3424a6ce640d4dac89e3b4aa0092ef0f" member_type: VOTER last_known_addr { host: "127.13.69.130" port: 35031 } attrs { replace: true }, Status: LMP_MISMATCH, Last received: 0.0, Next index: 25, Last known committed idx: 24, Time since last communication: 0.001s
I20260630 12:17:57.010314 18666 consensus_queue.cc:1048] T 2953ef34731147f591e399c5045ea04d P 8a5dcc9a7f4b467c8df32bce17a5f603 [LEADER]: Connected to new peer: Peer: permanent_uuid: "26eb6796a78a4c74abe36a71ce60010f" member_type: VOTER last_known_addr { host: "127.13.69.131" port: 46057 }, Status: LMP_MISMATCH, Last received: 0.0, Next index: 25, Last known committed idx: 24, Time since last communication: 0.000s
W20260630 12:17:57.015489 18008 consensus_peers.cc:597] T 2953ef34731147f591e399c5045ea04d P 8a5dcc9a7f4b467c8df32bce17a5f603 -> Peer 9c6db17fb5b3463e9bd681c4d8d2467e (127.13.69.133:34177): Couldn't send request to peer 9c6db17fb5b3463e9bd681c4d8d2467e. Error code: TABLET_NOT_FOUND (6). Status: Not found: Tablet not found: 2953ef34731147f591e399c5045ea04d. This is attempt 1: this message will repeat every 5th retry.
I20260630 12:17:57.018955 18429 raft_consensus.cc:2955] T 2953ef34731147f591e399c5045ea04d P 8a5dcc9a7f4b467c8df32bce17a5f603 [term 1 LEADER]: Committing config change with OpId 1.25: config changed from index -1 to 25, NON_VOTER 9c6db17fb5b3463e9bd681c4d8d2467e (127.13.69.133) added. New config: { opid_index: 25 OBSOLETE_local: false peers { permanent_uuid: "8a5dcc9a7f4b467c8df32bce17a5f603" member_type: VOTER last_known_addr { host: "127.13.69.129" port: 36429 } } peers { permanent_uuid: "3424a6ce640d4dac89e3b4aa0092ef0f" member_type: VOTER last_known_addr { host: "127.13.69.130" port: 35031 } attrs { replace: true } } peers { permanent_uuid: "26eb6796a78a4c74abe36a71ce60010f" member_type: VOTER last_known_addr { host: "127.13.69.131" port: 46057 } } peers { permanent_uuid: "9c6db17fb5b3463e9bd681c4d8d2467e" member_type: NON_VOTER last_known_addr { host: "127.13.69.133" port: 34177 } attrs { promote: true } } }
I20260630 12:17:57.022735 18185 raft_consensus.cc:2955] T 2953ef34731147f591e399c5045ea04d P 26eb6796a78a4c74abe36a71ce60010f [term 1 FOLLOWER]: Committing config change with OpId 1.25: config changed from index -1 to 25, NON_VOTER 9c6db17fb5b3463e9bd681c4d8d2467e (127.13.69.133) added. New config: { opid_index: 25 OBSOLETE_local: false peers { permanent_uuid: "8a5dcc9a7f4b467c8df32bce17a5f603" member_type: VOTER last_known_addr { host: "127.13.69.129" port: 36429 } } peers { permanent_uuid: "3424a6ce640d4dac89e3b4aa0092ef0f" member_type: VOTER last_known_addr { host: "127.13.69.130" port: 35031 } attrs { replace: true } } peers { permanent_uuid: "26eb6796a78a4c74abe36a71ce60010f" member_type: VOTER last_known_addr { host: "127.13.69.131" port: 46057 } } peers { permanent_uuid: "9c6db17fb5b3463e9bd681c4d8d2467e" member_type: NON_VOTER last_known_addr { host: "127.13.69.133" port: 34177 } attrs { promote: true } } }
I20260630 12:17:57.023979 18115 raft_consensus.cc:2955] T 2953ef34731147f591e399c5045ea04d P 3424a6ce640d4dac89e3b4aa0092ef0f [term 1 FOLLOWER]: Committing config change with OpId 1.25: config changed from index -1 to 25, NON_VOTER 9c6db17fb5b3463e9bd681c4d8d2467e (127.13.69.133) added. New config: { opid_index: 25 OBSOLETE_local: false peers { permanent_uuid: "8a5dcc9a7f4b467c8df32bce17a5f603" member_type: VOTER last_known_addr { host: "127.13.69.129" port: 36429 } } peers { permanent_uuid: "3424a6ce640d4dac89e3b4aa0092ef0f" member_type: VOTER last_known_addr { host: "127.13.69.130" port: 35031 } attrs { replace: true } } peers { permanent_uuid: "26eb6796a78a4c74abe36a71ce60010f" member_type: VOTER last_known_addr { host: "127.13.69.131" port: 46057 } } peers { permanent_uuid: "9c6db17fb5b3463e9bd681c4d8d2467e" member_type: NON_VOTER last_known_addr { host: "127.13.69.133" port: 34177 } attrs { promote: true } } }
