I20260630 12:16:03.888636 13590 file_cache.cc:492] Constructed file cache file cache with capacity 419430
I20260630 12:16:03.902334 14954 heartbeater.cc:344] Connected to a master server at 127.13.69.188:37959
I20260630 12:16:03.902884 14954 heartbeater.cc:461] Registering TS with master...
I20260630 12:16:03.904066 14954 heartbeater.cc:507] Master 127.13.69.188:37959 requested a full tablet report, sending...
W20260630 12:16:03.905048 14961 instance_detector.cc:116] could not retrieve AWS instance metadata: Network error: curl error: HTTP response code said error: The requested URL returned error: 404
I20260630 12:16:03.905125 14955 heartbeater.cc:344] Connected to a master server at 127.13.69.189:40677
I20260630 12:16:03.905867 14955 heartbeater.cc:461] Registering TS with master...
I20260630 12:16:03.906774 14955 heartbeater.cc:507] Master 127.13.69.189:40677 requested a full tablet report, sending...
I20260630 12:16:03.908042 14805 ts_manager.cc:194] Registered new tserver with Master: d55c5675db1b4e1e96946d6948688051 (127.13.69.129:43901)
I20260630 12:16:03.909842 14739 ts_manager.cc:194] Registered new tserver with Master: d55c5675db1b4e1e96946d6948688051 (127.13.69.129:43901)
I20260630 12:16:03.911708 14956 heartbeater.cc:344] Connected to a master server at 127.13.69.190:33661
I20260630 12:16:03.912178 14956 heartbeater.cc:461] Registering TS with master...
I20260630 12:16:03.913503 14956 heartbeater.cc:507] Master 127.13.69.190:33661 requested a full tablet report, sending...
W20260630 12:16:03.913676 14962 instance_detector.cc:116] could not retrieve Azure instance metadata: Network error: curl error: HTTP response code said error: The requested URL returned error: 404
I20260630 12:16:03.916885 13590 server_base.cc:1061] running on GCE node
W20260630 12:16:03.917488 14964 instance_detector.cc:116] could not retrieve OpenStack instance metadata: Network error: curl error: HTTP response code said error: The requested URL returned error: 404
I20260630 12:16:03.918016 14674 ts_manager.cc:194] Registered new tserver with Master: d55c5675db1b4e1e96946d6948688051 (127.13.69.129:43901)
I20260630 12:16:03.918551 13590 hybrid_clock.cc:584] initializing the hybrid clock with 'system_unsync' time source
W20260630 12:16:03.918812 13590 system_unsync_time.cc:38] NTP support is disabled. Clock error bounds will not be accurate. This configuration is not suitable for distributed clusters.
I20260630 12:16:03.919049 13590 hybrid_clock.cc:648] HybridClock initialized: now 1782821763919029 us; error 0 us; skew 500 ppm
I20260630 12:16:03.919750 13590 server_base.cc:861] Flag tcmalloc_max_total_thread_cache_bytes is not working since tcmalloc is not enabled.
I20260630 12:16:03.922804 13590 webserver.cc:533] Webserver started at http://127.13.69.130:34331/ using document root <none> and password file <none>
I20260630 12:16:03.923381 13590 fs_manager.cc:362] Metadata directory not provided
I20260630 12:16:03.923619 13590 fs_manager.cc:368] Using write-ahead log directory (fs_wal_dir) as metadata directory
I20260630 12:16:03.923949 13590 server_base.cc:909] This appears to be a new deployment of Kudu; creating new FS layout
I20260630 12:16:03.925344 13590 fs_manager.cc:1068] Generated new instance metadata in path /tmp/dist-test-taskykMCWy/test-tmp/auto_rebalancer-test.0.AutoRebalancerTest.NextLeaderResumesAutoRebalancing.1782821746813344-13590-0/minicluster-data/ts-1-root/instance:
uuid: "447b8a1c8ee1414c88b9c9a206b106a1"
format_stamp: "Formatted at 2026-06-30 12:16:03 on dist-test-slave-wnkp"
I20260630 12:16:03.930441 13590 fs_manager.cc:696] Time spent creating directory manager: real 0.005s	user 0.004s	sys 0.001s
I20260630 12:16:03.934088 14969 log_block_manager.cc:4031] Time spent loading block containers with low live blocks: real 0.000s	user 0.000s	sys 0.000s
I20260630 12:16:03.934931 13590 fs_manager.cc:730] Time spent opening block manager: real 0.002s	user 0.000s	sys 0.001s
I20260630 12:16:03.935341 13590 fs_manager.cc:647] Opened local filesystem: /tmp/dist-test-taskykMCWy/test-tmp/auto_rebalancer-test.0.AutoRebalancerTest.NextLeaderResumesAutoRebalancing.1782821746813344-13590-0/minicluster-data/ts-1-root
uuid: "447b8a1c8ee1414c88b9c9a206b106a1"
format_stamp: "Formatted at 2026-06-30 12:16:03 on dist-test-slave-wnkp"
I20260630 12:16:03.935652 13590 fs_report.cc:389] FS layout report
--------------------
wal directory: /tmp/dist-test-taskykMCWy/test-tmp/auto_rebalancer-test.0.AutoRebalancerTest.NextLeaderResumesAutoRebalancing.1782821746813344-13590-0/minicluster-data/ts-1-root
metadata directory: /tmp/dist-test-taskykMCWy/test-tmp/auto_rebalancer-test.0.AutoRebalancerTest.NextLeaderResumesAutoRebalancing.1782821746813344-13590-0/minicluster-data/ts-1-root
1 data directories: /tmp/dist-test-taskykMCWy/test-tmp/auto_rebalancer-test.0.AutoRebalancerTest.NextLeaderResumesAutoRebalancing.1782821746813344-13590-0/minicluster-data/ts-1-root/data
Total live blocks: 0
Total live bytes: 0
Total live bytes (after alignment): 0
Total number of LBM containers: 0 (0 full)
Did not check for missing blocks
Did not check for orphaned blocks
Total full LBM containers with extra space: 0 (0 repaired)
Total full LBM container extra space in bytes: 0 (0 repaired)
Total incomplete LBM containers: 0 (0 repaired)
Total LBM partial records: 0 (0 repaired)
Total corrupted LBM metadata records in RocksDB: 0 (0 repaired)
I20260630 12:16:03.969743 13590 rpc_server.cc:225] running with OpenSSL 1.1.1  11 Sep 2018
I20260630 12:16:03.971148 13590 kserver.cc:163] Server-wide thread pool size limit: 3276
I20260630 12:16:03.972688 13590 txn_system_client.cc:432] TxnSystemClient initialization is disabled...
I20260630 12:16:03.975085 13590 ts_tablet_manager.cc:585] Loaded tablet metadata (0 total tablets, 0 live tablets)
I20260630 12:16:03.975332 13590 ts_tablet_manager.cc:531] Time spent load tablet metadata: real 0.000s	user 0.000s	sys 0.000s
I20260630 12:16:03.975629 13590 ts_tablet_manager.cc:616] Registered 0 tablets
I20260630 12:16:03.975811 13590 ts_tablet_manager.cc:595] Time spent register tablets: real 0.000s	user 0.000s	sys 0.000s
I20260630 12:16:04.015537 13590 rpc_server.cc:307] RPC server started. Bound to: 127.13.69.130:44005
I20260630 12:16:04.015591 15031 acceptor_pool.cc:272] collecting diagnostics on the listening RPC socket 127.13.69.130:44005 every 8 connection(s)
I20260630 12:16:04.038206 15032 heartbeater.cc:344] Connected to a master server at 127.13.69.188:37959
I20260630 12:16:04.038823 15032 heartbeater.cc:461] Registering TS with master...
I20260630 12:16:04.040172 15032 heartbeater.cc:507] Master 127.13.69.188:37959 requested a full tablet report, sending...
I20260630 12:16:04.044181 14805 ts_manager.cc:194] Registered new tserver with Master: 447b8a1c8ee1414c88b9c9a206b106a1 (127.13.69.130:44005)
I20260630 12:16:04.049453 15033 heartbeater.cc:344] Connected to a master server at 127.13.69.189:40677
I20260630 12:16:04.049535 13590 file_cache.cc:492] Constructed file cache file cache with capacity 419430
I20260630 12:16:04.049957 15033 heartbeater.cc:461] Registering TS with master...
I20260630 12:16:04.050879 15033 heartbeater.cc:507] Master 127.13.69.189:40677 requested a full tablet report, sending...
I20260630 12:16:04.053575 15034 heartbeater.cc:344] Connected to a master server at 127.13.69.190:33661
I20260630 12:16:04.053807 14739 ts_manager.cc:194] Registered new tserver with Master: 447b8a1c8ee1414c88b9c9a206b106a1 (127.13.69.130:44005)
I20260630 12:16:04.053951 15034 heartbeater.cc:461] Registering TS with master...
I20260630 12:16:04.054963 15034 heartbeater.cc:507] Master 127.13.69.190:33661 requested a full tablet report, sending...
I20260630 12:16:04.058825 14674 ts_manager.cc:194] Registered new tserver with Master: 447b8a1c8ee1414c88b9c9a206b106a1 (127.13.69.130:44005)
W20260630 12:16:04.059965 15040 instance_detector.cc:116] could not retrieve Azure instance metadata: Network error: curl error: HTTP response code said error: The requested URL returned error: 404
W20260630 12:16:04.060781 15039 instance_detector.cc:116] could not retrieve AWS instance metadata: Network error: curl error: HTTP response code said error: The requested URL returned error: 404
W20260630 12:16:04.064308 15042 instance_detector.cc:116] could not retrieve OpenStack instance metadata: Network error: curl error: HTTP response code said error: The requested URL returned error: 404
I20260630 12:16:04.064814 13590 server_base.cc:1061] running on GCE node
I20260630 12:16:04.065689 13590 hybrid_clock.cc:584] initializing the hybrid clock with 'system_unsync' time source
W20260630 12:16:04.065909 13590 system_unsync_time.cc:38] NTP support is disabled. Clock error bounds will not be accurate. This configuration is not suitable for distributed clusters.
I20260630 12:16:04.066097 13590 hybrid_clock.cc:648] HybridClock initialized: now 1782821764066084 us; error 0 us; skew 500 ppm
I20260630 12:16:04.066645 13590 server_base.cc:861] Flag tcmalloc_max_total_thread_cache_bytes is not working since tcmalloc is not enabled.
I20260630 12:16:04.069269 13590 webserver.cc:533] Webserver started at http://127.13.69.131:35689/ using document root <none> and password file <none>
I20260630 12:16:04.069800 13590 fs_manager.cc:362] Metadata directory not provided
I20260630 12:16:04.070019 13590 fs_manager.cc:368] Using write-ahead log directory (fs_wal_dir) as metadata directory
I20260630 12:16:04.070297 13590 server_base.cc:909] This appears to be a new deployment of Kudu; creating new FS layout
I20260630 12:16:04.071375 13590 fs_manager.cc:1068] Generated new instance metadata in path /tmp/dist-test-taskykMCWy/test-tmp/auto_rebalancer-test.0.AutoRebalancerTest.NextLeaderResumesAutoRebalancing.1782821746813344-13590-0/minicluster-data/ts-2-root/instance:
uuid: "d2b1289932f54e53ac4d74ceefe60081"
format_stamp: "Formatted at 2026-06-30 12:16:04 on dist-test-slave-wnkp"
I20260630 12:16:04.073880 14845 raft_consensus.cc:493] T 00000000000000000000000000000000 P ef2da6dab1f8492dacfc9f8d5058d4c9 [term 0 FOLLOWER]: Starting pre-election (no leader contacted us within the election timeout)
I20260630 12:16:04.074359 14845 raft_consensus.cc:515] T 00000000000000000000000000000000 P ef2da6dab1f8492dacfc9f8d5058d4c9 [term 0 FOLLOWER]: Starting pre-election with config: opid_index: -1 OBSOLETE_local: false peers { permanent_uuid: "006df117e8b04c7384774b0a0223fbb7" member_type: VOTER last_known_addr { host: "127.13.69.190" port: 33661 } } peers { permanent_uuid: "ef2da6dab1f8492dacfc9f8d5058d4c9" member_type: VOTER last_known_addr { host: "127.13.69.189" port: 40677 } } peers { permanent_uuid: "c23a6d5644004328822f37ad613a57d3" member_type: VOTER last_known_addr { host: "127.13.69.188" port: 37959 } }
I20260630 12:16:04.076086 13590 fs_manager.cc:696] Time spent creating directory manager: real 0.004s	user 0.006s	sys 0.000s
I20260630 12:16:04.076560 14845 leader_election.cc:290] T 00000000000000000000000000000000 P ef2da6dab1f8492dacfc9f8d5058d4c9 [CANDIDATE]: Term 1 pre-election: Requested pre-vote from peers 006df117e8b04c7384774b0a0223fbb7 (127.13.69.190:33661), c23a6d5644004328822f37ad613a57d3 (127.13.69.188:37959)
I20260630 12:16:04.077291 14684 tablet_service.cc:1917] Received RequestConsensusVote() RPC: tablet_id: "00000000000000000000000000000000" candidate_uuid: "ef2da6dab1f8492dacfc9f8d5058d4c9" candidate_term: 1 candidate_status { last_received { term: 0 index: 0 } } ignore_live_leader: false dest_uuid: "006df117e8b04c7384774b0a0223fbb7" is_pre_election: true
I20260630 12:16:04.077600 14815 tablet_service.cc:1917] Received RequestConsensusVote() RPC: tablet_id: "00000000000000000000000000000000" candidate_uuid: "ef2da6dab1f8492dacfc9f8d5058d4c9" candidate_term: 1 candidate_status { last_received { term: 0 index: 0 } } ignore_live_leader: false dest_uuid: "c23a6d5644004328822f37ad613a57d3" is_pre_election: true
I20260630 12:16:04.078135 14684 raft_consensus.cc:2468] T 00000000000000000000000000000000 P 006df117e8b04c7384774b0a0223fbb7 [term 0 FOLLOWER]: Leader pre-election vote request: Granting yes vote for candidate ef2da6dab1f8492dacfc9f8d5058d4c9 in term 0.
I20260630 12:16:04.078251 14815 raft_consensus.cc:2468] T 00000000000000000000000000000000 P c23a6d5644004328822f37ad613a57d3 [term 0 FOLLOWER]: Leader pre-election vote request: Granting yes vote for candidate ef2da6dab1f8492dacfc9f8d5058d4c9 in term 0.
I20260630 12:16:04.079741 14726 leader_election.cc:304] T 00000000000000000000000000000000 P ef2da6dab1f8492dacfc9f8d5058d4c9 [CANDIDATE]: Term 1 pre-election: Election decided. Result: candidate won. Election summary: received 2 responses out of 3 voters: 2 yes votes; 0 no votes. yes voters: 006df117e8b04c7384774b0a0223fbb7, ef2da6dab1f8492dacfc9f8d5058d4c9; no voters: 
I20260630 12:16:04.080736 14845 raft_consensus.cc:2804] T 00000000000000000000000000000000 P ef2da6dab1f8492dacfc9f8d5058d4c9 [term 0 FOLLOWER]: Leader pre-election won for term 1
I20260630 12:16:04.081143 15047 log_block_manager.cc:4031] Time spent loading block containers with low live blocks: real 0.000s	user 0.000s	sys 0.000s
I20260630 12:16:04.081269 14845 raft_consensus.cc:493] T 00000000000000000000000000000000 P ef2da6dab1f8492dacfc9f8d5058d4c9 [term 0 FOLLOWER]: Starting leader election (no leader contacted us within the election timeout)
I20260630 12:16:04.081667 14845 raft_consensus.cc:3060] T 00000000000000000000000000000000 P ef2da6dab1f8492dacfc9f8d5058d4c9 [term 0 FOLLOWER]: Advancing to term 1
I20260630 12:16:04.082120 13590 fs_manager.cc:730] Time spent opening block manager: real 0.003s	user 0.000s	sys 0.004s
I20260630 12:16:04.082441 13590 fs_manager.cc:647] Opened local filesystem: /tmp/dist-test-taskykMCWy/test-tmp/auto_rebalancer-test.0.AutoRebalancerTest.NextLeaderResumesAutoRebalancing.1782821746813344-13590-0/minicluster-data/ts-2-root
uuid: "d2b1289932f54e53ac4d74ceefe60081"
format_stamp: "Formatted at 2026-06-30 12:16:04 on dist-test-slave-wnkp"
I20260630 12:16:04.082739 13590 fs_report.cc:389] FS layout report
--------------------
wal directory: /tmp/dist-test-taskykMCWy/test-tmp/auto_rebalancer-test.0.AutoRebalancerTest.NextLeaderResumesAutoRebalancing.1782821746813344-13590-0/minicluster-data/ts-2-root
metadata directory: /tmp/dist-test-taskykMCWy/test-tmp/auto_rebalancer-test.0.AutoRebalancerTest.NextLeaderResumesAutoRebalancing.1782821746813344-13590-0/minicluster-data/ts-2-root
1 data directories: /tmp/dist-test-taskykMCWy/test-tmp/auto_rebalancer-test.0.AutoRebalancerTest.NextLeaderResumesAutoRebalancing.1782821746813344-13590-0/minicluster-data/ts-2-root/data
Total live blocks: 0
Total live bytes: 0
Total live bytes (after alignment): 0
Total number of LBM containers: 0 (0 full)
Did not check for missing blocks
Did not check for orphaned blocks
Total full LBM containers with extra space: 0 (0 repaired)
Total full LBM container extra space in bytes: 0 (0 repaired)
Total incomplete LBM containers: 0 (0 repaired)
Total LBM partial records: 0 (0 repaired)
Total corrupted LBM metadata records in RocksDB: 0 (0 repaired)
I20260630 12:16:04.087710 14845 raft_consensus.cc:515] T 00000000000000000000000000000000 P ef2da6dab1f8492dacfc9f8d5058d4c9 [term 1 FOLLOWER]: Starting leader election with config: opid_index: -1 OBSOLETE_local: false peers { permanent_uuid: "006df117e8b04c7384774b0a0223fbb7" member_type: VOTER last_known_addr { host: "127.13.69.190" port: 33661 } } peers { permanent_uuid: "ef2da6dab1f8492dacfc9f8d5058d4c9" member_type: VOTER last_known_addr { host: "127.13.69.189" port: 40677 } } peers { permanent_uuid: "c23a6d5644004328822f37ad613a57d3" member_type: VOTER last_known_addr { host: "127.13.69.188" port: 37959 } }
I20260630 12:16:04.089418 14845 leader_election.cc:290] T 00000000000000000000000000000000 P ef2da6dab1f8492dacfc9f8d5058d4c9 [CANDIDATE]: Term 1 election: Requested vote from peers 006df117e8b04c7384774b0a0223fbb7 (127.13.69.190:33661), c23a6d5644004328822f37ad613a57d3 (127.13.69.188:37959)
I20260630 12:16:04.090253 14684 tablet_service.cc:1917] Received RequestConsensusVote() RPC: tablet_id: "00000000000000000000000000000000" candidate_uuid: "ef2da6dab1f8492dacfc9f8d5058d4c9" candidate_term: 1 candidate_status { last_received { term: 0 index: 0 } } ignore_live_leader: false dest_uuid: "006df117e8b04c7384774b0a0223fbb7"
I20260630 12:16:04.090456 14815 tablet_service.cc:1917] Received RequestConsensusVote() RPC: tablet_id: "00000000000000000000000000000000" candidate_uuid: "ef2da6dab1f8492dacfc9f8d5058d4c9" candidate_term: 1 candidate_status { last_received { term: 0 index: 0 } } ignore_live_leader: false dest_uuid: "c23a6d5644004328822f37ad613a57d3"
I20260630 12:16:04.090839 14684 raft_consensus.cc:3060] T 00000000000000000000000000000000 P 006df117e8b04c7384774b0a0223fbb7 [term 0 FOLLOWER]: Advancing to term 1
I20260630 12:16:04.091010 14815 raft_consensus.cc:3060] T 00000000000000000000000000000000 P c23a6d5644004328822f37ad613a57d3 [term 0 FOLLOWER]: Advancing to term 1
I20260630 12:16:04.095849 14815 raft_consensus.cc:2468] T 00000000000000000000000000000000 P c23a6d5644004328822f37ad613a57d3 [term 1 FOLLOWER]: Leader election vote request: Granting yes vote for candidate ef2da6dab1f8492dacfc9f8d5058d4c9 in term 1.
I20260630 12:16:04.097000 14723 leader_election.cc:304] T 00000000000000000000000000000000 P ef2da6dab1f8492dacfc9f8d5058d4c9 [CANDIDATE]: Term 1 election: Election decided. Result: candidate won. Election summary: received 2 responses out of 3 voters: 2 yes votes; 0 no votes. yes voters: c23a6d5644004328822f37ad613a57d3, ef2da6dab1f8492dacfc9f8d5058d4c9; no voters: 
I20260630 12:16:04.097595 14684 raft_consensus.cc:2468] T 00000000000000000000000000000000 P 006df117e8b04c7384774b0a0223fbb7 [term 1 FOLLOWER]: Leader election vote request: Granting yes vote for candidate ef2da6dab1f8492dacfc9f8d5058d4c9 in term 1.
I20260630 12:16:04.097781 14845 raft_consensus.cc:2804] T 00000000000000000000000000000000 P ef2da6dab1f8492dacfc9f8d5058d4c9 [term 1 FOLLOWER]: Leader election won for term 1
I20260630 12:16:04.099332 14845 raft_consensus.cc:697] T 00000000000000000000000000000000 P ef2da6dab1f8492dacfc9f8d5058d4c9 [term 1 LEADER]: Becoming Leader. State: Replica: ef2da6dab1f8492dacfc9f8d5058d4c9, State: Running, Role: LEADER
I20260630 12:16:04.100126 14845 consensus_queue.cc:237] T 00000000000000000000000000000000 P ef2da6dab1f8492dacfc9f8d5058d4c9 [LEADER]: Queue going to LEADER mode. State: All replicated index: 0, Majority replicated index: 0, Committed index: 0, Last appended: 0.0, Last appended by leader: 0, Current term: 1, Majority size: 2, State: 0, Mode: LEADER, active raft config: opid_index: -1 OBSOLETE_local: false peers { permanent_uuid: "006df117e8b04c7384774b0a0223fbb7" member_type: VOTER last_known_addr { host: "127.13.69.190" port: 33661 } } peers { permanent_uuid: "ef2da6dab1f8492dacfc9f8d5058d4c9" member_type: VOTER last_known_addr { host: "127.13.69.189" port: 40677 } } peers { permanent_uuid: "c23a6d5644004328822f37ad613a57d3" member_type: VOTER last_known_addr { host: "127.13.69.188" port: 37959 } }
I20260630 12:16:04.102730 13590 rpc_server.cc:225] running with OpenSSL 1.1.1  11 Sep 2018
I20260630 12:16:04.104616 13590 kserver.cc:163] Server-wide thread pool size limit: 3276
I20260630 12:16:04.105149 15052 sys_catalog.cc:455] T 00000000000000000000000000000000 P ef2da6dab1f8492dacfc9f8d5058d4c9 [sys.catalog]: SysCatalogTable state changed. Reason: New leader ef2da6dab1f8492dacfc9f8d5058d4c9. Latest consensus state: current_term: 1 leader_uuid: "ef2da6dab1f8492dacfc9f8d5058d4c9" committed_config { opid_index: -1 OBSOLETE_local: false peers { permanent_uuid: "006df117e8b04c7384774b0a0223fbb7" member_type: VOTER last_known_addr { host: "127.13.69.190" port: 33661 } } peers { permanent_uuid: "ef2da6dab1f8492dacfc9f8d5058d4c9" member_type: VOTER last_known_addr { host: "127.13.69.189" port: 40677 } } peers { permanent_uuid: "c23a6d5644004328822f37ad613a57d3" member_type: VOTER last_known_addr { host: "127.13.69.188" port: 37959 } } }
I20260630 12:16:04.105770 15052 sys_catalog.cc:458] T 00000000000000000000000000000000 P ef2da6dab1f8492dacfc9f8d5058d4c9 [sys.catalog]: This master's current role is: LEADER
I20260630 12:16:04.106644 13590 txn_system_client.cc:432] TxnSystemClient initialization is disabled...
I20260630 12:16:04.107551 15055 catalog_manager.cc:1511] Loading table and tablet metadata into memory...
I20260630 12:16:04.110064 13590 ts_tablet_manager.cc:585] Loaded tablet metadata (0 total tablets, 0 live tablets)
I20260630 12:16:04.110385 13590 ts_tablet_manager.cc:531] Time spent load tablet metadata: real 0.000s	user 0.000s	sys 0.000s
I20260630 12:16:04.110682 13590 ts_tablet_manager.cc:616] Registered 0 tablets
I20260630 12:16:04.110893 13590 ts_tablet_manager.cc:595] Time spent register tablets: real 0.000s	user 0.000s	sys 0.000s
I20260630 12:16:04.115736 15055 catalog_manager.cc:1520] Initializing Kudu cluster ID...
I20260630 12:16:04.128399 14815 raft_consensus.cc:1275] T 00000000000000000000000000000000 P c23a6d5644004328822f37ad613a57d3 [term 1 FOLLOWER]: Refusing update from remote peer ef2da6dab1f8492dacfc9f8d5058d4c9: Log matching property violated. Preceding OpId in replica: term: 0 index: 0. Preceding OpId from leader: term: 1 index: 2. (index mismatch)
I20260630 12:16:04.128859 14684 raft_consensus.cc:1275] T 00000000000000000000000000000000 P 006df117e8b04c7384774b0a0223fbb7 [term 1 FOLLOWER]: Refusing update from remote peer ef2da6dab1f8492dacfc9f8d5058d4c9: Log matching property violated. Preceding OpId in replica: term: 0 index: 0. Preceding OpId from leader: term: 1 index: 2. (index mismatch)
I20260630 12:16:04.130477 15052 consensus_queue.cc:1048] T 00000000000000000000000000000000 P ef2da6dab1f8492dacfc9f8d5058d4c9 [LEADER]: Connected to new peer: Peer: permanent_uuid: "c23a6d5644004328822f37ad613a57d3" member_type: VOTER last_known_addr { host: "127.13.69.188" port: 37959 }, Status: LMP_MISMATCH, Last received: 0.0, Next index: 1, Last known committed idx: 0, Time since last communication: 0.000s
I20260630 12:16:04.131251 14845 consensus_queue.cc:1048] T 00000000000000000000000000000000 P ef2da6dab1f8492dacfc9f8d5058d4c9 [LEADER]: Connected to new peer: Peer: permanent_uuid: "006df117e8b04c7384774b0a0223fbb7" member_type: VOTER last_known_addr { host: "127.13.69.190" port: 33661 }, Status: LMP_MISMATCH, Last received: 0.0, Next index: 1, Last known committed idx: 0, Time since last communication: 0.000s
I20260630 12:16:04.142073 14871 sys_catalog.cc:455] T 00000000000000000000000000000000 P 006df117e8b04c7384774b0a0223fbb7 [sys.catalog]: SysCatalogTable state changed. Reason: New leader ef2da6dab1f8492dacfc9f8d5058d4c9. Latest consensus state: current_term: 1 leader_uuid: "ef2da6dab1f8492dacfc9f8d5058d4c9" committed_config { opid_index: -1 OBSOLETE_local: false peers { permanent_uuid: "006df117e8b04c7384774b0a0223fbb7" member_type: VOTER last_known_addr { host: "127.13.69.190" port: 33661 } } peers { permanent_uuid: "ef2da6dab1f8492dacfc9f8d5058d4c9" member_type: VOTER last_known_addr { host: "127.13.69.189" port: 40677 } } peers { permanent_uuid: "c23a6d5644004328822f37ad613a57d3" member_type: VOTER last_known_addr { host: "127.13.69.188" port: 37959 } } }
I20260630 12:16:04.142920 14871 sys_catalog.cc:458] T 00000000000000000000000000000000 P 006df117e8b04c7384774b0a0223fbb7 [sys.catalog]: This master's current role is: FOLLOWER
I20260630 12:16:04.147313 14852 sys_catalog.cc:455] T 00000000000000000000000000000000 P c23a6d5644004328822f37ad613a57d3 [sys.catalog]: SysCatalogTable state changed. Reason: New leader ef2da6dab1f8492dacfc9f8d5058d4c9. Latest consensus state: current_term: 1 leader_uuid: "ef2da6dab1f8492dacfc9f8d5058d4c9" committed_config { opid_index: -1 OBSOLETE_local: false peers { permanent_uuid: "006df117e8b04c7384774b0a0223fbb7" member_type: VOTER last_known_addr { host: "127.13.69.190" port: 33661 } } peers { permanent_uuid: "ef2da6dab1f8492dacfc9f8d5058d4c9" member_type: VOTER last_known_addr { host: "127.13.69.189" port: 40677 } } peers { permanent_uuid: "c23a6d5644004328822f37ad613a57d3" member_type: VOTER last_known_addr { host: "127.13.69.188" port: 37959 } } }
I20260630 12:16:04.148141 14852 sys_catalog.cc:458] T 00000000000000000000000000000000 P c23a6d5644004328822f37ad613a57d3 [sys.catalog]: This master's current role is: FOLLOWER
I20260630 12:16:04.148144 15059 mvcc.cc:204] Tried to move back new op lower bound from 7302437945853890560 to 7302437945762078720. Current Snapshot: MvccSnapshot[applied={T|T < 7302437945853890560}]
I20260630 12:16:04.151258 15055 catalog_manager.cc:1383] Generated new cluster ID: 0ddc96ed5a62484a8243cac5c9291ad1
I20260630 12:16:04.151578 15055 catalog_manager.cc:1531] Initializing Kudu internal certificate authority...
I20260630 12:16:04.154709 14845 sys_catalog.cc:455] T 00000000000000000000000000000000 P ef2da6dab1f8492dacfc9f8d5058d4c9 [sys.catalog]: SysCatalogTable state changed. Reason: Peer health change. Latest consensus state: current_term: 1 leader_uuid: "ef2da6dab1f8492dacfc9f8d5058d4c9" committed_config { opid_index: -1 OBSOLETE_local: false peers { permanent_uuid: "006df117e8b04c7384774b0a0223fbb7" member_type: VOTER last_known_addr { host: "127.13.69.190" port: 33661 } } peers { permanent_uuid: "ef2da6dab1f8492dacfc9f8d5058d4c9" member_type: VOTER last_known_addr { host: "127.13.69.189" port: 40677 } } peers { permanent_uuid: "c23a6d5644004328822f37ad613a57d3" member_type: VOTER last_known_addr { host: "127.13.69.188" port: 37959 } } }
I20260630 12:16:04.155460 14845 sys_catalog.cc:458] T 00000000000000000000000000000000 P ef2da6dab1f8492dacfc9f8d5058d4c9 [sys.catalog]: This master's current role is: LEADER
I20260630 12:16:04.156199 15052 sys_catalog.cc:455] T 00000000000000000000000000000000 P ef2da6dab1f8492dacfc9f8d5058d4c9 [sys.catalog]: SysCatalogTable state changed. Reason: Peer health change. Latest consensus state: current_term: 1 leader_uuid: "ef2da6dab1f8492dacfc9f8d5058d4c9" committed_config { opid_index: -1 OBSOLETE_local: false peers { permanent_uuid: "006df117e8b04c7384774b0a0223fbb7" member_type: VOTER last_known_addr { host: "127.13.69.190" port: 33661 } } peers { permanent_uuid: "ef2da6dab1f8492dacfc9f8d5058d4c9" member_type: VOTER last_known_addr { host: "127.13.69.189" port: 40677 } } peers { permanent_uuid: "c23a6d5644004328822f37ad613a57d3" member_type: VOTER last_known_addr { host: "127.13.69.188" port: 37959 } } }
I20260630 12:16:04.157158 15052 sys_catalog.cc:458] T 00000000000000000000000000000000 P ef2da6dab1f8492dacfc9f8d5058d4c9 [sys.catalog]: This master's current role is: LEADER
I20260630 12:16:04.171139 14871 sys_catalog.cc:455] T 00000000000000000000000000000000 P 006df117e8b04c7384774b0a0223fbb7 [sys.catalog]: SysCatalogTable state changed. Reason: Replicated consensus-only round. Latest consensus state: current_term: 1 leader_uuid: "ef2da6dab1f8492dacfc9f8d5058d4c9" committed_config { opid_index: -1 OBSOLETE_local: false peers { permanent_uuid: "006df117e8b04c7384774b0a0223fbb7" member_type: VOTER last_known_addr { host: "127.13.69.190" port: 33661 } } peers { permanent_uuid: "ef2da6dab1f8492dacfc9f8d5058d4c9" member_type: VOTER last_known_addr { host: "127.13.69.189" port: 40677 } } peers { permanent_uuid: "c23a6d5644004328822f37ad613a57d3" member_type: VOTER last_known_addr { host: "127.13.69.188" port: 37959 } } }
I20260630 12:16:04.172554 14871 sys_catalog.cc:458] T 00000000000000000000000000000000 P 006df117e8b04c7384774b0a0223fbb7 [sys.catalog]: This master's current role is: FOLLOWER
I20260630 12:16:04.173750 14852 sys_catalog.cc:455] T 00000000000000000000000000000000 P c23a6d5644004328822f37ad613a57d3 [sys.catalog]: SysCatalogTable state changed. Reason: Replicated consensus-only round. Latest consensus state: current_term: 1 leader_uuid: "ef2da6dab1f8492dacfc9f8d5058d4c9" committed_config { opid_index: -1 OBSOLETE_local: false peers { permanent_uuid: "006df117e8b04c7384774b0a0223fbb7" member_type: VOTER last_known_addr { host: "127.13.69.190" port: 33661 } } peers { permanent_uuid: "ef2da6dab1f8492dacfc9f8d5058d4c9" member_type: VOTER last_known_addr { host: "127.13.69.189" port: 40677 } } peers { permanent_uuid: "c23a6d5644004328822f37ad613a57d3" member_type: VOTER last_known_addr { host: "127.13.69.188" port: 37959 } } }
I20260630 12:16:04.174528 14852 sys_catalog.cc:458] T 00000000000000000000000000000000 P c23a6d5644004328822f37ad613a57d3 [sys.catalog]: This master's current role is: FOLLOWER
I20260630 12:16:04.204780 15055 catalog_manager.cc:1406] Generated new certificate authority record
I20260630 12:16:04.207248 15055 catalog_manager.cc:1540] Loading token signing keys...
I20260630 12:16:04.224463 13590 rpc_server.cc:307] RPC server started. Bound to: 127.13.69.131:45617
I20260630 12:16:04.224542 15120 acceptor_pool.cc:272] collecting diagnostics on the listening RPC socket 127.13.69.131:45617 every 8 connection(s)
I20260630 12:16:04.242422 15055 catalog_manager.cc:6070] T 00000000000000000000000000000000 P ef2da6dab1f8492dacfc9f8d5058d4c9: Generated new TSK 0
I20260630 12:16:04.243364 15055 catalog_manager.cc:1550] Initializing in-progress tserver states...
I20260630 12:16:04.260035 15121 heartbeater.cc:344] Connected to a master server at 127.13.69.188:37959
I20260630 12:16:04.260531 15121 heartbeater.cc:461] Registering TS with master...
I20260630 12:16:04.261480 15121 heartbeater.cc:507] Master 127.13.69.188:37959 requested a full tablet report, sending...
I20260630 12:16:04.262874 15122 heartbeater.cc:344] Connected to a master server at 127.13.69.189:40677
I20260630 12:16:04.263300 15122 heartbeater.cc:461] Registering TS with master...
I20260630 12:16:04.264214 15122 heartbeater.cc:507] Master 127.13.69.189:40677 requested a full tablet report, sending...
I20260630 12:16:04.264642 14805 ts_manager.cc:194] Registered new tserver with Master: d2b1289932f54e53ac4d74ceefe60081 (127.13.69.131:45617)
I20260630 12:16:04.266624 14739 ts_manager.cc:194] Registered new tserver with Master: d2b1289932f54e53ac4d74ceefe60081 (127.13.69.131:45617)
I20260630 12:16:04.268461 14739 master_service.cc:502] Signed X509 certificate for tserver {username='slave'} at 127.0.0.1:45968
I20260630 12:16:04.269742 15124 heartbeater.cc:344] Connected to a master server at 127.13.69.190:33661
I20260630 12:16:04.270143 15124 heartbeater.cc:461] Registering TS with master...
I20260630 12:16:04.270761 15124 heartbeater.cc:507] Master 127.13.69.190:33661 requested a full tablet report, sending...
I20260630 12:16:04.273046 14674 ts_manager.cc:194] Registered new tserver with Master: d2b1289932f54e53ac4d74ceefe60081 (127.13.69.131:45617)
I20260630 12:16:04.273650 13590 internal_mini_cluster.cc:371] 3 TS(s) registered with all masters after 0.016536606s
I20260630 12:16:04.770829 14870 catalog_manager.cc:1295] Loaded cluster ID: 0ddc96ed5a62484a8243cac5c9291ad1
I20260630 12:16:04.771201 14870 catalog_manager.cc:1588] T 00000000000000000000000000000000 P c23a6d5644004328822f37ad613a57d3: loading cluster ID for follower catalog manager: success
I20260630 12:16:04.776597 14870 catalog_manager.cc:1610] T 00000000000000000000000000000000 P c23a6d5644004328822f37ad613a57d3: acquiring CA information for follower catalog manager: success
I20260630 12:16:04.780115 14870 catalog_manager.cc:1638] T 00000000000000000000000000000000 P c23a6d5644004328822f37ad613a57d3: importing token verification keys for follower catalog manager: success; most recent TSK sequence number 0
I20260630 12:16:04.787786 14882 catalog_manager.cc:1295] Loaded cluster ID: 0ddc96ed5a62484a8243cac5c9291ad1
I20260630 12:16:04.788105 14882 catalog_manager.cc:1588] T 00000000000000000000000000000000 P 006df117e8b04c7384774b0a0223fbb7: loading cluster ID for follower catalog manager: success
I20260630 12:16:04.792714 14882 catalog_manager.cc:1610] T 00000000000000000000000000000000 P 006df117e8b04c7384774b0a0223fbb7: acquiring CA information for follower catalog manager: success
I20260630 12:16:04.795997 14882 catalog_manager.cc:1638] T 00000000000000000000000000000000 P 006df117e8b04c7384774b0a0223fbb7: importing token verification keys for follower catalog manager: success; most recent TSK sequence number 0
I20260630 12:16:04.915315 14739 master_service.cc:502] Signed X509 certificate for tserver {username='slave'} at 127.0.0.1:45944
I20260630 12:16:05.058547 14739 master_service.cc:502] Signed X509 certificate for tserver {username='slave'} at 127.0.0.1:45954
I20260630 12:16:05.271014 15122 heartbeater.cc:499] Master 127.13.69.189:40677 was elected leader, sending a full tablet report...
I20260630 12:16:05.747889 14857 auto_leader_rebalancer.cc:515] All tables' leader rebalancing finished this round
I20260630 12:16:05.870924 14739 catalog_manager.cc:2283] Servicing CreateTable request from {username='slave'} at 127.0.0.1:45980:
name: "test-workload"
schema {
  columns {
    name: "key"
    type: INT32
    is_key: true
    is_nullable: false
    encoding: AUTO_ENCODING
    compression: DEFAULT_COMPRESSION
    cfile_block_size: 0
    immutable: false
  }
  columns {
    name: "int_val"
    type: INT32
    is_key: false
    is_nullable: false
    encoding: AUTO_ENCODING
    compression: DEFAULT_COMPRESSION
    cfile_block_size: 0
    immutable: false
  }
  columns {
    name: "string_val"
    type: STRING
    is_key: false
    is_nullable: true
    encoding: AUTO_ENCODING
    compression: DEFAULT_COMPRESSION
    cfile_block_size: 0
    immutable: false
  }
}
num_replicas: 1
split_rows_range_bounds {
  rows: "\004\001\000\252\252\252*\004\001\000TUUU""\004\001\000\252\252\252*\004\001\000TUUU"
  indirect_data: """"
}
partition_schema {
  range_schema {
    columns {
      name: "key"
    }
  }
}
I20260630 12:16:05.917799 14955 heartbeater.cc:499] Master 127.13.69.189:40677 was elected leader, sending a full tablet report...
I20260630 12:16:05.962824 15086 tablet_service.cc:1511] Processing CreateTablet for tablet 94f1693c5e4c4e238c5046245345149f (DEFAULT_TABLE table=test-workload [id=dc9531e3e1094626a237c355e8d1e407]), partition=RANGE (key) PARTITION VALUES < 715827882
I20260630 12:16:05.962821 14997 tablet_service.cc:1511] Processing CreateTablet for tablet b3325e913f574a6f83c4353c3706d2d0 (DEFAULT_TABLE table=test-workload [id=dc9531e3e1094626a237c355e8d1e407]), partition=RANGE (key) PARTITION 715827882 <= VALUES < 1431655764
I20260630 12:16:05.964469 15086 data_dirs.cc:400] Could only allocate 1 dirs of requested 3 for tablet 94f1693c5e4c4e238c5046245345149f. 1 dirs total, 0 dirs full, 0 dirs failed
I20260630 12:16:05.964773 14997 data_dirs.cc:400] Could only allocate 1 dirs of requested 3 for tablet b3325e913f574a6f83c4353c3706d2d0. 1 dirs total, 0 dirs full, 0 dirs failed
I20260630 12:16:05.968528 14919 tablet_service.cc:1511] Processing CreateTablet for tablet 69d3246e60394f9ea19ec3474eba5938 (DEFAULT_TABLE table=test-workload [id=dc9531e3e1094626a237c355e8d1e407]), partition=RANGE (key) PARTITION 1431655764 <= VALUES
I20260630 12:16:05.970216 14919 data_dirs.cc:400] Could only allocate 1 dirs of requested 3 for tablet 69d3246e60394f9ea19ec3474eba5938. 1 dirs total, 0 dirs full, 0 dirs failed
I20260630 12:16:05.978029 15155 tablet_bootstrap.cc:492] T b3325e913f574a6f83c4353c3706d2d0 P 447b8a1c8ee1414c88b9c9a206b106a1: Bootstrap starting.
I20260630 12:16:05.981647 15156 tablet_bootstrap.cc:492] T 94f1693c5e4c4e238c5046245345149f P d2b1289932f54e53ac4d74ceefe60081: Bootstrap starting.
I20260630 12:16:05.985435 15155 tablet_bootstrap.cc:654] T b3325e913f574a6f83c4353c3706d2d0 P 447b8a1c8ee1414c88b9c9a206b106a1: Neither blocks nor log segments found. Creating new log.
I20260630 12:16:05.988534 15156 tablet_bootstrap.cc:654] T 94f1693c5e4c4e238c5046245345149f P d2b1289932f54e53ac4d74ceefe60081: Neither blocks nor log segments found. Creating new log.
I20260630 12:16:05.988826 15157 tablet_bootstrap.cc:492] T 69d3246e60394f9ea19ec3474eba5938 P d55c5675db1b4e1e96946d6948688051: Bootstrap starting.
I20260630 12:16:05.990901 15155 tablet_bootstrap.cc:492] T b3325e913f574a6f83c4353c3706d2d0 P 447b8a1c8ee1414c88b9c9a206b106a1: No bootstrap required, opened a new log
I20260630 12:16:05.991361 15155 ts_tablet_manager.cc:1403] T b3325e913f574a6f83c4353c3706d2d0 P 447b8a1c8ee1414c88b9c9a206b106a1: Time spent bootstrapping tablet: real 0.014s	user 0.007s	sys 0.004s
I20260630 12:16:05.993989 15155 raft_consensus.cc:359] T b3325e913f574a6f83c4353c3706d2d0 P 447b8a1c8ee1414c88b9c9a206b106a1 [term 0 FOLLOWER]: Replica starting. Triggering 0 pending ops. Active config: opid_index: -1 OBSOLETE_local: true peers { permanent_uuid: "447b8a1c8ee1414c88b9c9a206b106a1" member_type: VOTER last_known_addr { host: "127.13.69.130" port: 44005 } }
I20260630 12:16:05.994603 15155 raft_consensus.cc:385] T b3325e913f574a6f83c4353c3706d2d0 P 447b8a1c8ee1414c88b9c9a206b106a1 [term 0 FOLLOWER]: Consensus starting up: Expiring failure detector timer to make a prompt election more likely
I20260630 12:16:05.994846 15156 tablet_bootstrap.cc:492] T 94f1693c5e4c4e238c5046245345149f P d2b1289932f54e53ac4d74ceefe60081: No bootstrap required, opened a new log
I20260630 12:16:05.994874 15155 raft_consensus.cc:740] T b3325e913f574a6f83c4353c3706d2d0 P 447b8a1c8ee1414c88b9c9a206b106a1 [term 0 FOLLOWER]: Becoming Follower/Learner. State: Replica: 447b8a1c8ee1414c88b9c9a206b106a1, State: Initialized, Role: FOLLOWER
I20260630 12:16:05.995512 15156 ts_tablet_manager.cc:1403] T 94f1693c5e4c4e238c5046245345149f P d2b1289932f54e53ac4d74ceefe60081: Time spent bootstrapping tablet: real 0.015s	user 0.008s	sys 0.003s
I20260630 12:16:05.995913 15155 consensus_queue.cc:260] T b3325e913f574a6f83c4353c3706d2d0 P 447b8a1c8ee1414c88b9c9a206b106a1 [NON_LEADER]: Queue going to NON_LEADER mode. State: All replicated index: 0, Majority replicated index: 0, Committed index: 0, Last appended: 0.0, Last appended by leader: 0, Current term: 0, Majority size: -1, State: 0, Mode: NON_LEADER, active raft config: opid_index: -1 OBSOLETE_local: true peers { permanent_uuid: "447b8a1c8ee1414c88b9c9a206b106a1" member_type: VOTER last_known_addr { host: "127.13.69.130" port: 44005 } }
I20260630 12:16:05.996598 15155 raft_consensus.cc:399] T b3325e913f574a6f83c4353c3706d2d0 P 447b8a1c8ee1414c88b9c9a206b106a1 [term 0 FOLLOWER]: Only one voter in the Raft config. Triggering election immediately
I20260630 12:16:05.996959 15155 raft_consensus.cc:493] T b3325e913f574a6f83c4353c3706d2d0 P 447b8a1c8ee1414c88b9c9a206b106a1 [term 0 FOLLOWER]: Starting leader election (initial election of a single-replica configuration)
I20260630 12:16:05.997344 15155 raft_consensus.cc:3060] T b3325e913f574a6f83c4353c3706d2d0 P 447b8a1c8ee1414c88b9c9a206b106a1 [term 0 FOLLOWER]: Advancing to term 1
I20260630 12:16:05.998021 15157 tablet_bootstrap.cc:654] T 69d3246e60394f9ea19ec3474eba5938 P d55c5675db1b4e1e96946d6948688051: Neither blocks nor log segments found. Creating new log.
I20260630 12:16:05.998942 15156 raft_consensus.cc:359] T 94f1693c5e4c4e238c5046245345149f P d2b1289932f54e53ac4d74ceefe60081 [term 0 FOLLOWER]: Replica starting. Triggering 0 pending ops. Active config: opid_index: -1 OBSOLETE_local: true peers { permanent_uuid: "d2b1289932f54e53ac4d74ceefe60081" member_type: VOTER last_known_addr { host: "127.13.69.131" port: 45617 } }
I20260630 12:16:05.999634 15156 raft_consensus.cc:385] T 94f1693c5e4c4e238c5046245345149f P d2b1289932f54e53ac4d74ceefe60081 [term 0 FOLLOWER]: Consensus starting up: Expiring failure detector timer to make a prompt election more likely
I20260630 12:16:06.000057 15156 raft_consensus.cc:740] T 94f1693c5e4c4e238c5046245345149f P d2b1289932f54e53ac4d74ceefe60081 [term 0 FOLLOWER]: Becoming Follower/Learner. State: Replica: d2b1289932f54e53ac4d74ceefe60081, State: Initialized, Role: FOLLOWER
I20260630 12:16:06.000898 15156 consensus_queue.cc:260] T 94f1693c5e4c4e238c5046245345149f P d2b1289932f54e53ac4d74ceefe60081 [NON_LEADER]: Queue going to NON_LEADER mode. State: All replicated index: 0, Majority replicated index: 0, Committed index: 0, Last appended: 0.0, Last appended by leader: 0, Current term: 0, Majority size: -1, State: 0, Mode: NON_LEADER, active raft config: opid_index: -1 OBSOLETE_local: true peers { permanent_uuid: "d2b1289932f54e53ac4d74ceefe60081" member_type: VOTER last_known_addr { host: "127.13.69.131" port: 45617 } }
I20260630 12:16:06.001855 15156 raft_consensus.cc:399] T 94f1693c5e4c4e238c5046245345149f P d2b1289932f54e53ac4d74ceefe60081 [term 0 FOLLOWER]: Only one voter in the Raft config. Triggering election immediately
I20260630 12:16:06.002198 15156 raft_consensus.cc:493] T 94f1693c5e4c4e238c5046245345149f P d2b1289932f54e53ac4d74ceefe60081 [term 0 FOLLOWER]: Starting leader election (initial election of a single-replica configuration)
I20260630 12:16:06.002592 15156 raft_consensus.cc:3060] T 94f1693c5e4c4e238c5046245345149f P d2b1289932f54e53ac4d74ceefe60081 [term 0 FOLLOWER]: Advancing to term 1
I20260630 12:16:06.002789 15155 raft_consensus.cc:515] T b3325e913f574a6f83c4353c3706d2d0 P 447b8a1c8ee1414c88b9c9a206b106a1 [term 1 FOLLOWER]: Starting leader election with config: opid_index: -1 OBSOLETE_local: true peers { permanent_uuid: "447b8a1c8ee1414c88b9c9a206b106a1" member_type: VOTER last_known_addr { host: "127.13.69.130" port: 44005 } }
I20260630 12:16:06.003501 15155 leader_election.cc:304] T b3325e913f574a6f83c4353c3706d2d0 P 447b8a1c8ee1414c88b9c9a206b106a1 [CANDIDATE]: Term 1 election: Election decided. Result: candidate won. Election summary: received 1 responses out of 1 voters: 1 yes votes; 0 no votes. yes voters: 447b8a1c8ee1414c88b9c9a206b106a1; no voters: 
I20260630 12:16:06.004173 15157 tablet_bootstrap.cc:492] T 69d3246e60394f9ea19ec3474eba5938 P d55c5675db1b4e1e96946d6948688051: No bootstrap required, opened a new log
I20260630 12:16:06.004818 15157 ts_tablet_manager.cc:1403] T 69d3246e60394f9ea19ec3474eba5938 P d55c5675db1b4e1e96946d6948688051: Time spent bootstrapping tablet: real 0.017s	user 0.007s	sys 0.006s
I20260630 12:16:06.004948 15155 leader_election.cc:290] T b3325e913f574a6f83c4353c3706d2d0 P 447b8a1c8ee1414c88b9c9a206b106a1 [CANDIDATE]: Term 1 election: Requested vote from peers 
I20260630 12:16:06.005262 15161 raft_consensus.cc:2804] T b3325e913f574a6f83c4353c3706d2d0 P 447b8a1c8ee1414c88b9c9a206b106a1 [term 1 FOLLOWER]: Leader election won for term 1
I20260630 12:16:06.008239 15157 raft_consensus.cc:359] T 69d3246e60394f9ea19ec3474eba5938 P d55c5675db1b4e1e96946d6948688051 [term 0 FOLLOWER]: Replica starting. Triggering 0 pending ops. Active config: opid_index: -1 OBSOLETE_local: true peers { permanent_uuid: "d55c5675db1b4e1e96946d6948688051" member_type: VOTER last_known_addr { host: "127.13.69.129" port: 43901 } }
I20260630 12:16:06.008998 15157 raft_consensus.cc:385] T 69d3246e60394f9ea19ec3474eba5938 P d55c5675db1b4e1e96946d6948688051 [term 0 FOLLOWER]: Consensus starting up: Expiring failure detector timer to make a prompt election more likely
I20260630 12:16:06.009403 15157 raft_consensus.cc:740] T 69d3246e60394f9ea19ec3474eba5938 P d55c5675db1b4e1e96946d6948688051 [term 0 FOLLOWER]: Becoming Follower/Learner. State: Replica: d55c5675db1b4e1e96946d6948688051, State: Initialized, Role: FOLLOWER
I20260630 12:16:06.010340 15156 raft_consensus.cc:515] T 94f1693c5e4c4e238c5046245345149f P d2b1289932f54e53ac4d74ceefe60081 [term 1 FOLLOWER]: Starting leader election with config: opid_index: -1 OBSOLETE_local: true peers { permanent_uuid: "d2b1289932f54e53ac4d74ceefe60081" member_type: VOTER last_known_addr { host: "127.13.69.131" port: 45617 } }
I20260630 12:16:06.010661 15157 consensus_queue.cc:260] T 69d3246e60394f9ea19ec3474eba5938 P d55c5675db1b4e1e96946d6948688051 [NON_LEADER]: Queue going to NON_LEADER mode. State: All replicated index: 0, Majority replicated index: 0, Committed index: 0, Last appended: 0.0, Last appended by leader: 0, Current term: 0, Majority size: -1, State: 0, Mode: NON_LEADER, active raft config: opid_index: -1 OBSOLETE_local: true peers { permanent_uuid: "d55c5675db1b4e1e96946d6948688051" member_type: VOTER last_known_addr { host: "127.13.69.129" port: 43901 } }
I20260630 12:16:06.012617 15157 raft_consensus.cc:399] T 69d3246e60394f9ea19ec3474eba5938 P d55c5675db1b4e1e96946d6948688051 [term 0 FOLLOWER]: Only one voter in the Raft config. Triggering election immediately
I20260630 12:16:06.013082 15157 raft_consensus.cc:493] T 69d3246e60394f9ea19ec3474eba5938 P d55c5675db1b4e1e96946d6948688051 [term 0 FOLLOWER]: Starting leader election (initial election of a single-replica configuration)
I20260630 12:16:06.013582 15157 raft_consensus.cc:3060] T 69d3246e60394f9ea19ec3474eba5938 P d55c5675db1b4e1e96946d6948688051 [term 0 FOLLOWER]: Advancing to term 1
I20260630 12:16:06.014806 15033 heartbeater.cc:499] Master 127.13.69.189:40677 was elected leader, sending a full tablet report...
I20260630 12:16:06.014869 15155 ts_tablet_manager.cc:1434] T b3325e913f574a6f83c4353c3706d2d0 P 447b8a1c8ee1414c88b9c9a206b106a1: Time spent starting tablet: real 0.023s	user 0.009s	sys 0.013s
I20260630 12:16:06.011286 15156 leader_election.cc:304] T 94f1693c5e4c4e238c5046245345149f P d2b1289932f54e53ac4d74ceefe60081 [CANDIDATE]: Term 1 election: Election decided. Result: candidate won. Election summary: received 1 responses out of 1 voters: 1 yes votes; 0 no votes. yes voters: d2b1289932f54e53ac4d74ceefe60081; no voters: 
I20260630 12:16:06.016398 15161 raft_consensus.cc:697] T b3325e913f574a6f83c4353c3706d2d0 P 447b8a1c8ee1414c88b9c9a206b106a1 [term 1 LEADER]: Becoming Leader. State: Replica: 447b8a1c8ee1414c88b9c9a206b106a1, State: Running, Role: LEADER
I20260630 12:16:06.017290 15161 consensus_queue.cc:237] T b3325e913f574a6f83c4353c3706d2d0 P 447b8a1c8ee1414c88b9c9a206b106a1 [LEADER]: Queue going to LEADER mode. State: All replicated index: 0, Majority replicated index: 0, Committed index: 0, Last appended: 0.0, Last appended by leader: 0, Current term: 1, Majority size: 1, State: 0, Mode: LEADER, active raft config: opid_index: -1 OBSOLETE_local: true peers { permanent_uuid: "447b8a1c8ee1414c88b9c9a206b106a1" member_type: VOTER last_known_addr { host: "127.13.69.130" port: 44005 } }
I20260630 12:16:06.018050 15156 leader_election.cc:290] T 94f1693c5e4c4e238c5046245345149f P d2b1289932f54e53ac4d74ceefe60081 [CANDIDATE]: Term 1 election: Requested vote from peers 
I20260630 12:16:06.018524 15164 raft_consensus.cc:2804] T 94f1693c5e4c4e238c5046245345149f P d2b1289932f54e53ac4d74ceefe60081 [term 1 FOLLOWER]: Leader election won for term 1
I20260630 12:16:06.022444 15164 raft_consensus.cc:697] T 94f1693c5e4c4e238c5046245345149f P d2b1289932f54e53ac4d74ceefe60081 [term 1 LEADER]: Becoming Leader. State: Replica: d2b1289932f54e53ac4d74ceefe60081, State: Running, Role: LEADER
I20260630 12:16:06.023427 15157 raft_consensus.cc:515] T 69d3246e60394f9ea19ec3474eba5938 P d55c5675db1b4e1e96946d6948688051 [term 1 FOLLOWER]: Starting leader election with config: opid_index: -1 OBSOLETE_local: true peers { permanent_uuid: "d55c5675db1b4e1e96946d6948688051" member_type: VOTER last_known_addr { host: "127.13.69.129" port: 43901 } }
I20260630 12:16:06.023514 15164 consensus_queue.cc:237] T 94f1693c5e4c4e238c5046245345149f P d2b1289932f54e53ac4d74ceefe60081 [LEADER]: Queue going to LEADER mode. State: All replicated index: 0, Majority replicated index: 0, Committed index: 0, Last appended: 0.0, Last appended by leader: 0, Current term: 1, Majority size: 1, State: 0, Mode: LEADER, active raft config: opid_index: -1 OBSOLETE_local: true peers { permanent_uuid: "d2b1289932f54e53ac4d74ceefe60081" member_type: VOTER last_known_addr { host: "127.13.69.131" port: 45617 } }
I20260630 12:16:06.024909 15157 leader_election.cc:304] T 69d3246e60394f9ea19ec3474eba5938 P d55c5675db1b4e1e96946d6948688051 [CANDIDATE]: Term 1 election: Election decided. Result: candidate won. Election summary: received 1 responses out of 1 voters: 1 yes votes; 0 no votes. yes voters: d55c5675db1b4e1e96946d6948688051; no voters: 
I20260630 12:16:06.035526 15156 ts_tablet_manager.cc:1434] T 94f1693c5e4c4e238c5046245345149f P d2b1289932f54e53ac4d74ceefe60081: Time spent starting tablet: real 0.040s	user 0.020s	sys 0.008s
I20260630 12:16:06.037288 15157 leader_election.cc:290] T 69d3246e60394f9ea19ec3474eba5938 P d55c5675db1b4e1e96946d6948688051 [CANDIDATE]: Term 1 election: Requested vote from peers 
I20260630 12:16:06.037689 15168 raft_consensus.cc:2804] T 69d3246e60394f9ea19ec3474eba5938 P d55c5675db1b4e1e96946d6948688051 [term 1 FOLLOWER]: Leader election won for term 1
I20260630 12:16:06.042909 14738 catalog_manager.cc:5697] T b3325e913f574a6f83c4353c3706d2d0 P 447b8a1c8ee1414c88b9c9a206b106a1 reported cstate change: term changed from 0 to 1, leader changed from <none> to 447b8a1c8ee1414c88b9c9a206b106a1 (127.13.69.130). New cstate: current_term: 1 leader_uuid: "447b8a1c8ee1414c88b9c9a206b106a1" committed_config { opid_index: -1 OBSOLETE_local: true peers { permanent_uuid: "447b8a1c8ee1414c88b9c9a206b106a1" member_type: VOTER last_known_addr { host: "127.13.69.130" port: 44005 } health_report { overall_health: HEALTHY } } }
I20260630 12:16:06.050627 14739 catalog_manager.cc:5697] T 94f1693c5e4c4e238c5046245345149f P d2b1289932f54e53ac4d74ceefe60081 reported cstate change: term changed from 0 to 1, leader changed from <none> to d2b1289932f54e53ac4d74ceefe60081 (127.13.69.131). New cstate: current_term: 1 leader_uuid: "d2b1289932f54e53ac4d74ceefe60081" committed_config { opid_index: -1 OBSOLETE_local: true peers { permanent_uuid: "d2b1289932f54e53ac4d74ceefe60081" member_type: VOTER last_known_addr { host: "127.13.69.131" port: 45617 } health_report { overall_health: HEALTHY } } }
I20260630 12:16:06.056231 15157 ts_tablet_manager.cc:1434] T 69d3246e60394f9ea19ec3474eba5938 P d55c5675db1b4e1e96946d6948688051: Time spent starting tablet: real 0.051s	user 0.019s	sys 0.017s
