I20260630 12:17:05.580513 25062 file_cache.cc:492] Constructed file cache file cache with capacity 419430
W20260630 12:17:05.588080 27823 instance_detector.cc:116] could not retrieve AWS instance metadata: Network error: curl error: HTTP response code said error: The requested URL returned error: 404
W20260630 12:17:05.588680 27824 instance_detector.cc:116] could not retrieve Azure instance metadata: Network error: curl error: HTTP response code said error: The requested URL returned error: 404
W20260630 12:17:05.594303 27826 instance_detector.cc:116] could not retrieve OpenStack instance metadata: Network error: curl error: HTTP response code said error: The requested URL returned error: 404
I20260630 12:17:05.594365 25062 server_base.cc:1061] running on GCE node
I20260630 12:17:05.595721 27820 heartbeater.cc:344] Connected to a master server at 127.24.121.190:38553
I20260630 12:17:05.595813 25062 hybrid_clock.cc:584] initializing the hybrid clock with 'system_unsync' time source
W20260630 12:17:05.596158 25062 system_unsync_time.cc:38] NTP support is disabled. Clock error bounds will not be accurate. This configuration is not suitable for distributed clusters.
I20260630 12:17:05.596179 27820 heartbeater.cc:461] Registering TS with master...
I20260630 12:17:05.596493 25062 hybrid_clock.cc:648] HybridClock initialized: now 1782821825596473 us; error 0 us; skew 500 ppm
I20260630 12:17:05.597114 25062 server_base.cc:861] Flag tcmalloc_max_total_thread_cache_bytes is not working since tcmalloc is not enabled.
I20260630 12:17:05.597162 27820 heartbeater.cc:507] Master 127.24.121.190:38553 requested a full tablet report, sending...
I20260630 12:17:05.599510 27617 ts_manager.cc:194] Registered new tserver with Master: c13e257d92ff4e19afc893937c155343 (127.24.121.130:41995)
I20260630 12:17:05.600101 25062 webserver.cc:533] Webserver started at http://127.24.121.131:33903/ using document root <none> and password file <none>
I20260630 12:17:05.600621 25062 fs_manager.cc:362] Metadata directory not provided
I20260630 12:17:05.600838 25062 fs_manager.cc:368] Using write-ahead log directory (fs_wal_dir) as metadata directory
I20260630 12:17:05.601114 25062 server_base.cc:909] This appears to be a new deployment of Kudu; creating new FS layout
I20260630 12:17:05.601159 27617 master_service.cc:502] Signed X509 certificate for tserver {username='slave'} at 127.0.0.1:34368
I20260630 12:17:05.602669 25062 fs_manager.cc:1068] Generated new instance metadata in path /tmp/dist-test-taskDr1XRY/test-tmp/auto_rebalancer-test.0.AutoRebalancerTest.RangeAwareBuildClusterInfoGroupsByRange.1782821744659623-25062-0/minicluster-data/ts-2-root/instance:
uuid: "aada7e4475ee47aaaa9151d5881f7606"
format_stamp: "Formatted at 2026-06-30 12:17:05 on dist-test-slave-6cc7"
I20260630 12:17:05.607594 25062 fs_manager.cc:696] Time spent creating directory manager: real 0.004s	user 0.001s	sys 0.004s
I20260630 12:17:05.611186 27831 log_block_manager.cc:4031] Time spent loading block containers with low live blocks: real 0.000s	user 0.000s	sys 0.000s
I20260630 12:17:05.612104 25062 fs_manager.cc:730] Time spent opening block manager: real 0.002s	user 0.002s	sys 0.001s
I20260630 12:17:05.612352 25062 fs_manager.cc:647] Opened local filesystem: /tmp/dist-test-taskDr1XRY/test-tmp/auto_rebalancer-test.0.AutoRebalancerTest.RangeAwareBuildClusterInfoGroupsByRange.1782821744659623-25062-0/minicluster-data/ts-2-root
uuid: "aada7e4475ee47aaaa9151d5881f7606"
format_stamp: "Formatted at 2026-06-30 12:17:05 on dist-test-slave-6cc7"
I20260630 12:17:05.612591 25062 fs_report.cc:389] FS layout report
--------------------
wal directory: /tmp/dist-test-taskDr1XRY/test-tmp/auto_rebalancer-test.0.AutoRebalancerTest.RangeAwareBuildClusterInfoGroupsByRange.1782821744659623-25062-0/minicluster-data/ts-2-root
metadata directory: /tmp/dist-test-taskDr1XRY/test-tmp/auto_rebalancer-test.0.AutoRebalancerTest.RangeAwareBuildClusterInfoGroupsByRange.1782821744659623-25062-0/minicluster-data/ts-2-root
1 data directories: /tmp/dist-test-taskDr1XRY/test-tmp/auto_rebalancer-test.0.AutoRebalancerTest.RangeAwareBuildClusterInfoGroupsByRange.1782821744659623-25062-0/minicluster-data/ts-2-root/data
Total live blocks: 0
Total live bytes: 0
Total live bytes (after alignment): 0
Total number of LBM containers: 0 (0 full)
Did not check for missing blocks
Did not check for orphaned blocks
Total full LBM containers with extra space: 0 (0 repaired)
Total full LBM container extra space in bytes: 0 (0 repaired)
Total incomplete LBM containers: 0 (0 repaired)
Total LBM partial records: 0 (0 repaired)
Total corrupted LBM metadata records in RocksDB: 0 (0 repaired)
I20260630 12:17:05.635897 25062 rpc_server.cc:225] running with OpenSSL 1.1.1  11 Sep 2018
I20260630 12:17:05.637125 25062 kserver.cc:163] Server-wide thread pool size limit: 3276
I20260630 12:17:05.638679 25062 txn_system_client.cc:432] TxnSystemClient initialization is disabled...
I20260630 12:17:05.640915 25062 ts_tablet_manager.cc:585] Loaded tablet metadata (0 total tablets, 0 live tablets)
I20260630 12:17:05.641121 25062 ts_tablet_manager.cc:531] Time spent load tablet metadata: real 0.000s	user 0.000s	sys 0.000s
I20260630 12:17:05.641400 25062 ts_tablet_manager.cc:616] Registered 0 tablets
I20260630 12:17:05.641543 25062 ts_tablet_manager.cc:595] Time spent register tablets: real 0.000s	user 0.000s	sys 0.000s
I20260630 12:17:05.684852 25062 rpc_server.cc:307] RPC server started. Bound to: 127.24.121.131:33489
I20260630 12:17:05.684958 27893 acceptor_pool.cc:272] collecting diagnostics on the listening RPC socket 127.24.121.131:33489 every 8 connection(s)
I20260630 12:17:05.699780 27894 heartbeater.cc:344] Connected to a master server at 127.24.121.190:38553
I20260630 12:17:05.700203 27894 heartbeater.cc:461] Registering TS with master...
I20260630 12:17:05.701030 27894 heartbeater.cc:507] Master 127.24.121.190:38553 requested a full tablet report, sending...
I20260630 12:17:05.703073 27617 ts_manager.cc:194] Registered new tserver with Master: aada7e4475ee47aaaa9151d5881f7606 (127.24.121.131:33489)
I20260630 12:17:05.703290 25062 internal_mini_cluster.cc:371] 3 TS(s) registered with all masters after 0.015048667s
I20260630 12:17:05.704497 27617 master_service.cc:502] Signed X509 certificate for tserver {username='slave'} at 127.0.0.1:34374
I20260630 12:17:06.514843 27745 heartbeater.cc:499] Master 127.24.121.190:38553 was elected leader, sending a full tablet report...
I20260630 12:17:06.604259 27820 heartbeater.cc:499] Master 127.24.121.190:38553 was elected leader, sending a full tablet report...
I20260630 12:17:06.707526 27894 heartbeater.cc:499] Master 127.24.121.190:38553 was elected leader, sending a full tablet report...
I20260630 12:17:06.761977 27617 catalog_manager.cc:2283] Servicing CreateTable request from {username='slave'} at 127.0.0.1:34380:
name: "range_aware_auto_rebalancer_test"
schema {
  columns {
    name: "key"
    type: INT32
    is_key: true
    is_nullable: false
    encoding: AUTO_ENCODING
    compression: DEFAULT_COMPRESSION
    cfile_block_size: 0
    immutable: false
  }
}
num_replicas: 3
split_rows_range_bounds {
  rows: "\006\001\000\000\000\000\007\001\n\000\000\000\006\001\n\000\000\000\007\001\024\000\000\000""\006\001\000\000\000\000\007\001\n\000\000\000\006\001\n\000\000\000\007\001\024\000\000\000"
  indirect_data: """"
}
partition_schema {
  hash_schema {
    columns {
      name: "key"
    }
    num_buckets: 2
    seed: 0
  }
  range_schema {
    columns {
      name: "key"
    }
  }
}
W20260630 12:17:06.764521 27617 catalog_manager.cc:7077] The number of live tablet servers is not enough to re-replicate a tablet replica of the newly created table range_aware_auto_rebalancer_test in case of a server failure: 4 tablet servers would be needed, 3 are available. Consider bringing up more tablet servers.
I20260630 12:17:06.836110 27858 tablet_service.cc:1511] Processing CreateTablet for tablet f37cd5ec23ec4d0698e95e46eea0b5ab (DEFAULT_TABLE table=range_aware_auto_rebalancer_test [id=fbb626e2fafc4ba3ba443f69ee10c7af]), partition=HASH (key) PARTITION 0, RANGE (key) PARTITION 10 <= VALUES < 20
I20260630 12:17:06.836603 27857 tablet_service.cc:1511] Processing CreateTablet for tablet c3e2b7071ead44148309a9bf2021eb1f (DEFAULT_TABLE table=range_aware_auto_rebalancer_test [id=fbb626e2fafc4ba3ba443f69ee10c7af]), partition=HASH (key) PARTITION 1, RANGE (key) PARTITION 0 <= VALUES < 10
I20260630 12:17:06.837877 27858 data_dirs.cc:400] Could only allocate 1 dirs of requested 3 for tablet f37cd5ec23ec4d0698e95e46eea0b5ab. 1 dirs total, 0 dirs full, 0 dirs failed
I20260630 12:17:06.838882 27856 tablet_service.cc:1511] Processing CreateTablet for tablet 70c3edeccf824635be7faac8c8769da6 (DEFAULT_TABLE table=range_aware_auto_rebalancer_test [id=fbb626e2fafc4ba3ba443f69ee10c7af]), partition=HASH (key) PARTITION 1, RANGE (key) PARTITION 10 <= VALUES < 20
I20260630 12:17:06.839264 27859 tablet_service.cc:1511] Processing CreateTablet for tablet 56d3431b861e4c75995428a569a318f8 (DEFAULT_TABLE table=range_aware_auto_rebalancer_test [id=fbb626e2fafc4ba3ba443f69ee10c7af]), partition=HASH (key) PARTITION 0, RANGE (key) PARTITION 0 <= VALUES < 10
I20260630 12:17:06.840868 27859 data_dirs.cc:400] Could only allocate 1 dirs of requested 3 for tablet 56d3431b861e4c75995428a569a318f8. 1 dirs total, 0 dirs full, 0 dirs failed
I20260630 12:17:06.842221 27856 data_dirs.cc:400] Could only allocate 1 dirs of requested 3 for tablet 70c3edeccf824635be7faac8c8769da6. 1 dirs total, 0 dirs full, 0 dirs failed
I20260630 12:17:06.844540 27857 data_dirs.cc:400] Could only allocate 1 dirs of requested 3 for tablet c3e2b7071ead44148309a9bf2021eb1f. 1 dirs total, 0 dirs full, 0 dirs failed
I20260630 12:17:06.844074 27710 tablet_service.cc:1511] Processing CreateTablet for tablet 56d3431b861e4c75995428a569a318f8 (DEFAULT_TABLE table=range_aware_auto_rebalancer_test [id=fbb626e2fafc4ba3ba443f69ee10c7af]), partition=HASH (key) PARTITION 0, RANGE (key) PARTITION 0 <= VALUES < 10
I20260630 12:17:06.845774 27710 data_dirs.cc:400] Could only allocate 1 dirs of requested 3 for tablet 56d3431b861e4c75995428a569a318f8. 1 dirs total, 0 dirs full, 0 dirs failed
I20260630 12:17:06.855804 27709 tablet_service.cc:1511] Processing CreateTablet for tablet f37cd5ec23ec4d0698e95e46eea0b5ab (DEFAULT_TABLE table=range_aware_auto_rebalancer_test [id=fbb626e2fafc4ba3ba443f69ee10c7af]), partition=HASH (key) PARTITION 0, RANGE (key) PARTITION 10 <= VALUES < 20
I20260630 12:17:06.857498 27709 data_dirs.cc:400] Could only allocate 1 dirs of requested 3 for tablet f37cd5ec23ec4d0698e95e46eea0b5ab. 1 dirs total, 0 dirs full, 0 dirs failed
I20260630 12:17:06.865115 27708 tablet_service.cc:1511] Processing CreateTablet for tablet c3e2b7071ead44148309a9bf2021eb1f (DEFAULT_TABLE table=range_aware_auto_rebalancer_test [id=fbb626e2fafc4ba3ba443f69ee10c7af]), partition=HASH (key) PARTITION 1, RANGE (key) PARTITION 0 <= VALUES < 10
I20260630 12:17:06.867362 27708 data_dirs.cc:400] Could only allocate 1 dirs of requested 3 for tablet c3e2b7071ead44148309a9bf2021eb1f. 1 dirs total, 0 dirs full, 0 dirs failed
I20260630 12:17:06.867626 27784 tablet_service.cc:1511] Processing CreateTablet for tablet f37cd5ec23ec4d0698e95e46eea0b5ab (DEFAULT_TABLE table=range_aware_auto_rebalancer_test [id=fbb626e2fafc4ba3ba443f69ee10c7af]), partition=HASH (key) PARTITION 0, RANGE (key) PARTITION 10 <= VALUES < 20
I20260630 12:17:06.868432 27914 tablet_bootstrap.cc:492] T 70c3edeccf824635be7faac8c8769da6 P aada7e4475ee47aaaa9151d5881f7606: Bootstrap starting.
I20260630 12:17:06.868119 27783 tablet_service.cc:1511] Processing CreateTablet for tablet c3e2b7071ead44148309a9bf2021eb1f (DEFAULT_TABLE table=range_aware_auto_rebalancer_test [id=fbb626e2fafc4ba3ba443f69ee10c7af]), partition=HASH (key) PARTITION 1, RANGE (key) PARTITION 0 <= VALUES < 10
I20260630 12:17:06.869372 27784 data_dirs.cc:400] Could only allocate 1 dirs of requested 3 for tablet f37cd5ec23ec4d0698e95e46eea0b5ab. 1 dirs total, 0 dirs full, 0 dirs failed
I20260630 12:17:06.870146 27783 data_dirs.cc:400] Could only allocate 1 dirs of requested 3 for tablet c3e2b7071ead44148309a9bf2021eb1f. 1 dirs total, 0 dirs full, 0 dirs failed
I20260630 12:17:06.871038 27707 tablet_service.cc:1511] Processing CreateTablet for tablet 70c3edeccf824635be7faac8c8769da6 (DEFAULT_TABLE table=range_aware_auto_rebalancer_test [id=fbb626e2fafc4ba3ba443f69ee10c7af]), partition=HASH (key) PARTITION 1, RANGE (key) PARTITION 10 <= VALUES < 20
I20260630 12:17:06.872610 27707 data_dirs.cc:400] Could only allocate 1 dirs of requested 3 for tablet 70c3edeccf824635be7faac8c8769da6. 1 dirs total, 0 dirs full, 0 dirs failed
I20260630 12:17:06.865115 27785 tablet_service.cc:1511] Processing CreateTablet for tablet 56d3431b861e4c75995428a569a318f8 (DEFAULT_TABLE table=range_aware_auto_rebalancer_test [id=fbb626e2fafc4ba3ba443f69ee10c7af]), partition=HASH (key) PARTITION 0, RANGE (key) PARTITION 0 <= VALUES < 10
I20260630 12:17:06.875514 27785 data_dirs.cc:400] Could only allocate 1 dirs of requested 3 for tablet 56d3431b861e4c75995428a569a318f8. 1 dirs total, 0 dirs full, 0 dirs failed
I20260630 12:17:06.875722 27782 tablet_service.cc:1511] Processing CreateTablet for tablet 70c3edeccf824635be7faac8c8769da6 (DEFAULT_TABLE table=range_aware_auto_rebalancer_test [id=fbb626e2fafc4ba3ba443f69ee10c7af]), partition=HASH (key) PARTITION 1, RANGE (key) PARTITION 10 <= VALUES < 20
I20260630 12:17:06.877198 27782 data_dirs.cc:400] Could only allocate 1 dirs of requested 3 for tablet 70c3edeccf824635be7faac8c8769da6. 1 dirs total, 0 dirs full, 0 dirs failed
I20260630 12:17:06.877167 27914 tablet_bootstrap.cc:654] T 70c3edeccf824635be7faac8c8769da6 P aada7e4475ee47aaaa9151d5881f7606: Neither blocks nor log segments found. Creating new log.
I20260630 12:17:06.898463 27915 tablet_bootstrap.cc:492] T f37cd5ec23ec4d0698e95e46eea0b5ab P c13e257d92ff4e19afc893937c155343: Bootstrap starting.
I20260630 12:17:06.907563 27915 tablet_bootstrap.cc:654] T f37cd5ec23ec4d0698e95e46eea0b5ab P c13e257d92ff4e19afc893937c155343: Neither blocks nor log segments found. Creating new log.
I20260630 12:17:06.910036 27914 tablet_bootstrap.cc:492] T 70c3edeccf824635be7faac8c8769da6 P aada7e4475ee47aaaa9151d5881f7606: No bootstrap required, opened a new log
I20260630 12:17:06.914062 27914 ts_tablet_manager.cc:1403] T 70c3edeccf824635be7faac8c8769da6 P aada7e4475ee47aaaa9151d5881f7606: Time spent bootstrapping tablet: real 0.046s	user 0.002s	sys 0.011s
I20260630 12:17:06.921203 27917 tablet_bootstrap.cc:492] T 56d3431b861e4c75995428a569a318f8 P 3a5dd8c39ac94768973cbd22975f0f1f: Bootstrap starting.
I20260630 12:17:06.927023 27914 raft_consensus.cc:359] T 70c3edeccf824635be7faac8c8769da6 P aada7e4475ee47aaaa9151d5881f7606 [term 0 FOLLOWER]: Replica starting. Triggering 0 pending ops. Active config: opid_index: -1 OBSOLETE_local: false peers { permanent_uuid: "3a5dd8c39ac94768973cbd22975f0f1f" member_type: VOTER last_known_addr { host: "127.24.121.129" port: 46311 } } peers { permanent_uuid: "c13e257d92ff4e19afc893937c155343" member_type: VOTER last_known_addr { host: "127.24.121.130" port: 41995 } } peers { permanent_uuid: "aada7e4475ee47aaaa9151d5881f7606" member_type: VOTER last_known_addr { host: "127.24.121.131" port: 33489 } }
I20260630 12:17:06.928171 27914 raft_consensus.cc:385] T 70c3edeccf824635be7faac8c8769da6 P aada7e4475ee47aaaa9151d5881f7606 [term 0 FOLLOWER]: Consensus starting up: Expiring failure detector timer to make a prompt election more likely
I20260630 12:17:06.928601 27914 raft_consensus.cc:740] T 70c3edeccf824635be7faac8c8769da6 P aada7e4475ee47aaaa9151d5881f7606 [term 0 FOLLOWER]: Becoming Follower/Learner. State: Replica: aada7e4475ee47aaaa9151d5881f7606, State: Initialized, Role: FOLLOWER
I20260630 12:17:06.929828 27917 tablet_bootstrap.cc:654] T 56d3431b861e4c75995428a569a318f8 P 3a5dd8c39ac94768973cbd22975f0f1f: Neither blocks nor log segments found. Creating new log.
I20260630 12:17:06.931638 27914 consensus_queue.cc:260] T 70c3edeccf824635be7faac8c8769da6 P aada7e4475ee47aaaa9151d5881f7606 [NON_LEADER]: Queue going to NON_LEADER mode. State: All replicated index: 0, Majority replicated index: 0, Committed index: 0, Last appended: 0.0, Last appended by leader: 0, Current term: 0, Majority size: -1, State: 0, Mode: NON_LEADER, active raft config: opid_index: -1 OBSOLETE_local: false peers { permanent_uuid: "3a5dd8c39ac94768973cbd22975f0f1f" member_type: VOTER last_known_addr { host: "127.24.121.129" port: 46311 } } peers { permanent_uuid: "c13e257d92ff4e19afc893937c155343" member_type: VOTER last_known_addr { host: "127.24.121.130" port: 41995 } } peers { permanent_uuid: "aada7e4475ee47aaaa9151d5881f7606" member_type: VOTER last_known_addr { host: "127.24.121.131" port: 33489 } }
I20260630 12:17:06.934957 27915 tablet_bootstrap.cc:492] T f37cd5ec23ec4d0698e95e46eea0b5ab P c13e257d92ff4e19afc893937c155343: No bootstrap required, opened a new log
I20260630 12:17:06.935526 27915 ts_tablet_manager.cc:1403] T f37cd5ec23ec4d0698e95e46eea0b5ab P c13e257d92ff4e19afc893937c155343: Time spent bootstrapping tablet: real 0.037s	user 0.022s	sys 0.004s
I20260630 12:17:06.935986 27914 ts_tablet_manager.cc:1434] T 70c3edeccf824635be7faac8c8769da6 P aada7e4475ee47aaaa9151d5881f7606: Time spent starting tablet: real 0.018s	user 0.009s	sys 0.000s
I20260630 12:17:06.937214 27914 tablet_bootstrap.cc:492] T 56d3431b861e4c75995428a569a318f8 P aada7e4475ee47aaaa9151d5881f7606: Bootstrap starting.
I20260630 12:17:06.938161 27917 tablet_bootstrap.cc:492] T 56d3431b861e4c75995428a569a318f8 P 3a5dd8c39ac94768973cbd22975f0f1f: No bootstrap required, opened a new log
I20260630 12:17:06.938727 27917 ts_tablet_manager.cc:1403] T 56d3431b861e4c75995428a569a318f8 P 3a5dd8c39ac94768973cbd22975f0f1f: Time spent bootstrapping tablet: real 0.018s	user 0.015s	sys 0.000s
I20260630 12:17:06.938838 27915 raft_consensus.cc:359] T f37cd5ec23ec4d0698e95e46eea0b5ab P c13e257d92ff4e19afc893937c155343 [term 0 FOLLOWER]: Replica starting. Triggering 0 pending ops. Active config: opid_index: -1 OBSOLETE_local: false peers { permanent_uuid: "3a5dd8c39ac94768973cbd22975f0f1f" member_type: VOTER last_known_addr { host: "127.24.121.129" port: 46311 } } peers { permanent_uuid: "c13e257d92ff4e19afc893937c155343" member_type: VOTER last_known_addr { host: "127.24.121.130" port: 41995 } } peers { permanent_uuid: "aada7e4475ee47aaaa9151d5881f7606" member_type: VOTER last_known_addr { host: "127.24.121.131" port: 33489 } }
I20260630 12:17:06.939805 27915 raft_consensus.cc:385] T f37cd5ec23ec4d0698e95e46eea0b5ab P c13e257d92ff4e19afc893937c155343 [term 0 FOLLOWER]: Consensus starting up: Expiring failure detector timer to make a prompt election more likely
I20260630 12:17:06.940301 27915 raft_consensus.cc:740] T f37cd5ec23ec4d0698e95e46eea0b5ab P c13e257d92ff4e19afc893937c155343 [term 0 FOLLOWER]: Becoming Follower/Learner. State: Replica: c13e257d92ff4e19afc893937c155343, State: Initialized, Role: FOLLOWER
I20260630 12:17:06.941576 27915 consensus_queue.cc:260] T f37cd5ec23ec4d0698e95e46eea0b5ab P c13e257d92ff4e19afc893937c155343 [NON_LEADER]: Queue going to NON_LEADER mode. State: All replicated index: 0, Majority replicated index: 0, Committed index: 0, Last appended: 0.0, Last appended by leader: 0, Current term: 0, Majority size: -1, State: 0, Mode: NON_LEADER, active raft config: opid_index: -1 OBSOLETE_local: false peers { permanent_uuid: "3a5dd8c39ac94768973cbd22975f0f1f" member_type: VOTER last_known_addr { host: "127.24.121.129" port: 46311 } } peers { permanent_uuid: "c13e257d92ff4e19afc893937c155343" member_type: VOTER last_known_addr { host: "127.24.121.130" port: 41995 } } peers { permanent_uuid: "aada7e4475ee47aaaa9151d5881f7606" member_type: VOTER last_known_addr { host: "127.24.121.131" port: 33489 } }
W20260630 12:17:06.943743 27895 tablet.cc:2406] T 70c3edeccf824635be7faac8c8769da6 P aada7e4475ee47aaaa9151d5881f7606: Can't schedule compaction. Clean time has not been advanced past its initial value.
I20260630 12:17:06.943588 27917 raft_consensus.cc:359] T 56d3431b861e4c75995428a569a318f8 P 3a5dd8c39ac94768973cbd22975f0f1f [term 0 FOLLOWER]: Replica starting. Triggering 0 pending ops. Active config: opid_index: -1 OBSOLETE_local: false peers { permanent_uuid: "aada7e4475ee47aaaa9151d5881f7606" member_type: VOTER last_known_addr { host: "127.24.121.131" port: 33489 } } peers { permanent_uuid: "3a5dd8c39ac94768973cbd22975f0f1f" member_type: VOTER last_known_addr { host: "127.24.121.129" port: 46311 } } peers { permanent_uuid: "c13e257d92ff4e19afc893937c155343" member_type: VOTER last_known_addr { host: "127.24.121.130" port: 41995 } }
I20260630 12:17:06.944410 27917 raft_consensus.cc:385] T 56d3431b861e4c75995428a569a318f8 P 3a5dd8c39ac94768973cbd22975f0f1f [term 0 FOLLOWER]: Consensus starting up: Expiring failure detector timer to make a prompt election more likely
I20260630 12:17:06.944793 27914 tablet_bootstrap.cc:654] T 56d3431b861e4c75995428a569a318f8 P aada7e4475ee47aaaa9151d5881f7606: Neither blocks nor log segments found. Creating new log.
I20260630 12:17:06.944738 27917 raft_consensus.cc:740] T 56d3431b861e4c75995428a569a318f8 P 3a5dd8c39ac94768973cbd22975f0f1f [term 0 FOLLOWER]: Becoming Follower/Learner. State: Replica: 3a5dd8c39ac94768973cbd22975f0f1f, State: Initialized, Role: FOLLOWER
I20260630 12:17:06.945755 27917 consensus_queue.cc:260] T 56d3431b861e4c75995428a569a318f8 P 3a5dd8c39ac94768973cbd22975f0f1f [NON_LEADER]: Queue going to NON_LEADER mode. State: All replicated index: 0, Majority replicated index: 0, Committed index: 0, Last appended: 0.0, Last appended by leader: 0, Current term: 0, Majority size: -1, State: 0, Mode: NON_LEADER, active raft config: opid_index: -1 OBSOLETE_local: false peers { permanent_uuid: "aada7e4475ee47aaaa9151d5881f7606" member_type: VOTER last_known_addr { host: "127.24.121.131" port: 33489 } } peers { permanent_uuid: "3a5dd8c39ac94768973cbd22975f0f1f" member_type: VOTER last_known_addr { host: "127.24.121.129" port: 46311 } } peers { permanent_uuid: "c13e257d92ff4e19afc893937c155343" member_type: VOTER last_known_addr { host: "127.24.121.130" port: 41995 } }
I20260630 12:17:06.956198 27919 raft_consensus.cc:493] T 70c3edeccf824635be7faac8c8769da6 P aada7e4475ee47aaaa9151d5881f7606 [term 0 FOLLOWER]: Starting pre-election (no leader contacted us within the election timeout)
I20260630 12:17:06.956952 27919 raft_consensus.cc:515] T 70c3edeccf824635be7faac8c8769da6 P aada7e4475ee47aaaa9151d5881f7606 [term 0 FOLLOWER]: Starting pre-election with config: opid_index: -1 OBSOLETE_local: false peers { permanent_uuid: "3a5dd8c39ac94768973cbd22975f0f1f" member_type: VOTER last_known_addr { host: "127.24.121.129" port: 46311 } } peers { permanent_uuid: "c13e257d92ff4e19afc893937c155343" member_type: VOTER last_known_addr { host: "127.24.121.130" port: 41995 } } peers { permanent_uuid: "aada7e4475ee47aaaa9151d5881f7606" member_type: VOTER last_known_addr { host: "127.24.121.131" port: 33489 } }
I20260630 12:17:06.961733 27917 ts_tablet_manager.cc:1434] T 56d3431b861e4c75995428a569a318f8 P 3a5dd8c39ac94768973cbd22975f0f1f: Time spent starting tablet: real 0.023s	user 0.006s	sys 0.014s
I20260630 12:17:06.963455 27919 leader_election.cc:290] T 70c3edeccf824635be7faac8c8769da6 P aada7e4475ee47aaaa9151d5881f7606 [CANDIDATE]: Term 1 pre-election: Requested pre-vote from peers 3a5dd8c39ac94768973cbd22975f0f1f (127.24.121.129:46311), c13e257d92ff4e19afc893937c155343 (127.24.121.130:41995)
I20260630 12:17:06.966277 27915 ts_tablet_manager.cc:1434] T f37cd5ec23ec4d0698e95e46eea0b5ab P c13e257d92ff4e19afc893937c155343: Time spent starting tablet: real 0.030s	user 0.018s	sys 0.012s
I20260630 12:17:06.967458 27915 tablet_bootstrap.cc:492] T 70c3edeccf824635be7faac8c8769da6 P c13e257d92ff4e19afc893937c155343: Bootstrap starting.
I20260630 12:17:06.967581 27914 tablet_bootstrap.cc:492] T 56d3431b861e4c75995428a569a318f8 P aada7e4475ee47aaaa9151d5881f7606: No bootstrap required, opened a new log
I20260630 12:17:06.968217 27914 ts_tablet_manager.cc:1403] T 56d3431b861e4c75995428a569a318f8 P aada7e4475ee47aaaa9151d5881f7606: Time spent bootstrapping tablet: real 0.031s	user 0.004s	sys 0.017s
I20260630 12:17:06.982990 27720 tablet_service.cc:1917] Received RequestConsensusVote() RPC: tablet_id: "70c3edeccf824635be7faac8c8769da6" candidate_uuid: "aada7e4475ee47aaaa9151d5881f7606" candidate_term: 1 candidate_status { last_received { term: 0 index: 0 } } ignore_live_leader: false dest_uuid: "3a5dd8c39ac94768973cbd22975f0f1f" is_pre_election: true
I20260630 12:17:06.984550 27914 raft_consensus.cc:359] T 56d3431b861e4c75995428a569a318f8 P aada7e4475ee47aaaa9151d5881f7606 [term 0 FOLLOWER]: Replica starting. Triggering 0 pending ops. Active config: opid_index: -1 OBSOLETE_local: false peers { permanent_uuid: "aada7e4475ee47aaaa9151d5881f7606" member_type: VOTER last_known_addr { host: "127.24.121.131" port: 33489 } } peers { permanent_uuid: "3a5dd8c39ac94768973cbd22975f0f1f" member_type: VOTER last_known_addr { host: "127.24.121.129" port: 46311 } } peers { permanent_uuid: "c13e257d92ff4e19afc893937c155343" member_type: VOTER last_known_addr { host: "127.24.121.130" port: 41995 } }
W20260630 12:17:06.985015 27832 leader_election.cc:343] T 70c3edeccf824635be7faac8c8769da6 P aada7e4475ee47aaaa9151d5881f7606 [CANDIDATE]: Term 1 pre-election: Tablet error from VoteRequest() call to peer 3a5dd8c39ac94768973cbd22975f0f1f (127.24.121.129:46311): Illegal state: must be running to vote when last-logged opid is not known
I20260630 12:17:06.985390 27914 raft_consensus.cc:385] T 56d3431b861e4c75995428a569a318f8 P aada7e4475ee47aaaa9151d5881f7606 [term 0 FOLLOWER]: Consensus starting up: Expiring failure detector timer to make a prompt election more likely
I20260630 12:17:06.977248 27915 tablet_bootstrap.cc:654] T 70c3edeccf824635be7faac8c8769da6 P c13e257d92ff4e19afc893937c155343: Neither blocks nor log segments found. Creating new log.
I20260630 12:17:06.972501 27917 tablet_bootstrap.cc:492] T 70c3edeccf824635be7faac8c8769da6 P 3a5dd8c39ac94768973cbd22975f0f1f: Bootstrap starting.
I20260630 12:17:06.986433 27914 raft_consensus.cc:740] T 56d3431b861e4c75995428a569a318f8 P aada7e4475ee47aaaa9151d5881f7606 [term 0 FOLLOWER]: Becoming Follower/Learner. State: Replica: aada7e4475ee47aaaa9151d5881f7606, State: Initialized, Role: FOLLOWER
I20260630 12:17:06.987730 27914 consensus_queue.cc:260] T 56d3431b861e4c75995428a569a318f8 P aada7e4475ee47aaaa9151d5881f7606 [NON_LEADER]: Queue going to NON_LEADER mode. State: All replicated index: 0, Majority replicated index: 0, Committed index: 0, Last appended: 0.0, Last appended by leader: 0, Current term: 0, Majority size: -1, State: 0, Mode: NON_LEADER, active raft config: opid_index: -1 OBSOLETE_local: false peers { permanent_uuid: "aada7e4475ee47aaaa9151d5881f7606" member_type: VOTER last_known_addr { host: "127.24.121.131" port: 33489 } } peers { permanent_uuid: "3a5dd8c39ac94768973cbd22975f0f1f" member_type: VOTER last_known_addr { host: "127.24.121.129" port: 46311 } } peers { permanent_uuid: "c13e257d92ff4e19afc893937c155343" member_type: VOTER last_known_addr { host: "127.24.121.130" port: 41995 } }
I20260630 12:17:06.993037 27914 ts_tablet_manager.cc:1434] T 56d3431b861e4c75995428a569a318f8 P aada7e4475ee47aaaa9151d5881f7606: Time spent starting tablet: real 0.012s	user 0.001s	sys 0.006s
I20260630 12:17:06.994181 27914 tablet_bootstrap.cc:492] T f37cd5ec23ec4d0698e95e46eea0b5ab P aada7e4475ee47aaaa9151d5881f7606: Bootstrap starting.
I20260630 12:17:06.996415 27917 tablet_bootstrap.cc:654] T 70c3edeccf824635be7faac8c8769da6 P 3a5dd8c39ac94768973cbd22975f0f1f: Neither blocks nor log segments found. Creating new log.
I20260630 12:17:06.996078 27795 tablet_service.cc:1917] Received RequestConsensusVote() RPC: tablet_id: "70c3edeccf824635be7faac8c8769da6" candidate_uuid: "aada7e4475ee47aaaa9151d5881f7606" candidate_term: 1 candidate_status { last_received { term: 0 index: 0 } } ignore_live_leader: false dest_uuid: "c13e257d92ff4e19afc893937c155343" is_pre_election: true
I20260630 12:17:07.001175 27914 tablet_bootstrap.cc:654] T f37cd5ec23ec4d0698e95e46eea0b5ab P aada7e4475ee47aaaa9151d5881f7606: Neither blocks nor log segments found. Creating new log.
W20260630 12:17:07.004127 27832 leader_election.cc:343] T 70c3edeccf824635be7faac8c8769da6 P aada7e4475ee47aaaa9151d5881f7606 [CANDIDATE]: Term 1 pre-election: Tablet error from VoteRequest() call to peer c13e257d92ff4e19afc893937c155343 (127.24.121.130:41995): Illegal state: must be running to vote when last-logged opid is not known
I20260630 12:17:07.004657 27832 leader_election.cc:304] T 70c3edeccf824635be7faac8c8769da6 P aada7e4475ee47aaaa9151d5881f7606 [CANDIDATE]: Term 1 pre-election: Election decided. Result: candidate lost. Election summary: received 3 responses out of 3 voters: 1 yes votes; 2 no votes. yes voters: aada7e4475ee47aaaa9151d5881f7606; no voters: 3a5dd8c39ac94768973cbd22975f0f1f, c13e257d92ff4e19afc893937c155343
I20260630 12:17:07.005519 27919 raft_consensus.cc:2749] T 70c3edeccf824635be7faac8c8769da6 P aada7e4475ee47aaaa9151d5881f7606 [term 0 FOLLOWER]: Leader pre-election lost for term 1. Reason: could not achieve majority
I20260630 12:17:07.006471 27915 tablet_bootstrap.cc:492] T 70c3edeccf824635be7faac8c8769da6 P c13e257d92ff4e19afc893937c155343: No bootstrap required, opened a new log
I20260630 12:17:07.007067 27915 ts_tablet_manager.cc:1403] T 70c3edeccf824635be7faac8c8769da6 P c13e257d92ff4e19afc893937c155343: Time spent bootstrapping tablet: real 0.040s	user 0.022s	sys 0.007s
I20260630 12:17:07.008667 27917 tablet_bootstrap.cc:492] T 70c3edeccf824635be7faac8c8769da6 P 3a5dd8c39ac94768973cbd22975f0f1f: No bootstrap required, opened a new log
I20260630 12:17:07.009215 27917 ts_tablet_manager.cc:1403] T 70c3edeccf824635be7faac8c8769da6 P 3a5dd8c39ac94768973cbd22975f0f1f: Time spent bootstrapping tablet: real 0.037s	user 0.007s	sys 0.012s
I20260630 12:17:07.010107 27914 tablet_bootstrap.cc:492] T f37cd5ec23ec4d0698e95e46eea0b5ab P aada7e4475ee47aaaa9151d5881f7606: No bootstrap required, opened a new log
I20260630 12:17:07.010535 27914 ts_tablet_manager.cc:1403] T f37cd5ec23ec4d0698e95e46eea0b5ab P aada7e4475ee47aaaa9151d5881f7606: Time spent bootstrapping tablet: real 0.017s	user 0.007s	sys 0.005s
I20260630 12:17:07.010321 27915 raft_consensus.cc:359] T 70c3edeccf824635be7faac8c8769da6 P c13e257d92ff4e19afc893937c155343 [term 0 FOLLOWER]: Replica starting. Triggering 0 pending ops. Active config: opid_index: -1 OBSOLETE_local: false peers { permanent_uuid: "3a5dd8c39ac94768973cbd22975f0f1f" member_type: VOTER last_known_addr { host: "127.24.121.129" port: 46311 } } peers { permanent_uuid: "c13e257d92ff4e19afc893937c155343" member_type: VOTER last_known_addr { host: "127.24.121.130" port: 41995 } } peers { permanent_uuid: "aada7e4475ee47aaaa9151d5881f7606" member_type: VOTER last_known_addr { host: "127.24.121.131" port: 33489 } }
I20260630 12:17:07.011133 27915 raft_consensus.cc:385] T 70c3edeccf824635be7faac8c8769da6 P c13e257d92ff4e19afc893937c155343 [term 0 FOLLOWER]: Consensus starting up: Expiring failure detector timer to make a prompt election more likely
I20260630 12:17:07.011452 27915 raft_consensus.cc:740] T 70c3edeccf824635be7faac8c8769da6 P c13e257d92ff4e19afc893937c155343 [term 0 FOLLOWER]: Becoming Follower/Learner. State: Replica: c13e257d92ff4e19afc893937c155343, State: Initialized, Role: FOLLOWER
I20260630 12:17:07.012220 27917 raft_consensus.cc:359] T 70c3edeccf824635be7faac8c8769da6 P 3a5dd8c39ac94768973cbd22975f0f1f [term 0 FOLLOWER]: Replica starting. Triggering 0 pending ops. Active config: opid_index: -1 OBSOLETE_local: false peers { permanent_uuid: "3a5dd8c39ac94768973cbd22975f0f1f" member_type: VOTER last_known_addr { host: "127.24.121.129" port: 46311 } } peers { permanent_uuid: "c13e257d92ff4e19afc893937c155343" member_type: VOTER last_known_addr { host: "127.24.121.130" port: 41995 } } peers { permanent_uuid: "aada7e4475ee47aaaa9151d5881f7606" member_type: VOTER last_known_addr { host: "127.24.121.131" port: 33489 } }
I20260630 12:17:07.012243 27915 consensus_queue.cc:260] T 70c3edeccf824635be7faac8c8769da6 P c13e257d92ff4e19afc893937c155343 [NON_LEADER]: Queue going to NON_LEADER mode. State: All replicated index: 0, Majority replicated index: 0, Committed index: 0, Last appended: 0.0, Last appended by leader: 0, Current term: 0, Majority size: -1, State: 0, Mode: NON_LEADER, active raft config: opid_index: -1 OBSOLETE_local: false peers { permanent_uuid: "3a5dd8c39ac94768973cbd22975f0f1f" member_type: VOTER last_known_addr { host: "127.24.121.129" port: 46311 } } peers { permanent_uuid: "c13e257d92ff4e19afc893937c155343" member_type: VOTER last_known_addr { host: "127.24.121.130" port: 41995 } } peers { permanent_uuid: "aada7e4475ee47aaaa9151d5881f7606" member_type: VOTER last_known_addr { host: "127.24.121.131" port: 33489 } }
I20260630 12:17:07.013343 27917 raft_consensus.cc:385] T 70c3edeccf824635be7faac8c8769da6 P 3a5dd8c39ac94768973cbd22975f0f1f [term 0 FOLLOWER]: Consensus starting up: Expiring failure detector timer to make a prompt election more likely
I20260630 12:17:07.013084 27914 raft_consensus.cc:359] T f37cd5ec23ec4d0698e95e46eea0b5ab P aada7e4475ee47aaaa9151d5881f7606 [term 0 FOLLOWER]: Replica starting. Triggering 0 pending ops. Active config: opid_index: -1 OBSOLETE_local: false peers { permanent_uuid: "3a5dd8c39ac94768973cbd22975f0f1f" member_type: VOTER last_known_addr { host: "127.24.121.129" port: 46311 } } peers { permanent_uuid: "c13e257d92ff4e19afc893937c155343" member_type: VOTER last_known_addr { host: "127.24.121.130" port: 41995 } } peers { permanent_uuid: "aada7e4475ee47aaaa9151d5881f7606" member_type: VOTER last_known_addr { host: "127.24.121.131" port: 33489 } }
I20260630 12:17:07.013770 27917 raft_consensus.cc:740] T 70c3edeccf824635be7faac8c8769da6 P 3a5dd8c39ac94768973cbd22975f0f1f [term 0 FOLLOWER]: Becoming Follower/Learner. State: Replica: 3a5dd8c39ac94768973cbd22975f0f1f, State: Initialized, Role: FOLLOWER
I20260630 12:17:07.013999 27914 raft_consensus.cc:385] T f37cd5ec23ec4d0698e95e46eea0b5ab P aada7e4475ee47aaaa9151d5881f7606 [term 0 FOLLOWER]: Consensus starting up: Expiring failure detector timer to make a prompt election more likely
I20260630 12:17:07.014408 27914 raft_consensus.cc:740] T f37cd5ec23ec4d0698e95e46eea0b5ab P aada7e4475ee47aaaa9151d5881f7606 [term 0 FOLLOWER]: Becoming Follower/Learner. State: Replica: aada7e4475ee47aaaa9151d5881f7606, State: Initialized, Role: FOLLOWER
I20260630 12:17:07.014946 27915 ts_tablet_manager.cc:1434] T 70c3edeccf824635be7faac8c8769da6 P c13e257d92ff4e19afc893937c155343: Time spent starting tablet: real 0.008s	user 0.007s	sys 0.000s
I20260630 12:17:07.014922 27917 consensus_queue.cc:260] T 70c3edeccf824635be7faac8c8769da6 P 3a5dd8c39ac94768973cbd22975f0f1f [NON_LEADER]: Queue going to NON_LEADER mode. State: All replicated index: 0, Majority replicated index: 0, Committed index: 0, Last appended: 0.0, Last appended by leader: 0, Current term: 0, Majority size: -1, State: 0, Mode: NON_LEADER, active raft config: opid_index: -1 OBSOLETE_local: false peers { permanent_uuid: "3a5dd8c39ac94768973cbd22975f0f1f" member_type: VOTER last_known_addr { host: "127.24.121.129" port: 46311 } } peers { permanent_uuid: "c13e257d92ff4e19afc893937c155343" member_type: VOTER last_known_addr { host: "127.24.121.130" port: 41995 } } peers { permanent_uuid: "aada7e4475ee47aaaa9151d5881f7606" member_type: VOTER last_known_addr { host: "127.24.121.131" port: 33489 } }
I20260630 12:17:07.015206 27914 consensus_queue.cc:260] T f37cd5ec23ec4d0698e95e46eea0b5ab P aada7e4475ee47aaaa9151d5881f7606 [NON_LEADER]: Queue going to NON_LEADER mode. State: All replicated index: 0, Majority replicated index: 0, Committed index: 0, Last appended: 0.0, Last appended by leader: 0, Current term: 0, Majority size: -1, State: 0, Mode: NON_LEADER, active raft config: opid_index: -1 OBSOLETE_local: false peers { permanent_uuid: "3a5dd8c39ac94768973cbd22975f0f1f" member_type: VOTER last_known_addr { host: "127.24.121.129" port: 46311 } } peers { permanent_uuid: "c13e257d92ff4e19afc893937c155343" member_type: VOTER last_known_addr { host: "127.24.121.130" port: 41995 } } peers { permanent_uuid: "aada7e4475ee47aaaa9151d5881f7606" member_type: VOTER last_known_addr { host: "127.24.121.131" port: 33489 } }
I20260630 12:17:07.016758 27915 tablet_bootstrap.cc:492] T c3e2b7071ead44148309a9bf2021eb1f P c13e257d92ff4e19afc893937c155343: Bootstrap starting.
I20260630 12:17:07.017584 27917 ts_tablet_manager.cc:1434] T 70c3edeccf824635be7faac8c8769da6 P 3a5dd8c39ac94768973cbd22975f0f1f: Time spent starting tablet: real 0.008s	user 0.007s	sys 0.000s
I20260630 12:17:07.018041 27914 ts_tablet_manager.cc:1434] T f37cd5ec23ec4d0698e95e46eea0b5ab P aada7e4475ee47aaaa9151d5881f7606: Time spent starting tablet: real 0.007s	user 0.007s	sys 0.000s
I20260630 12:17:07.018801 27917 tablet_bootstrap.cc:492] T c3e2b7071ead44148309a9bf2021eb1f P 3a5dd8c39ac94768973cbd22975f0f1f: Bootstrap starting.
I20260630 12:17:07.019162 27914 tablet_bootstrap.cc:492] T c3e2b7071ead44148309a9bf2021eb1f P aada7e4475ee47aaaa9151d5881f7606: Bootstrap starting.
I20260630 12:17:07.026046 27917 tablet_bootstrap.cc:654] T c3e2b7071ead44148309a9bf2021eb1f P 3a5dd8c39ac94768973cbd22975f0f1f: Neither blocks nor log segments found. Creating new log.
I20260630 12:17:07.026160 27914 tablet_bootstrap.cc:654] T c3e2b7071ead44148309a9bf2021eb1f P aada7e4475ee47aaaa9151d5881f7606: Neither blocks nor log segments found. Creating new log.
I20260630 12:17:07.030453 27915 tablet_bootstrap.cc:654] T c3e2b7071ead44148309a9bf2021eb1f P c13e257d92ff4e19afc893937c155343: Neither blocks nor log segments found. Creating new log.
I20260630 12:17:07.033885 27917 tablet_bootstrap.cc:492] T c3e2b7071ead44148309a9bf2021eb1f P 3a5dd8c39ac94768973cbd22975f0f1f: No bootstrap required, opened a new log
I20260630 12:17:07.034467 27917 ts_tablet_manager.cc:1403] T c3e2b7071ead44148309a9bf2021eb1f P 3a5dd8c39ac94768973cbd22975f0f1f: Time spent bootstrapping tablet: real 0.016s	user 0.010s	sys 0.003s
I20260630 12:17:07.036829 27917 raft_consensus.cc:359] T c3e2b7071ead44148309a9bf2021eb1f P 3a5dd8c39ac94768973cbd22975f0f1f [term 0 FOLLOWER]: Replica starting. Triggering 0 pending ops. Active config: opid_index: -1 OBSOLETE_local: false peers { permanent_uuid: "3a5dd8c39ac94768973cbd22975f0f1f" member_type: VOTER last_known_addr { host: "127.24.121.129" port: 46311 } } peers { permanent_uuid: "c13e257d92ff4e19afc893937c155343" member_type: VOTER last_known_addr { host: "127.24.121.130" port: 41995 } } peers { permanent_uuid: "aada7e4475ee47aaaa9151d5881f7606" member_type: VOTER last_known_addr { host: "127.24.121.131" port: 33489 } }
I20260630 12:17:07.037436 27917 raft_consensus.cc:385] T c3e2b7071ead44148309a9bf2021eb1f P 3a5dd8c39ac94768973cbd22975f0f1f [term 0 FOLLOWER]: Consensus starting up: Expiring failure detector timer to make a prompt election more likely
I20260630 12:17:07.037794 27917 raft_consensus.cc:740] T c3e2b7071ead44148309a9bf2021eb1f P 3a5dd8c39ac94768973cbd22975f0f1f [term 0 FOLLOWER]: Becoming Follower/Learner. State: Replica: 3a5dd8c39ac94768973cbd22975f0f1f, State: Initialized, Role: FOLLOWER
I20260630 12:17:07.038753 27917 consensus_queue.cc:260] T c3e2b7071ead44148309a9bf2021eb1f P 3a5dd8c39ac94768973cbd22975f0f1f [NON_LEADER]: Queue going to NON_LEADER mode. State: All replicated index: 0, Majority replicated index: 0, Committed index: 0, Last appended: 0.0, Last appended by leader: 0, Current term: 0, Majority size: -1, State: 0, Mode: NON_LEADER, active raft config: opid_index: -1 OBSOLETE_local: false peers { permanent_uuid: "3a5dd8c39ac94768973cbd22975f0f1f" member_type: VOTER last_known_addr { host: "127.24.121.129" port: 46311 } } peers { permanent_uuid: "c13e257d92ff4e19afc893937c155343" member_type: VOTER last_known_addr { host: "127.24.121.130" port: 41995 } } peers { permanent_uuid: "aada7e4475ee47aaaa9151d5881f7606" member_type: VOTER last_known_addr { host: "127.24.121.131" port: 33489 } }
I20260630 12:17:07.040315 27914 tablet_bootstrap.cc:492] T c3e2b7071ead44148309a9bf2021eb1f P aada7e4475ee47aaaa9151d5881f7606: No bootstrap required, opened a new log
I20260630 12:17:07.040315 27915 tablet_bootstrap.cc:492] T c3e2b7071ead44148309a9bf2021eb1f P c13e257d92ff4e19afc893937c155343: No bootstrap required, opened a new log
I20260630 12:17:07.040840 27917 ts_tablet_manager.cc:1434] T c3e2b7071ead44148309a9bf2021eb1f P 3a5dd8c39ac94768973cbd22975f0f1f: Time spent starting tablet: real 0.006s	user 0.003s	sys 0.000s
I20260630 12:17:07.041142 27915 ts_tablet_manager.cc:1403] T c3e2b7071ead44148309a9bf2021eb1f P c13e257d92ff4e19afc893937c155343: Time spent bootstrapping tablet: real 0.025s	user 0.012s	sys 0.004s
I20260630 12:17:07.041107 27914 ts_tablet_manager.cc:1403] T c3e2b7071ead44148309a9bf2021eb1f P aada7e4475ee47aaaa9151d5881f7606: Time spent bootstrapping tablet: real 0.022s	user 0.015s	sys 0.003s
I20260630 12:17:07.042001 27917 tablet_bootstrap.cc:492] T f37cd5ec23ec4d0698e95e46eea0b5ab P 3a5dd8c39ac94768973cbd22975f0f1f: Bootstrap starting.
I20260630 12:17:07.044412 27915 raft_consensus.cc:359] T c3e2b7071ead44148309a9bf2021eb1f P c13e257d92ff4e19afc893937c155343 [term 0 FOLLOWER]: Replica starting. Triggering 0 pending ops. Active config: opid_index: -1 OBSOLETE_local: false peers { permanent_uuid: "3a5dd8c39ac94768973cbd22975f0f1f" member_type: VOTER last_known_addr { host: "127.24.121.129" port: 46311 } } peers { permanent_uuid: "c13e257d92ff4e19afc893937c155343" member_type: VOTER last_known_addr { host: "127.24.121.130" port: 41995 } } peers { permanent_uuid: "aada7e4475ee47aaaa9151d5881f7606" member_type: VOTER last_known_addr { host: "127.24.121.131" port: 33489 } }
I20260630 12:17:07.044893 27914 raft_consensus.cc:359] T c3e2b7071ead44148309a9bf2021eb1f P aada7e4475ee47aaaa9151d5881f7606 [term 0 FOLLOWER]: Replica starting. Triggering 0 pending ops. Active config: opid_index: -1 OBSOLETE_local: false peers { permanent_uuid: "3a5dd8c39ac94768973cbd22975f0f1f" member_type: VOTER last_known_addr { host: "127.24.121.129" port: 46311 } } peers { permanent_uuid: "c13e257d92ff4e19afc893937c155343" member_type: VOTER last_known_addr { host: "127.24.121.130" port: 41995 } } peers { permanent_uuid: "aada7e4475ee47aaaa9151d5881f7606" member_type: VOTER last_known_addr { host: "127.24.121.131" port: 33489 } }
I20260630 12:17:07.045758 27914 raft_consensus.cc:385] T c3e2b7071ead44148309a9bf2021eb1f P aada7e4475ee47aaaa9151d5881f7606 [term 0 FOLLOWER]: Consensus starting up: Expiring failure detector timer to make a prompt election more likely
I20260630 12:17:07.045383 27915 raft_consensus.cc:385] T c3e2b7071ead44148309a9bf2021eb1f P c13e257d92ff4e19afc893937c155343 [term 0 FOLLOWER]: Consensus starting up: Expiring failure detector timer to make a prompt election more likely
I20260630 12:17:07.046183 27914 raft_consensus.cc:740] T c3e2b7071ead44148309a9bf2021eb1f P aada7e4475ee47aaaa9151d5881f7606 [term 0 FOLLOWER]: Becoming Follower/Learner. State: Replica: aada7e4475ee47aaaa9151d5881f7606, State: Initialized, Role: FOLLOWER
I20260630 12:17:07.046293 27915 raft_consensus.cc:740] T c3e2b7071ead44148309a9bf2021eb1f P c13e257d92ff4e19afc893937c155343 [term 0 FOLLOWER]: Becoming Follower/Learner. State: Replica: c13e257d92ff4e19afc893937c155343, State: Initialized, Role: FOLLOWER
I20260630 12:17:07.047300 27915 consensus_queue.cc:260] T c3e2b7071ead44148309a9bf2021eb1f P c13e257d92ff4e19afc893937c155343 [NON_LEADER]: Queue going to NON_LEADER mode. State: All replicated index: 0, Majority replicated index: 0, Committed index: 0, Last appended: 0.0, Last appended by leader: 0, Current term: 0, Majority size: -1, State: 0, Mode: NON_LEADER, active raft config: opid_index: -1 OBSOLETE_local: false peers { permanent_uuid: "3a5dd8c39ac94768973cbd22975f0f1f" member_type: VOTER last_known_addr { host: "127.24.121.129" port: 46311 } } peers { permanent_uuid: "c13e257d92ff4e19afc893937c155343" member_type: VOTER last_known_addr { host: "127.24.121.130" port: 41995 } } peers { permanent_uuid: "aada7e4475ee47aaaa9151d5881f7606" member_type: VOTER last_known_addr { host: "127.24.121.131" port: 33489 } }
I20260630 12:17:07.047420 27914 consensus_queue.cc:260] T c3e2b7071ead44148309a9bf2021eb1f P aada7e4475ee47aaaa9151d5881f7606 [NON_LEADER]: Queue going to NON_LEADER mode. State: All replicated index: 0, Majority replicated index: 0, Committed index: 0, Last appended: 0.0, Last appended by leader: 0, Current term: 0, Majority size: -1, State: 0, Mode: NON_LEADER, active raft config: opid_index: -1 OBSOLETE_local: false peers { permanent_uuid: "3a5dd8c39ac94768973cbd22975f0f1f" member_type: VOTER last_known_addr { host: "127.24.121.129" port: 46311 } } peers { permanent_uuid: "c13e257d92ff4e19afc893937c155343" member_type: VOTER last_known_addr { host: "127.24.121.130" port: 41995 } } peers { permanent_uuid: "aada7e4475ee47aaaa9151d5881f7606" member_type: VOTER last_known_addr { host: "127.24.121.131" port: 33489 } }
I20260630 12:17:07.049309 27917 tablet_bootstrap.cc:654] T f37cd5ec23ec4d0698e95e46eea0b5ab P 3a5dd8c39ac94768973cbd22975f0f1f: Neither blocks nor log segments found. Creating new log.
I20260630 12:17:07.049752 27915 ts_tablet_manager.cc:1434] T c3e2b7071ead44148309a9bf2021eb1f P c13e257d92ff4e19afc893937c155343: Time spent starting tablet: real 0.008s	user 0.002s	sys 0.004s
I20260630 12:17:07.051070 27915 tablet_bootstrap.cc:492] T 56d3431b861e4c75995428a569a318f8 P c13e257d92ff4e19afc893937c155343: Bootstrap starting.
I20260630 12:17:07.053745 27914 ts_tablet_manager.cc:1434] T c3e2b7071ead44148309a9bf2021eb1f P aada7e4475ee47aaaa9151d5881f7606: Time spent starting tablet: real 0.012s	user 0.006s	sys 0.001s
I20260630 12:17:07.059227 27917 tablet_bootstrap.cc:492] T f37cd5ec23ec4d0698e95e46eea0b5ab P 3a5dd8c39ac94768973cbd22975f0f1f: No bootstrap required, opened a new log
I20260630 12:17:07.059796 27917 ts_tablet_manager.cc:1403] T f37cd5ec23ec4d0698e95e46eea0b5ab P 3a5dd8c39ac94768973cbd22975f0f1f: Time spent bootstrapping tablet: real 0.018s	user 0.005s	sys 0.007s
I20260630 12:17:07.062974 27915 tablet_bootstrap.cc:654] T 56d3431b861e4c75995428a569a318f8 P c13e257d92ff4e19afc893937c155343: Neither blocks nor log segments found. Creating new log.
I20260630 12:17:07.062773 27917 raft_consensus.cc:359] T f37cd5ec23ec4d0698e95e46eea0b5ab P 3a5dd8c39ac94768973cbd22975f0f1f [term 0 FOLLOWER]: Replica starting. Triggering 0 pending ops. Active config: opid_index: -1 OBSOLETE_local: false peers { permanent_uuid: "3a5dd8c39ac94768973cbd22975f0f1f" member_type: VOTER last_known_addr { host: "127.24.121.129" port: 46311 } } peers { permanent_uuid: "c13e257d92ff4e19afc893937c155343" member_type: VOTER last_known_addr { host: "127.24.121.130" port: 41995 } } peers { permanent_uuid: "aada7e4475ee47aaaa9151d5881f7606" member_type: VOTER last_known_addr { host: "127.24.121.131" port: 33489 } }
I20260630 12:17:07.063591 27917 raft_consensus.cc:385] T f37cd5ec23ec4d0698e95e46eea0b5ab P 3a5dd8c39ac94768973cbd22975f0f1f [term 0 FOLLOWER]: Consensus starting up: Expiring failure detector timer to make a prompt election more likely
I20260630 12:17:07.063987 27917 raft_consensus.cc:740] T f37cd5ec23ec4d0698e95e46eea0b5ab P 3a5dd8c39ac94768973cbd22975f0f1f [term 0 FOLLOWER]: Becoming Follower/Learner. State: Replica: 3a5dd8c39ac94768973cbd22975f0f1f, State: Initialized, Role: FOLLOWER
I20260630 12:17:07.064999 27917 consensus_queue.cc:260] T f37cd5ec23ec4d0698e95e46eea0b5ab P 3a5dd8c39ac94768973cbd22975f0f1f [NON_LEADER]: Queue going to NON_LEADER mode. State: All replicated index: 0, Majority replicated index: 0, Committed index: 0, Last appended: 0.0, Last appended by leader: 0, Current term: 0, Majority size: -1, State: 0, Mode: NON_LEADER, active raft config: opid_index: -1 OBSOLETE_local: false peers { permanent_uuid: "3a5dd8c39ac94768973cbd22975f0f1f" member_type: VOTER last_known_addr { host: "127.24.121.129" port: 46311 } } peers { permanent_uuid: "c13e257d92ff4e19afc893937c155343" member_type: VOTER last_known_addr { host: "127.24.121.130" port: 41995 } } peers { permanent_uuid: "aada7e4475ee47aaaa9151d5881f7606" member_type: VOTER last_known_addr { host: "127.24.121.131" port: 33489 } }
I20260630 12:17:07.067241 27917 ts_tablet_manager.cc:1434] T f37cd5ec23ec4d0698e95e46eea0b5ab P 3a5dd8c39ac94768973cbd22975f0f1f: Time spent starting tablet: real 0.007s	user 0.008s	sys 0.000s
I20260630 12:17:07.068732 27915 tablet_bootstrap.cc:492] T 56d3431b861e4c75995428a569a318f8 P c13e257d92ff4e19afc893937c155343: No bootstrap required, opened a new log
I20260630 12:17:07.069203 27915 ts_tablet_manager.cc:1403] T 56d3431b861e4c75995428a569a318f8 P c13e257d92ff4e19afc893937c155343: Time spent bootstrapping tablet: real 0.018s	user 0.007s	sys 0.004s
I20260630 12:17:07.071606 27915 raft_consensus.cc:359] T 56d3431b861e4c75995428a569a318f8 P c13e257d92ff4e19afc893937c155343 [term 0 FOLLOWER]: Replica starting. Triggering 0 pending ops. Active config: opid_index: -1 OBSOLETE_local: false peers { permanent_uuid: "aada7e4475ee47aaaa9151d5881f7606" member_type: VOTER last_known_addr { host: "127.24.121.131" port: 33489 } } peers { permanent_uuid: "3a5dd8c39ac94768973cbd22975f0f1f" member_type: VOTER last_known_addr { host: "127.24.121.129" port: 46311 } } peers { permanent_uuid: "c13e257d92ff4e19afc893937c155343" member_type: VOTER last_known_addr { host: "127.24.121.130" port: 41995 } }
I20260630 12:17:07.072329 27915 raft_consensus.cc:385] T 56d3431b861e4c75995428a569a318f8 P c13e257d92ff4e19afc893937c155343 [term 0 FOLLOWER]: Consensus starting up: Expiring failure detector timer to make a prompt election more likely
