I20260630 12:17:12.560709 16913 consensus_queue.cc:1048] T b8912f6802614ffea54e7bfda76aa334 P 5a5f085c4c1c451e820daa46f5bdb166 [LEADER]: Connected to new peer: Peer: permanent_uuid: "9b702439a1394024b2560e0ec0741b10" member_type: VOTER last_known_addr { host: "127.13.39.193" port: 35185 } attrs { replace: true }, Status: LMP_MISMATCH, Last received: 0.0, Next index: 3, Last known committed idx: 2, Time since last communication: 0.025s
I20260630 12:17:12.609624 16458 raft_consensus.cc:2955] T 960c25c164db4aab91f0ca4f851664db P 9b702439a1394024b2560e0ec0741b10 [term 1 FOLLOWER]: Committing config change with OpId 1.3: config changed from index 2 to 3, 0e928f0150c24dc38efd83b8efbc3623 (127.13.39.196) changed from NON_VOTER to VOTER. New config: { opid_index: 3 OBSOLETE_local: false peers { permanent_uuid: "427ee0d319304d1a9be968bcab359236" member_type: VOTER last_known_addr { host: "127.13.39.194" port: 36241 } } peers { permanent_uuid: "5a5f085c4c1c451e820daa46f5bdb166" member_type: VOTER last_known_addr { host: "127.13.39.195" port: 34835 } attrs { replace: true } } peers { permanent_uuid: "9b702439a1394024b2560e0ec0741b10" member_type: VOTER last_known_addr { host: "127.13.39.193" port: 35185 } } peers { permanent_uuid: "0e928f0150c24dc38efd83b8efbc3623" member_type: VOTER last_known_addr { host: "127.13.39.196" port: 41025 } attrs { promote: false } } }
I20260630 12:17:12.640894 16945 ts_tablet_manager.cc:1929] T d057bca1f06941fca61a55555e8bcdb6 P 9b702439a1394024b2560e0ec0741b10: tablet deleted with delete type TABLET_DATA_TOMBSTONED: last-logged OpId 1.3
I20260630 12:17:12.641507 16945 log.cc:1199] T d057bca1f06941fca61a55555e8bcdb6 P 9b702439a1394024b2560e0ec0741b10: Deleting WAL directory at /tmp/dist-test-taskfmvpFR/test-tmp/auto_rebalancer-test.0.AutoRebalancerTest.RangeAwareRebalancesNewRangeReplicas.1782821742521231-13471-0/minicluster-data/ts-0-root/wals/d057bca1f06941fca61a55555e8bcdb6
I20260630 12:17:12.643975 16344 catalog_manager.cc:5028] TS 9b702439a1394024b2560e0ec0741b10 (127.13.39.193:35185): tablet d057bca1f06941fca61a55555e8bcdb6 (table range_aware_rebalance_new_range [id=8d8a0e9b08b04591a55cf2c2fb36578e]) successfully deleted
I20260630 12:17:12.743109 16914 raft_consensus.cc:2955] T b8912f6802614ffea54e7bfda76aa334 P 5a5f085c4c1c451e820daa46f5bdb166 [term 1 LEADER]: Committing config change with OpId 1.3: config changed from index 2 to 3, 0e928f0150c24dc38efd83b8efbc3623 (127.13.39.196) changed from NON_VOTER to VOTER. New config: { opid_index: 3 OBSOLETE_local: false peers { permanent_uuid: "427ee0d319304d1a9be968bcab359236" member_type: VOTER last_known_addr { host: "127.13.39.194" port: 36241 } } peers { permanent_uuid: "9b702439a1394024b2560e0ec0741b10" member_type: VOTER last_known_addr { host: "127.13.39.193" port: 35185 } attrs { replace: true } } peers { permanent_uuid: "5a5f085c4c1c451e820daa46f5bdb166" member_type: VOTER last_known_addr { host: "127.13.39.195" port: 34835 } } peers { permanent_uuid: "0e928f0150c24dc38efd83b8efbc3623" member_type: VOTER last_known_addr { host: "127.13.39.196" port: 41025 } attrs { promote: false } } }
I20260630 12:17:12.758746 16456 raft_consensus.cc:2955] T b8912f6802614ffea54e7bfda76aa334 P 9b702439a1394024b2560e0ec0741b10 [term 1 FOLLOWER]: Committing config change with OpId 1.3: config changed from index 2 to 3, 0e928f0150c24dc38efd83b8efbc3623 (127.13.39.196) changed from NON_VOTER to VOTER. New config: { opid_index: 3 OBSOLETE_local: false peers { permanent_uuid: "427ee0d319304d1a9be968bcab359236" member_type: VOTER last_known_addr { host: "127.13.39.194" port: 36241 } } peers { permanent_uuid: "9b702439a1394024b2560e0ec0741b10" member_type: VOTER last_known_addr { host: "127.13.39.193" port: 35185 } attrs { replace: true } } peers { permanent_uuid: "5a5f085c4c1c451e820daa46f5bdb166" member_type: VOTER last_known_addr { host: "127.13.39.195" port: 34835 } } peers { permanent_uuid: "0e928f0150c24dc38efd83b8efbc3623" member_type: VOTER last_known_addr { host: "127.13.39.196" port: 41025 } attrs { promote: false } } }
I20260630 12:17:12.762701 16758 raft_consensus.cc:2955] T b8912f6802614ffea54e7bfda76aa334 P 0e928f0150c24dc38efd83b8efbc3623 [term 1 FOLLOWER]: Committing config change with OpId 1.3: config changed from index 2 to 3, 0e928f0150c24dc38efd83b8efbc3623 (127.13.39.196) changed from NON_VOTER to VOTER. New config: { opid_index: 3 OBSOLETE_local: false peers { permanent_uuid: "427ee0d319304d1a9be968bcab359236" member_type: VOTER last_known_addr { host: "127.13.39.194" port: 36241 } } peers { permanent_uuid: "9b702439a1394024b2560e0ec0741b10" member_type: VOTER last_known_addr { host: "127.13.39.193" port: 35185 } attrs { replace: true } } peers { permanent_uuid: "5a5f085c4c1c451e820daa46f5bdb166" member_type: VOTER last_known_addr { host: "127.13.39.195" port: 34835 } } peers { permanent_uuid: "0e928f0150c24dc38efd83b8efbc3623" member_type: VOTER last_known_addr { host: "127.13.39.196" port: 41025 } attrs { promote: false } } }
I20260630 12:17:12.767786 16604 consensus_queue.cc:237] T 295745ef4c9546fcb0e66828e20ce877 P 5a5f085c4c1c451e820daa46f5bdb166 [LEADER]: Queue going to LEADER mode. State: All replicated index: 0, Majority replicated index: 3, Committed index: 3, Last appended: 1.3, Last appended by leader: 0, Current term: 1, Majority size: 2, State: 0, Mode: LEADER, active raft config: opid_index: 4 OBSOLETE_local: false peers { permanent_uuid: "9b702439a1394024b2560e0ec0741b10" member_type: VOTER last_known_addr { host: "127.13.39.193" port: 35185 } } peers { permanent_uuid: "5a5f085c4c1c451e820daa46f5bdb166" member_type: VOTER last_known_addr { host: "127.13.39.195" port: 34835 } } peers { permanent_uuid: "0e928f0150c24dc38efd83b8efbc3623" member_type: VOTER last_known_addr { host: "127.13.39.196" port: 41025 } attrs { promote: false } }
I20260630 12:17:12.768674 16534 raft_consensus.cc:2955] T b8912f6802614ffea54e7bfda76aa334 P 427ee0d319304d1a9be968bcab359236 [term 1 FOLLOWER]: Committing config change with OpId 1.3: config changed from index 2 to 3, 0e928f0150c24dc38efd83b8efbc3623 (127.13.39.196) changed from NON_VOTER to VOTER. New config: { opid_index: 3 OBSOLETE_local: false peers { permanent_uuid: "427ee0d319304d1a9be968bcab359236" member_type: VOTER last_known_addr { host: "127.13.39.194" port: 36241 } } peers { permanent_uuid: "9b702439a1394024b2560e0ec0741b10" member_type: VOTER last_known_addr { host: "127.13.39.193" port: 35185 } attrs { replace: true } } peers { permanent_uuid: "5a5f085c4c1c451e820daa46f5bdb166" member_type: VOTER last_known_addr { host: "127.13.39.195" port: 34835 } } peers { permanent_uuid: "0e928f0150c24dc38efd83b8efbc3623" member_type: VOTER last_known_addr { host: "127.13.39.196" port: 41025 } attrs { promote: false } } }
I20260630 12:17:12.774175 16357 catalog_manager.cc:5697] T b8912f6802614ffea54e7bfda76aa334 P 5a5f085c4c1c451e820daa46f5bdb166 reported cstate change: config changed from index 2 to 3, 0e928f0150c24dc38efd83b8efbc3623 (127.13.39.196) changed from NON_VOTER to VOTER. New cstate: current_term: 1 leader_uuid: "5a5f085c4c1c451e820daa46f5bdb166" committed_config { opid_index: 3 OBSOLETE_local: false peers { permanent_uuid: "427ee0d319304d1a9be968bcab359236" member_type: VOTER last_known_addr { host: "127.13.39.194" port: 36241 } health_report { overall_health: HEALTHY } } peers { permanent_uuid: "9b702439a1394024b2560e0ec0741b10" member_type: VOTER last_known_addr { host: "127.13.39.193" port: 35185 } attrs { replace: true } health_report { overall_health: HEALTHY } } peers { permanent_uuid: "5a5f085c4c1c451e820daa46f5bdb166" member_type: VOTER last_known_addr { host: "127.13.39.195" port: 34835 } health_report { overall_health: HEALTHY } } peers { permanent_uuid: "0e928f0150c24dc38efd83b8efbc3623" member_type: VOTER last_known_addr { host: "127.13.39.196" port: 41025 } attrs { promote: false } health_report { overall_health: HEALTHY } } }
I20260630 12:17:12.788738 16757 raft_consensus.cc:1275] T 295745ef4c9546fcb0e66828e20ce877 P 0e928f0150c24dc38efd83b8efbc3623 [term 1 FOLLOWER]: Refusing update from remote peer 5a5f085c4c1c451e820daa46f5bdb166: Log matching property violated. Preceding OpId in replica: term: 1 index: 3. Preceding OpId from leader: term: 1 index: 4. (index mismatch)
I20260630 12:17:12.789324 16607 consensus_queue.cc:237] T b8912f6802614ffea54e7bfda76aa334 P 5a5f085c4c1c451e820daa46f5bdb166 [LEADER]: Queue going to LEADER mode. State: All replicated index: 0, Majority replicated index: 3, Committed index: 3, Last appended: 1.3, Last appended by leader: 0, Current term: 1, Majority size: 2, State: 0, Mode: LEADER, active raft config: opid_index: 4 OBSOLETE_local: false peers { permanent_uuid: "427ee0d319304d1a9be968bcab359236" member_type: VOTER last_known_addr { host: "127.13.39.194" port: 36241 } } peers { permanent_uuid: "5a5f085c4c1c451e820daa46f5bdb166" member_type: VOTER last_known_addr { host: "127.13.39.195" port: 34835 } } peers { permanent_uuid: "0e928f0150c24dc38efd83b8efbc3623" member_type: VOTER last_known_addr { host: "127.13.39.196" port: 41025 } attrs { promote: false } }
I20260630 12:17:12.790751 16935 consensus_queue.cc:1048] T 295745ef4c9546fcb0e66828e20ce877 P 5a5f085c4c1c451e820daa46f5bdb166 [LEADER]: Connected to new peer: Peer: permanent_uuid: "0e928f0150c24dc38efd83b8efbc3623" member_type: VOTER last_known_addr { host: "127.13.39.196" port: 41025 } attrs { promote: false }, Status: LMP_MISMATCH, Last received: 0.0, Next index: 4, Last known committed idx: 3, Time since last communication: 0.001s
I20260630 12:17:12.798166 16532 raft_consensus.cc:1275] T b8912f6802614ffea54e7bfda76aa334 P 427ee0d319304d1a9be968bcab359236 [term 1 FOLLOWER]: Refusing update from remote peer 5a5f085c4c1c451e820daa46f5bdb166: Log matching property violated. Preceding OpId in replica: term: 1 index: 3. Preceding OpId from leader: term: 1 index: 4. (index mismatch)
I20260630 12:17:12.799731 16914 consensus_queue.cc:1048] T b8912f6802614ffea54e7bfda76aa334 P 5a5f085c4c1c451e820daa46f5bdb166 [LEADER]: Connected to new peer: Peer: permanent_uuid: "427ee0d319304d1a9be968bcab359236" member_type: VOTER last_known_addr { host: "127.13.39.194" port: 36241 }, Status: LMP_MISMATCH, Last received: 0.0, Next index: 4, Last known committed idx: 3, Time since last communication: 0.000s
I20260630 12:17:12.804247 16457 raft_consensus.cc:1275] T 295745ef4c9546fcb0e66828e20ce877 P 9b702439a1394024b2560e0ec0741b10 [term 1 FOLLOWER]: Refusing update from remote peer 5a5f085c4c1c451e820daa46f5bdb166: Log matching property violated. Preceding OpId in replica: term: 1 index: 3. Preceding OpId from leader: term: 1 index: 4. (index mismatch)
I20260630 12:17:12.804982 16758 raft_consensus.cc:1275] T b8912f6802614ffea54e7bfda76aa334 P 0e928f0150c24dc38efd83b8efbc3623 [term 1 FOLLOWER]: Refusing update from remote peer 5a5f085c4c1c451e820daa46f5bdb166: Log matching property violated. Preceding OpId in replica: term: 1 index: 3. Preceding OpId from leader: term: 1 index: 4. (index mismatch)
I20260630 12:17:12.812553 16935 consensus_queue.cc:1048] T b8912f6802614ffea54e7bfda76aa334 P 5a5f085c4c1c451e820daa46f5bdb166 [LEADER]: Connected to new peer: Peer: permanent_uuid: "0e928f0150c24dc38efd83b8efbc3623" member_type: VOTER last_known_addr { host: "127.13.39.196" port: 41025 } attrs { promote: false }, Status: LMP_MISMATCH, Last received: 0.0, Next index: 4, Last known committed idx: 3, Time since last communication: 0.000s
I20260630 12:17:12.813822 16939 consensus_queue.cc:1048] T 295745ef4c9546fcb0e66828e20ce877 P 5a5f085c4c1c451e820daa46f5bdb166 [LEADER]: Connected to new peer: Peer: permanent_uuid: "9b702439a1394024b2560e0ec0741b10" member_type: VOTER last_known_addr { host: "127.13.39.193" port: 35185 }, Status: LMP_MISMATCH, Last received: 0.0, Next index: 4, Last known committed idx: 3, Time since last communication: 0.000s
I20260630 12:17:12.820045 16935 raft_consensus.cc:2955] T 295745ef4c9546fcb0e66828e20ce877 P 5a5f085c4c1c451e820daa46f5bdb166 [term 1 LEADER]: Committing config change with OpId 1.4: config changed from index 3 to 4, VOTER 427ee0d319304d1a9be968bcab359236 (127.13.39.194) evicted. New config: { opid_index: 4 OBSOLETE_local: false peers { permanent_uuid: "9b702439a1394024b2560e0ec0741b10" member_type: VOTER last_known_addr { host: "127.13.39.193" port: 35185 } } peers { permanent_uuid: "5a5f085c4c1c451e820daa46f5bdb166" member_type: VOTER last_known_addr { host: "127.13.39.195" port: 34835 } } peers { permanent_uuid: "0e928f0150c24dc38efd83b8efbc3623" member_type: VOTER last_known_addr { host: "127.13.39.196" port: 41025 } attrs { promote: false } } }
I20260630 12:17:12.824398 16940 raft_consensus.cc:2955] T b8912f6802614ffea54e7bfda76aa334 P 5a5f085c4c1c451e820daa46f5bdb166 [term 1 LEADER]: Committing config change with OpId 1.4: config changed from index 3 to 4, VOTER 9b702439a1394024b2560e0ec0741b10 (127.13.39.193) evicted. New config: { opid_index: 4 OBSOLETE_local: false peers { permanent_uuid: "427ee0d319304d1a9be968bcab359236" member_type: VOTER last_known_addr { host: "127.13.39.194" port: 36241 } } peers { permanent_uuid: "5a5f085c4c1c451e820daa46f5bdb166" member_type: VOTER last_known_addr { host: "127.13.39.195" port: 34835 } } peers { permanent_uuid: "0e928f0150c24dc38efd83b8efbc3623" member_type: VOTER last_known_addr { host: "127.13.39.196" port: 41025 } attrs { promote: false } } }
I20260630 12:17:12.830641 16534 raft_consensus.cc:2955] T b8912f6802614ffea54e7bfda76aa334 P 427ee0d319304d1a9be968bcab359236 [term 1 FOLLOWER]: Committing config change with OpId 1.4: config changed from index 3 to 4, VOTER 9b702439a1394024b2560e0ec0741b10 (127.13.39.193) evicted. New config: { opid_index: 4 OBSOLETE_local: false peers { permanent_uuid: "427ee0d319304d1a9be968bcab359236" member_type: VOTER last_known_addr { host: "127.13.39.194" port: 36241 } } peers { permanent_uuid: "5a5f085c4c1c451e820daa46f5bdb166" member_type: VOTER last_known_addr { host: "127.13.39.195" port: 34835 } } peers { permanent_uuid: "0e928f0150c24dc38efd83b8efbc3623" member_type: VOTER last_known_addr { host: "127.13.39.196" port: 41025 } attrs { promote: false } } }
I20260630 12:17:12.833842 16456 raft_consensus.cc:2955] T 295745ef4c9546fcb0e66828e20ce877 P 9b702439a1394024b2560e0ec0741b10 [term 1 FOLLOWER]: Committing config change with OpId 1.4: config changed from index 3 to 4, VOTER 427ee0d319304d1a9be968bcab359236 (127.13.39.194) evicted. New config: { opid_index: 4 OBSOLETE_local: false peers { permanent_uuid: "9b702439a1394024b2560e0ec0741b10" member_type: VOTER last_known_addr { host: "127.13.39.193" port: 35185 } } peers { permanent_uuid: "5a5f085c4c1c451e820daa46f5bdb166" member_type: VOTER last_known_addr { host: "127.13.39.195" port: 34835 } } peers { permanent_uuid: "0e928f0150c24dc38efd83b8efbc3623" member_type: VOTER last_known_addr { host: "127.13.39.196" port: 41025 } attrs { promote: false } } }
I20260630 12:17:12.846208 16758 raft_consensus.cc:2955] T b8912f6802614ffea54e7bfda76aa334 P 0e928f0150c24dc38efd83b8efbc3623 [term 1 FOLLOWER]: Committing config change with OpId 1.4: config changed from index 3 to 4, VOTER 9b702439a1394024b2560e0ec0741b10 (127.13.39.193) evicted. New config: { opid_index: 4 OBSOLETE_local: false peers { permanent_uuid: "427ee0d319304d1a9be968bcab359236" member_type: VOTER last_known_addr { host: "127.13.39.194" port: 36241 } } peers { permanent_uuid: "5a5f085c4c1c451e820daa46f5bdb166" member_type: VOTER last_known_addr { host: "127.13.39.195" port: 34835 } } peers { permanent_uuid: "0e928f0150c24dc38efd83b8efbc3623" member_type: VOTER last_known_addr { host: "127.13.39.196" port: 41025 } attrs { promote: false } } }
I20260630 12:17:12.851352 16341 catalog_manager.cc:5210] ChangeConfig:REMOVE_PEER RPC for tablet 295745ef4c9546fcb0e66828e20ce877 with cas_config_opid_index 3: ChangeConfig:REMOVE_PEER succeeded (attempt 1)
I20260630 12:17:12.853797 16341 catalog_manager.cc:5210] ChangeConfig:REMOVE_PEER RPC for tablet b8912f6802614ffea54e7bfda76aa334 with cas_config_opid_index 3: ChangeConfig:REMOVE_PEER succeeded (attempt 1)
I20260630 12:17:12.854553 16354 catalog_manager.cc:5697] T 295745ef4c9546fcb0e66828e20ce877 P 9b702439a1394024b2560e0ec0741b10 reported cstate change: config changed from index 3 to 4, VOTER 427ee0d319304d1a9be968bcab359236 (127.13.39.194) evicted. New cstate: current_term: 1 leader_uuid: "5a5f085c4c1c451e820daa46f5bdb166" committed_config { opid_index: 4 OBSOLETE_local: false peers { permanent_uuid: "9b702439a1394024b2560e0ec0741b10" member_type: VOTER last_known_addr { host: "127.13.39.193" port: 35185 } } peers { permanent_uuid: "5a5f085c4c1c451e820daa46f5bdb166" member_type: VOTER last_known_addr { host: "127.13.39.195" port: 34835 } } peers { permanent_uuid: "0e928f0150c24dc38efd83b8efbc3623" member_type: VOTER last_known_addr { host: "127.13.39.196" port: 41025 } attrs { promote: false } } }
I20260630 12:17:12.857384 16353 catalog_manager.cc:5697] T b8912f6802614ffea54e7bfda76aa334 P 427ee0d319304d1a9be968bcab359236 reported cstate change: config changed from index 3 to 4, VOTER 9b702439a1394024b2560e0ec0741b10 (127.13.39.193) evicted. New cstate: current_term: 1 leader_uuid: "5a5f085c4c1c451e820daa46f5bdb166" committed_config { opid_index: 4 OBSOLETE_local: false peers { permanent_uuid: "427ee0d319304d1a9be968bcab359236" member_type: VOTER last_known_addr { host: "127.13.39.194" port: 36241 } } peers { permanent_uuid: "5a5f085c4c1c451e820daa46f5bdb166" member_type: VOTER last_known_addr { host: "127.13.39.195" port: 34835 } } peers { permanent_uuid: "0e928f0150c24dc38efd83b8efbc3623" member_type: VOTER last_known_addr { host: "127.13.39.196" port: 41025 } attrs { promote: false } } }
I20260630 12:17:12.857560 16757 raft_consensus.cc:2955] T 295745ef4c9546fcb0e66828e20ce877 P 0e928f0150c24dc38efd83b8efbc3623 [term 1 FOLLOWER]: Committing config change with OpId 1.4: config changed from index 3 to 4, VOTER 427ee0d319304d1a9be968bcab359236 (127.13.39.194) evicted. New config: { opid_index: 4 OBSOLETE_local: false peers { permanent_uuid: "9b702439a1394024b2560e0ec0741b10" member_type: VOTER last_known_addr { host: "127.13.39.193" port: 35185 } } peers { permanent_uuid: "5a5f085c4c1c451e820daa46f5bdb166" member_type: VOTER last_known_addr { host: "127.13.39.195" port: 34835 } } peers { permanent_uuid: "0e928f0150c24dc38efd83b8efbc3623" member_type: VOTER last_known_addr { host: "127.13.39.196" port: 41025 } attrs { promote: false } } }
I20260630 12:17:12.878496 16449 tablet_service.cc:1558] Processing DeleteTablet for tablet b8912f6802614ffea54e7bfda76aa334 with delete_type TABLET_DATA_TOMBSTONED (TS 9b702439a1394024b2560e0ec0741b10 not found in new config with opid_index 4) from {username='slave'} at 127.0.0.1:45638
I20260630 12:17:12.879420 16945 tablet_replica.cc:333] T b8912f6802614ffea54e7bfda76aa334 P 9b702439a1394024b2560e0ec0741b10: stopping tablet replica
I20260630 12:17:12.880412 16945 raft_consensus.cc:2243] T b8912f6802614ffea54e7bfda76aa334 P 9b702439a1394024b2560e0ec0741b10 [term 1 FOLLOWER]: Raft consensus shutting down.
I20260630 12:17:12.881186 16945 raft_consensus.cc:2272] T b8912f6802614ffea54e7bfda76aa334 P 9b702439a1394024b2560e0ec0741b10 [term 1 FOLLOWER]: Raft consensus is shut down!
I20260630 12:17:12.886639 16945 ts_tablet_manager.cc:1916] T b8912f6802614ffea54e7bfda76aa334 P 9b702439a1394024b2560e0ec0741b10: Deleting tablet data with delete state TABLET_DATA_TOMBSTONED
I20260630 12:17:12.889928 16518 tablet_service.cc:1558] Processing DeleteTablet for tablet 295745ef4c9546fcb0e66828e20ce877 with delete_type TABLET_DATA_TOMBSTONED (TS 427ee0d319304d1a9be968bcab359236 not found in new config with opid_index 4) from {username='slave'} at 127.0.0.1:36948
I20260630 12:17:12.891986 16967 tablet_replica.cc:333] T 295745ef4c9546fcb0e66828e20ce877 P 427ee0d319304d1a9be968bcab359236: stopping tablet replica
I20260630 12:17:12.892990 16967 raft_consensus.cc:2243] T 295745ef4c9546fcb0e66828e20ce877 P 427ee0d319304d1a9be968bcab359236 [term 1 FOLLOWER]: Raft consensus shutting down.
I20260630 12:17:12.893688 16967 raft_consensus.cc:2272] T 295745ef4c9546fcb0e66828e20ce877 P 427ee0d319304d1a9be968bcab359236 [term 1 FOLLOWER]: Raft consensus is shut down!
I20260630 12:17:12.901294 16945 ts_tablet_manager.cc:1929] T b8912f6802614ffea54e7bfda76aa334 P 9b702439a1394024b2560e0ec0741b10: tablet deleted with delete type TABLET_DATA_TOMBSTONED: last-logged OpId 1.3
I20260630 12:17:12.901741 16945 log.cc:1199] T b8912f6802614ffea54e7bfda76aa334 P 9b702439a1394024b2560e0ec0741b10: Deleting WAL directory at /tmp/dist-test-taskfmvpFR/test-tmp/auto_rebalancer-test.0.AutoRebalancerTest.RangeAwareRebalancesNewRangeReplicas.1782821742521231-13471-0/minicluster-data/ts-0-root/wals/b8912f6802614ffea54e7bfda76aa334
I20260630 12:17:12.903755 16344 catalog_manager.cc:5028] TS 9b702439a1394024b2560e0ec0741b10 (127.13.39.193:35185): tablet b8912f6802614ffea54e7bfda76aa334 (table range_aware_rebalance_new_range [id=8d8a0e9b08b04591a55cf2c2fb36578e]) successfully deleted
I20260630 12:17:12.905475 16967 ts_tablet_manager.cc:1916] T 295745ef4c9546fcb0e66828e20ce877 P 427ee0d319304d1a9be968bcab359236: Deleting tablet data with delete state TABLET_DATA_TOMBSTONED
I20260630 12:17:12.919142 16967 ts_tablet_manager.cc:1929] T 295745ef4c9546fcb0e66828e20ce877 P 427ee0d319304d1a9be968bcab359236: tablet deleted with delete type TABLET_DATA_TOMBSTONED: last-logged OpId 1.3
I20260630 12:17:12.919628 16967 log.cc:1199] T 295745ef4c9546fcb0e66828e20ce877 P 427ee0d319304d1a9be968bcab359236: Deleting WAL directory at /tmp/dist-test-taskfmvpFR/test-tmp/auto_rebalancer-test.0.AutoRebalancerTest.RangeAwareRebalancesNewRangeReplicas.1782821742521231-13471-0/minicluster-data/ts-1-root/wals/295745ef4c9546fcb0e66828e20ce877
I20260630 12:17:12.921521 16343 catalog_manager.cc:5028] TS 427ee0d319304d1a9be968bcab359236 (127.13.39.194:36241): tablet 295745ef4c9546fcb0e66828e20ce877 (table range_aware_rebalance_new_range [id=8d8a0e9b08b04591a55cf2c2fb36578e]) successfully deleted
I20260630 12:17:13.059397 16534 consensus_queue.cc:237] T 960c25c164db4aab91f0ca4f851664db P 427ee0d319304d1a9be968bcab359236 [LEADER]: Queue going to LEADER mode. State: All replicated index: 0, Majority replicated index: 3, Committed index: 3, Last appended: 1.3, Last appended by leader: 0, Current term: 1, Majority size: 2, State: 0, Mode: LEADER, active raft config: opid_index: 4 OBSOLETE_local: false peers { permanent_uuid: "427ee0d319304d1a9be968bcab359236" member_type: VOTER last_known_addr { host: "127.13.39.194" port: 36241 } } peers { permanent_uuid: "9b702439a1394024b2560e0ec0741b10" member_type: VOTER last_known_addr { host: "127.13.39.193" port: 35185 } } peers { permanent_uuid: "0e928f0150c24dc38efd83b8efbc3623" member_type: VOTER last_known_addr { host: "127.13.39.196" port: 41025 } attrs { promote: false } }
I20260630 12:17:13.067041 16757 raft_consensus.cc:1275] T 960c25c164db4aab91f0ca4f851664db P 0e928f0150c24dc38efd83b8efbc3623 [term 1 FOLLOWER]: Refusing update from remote peer 427ee0d319304d1a9be968bcab359236: Log matching property violated. Preceding OpId in replica: term: 1 index: 3. Preceding OpId from leader: term: 1 index: 4. (index mismatch)
I20260630 12:17:13.068534 16456 raft_consensus.cc:1275] T 960c25c164db4aab91f0ca4f851664db P 9b702439a1394024b2560e0ec0741b10 [term 1 FOLLOWER]: Refusing update from remote peer 427ee0d319304d1a9be968bcab359236: Log matching property violated. Preceding OpId in replica: term: 1 index: 3. Preceding OpId from leader: term: 1 index: 4. (index mismatch)
I20260630 12:17:13.070446 16968 consensus_queue.cc:1048] T 960c25c164db4aab91f0ca4f851664db P 427ee0d319304d1a9be968bcab359236 [LEADER]: Connected to new peer: Peer: permanent_uuid: "0e928f0150c24dc38efd83b8efbc3623" member_type: VOTER last_known_addr { host: "127.13.39.196" port: 41025 } attrs { promote: false }, Status: LMP_MISMATCH, Last received: 0.0, Next index: 4, Last known committed idx: 3, Time since last communication: 0.000s
I20260630 12:17:13.071408 16950 consensus_queue.cc:1048] T 960c25c164db4aab91f0ca4f851664db P 427ee0d319304d1a9be968bcab359236 [LEADER]: Connected to new peer: Peer: permanent_uuid: "9b702439a1394024b2560e0ec0741b10" member_type: VOTER last_known_addr { host: "127.13.39.193" port: 35185 }, Status: LMP_MISMATCH, Last received: 0.0, Next index: 4, Last known committed idx: 3, Time since last communication: 0.000s
I20260630 12:17:13.081419 16950 raft_consensus.cc:2955] T 960c25c164db4aab91f0ca4f851664db P 427ee0d319304d1a9be968bcab359236 [term 1 LEADER]: Committing config change with OpId 1.4: config changed from index 3 to 4, VOTER 5a5f085c4c1c451e820daa46f5bdb166 (127.13.39.195) evicted. New config: { opid_index: 4 OBSOLETE_local: false peers { permanent_uuid: "427ee0d319304d1a9be968bcab359236" member_type: VOTER last_known_addr { host: "127.13.39.194" port: 36241 } } peers { permanent_uuid: "9b702439a1394024b2560e0ec0741b10" member_type: VOTER last_known_addr { host: "127.13.39.193" port: 35185 } } peers { permanent_uuid: "0e928f0150c24dc38efd83b8efbc3623" member_type: VOTER last_known_addr { host: "127.13.39.196" port: 41025 } attrs { promote: false } } }
I20260630 12:17:13.083330 16456 raft_consensus.cc:2955] T 960c25c164db4aab91f0ca4f851664db P 9b702439a1394024b2560e0ec0741b10 [term 1 FOLLOWER]: Committing config change with OpId 1.4: config changed from index 3 to 4, VOTER 5a5f085c4c1c451e820daa46f5bdb166 (127.13.39.195) evicted. New config: { opid_index: 4 OBSOLETE_local: false peers { permanent_uuid: "427ee0d319304d1a9be968bcab359236" member_type: VOTER last_known_addr { host: "127.13.39.194" port: 36241 } } peers { permanent_uuid: "9b702439a1394024b2560e0ec0741b10" member_type: VOTER last_known_addr { host: "127.13.39.193" port: 35185 } } peers { permanent_uuid: "0e928f0150c24dc38efd83b8efbc3623" member_type: VOTER last_known_addr { host: "127.13.39.196" port: 41025 } attrs { promote: false } } }
I20260630 12:17:13.089649 16757 raft_consensus.cc:2955] T 960c25c164db4aab91f0ca4f851664db P 0e928f0150c24dc38efd83b8efbc3623 [term 1 FOLLOWER]: Committing config change with OpId 1.4: config changed from index 3 to 4, VOTER 5a5f085c4c1c451e820daa46f5bdb166 (127.13.39.195) evicted. New config: { opid_index: 4 OBSOLETE_local: false peers { permanent_uuid: "427ee0d319304d1a9be968bcab359236" member_type: VOTER last_known_addr { host: "127.13.39.194" port: 36241 } } peers { permanent_uuid: "9b702439a1394024b2560e0ec0741b10" member_type: VOTER last_known_addr { host: "127.13.39.193" port: 35185 } } peers { permanent_uuid: "0e928f0150c24dc38efd83b8efbc3623" member_type: VOTER last_known_addr { host: "127.13.39.196" port: 41025 } attrs { promote: false } } }
I20260630 12:17:13.144891 16343 catalog_manager.cc:5210] ChangeConfig:REMOVE_PEER RPC for tablet 960c25c164db4aab91f0ca4f851664db with cas_config_opid_index 3: ChangeConfig:REMOVE_PEER succeeded (attempt 1)
I20260630 12:17:13.173020 16357 catalog_manager.cc:5697] T 960c25c164db4aab91f0ca4f851664db P 427ee0d319304d1a9be968bcab359236 reported cstate change: config changed from index 3 to 4, VOTER 5a5f085c4c1c451e820daa46f5bdb166 (127.13.39.195) evicted. New cstate: current_term: 1 leader_uuid: "427ee0d319304d1a9be968bcab359236" committed_config { opid_index: 4 OBSOLETE_local: false peers { permanent_uuid: "427ee0d319304d1a9be968bcab359236" member_type: VOTER last_known_addr { host: "127.13.39.194" port: 36241 } health_report { overall_health: HEALTHY } } peers { permanent_uuid: "9b702439a1394024b2560e0ec0741b10" member_type: VOTER last_known_addr { host: "127.13.39.193" port: 35185 } health_report { overall_health: HEALTHY } } peers { permanent_uuid: "0e928f0150c24dc38efd83b8efbc3623" member_type: VOTER last_known_addr { host: "127.13.39.196" port: 41025 } attrs { promote: false } health_report { overall_health: HEALTHY } } }
I20260630 12:17:13.196893 16596 tablet_service.cc:1558] Processing DeleteTablet for tablet 960c25c164db4aab91f0ca4f851664db with delete_type TABLET_DATA_TOMBSTONED (TS 5a5f085c4c1c451e820daa46f5bdb166 not found in new config with opid_index 4) from {username='slave'} at 127.0.0.1:39466
I20260630 12:17:13.223623 16970 tablet_replica.cc:333] T 960c25c164db4aab91f0ca4f851664db P 5a5f085c4c1c451e820daa46f5bdb166: stopping tablet replica
I20260630 12:17:13.225858 16970 raft_consensus.cc:2243] T 960c25c164db4aab91f0ca4f851664db P 5a5f085c4c1c451e820daa46f5bdb166 [term 1 FOLLOWER]: Raft consensus shutting down.
I20260630 12:17:13.229995 16970 raft_consensus.cc:2272] T 960c25c164db4aab91f0ca4f851664db P 5a5f085c4c1c451e820daa46f5bdb166 [term 1 FOLLOWER]: Raft consensus is shut down!
I20260630 12:17:13.234480 16970 ts_tablet_manager.cc:1916] T 960c25c164db4aab91f0ca4f851664db P 5a5f085c4c1c451e820daa46f5bdb166: Deleting tablet data with delete state TABLET_DATA_TOMBSTONED
I20260630 12:17:13.257395 16970 ts_tablet_manager.cc:1929] T 960c25c164db4aab91f0ca4f851664db P 5a5f085c4c1c451e820daa46f5bdb166: tablet deleted with delete type TABLET_DATA_TOMBSTONED: last-logged OpId 1.3
I20260630 12:17:13.257928 16970 log.cc:1199] T 960c25c164db4aab91f0ca4f851664db P 5a5f085c4c1c451e820daa46f5bdb166: Deleting WAL directory at /tmp/dist-test-taskfmvpFR/test-tmp/auto_rebalancer-test.0.AutoRebalancerTest.RangeAwareRebalancesNewRangeReplicas.1782821742521231-13471-0/minicluster-data/ts-2-root/wals/960c25c164db4aab91f0ca4f851664db
I20260630 12:17:13.260005 16341 catalog_manager.cc:5028] TS 5a5f085c4c1c451e820daa46f5bdb166 (127.13.39.195:34835): tablet 960c25c164db4aab91f0ca4f851664db (table range_aware_rebalance_new_range [id=8d8a0e9b08b04591a55cf2c2fb36578e]) successfully deleted
I20260630 12:17:13.406599 16410 auto_leader_rebalancer.cc:141] leader rebalance for table range_aware_rebalance_new_range
I20260630 12:17:13.448901 16456 tablet_service.cc:2072] Received LeaderStepDown RPC: tablet_id: "090068c3a9c6489ba61bed3a8af87853"
dest_uuid: "9b702439a1394024b2560e0ec0741b10"
mode: GRACEFUL
new_leader_uuid: "0e928f0150c24dc38efd83b8efbc3623"
 from {username='slave'} at 127.0.0.1:45672
I20260630 12:17:13.449760 16456 raft_consensus.cc:606] T 090068c3a9c6489ba61bed3a8af87853 P 9b702439a1394024b2560e0ec0741b10 [term 1 LEADER]: Received request to transfer leadership to TS 0e928f0150c24dc38efd83b8efbc3623
I20260630 12:17:13.451354 16410 auto_leader_rebalancer.cc:440] table: range_aware_rebalance_new_range, leader rebalance finish, leader transfer count: 1
I20260630 12:17:13.452288 16410 auto_leader_rebalancer.cc:515] All tables' leader rebalancing finished this round
I20260630 12:17:13.947551 16973 raft_consensus.cc:993] T 090068c3a9c6489ba61bed3a8af87853 P 9b702439a1394024b2560e0ec0741b10: : Instructing follower 0e928f0150c24dc38efd83b8efbc3623 to start an election
I20260630 12:17:13.948033 16973 raft_consensus.cc:1081] T 090068c3a9c6489ba61bed3a8af87853 P 9b702439a1394024b2560e0ec0741b10 [term 1 LEADER]: Signalling peer 0e928f0150c24dc38efd83b8efbc3623 to start an election
I20260630 12:17:13.950536 16757 tablet_service.cc:2044] Received Run Leader Election RPC: tablet_id: "090068c3a9c6489ba61bed3a8af87853"
dest_uuid: "0e928f0150c24dc38efd83b8efbc3623"
 from {username='slave'} at 127.0.0.1:49936
I20260630 12:17:13.951098 16757 raft_consensus.cc:493] T 090068c3a9c6489ba61bed3a8af87853 P 0e928f0150c24dc38efd83b8efbc3623 [term 1 FOLLOWER]: Starting forced leader election (received explicit request)
I20260630 12:17:13.951459 16757 raft_consensus.cc:3060] T 090068c3a9c6489ba61bed3a8af87853 P 0e928f0150c24dc38efd83b8efbc3623 [term 1 FOLLOWER]: Advancing to term 2
I20260630 12:17:13.957585 16757 raft_consensus.cc:515] T 090068c3a9c6489ba61bed3a8af87853 P 0e928f0150c24dc38efd83b8efbc3623 [term 2 FOLLOWER]: Starting forced leader election with config: opid_index: -1 OBSOLETE_local: false peers { permanent_uuid: "0e928f0150c24dc38efd83b8efbc3623" member_type: VOTER last_known_addr { host: "127.13.39.196" port: 41025 } } peers { permanent_uuid: "9b702439a1394024b2560e0ec0741b10" member_type: VOTER last_known_addr { host: "127.13.39.193" port: 35185 } } peers { permanent_uuid: "427ee0d319304d1a9be968bcab359236" member_type: VOTER last_known_addr { host: "127.13.39.194" port: 36241 } }
I20260630 12:17:13.959543 16757 leader_election.cc:290] T 090068c3a9c6489ba61bed3a8af87853 P 0e928f0150c24dc38efd83b8efbc3623 [CANDIDATE]: Term 2 election: Requested vote from peers 9b702439a1394024b2560e0ec0741b10 (127.13.39.193:35185), 427ee0d319304d1a9be968bcab359236 (127.13.39.194:36241)
I20260630 12:17:13.960712 16456 tablet_service.cc:1917] Received RequestConsensusVote() RPC: tablet_id: "090068c3a9c6489ba61bed3a8af87853" candidate_uuid: "0e928f0150c24dc38efd83b8efbc3623" candidate_term: 2 candidate_status { last_received { term: 1 index: 1 } } ignore_live_leader: true dest_uuid: "9b702439a1394024b2560e0ec0741b10"
I20260630 12:17:13.961189 16534 tablet_service.cc:1917] Received RequestConsensusVote() RPC: tablet_id: "090068c3a9c6489ba61bed3a8af87853" candidate_uuid: "0e928f0150c24dc38efd83b8efbc3623" candidate_term: 2 candidate_status { last_received { term: 1 index: 1 } } ignore_live_leader: true dest_uuid: "427ee0d319304d1a9be968bcab359236"
I20260630 12:17:13.961581 16456 raft_consensus.cc:3055] T 090068c3a9c6489ba61bed3a8af87853 P 9b702439a1394024b2560e0ec0741b10 [term 1 LEADER]: Stepping down as leader of term 1
I20260630 12:17:13.961792 16534 raft_consensus.cc:3060] T 090068c3a9c6489ba61bed3a8af87853 P 427ee0d319304d1a9be968bcab359236 [term 1 FOLLOWER]: Advancing to term 2
I20260630 12:17:13.962028 16456 raft_consensus.cc:740] T 090068c3a9c6489ba61bed3a8af87853 P 9b702439a1394024b2560e0ec0741b10 [term 1 LEADER]: Becoming Follower/Learner. State: Replica: 9b702439a1394024b2560e0ec0741b10, State: Running, Role: LEADER
I20260630 12:17:13.963133 16456 consensus_queue.cc:260] T 090068c3a9c6489ba61bed3a8af87853 P 9b702439a1394024b2560e0ec0741b10 [NON_LEADER]: Queue going to NON_LEADER mode. State: All replicated index: 0, Majority replicated index: 1, Committed index: 1, Last appended: 1.1, Last appended by leader: 1, Current term: 1, Majority size: -1, State: 0, Mode: NON_LEADER, active raft config: opid_index: -1 OBSOLETE_local: false peers { permanent_uuid: "0e928f0150c24dc38efd83b8efbc3623" member_type: VOTER last_known_addr { host: "127.13.39.196" port: 41025 } } peers { permanent_uuid: "9b702439a1394024b2560e0ec0741b10" member_type: VOTER last_known_addr { host: "127.13.39.193" port: 35185 } } peers { permanent_uuid: "427ee0d319304d1a9be968bcab359236" member_type: VOTER last_known_addr { host: "127.13.39.194" port: 36241 } }
I20260630 12:17:13.964612 16456 raft_consensus.cc:3060] T 090068c3a9c6489ba61bed3a8af87853 P 9b702439a1394024b2560e0ec0741b10 [term 1 FOLLOWER]: Advancing to term 2
I20260630 12:17:13.967998 16534 raft_consensus.cc:2468] T 090068c3a9c6489ba61bed3a8af87853 P 427ee0d319304d1a9be968bcab359236 [term 2 FOLLOWER]: Leader election vote request: Granting yes vote for candidate 0e928f0150c24dc38efd83b8efbc3623 in term 2.
I20260630 12:17:13.969565 16718 leader_election.cc:304] T 090068c3a9c6489ba61bed3a8af87853 P 0e928f0150c24dc38efd83b8efbc3623 [CANDIDATE]: Term 2 election: Election decided. Result: candidate won. Election summary: received 2 responses out of 3 voters: 2 yes votes; 0 no votes. yes voters: 0e928f0150c24dc38efd83b8efbc3623, 427ee0d319304d1a9be968bcab359236; no voters: 
I20260630 12:17:13.970582 16926 raft_consensus.cc:2804] T 090068c3a9c6489ba61bed3a8af87853 P 0e928f0150c24dc38efd83b8efbc3623 [term 2 FOLLOWER]: Leader election won for term 2
I20260630 12:17:13.971711 16926 raft_consensus.cc:697] T 090068c3a9c6489ba61bed3a8af87853 P 0e928f0150c24dc38efd83b8efbc3623 [term 2 LEADER]: Becoming Leader. State: Replica: 0e928f0150c24dc38efd83b8efbc3623, State: Running, Role: LEADER
I20260630 12:17:13.972625 16926 consensus_queue.cc:237] T 090068c3a9c6489ba61bed3a8af87853 P 0e928f0150c24dc38efd83b8efbc3623 [LEADER]: Queue going to LEADER mode. State: All replicated index: 0, Majority replicated index: 1, Committed index: 1, Last appended: 1.1, Last appended by leader: 1, Current term: 2, Majority size: 2, State: 0, Mode: LEADER, active raft config: opid_index: -1 OBSOLETE_local: false peers { permanent_uuid: "0e928f0150c24dc38efd83b8efbc3623" member_type: VOTER last_known_addr { host: "127.13.39.196" port: 41025 } } peers { permanent_uuid: "9b702439a1394024b2560e0ec0741b10" member_type: VOTER last_known_addr { host: "127.13.39.193" port: 35185 } } peers { permanent_uuid: "427ee0d319304d1a9be968bcab359236" member_type: VOTER last_known_addr { host: "127.13.39.194" port: 36241 } }
I20260630 12:17:13.974792 16456 raft_consensus.cc:2468] T 090068c3a9c6489ba61bed3a8af87853 P 9b702439a1394024b2560e0ec0741b10 [term 2 FOLLOWER]: Leader election vote request: Granting yes vote for candidate 0e928f0150c24dc38efd83b8efbc3623 in term 2.
I20260630 12:17:13.982272 16353 catalog_manager.cc:5697] T 090068c3a9c6489ba61bed3a8af87853 P 0e928f0150c24dc38efd83b8efbc3623 reported cstate change: term changed from 1 to 2, leader changed from 9b702439a1394024b2560e0ec0741b10 (127.13.39.193) to 0e928f0150c24dc38efd83b8efbc3623 (127.13.39.196). New cstate: current_term: 2 leader_uuid: "0e928f0150c24dc38efd83b8efbc3623" committed_config { opid_index: -1 OBSOLETE_local: false peers { permanent_uuid: "0e928f0150c24dc38efd83b8efbc3623" member_type: VOTER last_known_addr { host: "127.13.39.196" port: 41025 } health_report { overall_health: HEALTHY } } peers { permanent_uuid: "9b702439a1394024b2560e0ec0741b10" member_type: VOTER last_known_addr { host: "127.13.39.193" port: 35185 } health_report { overall_health: UNKNOWN } } peers { permanent_uuid: "427ee0d319304d1a9be968bcab359236" member_type: VOTER last_known_addr { host: "127.13.39.194" port: 36241 } health_report { overall_health: UNKNOWN } } }
I20260630 12:17:14.254138 16456 consensus_queue.cc:237] T e53fddeca61f4456b164ad11a313bfee P 9b702439a1394024b2560e0ec0741b10 [LEADER]: Queue going to LEADER mode. State: All replicated index: 0, Majority replicated index: 1, Committed index: 1, Last appended: 1.1, Last appended by leader: 0, Current term: 1, Majority size: 2, State: 0, Mode: LEADER, active raft config: opid_index: 2 OBSOLETE_local: false peers { permanent_uuid: "0e928f0150c24dc38efd83b8efbc3623" member_type: VOTER last_known_addr { host: "127.13.39.196" port: 41025 } attrs { replace: true } } peers { permanent_uuid: "9b702439a1394024b2560e0ec0741b10" member_type: VOTER last_known_addr { host: "127.13.39.193" port: 35185 } } peers { permanent_uuid: "5a5f085c4c1c451e820daa46f5bdb166" member_type: VOTER last_known_addr { host: "127.13.39.195" port: 34835 } } peers { permanent_uuid: "427ee0d319304d1a9be968bcab359236" member_type: NON_VOTER last_known_addr { host: "127.13.39.194" port: 36241 } attrs { promote: true } }
I20260630 12:17:14.261725 16604 raft_consensus.cc:1275] T e53fddeca61f4456b164ad11a313bfee P 5a5f085c4c1c451e820daa46f5bdb166 [term 1 FOLLOWER]: Refusing update from remote peer 9b702439a1394024b2560e0ec0741b10: Log matching property violated. Preceding OpId in replica: term: 1 index: 1. Preceding OpId from leader: term: 1 index: 2. (index mismatch)
I20260630 12:17:14.262619 16757 raft_consensus.cc:1275] T e53fddeca61f4456b164ad11a313bfee P 0e928f0150c24dc38efd83b8efbc3623 [term 1 FOLLOWER]: Refusing update from remote peer 9b702439a1394024b2560e0ec0741b10: Log matching property violated. Preceding OpId in replica: term: 1 index: 1. Preceding OpId from leader: term: 1 index: 2. (index mismatch)
I20260630 12:17:14.263430 16973 consensus_queue.cc:1048] T e53fddeca61f4456b164ad11a313bfee P 9b702439a1394024b2560e0ec0741b10 [LEADER]: Connected to new peer: Peer: permanent_uuid: "5a5f085c4c1c451e820daa46f5bdb166" member_type: VOTER last_known_addr { host: "127.13.39.195" port: 34835 }, Status: LMP_MISMATCH, Last received: 0.0, Next index: 2, Last known committed idx: 1, Time since last communication: 0.000s
I20260630 12:17:14.265771 16948 consensus_queue.cc:1048] T e53fddeca61f4456b164ad11a313bfee P 9b702439a1394024b2560e0ec0741b10 [LEADER]: Connected to new peer: Peer: permanent_uuid: "0e928f0150c24dc38efd83b8efbc3623" member_type: VOTER last_known_addr { host: "127.13.39.196" port: 41025 } attrs { replace: true }, Status: LMP_MISMATCH, Last received: 0.0, Next index: 2, Last known committed idx: 1, Time since last communication: 0.001s
W20260630 12:17:14.268162 16424 consensus_peers.cc:597] T e53fddeca61f4456b164ad11a313bfee P 9b702439a1394024b2560e0ec0741b10 -> Peer 427ee0d319304d1a9be968bcab359236 (127.13.39.194:36241): Couldn't send request to peer 427ee0d319304d1a9be968bcab359236. Error code: TABLET_NOT_FOUND (6). Status: Not found: Tablet not found: e53fddeca61f4456b164ad11a313bfee. This is attempt 1: this message will repeat every 5th retry.
I20260630 12:17:14.278677 16948 raft_consensus.cc:2955] T e53fddeca61f4456b164ad11a313bfee P 9b702439a1394024b2560e0ec0741b10 [term 1 LEADER]: Committing config change with OpId 1.2: config changed from index -1 to 2, NON_VOTER 427ee0d319304d1a9be968bcab359236 (127.13.39.194) added. New config: { opid_index: 2 OBSOLETE_local: false peers { permanent_uuid: "0e928f0150c24dc38efd83b8efbc3623" member_type: VOTER last_known_addr { host: "127.13.39.196" port: 41025 } attrs { replace: true } } peers { permanent_uuid: "9b702439a1394024b2560e0ec0741b10" member_type: VOTER last_known_addr { host: "127.13.39.193" port: 35185 } } peers { permanent_uuid: "5a5f085c4c1c451e820daa46f5bdb166" member_type: VOTER last_known_addr { host: "127.13.39.195" port: 34835 } } peers { permanent_uuid: "427ee0d319304d1a9be968bcab359236" member_type: NON_VOTER last_known_addr { host: "127.13.39.194" port: 36241 } attrs { promote: true } } }
I20260630 12:17:14.281208 16604 raft_consensus.cc:2955] T e53fddeca61f4456b164ad11a313bfee P 5a5f085c4c1c451e820daa46f5bdb166 [term 1 FOLLOWER]: Committing config change with OpId 1.2: config changed from index -1 to 2, NON_VOTER 427ee0d319304d1a9be968bcab359236 (127.13.39.194) added. New config: { opid_index: 2 OBSOLETE_local: false peers { permanent_uuid: "0e928f0150c24dc38efd83b8efbc3623" member_type: VOTER last_known_addr { host: "127.13.39.196" port: 41025 } attrs { replace: true } } peers { permanent_uuid: "9b702439a1394024b2560e0ec0741b10" member_type: VOTER last_known_addr { host: "127.13.39.193" port: 35185 } } peers { permanent_uuid: "5a5f085c4c1c451e820daa46f5bdb166" member_type: VOTER last_known_addr { host: "127.13.39.195" port: 34835 } } peers { permanent_uuid: "427ee0d319304d1a9be968bcab359236" member_type: NON_VOTER last_known_addr { host: "127.13.39.194" port: 36241 } attrs { promote: true } } }
I20260630 12:17:14.282835 16757 raft_consensus.cc:2955] T e53fddeca61f4456b164ad11a313bfee P 0e928f0150c24dc38efd83b8efbc3623 [term 1 FOLLOWER]: Committing config change with OpId 1.2: config changed from index -1 to 2, NON_VOTER 427ee0d319304d1a9be968bcab359236 (127.13.39.194) added. New config: { opid_index: 2 OBSOLETE_local: false peers { permanent_uuid: "0e928f0150c24dc38efd83b8efbc3623" member_type: VOTER last_known_addr { host: "127.13.39.196" port: 41025 } attrs { replace: true } } peers { permanent_uuid: "9b702439a1394024b2560e0ec0741b10" member_type: VOTER last_known_addr { host: "127.13.39.193" port: 35185 } } peers { permanent_uuid: "5a5f085c4c1c451e820daa46f5bdb166" member_type: VOTER last_known_addr { host: "127.13.39.195" port: 34835 } } peers { permanent_uuid: "427ee0d319304d1a9be968bcab359236" member_type: NON_VOTER last_known_addr { host: "127.13.39.194" port: 36241 } attrs { promote: true } } }
I20260630 12:17:14.297530 16353 catalog_manager.cc:5697] T e53fddeca61f4456b164ad11a313bfee P 9b702439a1394024b2560e0ec0741b10 reported cstate change: config changed from index -1 to 2, NON_VOTER 427ee0d319304d1a9be968bcab359236 (127.13.39.194) added. New cstate: current_term: 1 leader_uuid: "9b702439a1394024b2560e0ec0741b10" committed_config { opid_index: 2 OBSOLETE_local: false peers { permanent_uuid: "0e928f0150c24dc38efd83b8efbc3623" member_type: VOTER last_known_addr { host: "127.13.39.196" port: 41025 } attrs { replace: true } health_report { overall_health: HEALTHY } } peers { permanent_uuid: "9b702439a1394024b2560e0ec0741b10" member_type: VOTER last_known_addr { host: "127.13.39.193" port: 35185 } health_report { overall_health: HEALTHY } } peers { permanent_uuid: "5a5f085c4c1c451e820daa46f5bdb166" member_type: VOTER last_known_addr { host: "127.13.39.195" port: 34835 } health_report { overall_health: HEALTHY } } peers { permanent_uuid: "427ee0d319304d1a9be968bcab359236" member_type: NON_VOTER last_known_addr { host: "127.13.39.194" port: 36241 } attrs { promote: true } health_report { overall_health: UNKNOWN } } }
I20260630 12:17:14.299471 16607 consensus_queue.cc:237] T e36ffdc14344424a8365cf4231f2dec3 P 5a5f085c4c1c451e820daa46f5bdb166 [LEADER]: Queue going to LEADER mode. State: All replicated index: 0, Majority replicated index: 1, Committed index: 1, Last appended: 1.1, Last appended by leader: 0, Current term: 1, Majority size: 2, State: 0, Mode: LEADER, active raft config: opid_index: 2 OBSOLETE_local: false peers { permanent_uuid: "9b702439a1394024b2560e0ec0741b10" member_type: VOTER last_known_addr { host: "127.13.39.193" port: 35185 } } peers { permanent_uuid: "427ee0d319304d1a9be968bcab359236" member_type: VOTER last_known_addr { host: "127.13.39.194" port: 36241 } attrs { replace: true } } peers { permanent_uuid: "5a5f085c4c1c451e820daa46f5bdb166" member_type: VOTER last_known_addr { host: "127.13.39.195" port: 34835 } } peers { permanent_uuid: "0e928f0150c24dc38efd83b8efbc3623" member_type: NON_VOTER last_known_addr { host: "127.13.39.196" port: 41025 } attrs { promote: true } }
I20260630 12:17:14.314347 16534 raft_consensus.cc:1275] T e36ffdc14344424a8365cf4231f2dec3 P 427ee0d319304d1a9be968bcab359236 [term 1 FOLLOWER]: Refusing update from remote peer 5a5f085c4c1c451e820daa46f5bdb166: Log matching property violated. Preceding OpId in replica: term: 1 index: 1. Preceding OpId from leader: term: 1 index: 2. (index mismatch)
W20260630 12:17:14.315514 16574 consensus_peers.cc:597] T e36ffdc14344424a8365cf4231f2dec3 P 5a5f085c4c1c451e820daa46f5bdb166 -> Peer 0e928f0150c24dc38efd83b8efbc3623 (127.13.39.196:41025): Couldn't send request to peer 0e928f0150c24dc38efd83b8efbc3623. Error code: TABLET_NOT_FOUND (6). Status: Not found: Tablet not found: e36ffdc14344424a8365cf4231f2dec3. This is attempt 1: this message will repeat every 5th retry.
I20260630 12:17:14.316170 16986 consensus_queue.cc:1048] T e36ffdc14344424a8365cf4231f2dec3 P 5a5f085c4c1c451e820daa46f5bdb166 [LEADER]: Connected to new peer: Peer: permanent_uuid: "427ee0d319304d1a9be968bcab359236" member_type: VOTER last_known_addr { host: "127.13.39.194" port: 36241 } attrs { replace: true }, Status: LMP_MISMATCH, Last received: 0.0, Next index: 2, Last known committed idx: 1, Time since last communication: 0.001s
I20260630 12:17:14.325093 16456 raft_consensus.cc:1275] T e36ffdc14344424a8365cf4231f2dec3 P 9b702439a1394024b2560e0ec0741b10 [term 1 FOLLOWER]: Refusing update from remote peer 5a5f085c4c1c451e820daa46f5bdb166: Log matching property violated. Preceding OpId in replica: term: 1 index: 1. Preceding OpId from leader: term: 1 index: 2. (index mismatch)
I20260630 12:17:14.335139 16990 raft_consensus.cc:2955] T e36ffdc14344424a8365cf4231f2dec3 P 5a5f085c4c1c451e820daa46f5bdb166 [term 1 LEADER]: Committing config change with OpId 1.2: config changed from index -1 to 2, NON_VOTER 0e928f0150c24dc38efd83b8efbc3623 (127.13.39.196) added. New config: { opid_index: 2 OBSOLETE_local: false peers { permanent_uuid: "9b702439a1394024b2560e0ec0741b10" member_type: VOTER last_known_addr { host: "127.13.39.193" port: 35185 } } peers { permanent_uuid: "427ee0d319304d1a9be968bcab359236" member_type: VOTER last_known_addr { host: "127.13.39.194" port: 36241 } attrs { replace: true } } peers { permanent_uuid: "5a5f085c4c1c451e820daa46f5bdb166" member_type: VOTER last_known_addr { host: "127.13.39.195" port: 34835 } } peers { permanent_uuid: "0e928f0150c24dc38efd83b8efbc3623" member_type: NON_VOTER last_known_addr { host: "127.13.39.196" port: 41025 } attrs { promote: true } } }
I20260630 12:17:14.337764 16986 consensus_queue.cc:1048] T e36ffdc14344424a8365cf4231f2dec3 P 5a5f085c4c1c451e820daa46f5bdb166 [LEADER]: Connected to new peer: Peer: permanent_uuid: "9b702439a1394024b2560e0ec0741b10" member_type: VOTER last_known_addr { host: "127.13.39.193" port: 35185 }, Status: LMP_MISMATCH, Last received: 0.0, Next index: 2, Last known committed idx: 1, Time since last communication: 0.000s
I20260630 12:17:14.345268 16534 raft_consensus.cc:2955] T e36ffdc14344424a8365cf4231f2dec3 P 427ee0d319304d1a9be968bcab359236 [term 1 FOLLOWER]: Committing config change with OpId 1.2: config changed from index -1 to 2, NON_VOTER 0e928f0150c24dc38efd83b8efbc3623 (127.13.39.196) added. New config: { opid_index: 2 OBSOLETE_local: false peers { permanent_uuid: "9b702439a1394024b2560e0ec0741b10" member_type: VOTER last_known_addr { host: "127.13.39.193" port: 35185 } } peers { permanent_uuid: "427ee0d319304d1a9be968bcab359236" member_type: VOTER last_known_addr { host: "127.13.39.194" port: 36241 } attrs { replace: true } } peers { permanent_uuid: "5a5f085c4c1c451e820daa46f5bdb166" member_type: VOTER last_known_addr { host: "127.13.39.195" port: 34835 } } peers { permanent_uuid: "0e928f0150c24dc38efd83b8efbc3623" member_type: NON_VOTER last_known_addr { host: "127.13.39.196" port: 41025 } attrs { promote: true } } }
