I20260630 12:15:50.336778 14372 raft_consensus.cc:515] T 31d153824fab4a85aec5d5bf28526c7c P a73f69cb3fc6418ea9f5944afa00c656 [term 0 FOLLOWER]: Starting pre-election with config: opid_index: -1 OBSOLETE_local: false peers { permanent_uuid: "a73f69cb3fc6418ea9f5944afa00c656" member_type: VOTER last_known_addr { host: "127.13.47.65" port: 35491 } } peers { permanent_uuid: "5543b5e9d7da429c8799a683774be548" member_type: VOTER last_known_addr { host: "127.13.47.66" port: 40321 } } peers { permanent_uuid: "0b5e2be5af2b45c397397054b333ac12" member_type: VOTER last_known_addr { host: "127.13.47.67" port: 40573 } }
I20260630 12:15:50.337733 14399 consensus_queue.cc:237] T f881841cded74775ae1cd874fe589457 P 0b5e2be5af2b45c397397054b333ac12 [LEADER]: Queue going to LEADER mode. State: All replicated index: 0, Majority replicated index: 0, Committed index: 0, Last appended: 0.0, Last appended by leader: 0, Current term: 1, Majority size: 2, State: 0, Mode: LEADER, active raft config: opid_index: -1 OBSOLETE_local: false peers { permanent_uuid: "a73f69cb3fc6418ea9f5944afa00c656" member_type: VOTER last_known_addr { host: "127.13.47.65" port: 35491 } } peers { permanent_uuid: "5543b5e9d7da429c8799a683774be548" member_type: VOTER last_known_addr { host: "127.13.47.66" port: 40321 } } peers { permanent_uuid: "0b5e2be5af2b45c397397054b333ac12" member_type: VOTER last_known_addr { host: "127.13.47.67" port: 40573 } }
I20260630 12:15:50.338956 14372 leader_election.cc:290] T 31d153824fab4a85aec5d5bf28526c7c P a73f69cb3fc6418ea9f5944afa00c656 [CANDIDATE]: Term 1 pre-election: Requested pre-vote from peers 5543b5e9d7da429c8799a683774be548 (127.13.47.66:40321), 0b5e2be5af2b45c397397054b333ac12 (127.13.47.67:40573)
I20260630 12:15:50.339644 14364 tablet_bootstrap.cc:654] T d6289687649940c9999574bc11e4d7d9 P 0b5e2be5af2b45c397397054b333ac12: Neither blocks nor log segments found. Creating new log.
I20260630 12:15:50.346225 14168 raft_consensus.cc:2468] T f881841cded74775ae1cd874fe589457 P a73f69cb3fc6418ea9f5944afa00c656 [term 1 FOLLOWER]: Leader election vote request: Granting yes vote for candidate 0b5e2be5af2b45c397397054b333ac12 in term 1.
I20260630 12:15:50.353519 14366 tablet_bootstrap.cc:492] T baaa110ebda74b9186b3d1694a6f0dee P a73f69cb3fc6418ea9f5944afa00c656: No bootstrap required, opened a new log
I20260630 12:15:50.354127 14366 ts_tablet_manager.cc:1403] T baaa110ebda74b9186b3d1694a6f0dee P a73f69cb3fc6418ea9f5944afa00c656: Time spent bootstrapping tablet: real 0.041s	user 0.007s	sys 0.006s
I20260630 12:15:50.346634 14318 tablet_service.cc:1917] Received RequestConsensusVote() RPC: tablet_id: "31d153824fab4a85aec5d5bf28526c7c" candidate_uuid: "a73f69cb3fc6418ea9f5944afa00c656" candidate_term: 1 candidate_status { last_received { term: 0 index: 0 } } ignore_live_leader: false dest_uuid: "0b5e2be5af2b45c397397054b333ac12" is_pre_election: true
I20260630 12:15:50.355816 14318 raft_consensus.cc:2468] T 31d153824fab4a85aec5d5bf28526c7c P 0b5e2be5af2b45c397397054b333ac12 [term 0 FOLLOWER]: Leader pre-election vote request: Granting yes vote for candidate a73f69cb3fc6418ea9f5944afa00c656 in term 0.
I20260630 12:15:50.358323 14366 raft_consensus.cc:359] T baaa110ebda74b9186b3d1694a6f0dee P a73f69cb3fc6418ea9f5944afa00c656 [term 0 FOLLOWER]: Replica starting. Triggering 0 pending ops. Active config: opid_index: -1 OBSOLETE_local: false peers { permanent_uuid: "a73f69cb3fc6418ea9f5944afa00c656" member_type: VOTER last_known_addr { host: "127.13.47.65" port: 35491 } } peers { permanent_uuid: "5543b5e9d7da429c8799a683774be548" member_type: VOTER last_known_addr { host: "127.13.47.66" port: 40321 } } peers { permanent_uuid: "0b5e2be5af2b45c397397054b333ac12" member_type: VOTER last_known_addr { host: "127.13.47.67" port: 40573 } }
I20260630 12:15:50.359568 14366 raft_consensus.cc:385] T baaa110ebda74b9186b3d1694a6f0dee P a73f69cb3fc6418ea9f5944afa00c656 [term 0 FOLLOWER]: Consensus starting up: Expiring failure detector timer to make a prompt election more likely
I20260630 12:15:50.359457 14134 leader_election.cc:304] T 31d153824fab4a85aec5d5bf28526c7c P a73f69cb3fc6418ea9f5944afa00c656 [CANDIDATE]: Term 1 pre-election: Election decided. Result: candidate won. Election summary: received 2 responses out of 3 voters: 2 yes votes; 0 no votes. yes voters: 0b5e2be5af2b45c397397054b333ac12, a73f69cb3fc6418ea9f5944afa00c656; no voters: 
I20260630 12:15:50.360196 14366 raft_consensus.cc:740] T baaa110ebda74b9186b3d1694a6f0dee P a73f69cb3fc6418ea9f5944afa00c656 [term 0 FOLLOWER]: Becoming Follower/Learner. State: Replica: a73f69cb3fc6418ea9f5944afa00c656, State: Initialized, Role: FOLLOWER
I20260630 12:15:50.360757 14372 raft_consensus.cc:2804] T 31d153824fab4a85aec5d5bf28526c7c P a73f69cb3fc6418ea9f5944afa00c656 [term 0 FOLLOWER]: Leader pre-election won for term 1
I20260630 12:15:50.361393 14372 raft_consensus.cc:493] T 31d153824fab4a85aec5d5bf28526c7c P a73f69cb3fc6418ea9f5944afa00c656 [term 0 FOLLOWER]: Starting leader election (no leader contacted us within the election timeout)
I20260630 12:15:50.361874 14372 raft_consensus.cc:3060] T 31d153824fab4a85aec5d5bf28526c7c P a73f69cb3fc6418ea9f5944afa00c656 [term 0 FOLLOWER]: Advancing to term 1
I20260630 12:15:50.362632 14409 raft_consensus.cc:493] T 4885367adbc3402c87596be331dbbc5f P a73f69cb3fc6418ea9f5944afa00c656 [term 0 FOLLOWER]: Starting pre-election (no leader contacted us within the election timeout)
I20260630 12:15:50.361214 14366 consensus_queue.cc:260] T baaa110ebda74b9186b3d1694a6f0dee P a73f69cb3fc6418ea9f5944afa00c656 [NON_LEADER]: Queue going to NON_LEADER mode. State: All replicated index: 0, Majority replicated index: 0, Committed index: 0, Last appended: 0.0, Last appended by leader: 0, Current term: 0, Majority size: -1, State: 0, Mode: NON_LEADER, active raft config: opid_index: -1 OBSOLETE_local: false peers { permanent_uuid: "a73f69cb3fc6418ea9f5944afa00c656" member_type: VOTER last_known_addr { host: "127.13.47.65" port: 35491 } } peers { permanent_uuid: "5543b5e9d7da429c8799a683774be548" member_type: VOTER last_known_addr { host: "127.13.47.66" port: 40321 } } peers { permanent_uuid: "0b5e2be5af2b45c397397054b333ac12" member_type: VOTER last_known_addr { host: "127.13.47.67" port: 40573 } }
I20260630 12:15:50.363085 14409 raft_consensus.cc:515] T 4885367adbc3402c87596be331dbbc5f P a73f69cb3fc6418ea9f5944afa00c656 [term 0 FOLLOWER]: Starting pre-election with config: opid_index: -1 OBSOLETE_local: false peers { permanent_uuid: "a73f69cb3fc6418ea9f5944afa00c656" member_type: VOTER last_known_addr { host: "127.13.47.65" port: 35491 } } peers { permanent_uuid: "5543b5e9d7da429c8799a683774be548" member_type: VOTER last_known_addr { host: "127.13.47.66" port: 40321 } } peers { permanent_uuid: "0b5e2be5af2b45c397397054b333ac12" member_type: VOTER last_known_addr { host: "127.13.47.67" port: 40573 } }
I20260630 12:15:50.366460 14243 tablet_service.cc:1917] Received RequestConsensusVote() RPC: tablet_id: "4885367adbc3402c87596be331dbbc5f" candidate_uuid: "a73f69cb3fc6418ea9f5944afa00c656" candidate_term: 1 candidate_status { last_received { term: 0 index: 0 } } ignore_live_leader: false dest_uuid: "5543b5e9d7da429c8799a683774be548" is_pre_election: true
I20260630 12:15:50.367275 14243 raft_consensus.cc:2468] T 4885367adbc3402c87596be331dbbc5f P 5543b5e9d7da429c8799a683774be548 [term 0 FOLLOWER]: Leader pre-election vote request: Granting yes vote for candidate a73f69cb3fc6418ea9f5944afa00c656 in term 0.
I20260630 12:15:50.368745 14135 leader_election.cc:304] T 4885367adbc3402c87596be331dbbc5f P a73f69cb3fc6418ea9f5944afa00c656 [CANDIDATE]: Term 1 pre-election: Election decided. Result: candidate won. Election summary: received 2 responses out of 3 voters: 2 yes votes; 0 no votes. yes voters: 5543b5e9d7da429c8799a683774be548, a73f69cb3fc6418ea9f5944afa00c656; no voters: 
I20260630 12:15:50.369380 14244 tablet_service.cc:1917] Received RequestConsensusVote() RPC: tablet_id: "31d153824fab4a85aec5d5bf28526c7c" candidate_uuid: "a73f69cb3fc6418ea9f5944afa00c656" candidate_term: 1 candidate_status { last_received { term: 0 index: 0 } } ignore_live_leader: false dest_uuid: "5543b5e9d7da429c8799a683774be548" is_pre_election: true
I20260630 12:15:50.370030 14244 raft_consensus.cc:2468] T 31d153824fab4a85aec5d5bf28526c7c P 5543b5e9d7da429c8799a683774be548 [term 0 FOLLOWER]: Leader pre-election vote request: Granting yes vote for candidate a73f69cb3fc6418ea9f5944afa00c656 in term 0.
I20260630 12:15:50.370600 14372 raft_consensus.cc:515] T 31d153824fab4a85aec5d5bf28526c7c P a73f69cb3fc6418ea9f5944afa00c656 [term 1 FOLLOWER]: Starting leader election with config: opid_index: -1 OBSOLETE_local: false peers { permanent_uuid: "a73f69cb3fc6418ea9f5944afa00c656" member_type: VOTER last_known_addr { host: "127.13.47.65" port: 35491 } } peers { permanent_uuid: "5543b5e9d7da429c8799a683774be548" member_type: VOTER last_known_addr { host: "127.13.47.66" port: 40321 } } peers { permanent_uuid: "0b5e2be5af2b45c397397054b333ac12" member_type: VOTER last_known_addr { host: "127.13.47.67" port: 40573 } }
I20260630 12:15:50.373023 14364 tablet_bootstrap.cc:492] T d6289687649940c9999574bc11e4d7d9 P 0b5e2be5af2b45c397397054b333ac12: No bootstrap required, opened a new log
I20260630 12:15:50.373446 14364 ts_tablet_manager.cc:1403] T d6289687649940c9999574bc11e4d7d9 P 0b5e2be5af2b45c397397054b333ac12: Time spent bootstrapping tablet: real 0.041s	user 0.012s	sys 0.025s
I20260630 12:15:50.373667 14318 tablet_service.cc:1917] Received RequestConsensusVote() RPC: tablet_id: "31d153824fab4a85aec5d5bf28526c7c" candidate_uuid: "a73f69cb3fc6418ea9f5944afa00c656" candidate_term: 1 candidate_status { last_received { term: 0 index: 0 } } ignore_live_leader: false dest_uuid: "0b5e2be5af2b45c397397054b333ac12"
I20260630 12:15:50.374197 14318 raft_consensus.cc:3060] T 31d153824fab4a85aec5d5bf28526c7c P 0b5e2be5af2b45c397397054b333ac12 [term 0 FOLLOWER]: Advancing to term 1
I20260630 12:15:50.375869 14364 raft_consensus.cc:359] T d6289687649940c9999574bc11e4d7d9 P 0b5e2be5af2b45c397397054b333ac12 [term 0 FOLLOWER]: Replica starting. Triggering 0 pending ops. Active config: opid_index: -1 OBSOLETE_local: false peers { permanent_uuid: "a73f69cb3fc6418ea9f5944afa00c656" member_type: VOTER last_known_addr { host: "127.13.47.65" port: 35491 } } peers { permanent_uuid: "5543b5e9d7da429c8799a683774be548" member_type: VOTER last_known_addr { host: "127.13.47.66" port: 40321 } } peers { permanent_uuid: "0b5e2be5af2b45c397397054b333ac12" member_type: VOTER last_known_addr { host: "127.13.47.67" port: 40573 } }
I20260630 12:15:50.376519 14364 raft_consensus.cc:385] T d6289687649940c9999574bc11e4d7d9 P 0b5e2be5af2b45c397397054b333ac12 [term 0 FOLLOWER]: Consensus starting up: Expiring failure detector timer to make a prompt election more likely
I20260630 12:15:50.376776 14364 raft_consensus.cc:740] T d6289687649940c9999574bc11e4d7d9 P 0b5e2be5af2b45c397397054b333ac12 [term 0 FOLLOWER]: Becoming Follower/Learner. State: Replica: 0b5e2be5af2b45c397397054b333ac12, State: Initialized, Role: FOLLOWER
I20260630 12:15:50.377420 14364 consensus_queue.cc:260] T d6289687649940c9999574bc11e4d7d9 P 0b5e2be5af2b45c397397054b333ac12 [NON_LEADER]: Queue going to NON_LEADER mode. State: All replicated index: 0, Majority replicated index: 0, Committed index: 0, Last appended: 0.0, Last appended by leader: 0, Current term: 0, Majority size: -1, State: 0, Mode: NON_LEADER, active raft config: opid_index: -1 OBSOLETE_local: false peers { permanent_uuid: "a73f69cb3fc6418ea9f5944afa00c656" member_type: VOTER last_known_addr { host: "127.13.47.65" port: 35491 } } peers { permanent_uuid: "5543b5e9d7da429c8799a683774be548" member_type: VOTER last_known_addr { host: "127.13.47.66" port: 40321 } } peers { permanent_uuid: "0b5e2be5af2b45c397397054b333ac12" member_type: VOTER last_known_addr { host: "127.13.47.67" port: 40573 } }
I20260630 12:15:50.379379 14364 ts_tablet_manager.cc:1434] T d6289687649940c9999574bc11e4d7d9 P 0b5e2be5af2b45c397397054b333ac12: Time spent starting tablet: real 0.006s	user 0.007s	sys 0.000s
I20260630 12:15:50.380831 14318 raft_consensus.cc:2468] T 31d153824fab4a85aec5d5bf28526c7c P 0b5e2be5af2b45c397397054b333ac12 [term 1 FOLLOWER]: Leader election vote request: Granting yes vote for candidate a73f69cb3fc6418ea9f5944afa00c656 in term 1.
I20260630 12:15:50.382278 14134 leader_election.cc:304] T 31d153824fab4a85aec5d5bf28526c7c P a73f69cb3fc6418ea9f5944afa00c656 [CANDIDATE]: Term 1 election: Election decided. Result: candidate won. Election summary: received 2 responses out of 3 voters: 2 yes votes; 0 no votes. yes voters: 0b5e2be5af2b45c397397054b333ac12, a73f69cb3fc6418ea9f5944afa00c656; no voters: 
I20260630 12:15:50.382781 14065 catalog_manager.cc:5697] T f881841cded74775ae1cd874fe589457 P 0b5e2be5af2b45c397397054b333ac12 reported cstate change: term changed from 0 to 1, leader changed from <none> to 0b5e2be5af2b45c397397054b333ac12 (127.13.47.67). New cstate: current_term: 1 leader_uuid: "0b5e2be5af2b45c397397054b333ac12" committed_config { opid_index: -1 OBSOLETE_local: false peers { permanent_uuid: "a73f69cb3fc6418ea9f5944afa00c656" member_type: VOTER last_known_addr { host: "127.13.47.65" port: 35491 } health_report { overall_health: UNKNOWN } } peers { permanent_uuid: "5543b5e9d7da429c8799a683774be548" member_type: VOTER last_known_addr { host: "127.13.47.66" port: 40321 } health_report { overall_health: UNKNOWN } } peers { permanent_uuid: "0b5e2be5af2b45c397397054b333ac12" member_type: VOTER last_known_addr { host: "127.13.47.67" port: 40573 } health_report { overall_health: HEALTHY } } }
I20260630 12:15:50.385883 14411 raft_consensus.cc:2804] T 4885367adbc3402c87596be331dbbc5f P a73f69cb3fc6418ea9f5944afa00c656 [term 0 FOLLOWER]: Leader pre-election won for term 1
I20260630 12:15:50.386364 14411 raft_consensus.cc:493] T 4885367adbc3402c87596be331dbbc5f P a73f69cb3fc6418ea9f5944afa00c656 [term 0 FOLLOWER]: Starting leader election (no leader contacted us within the election timeout)
I20260630 12:15:50.386729 14411 raft_consensus.cc:3060] T 4885367adbc3402c87596be331dbbc5f P a73f69cb3fc6418ea9f5944afa00c656 [term 0 FOLLOWER]: Advancing to term 1
I20260630 12:15:50.380851 14372 leader_election.cc:290] T 31d153824fab4a85aec5d5bf28526c7c P a73f69cb3fc6418ea9f5944afa00c656 [CANDIDATE]: Term 1 election: Requested vote from peers 5543b5e9d7da429c8799a683774be548 (127.13.47.66:40321), 0b5e2be5af2b45c397397054b333ac12 (127.13.47.67:40573)
I20260630 12:15:50.389385 14372 raft_consensus.cc:2804] T 31d153824fab4a85aec5d5bf28526c7c P a73f69cb3fc6418ea9f5944afa00c656 [term 1 FOLLOWER]: Leader election won for term 1
I20260630 12:15:50.389801 14372 raft_consensus.cc:697] T 31d153824fab4a85aec5d5bf28526c7c P a73f69cb3fc6418ea9f5944afa00c656 [term 1 LEADER]: Becoming Leader. State: Replica: a73f69cb3fc6418ea9f5944afa00c656, State: Running, Role: LEADER
I20260630 12:15:50.390568 14372 consensus_queue.cc:237] T 31d153824fab4a85aec5d5bf28526c7c P a73f69cb3fc6418ea9f5944afa00c656 [LEADER]: Queue going to LEADER mode. State: All replicated index: 0, Majority replicated index: 0, Committed index: 0, Last appended: 0.0, Last appended by leader: 0, Current term: 1, Majority size: 2, State: 0, Mode: LEADER, active raft config: opid_index: -1 OBSOLETE_local: false peers { permanent_uuid: "a73f69cb3fc6418ea9f5944afa00c656" member_type: VOTER last_known_addr { host: "127.13.47.65" port: 35491 } } peers { permanent_uuid: "5543b5e9d7da429c8799a683774be548" member_type: VOTER last_known_addr { host: "127.13.47.66" port: 40321 } } peers { permanent_uuid: "0b5e2be5af2b45c397397054b333ac12" member_type: VOTER last_known_addr { host: "127.13.47.67" port: 40573 } }
I20260630 12:15:50.393095 14409 leader_election.cc:290] T 4885367adbc3402c87596be331dbbc5f P a73f69cb3fc6418ea9f5944afa00c656 [CANDIDATE]: Term 1 pre-election: Requested pre-vote from peers 5543b5e9d7da429c8799a683774be548 (127.13.47.66:40321), 0b5e2be5af2b45c397397054b333ac12 (127.13.47.67:40573)
I20260630 12:15:50.393265 14366 ts_tablet_manager.cc:1434] T baaa110ebda74b9186b3d1694a6f0dee P a73f69cb3fc6418ea9f5944afa00c656: Time spent starting tablet: real 0.039s	user 0.023s	sys 0.008s
I20260630 12:15:50.396091 14244 tablet_service.cc:1917] Received RequestConsensusVote() RPC: tablet_id: "31d153824fab4a85aec5d5bf28526c7c" candidate_uuid: "a73f69cb3fc6418ea9f5944afa00c656" candidate_term: 1 candidate_status { last_received { term: 0 index: 0 } } ignore_live_leader: false dest_uuid: "5543b5e9d7da429c8799a683774be548"
I20260630 12:15:50.396703 14244 raft_consensus.cc:3060] T 31d153824fab4a85aec5d5bf28526c7c P 5543b5e9d7da429c8799a683774be548 [term 0 FOLLOWER]: Advancing to term 1
I20260630 12:15:50.397874 14411 raft_consensus.cc:515] T 4885367adbc3402c87596be331dbbc5f P a73f69cb3fc6418ea9f5944afa00c656 [term 1 FOLLOWER]: Starting leader election with config: opid_index: -1 OBSOLETE_local: false peers { permanent_uuid: "a73f69cb3fc6418ea9f5944afa00c656" member_type: VOTER last_known_addr { host: "127.13.47.65" port: 35491 } } peers { permanent_uuid: "5543b5e9d7da429c8799a683774be548" member_type: VOTER last_known_addr { host: "127.13.47.66" port: 40321 } } peers { permanent_uuid: "0b5e2be5af2b45c397397054b333ac12" member_type: VOTER last_known_addr { host: "127.13.47.67" port: 40573 } }
I20260630 12:15:50.400499 14411 leader_election.cc:290] T 4885367adbc3402c87596be331dbbc5f P a73f69cb3fc6418ea9f5944afa00c656 [CANDIDATE]: Term 1 election: Requested vote from peers 5543b5e9d7da429c8799a683774be548 (127.13.47.66:40321), 0b5e2be5af2b45c397397054b333ac12 (127.13.47.67:40573)
I20260630 12:15:50.403110 14243 tablet_service.cc:1917] Received RequestConsensusVote() RPC: tablet_id: "4885367adbc3402c87596be331dbbc5f" candidate_uuid: "a73f69cb3fc6418ea9f5944afa00c656" candidate_term: 1 candidate_status { last_received { term: 0 index: 0 } } ignore_live_leader: false dest_uuid: "5543b5e9d7da429c8799a683774be548"
I20260630 12:15:50.403234 14244 raft_consensus.cc:2468] T 31d153824fab4a85aec5d5bf28526c7c P 5543b5e9d7da429c8799a683774be548 [term 1 FOLLOWER]: Leader election vote request: Granting yes vote for candidate a73f69cb3fc6418ea9f5944afa00c656 in term 1.
I20260630 12:15:50.403699 14243 raft_consensus.cc:3060] T 4885367adbc3402c87596be331dbbc5f P 5543b5e9d7da429c8799a683774be548 [term 0 FOLLOWER]: Advancing to term 1
I20260630 12:15:50.406241 14318 tablet_service.cc:1917] Received RequestConsensusVote() RPC: tablet_id: "4885367adbc3402c87596be331dbbc5f" candidate_uuid: "a73f69cb3fc6418ea9f5944afa00c656" candidate_term: 1 candidate_status { last_received { term: 0 index: 0 } } ignore_live_leader: false dest_uuid: "0b5e2be5af2b45c397397054b333ac12" is_pre_election: true
I20260630 12:15:50.406874 14318 raft_consensus.cc:2468] T 4885367adbc3402c87596be331dbbc5f P 0b5e2be5af2b45c397397054b333ac12 [term 0 FOLLOWER]: Leader pre-election vote request: Granting yes vote for candidate a73f69cb3fc6418ea9f5944afa00c656 in term 0.
I20260630 12:15:50.406908 14067 catalog_manager.cc:5697] T 31d153824fab4a85aec5d5bf28526c7c P a73f69cb3fc6418ea9f5944afa00c656 reported cstate change: term changed from 0 to 1, leader changed from <none> to a73f69cb3fc6418ea9f5944afa00c656 (127.13.47.65). New cstate: current_term: 1 leader_uuid: "a73f69cb3fc6418ea9f5944afa00c656" committed_config { opid_index: -1 OBSOLETE_local: false peers { permanent_uuid: "a73f69cb3fc6418ea9f5944afa00c656" member_type: VOTER last_known_addr { host: "127.13.47.65" port: 35491 } health_report { overall_health: HEALTHY } } peers { permanent_uuid: "5543b5e9d7da429c8799a683774be548" member_type: VOTER last_known_addr { host: "127.13.47.66" port: 40321 } health_report { overall_health: UNKNOWN } } peers { permanent_uuid: "0b5e2be5af2b45c397397054b333ac12" member_type: VOTER last_known_addr { host: "127.13.47.67" port: 40573 } health_report { overall_health: UNKNOWN } } }
I20260630 12:15:50.410161 14318 tablet_service.cc:1917] Received RequestConsensusVote() RPC: tablet_id: "4885367adbc3402c87596be331dbbc5f" candidate_uuid: "a73f69cb3fc6418ea9f5944afa00c656" candidate_term: 1 candidate_status { last_received { term: 0 index: 0 } } ignore_live_leader: false dest_uuid: "0b5e2be5af2b45c397397054b333ac12"
I20260630 12:15:50.410696 14318 raft_consensus.cc:3060] T 4885367adbc3402c87596be331dbbc5f P 0b5e2be5af2b45c397397054b333ac12 [term 0 FOLLOWER]: Advancing to term 1
I20260630 12:15:50.413381 14243 raft_consensus.cc:2468] T 4885367adbc3402c87596be331dbbc5f P 5543b5e9d7da429c8799a683774be548 [term 1 FOLLOWER]: Leader election vote request: Granting yes vote for candidate a73f69cb3fc6418ea9f5944afa00c656 in term 1.
I20260630 12:15:50.414292 14135 leader_election.cc:304] T 4885367adbc3402c87596be331dbbc5f P a73f69cb3fc6418ea9f5944afa00c656 [CANDIDATE]: Term 1 election: Election decided. Result: candidate won. Election summary: received 2 responses out of 3 voters: 2 yes votes; 0 no votes. yes voters: 5543b5e9d7da429c8799a683774be548, a73f69cb3fc6418ea9f5944afa00c656; no voters: 
I20260630 12:15:50.415701 14412 raft_consensus.cc:2804] T 4885367adbc3402c87596be331dbbc5f P a73f69cb3fc6418ea9f5944afa00c656 [term 1 FOLLOWER]: Leader election won for term 1
I20260630 12:15:50.415856 14318 raft_consensus.cc:2468] T 4885367adbc3402c87596be331dbbc5f P 0b5e2be5af2b45c397397054b333ac12 [term 1 FOLLOWER]: Leader election vote request: Granting yes vote for candidate a73f69cb3fc6418ea9f5944afa00c656 in term 1.
I20260630 12:15:50.416792 14412 raft_consensus.cc:697] T 4885367adbc3402c87596be331dbbc5f P a73f69cb3fc6418ea9f5944afa00c656 [term 1 LEADER]: Becoming Leader. State: Replica: a73f69cb3fc6418ea9f5944afa00c656, State: Running, Role: LEADER
I20260630 12:15:50.417428 14412 consensus_queue.cc:237] T 4885367adbc3402c87596be331dbbc5f P a73f69cb3fc6418ea9f5944afa00c656 [LEADER]: Queue going to LEADER mode. State: All replicated index: 0, Majority replicated index: 0, Committed index: 0, Last appended: 0.0, Last appended by leader: 0, Current term: 1, Majority size: 2, State: 0, Mode: LEADER, active raft config: opid_index: -1 OBSOLETE_local: false peers { permanent_uuid: "a73f69cb3fc6418ea9f5944afa00c656" member_type: VOTER last_known_addr { host: "127.13.47.65" port: 35491 } } peers { permanent_uuid: "5543b5e9d7da429c8799a683774be548" member_type: VOTER last_known_addr { host: "127.13.47.66" port: 40321 } } peers { permanent_uuid: "0b5e2be5af2b45c397397054b333ac12" member_type: VOTER last_known_addr { host: "127.13.47.67" port: 40573 } }
I20260630 12:15:50.424605 14067 catalog_manager.cc:5697] T 4885367adbc3402c87596be331dbbc5f P a73f69cb3fc6418ea9f5944afa00c656 reported cstate change: term changed from 0 to 1, leader changed from <none> to a73f69cb3fc6418ea9f5944afa00c656 (127.13.47.65). New cstate: current_term: 1 leader_uuid: "a73f69cb3fc6418ea9f5944afa00c656" committed_config { opid_index: -1 OBSOLETE_local: false peers { permanent_uuid: "a73f69cb3fc6418ea9f5944afa00c656" member_type: VOTER last_known_addr { host: "127.13.47.65" port: 35491 } health_report { overall_health: HEALTHY } } peers { permanent_uuid: "5543b5e9d7da429c8799a683774be548" member_type: VOTER last_known_addr { host: "127.13.47.66" port: 40321 } health_report { overall_health: UNKNOWN } } peers { permanent_uuid: "0b5e2be5af2b45c397397054b333ac12" member_type: VOTER last_known_addr { host: "127.13.47.67" port: 40573 } health_report { overall_health: UNKNOWN } } }
I20260630 12:15:50.553022 14168 raft_consensus.cc:3060] T f475f7376775469fa8fac4d19857581b P a73f69cb3fc6418ea9f5944afa00c656 [term 0 FOLLOWER]: Advancing to term 1
I20260630 12:15:50.558511 14368 consensus_queue.cc:1048] T f475f7376775469fa8fac4d19857581b P 5543b5e9d7da429c8799a683774be548 [LEADER]: Connected to new peer: Peer: permanent_uuid: "a73f69cb3fc6418ea9f5944afa00c656" member_type: VOTER last_known_addr { host: "127.13.47.65" port: 35491 }, Status: LMP_MISMATCH, Last received: 0.0, Next index: 1, Last known committed idx: 0, Time since last communication: 0.000s
I20260630 12:15:50.561942 14368 consensus_queue.cc:1048] T 2186e8db74b942ee9e40ca3f1c1b1f41 P 5543b5e9d7da429c8799a683774be548 [LEADER]: Connected to new peer: Peer: permanent_uuid: "0b5e2be5af2b45c397397054b333ac12" member_type: VOTER last_known_addr { host: "127.13.47.67" port: 40573 }, Status: LMP_MISMATCH, Last received: 0.0, Next index: 1, Last known committed idx: 0, Time since last communication: 0.000s
I20260630 12:15:50.570457 14368 consensus_queue.cc:1048] T f475f7376775469fa8fac4d19857581b P 5543b5e9d7da429c8799a683774be548 [LEADER]: Connected to new peer: Peer: permanent_uuid: "0b5e2be5af2b45c397397054b333ac12" member_type: VOTER last_known_addr { host: "127.13.47.67" port: 40573 }, Status: LMP_MISMATCH, Last received: 0.0, Next index: 1, Last known committed idx: 0, Time since last communication: 0.000s
I20260630 12:15:50.582703 14390 consensus_queue.cc:1048] T 2186e8db74b942ee9e40ca3f1c1b1f41 P 5543b5e9d7da429c8799a683774be548 [LEADER]: Connected to new peer: Peer: permanent_uuid: "a73f69cb3fc6418ea9f5944afa00c656" member_type: VOTER last_known_addr { host: "127.13.47.65" port: 35491 }, Status: LMP_MISMATCH, Last received: 0.0, Next index: 1, Last known committed idx: 0, Time since last communication: 0.001s
I20260630 12:15:50.708858 14399 consensus_queue.cc:1048] T b2f63bbe7ef144c4a62c88eccefaa68b P 0b5e2be5af2b45c397397054b333ac12 [LEADER]: Connected to new peer: Peer: permanent_uuid: "5543b5e9d7da429c8799a683774be548" member_type: VOTER last_known_addr { host: "127.13.47.66" port: 40321 }, Status: LMP_MISMATCH, Last received: 0.0, Next index: 1, Last known committed idx: 0, Time since last communication: 0.000s
I20260630 12:15:50.718484 14402 consensus_queue.cc:1048] T b2f63bbe7ef144c4a62c88eccefaa68b P 0b5e2be5af2b45c397397054b333ac12 [LEADER]: Connected to new peer: Peer: permanent_uuid: "a73f69cb3fc6418ea9f5944afa00c656" member_type: VOTER last_known_addr { host: "127.13.47.65" port: 35491 }, Status: LMP_MISMATCH, Last received: 0.0, Next index: 1, Last known committed idx: 0, Time since last communication: 0.001s
I20260630 12:15:50.727504 14402 raft_consensus.cc:493] T d6289687649940c9999574bc11e4d7d9 P 0b5e2be5af2b45c397397054b333ac12 [term 0 FOLLOWER]: Starting pre-election (no leader contacted us within the election timeout)
I20260630 12:15:50.727975 14402 raft_consensus.cc:515] T d6289687649940c9999574bc11e4d7d9 P 0b5e2be5af2b45c397397054b333ac12 [term 0 FOLLOWER]: Starting pre-election with config: opid_index: -1 OBSOLETE_local: false peers { permanent_uuid: "a73f69cb3fc6418ea9f5944afa00c656" member_type: VOTER last_known_addr { host: "127.13.47.65" port: 35491 } } peers { permanent_uuid: "5543b5e9d7da429c8799a683774be548" member_type: VOTER last_known_addr { host: "127.13.47.66" port: 40321 } } peers { permanent_uuid: "0b5e2be5af2b45c397397054b333ac12" member_type: VOTER last_known_addr { host: "127.13.47.67" port: 40573 } }
I20260630 12:15:50.729820 14402 leader_election.cc:290] T d6289687649940c9999574bc11e4d7d9 P 0b5e2be5af2b45c397397054b333ac12 [CANDIDATE]: Term 1 pre-election: Requested pre-vote from peers a73f69cb3fc6418ea9f5944afa00c656 (127.13.47.65:35491), 5543b5e9d7da429c8799a683774be548 (127.13.47.66:40321)
I20260630 12:15:50.730589 14168 tablet_service.cc:1917] Received RequestConsensusVote() RPC: tablet_id: "d6289687649940c9999574bc11e4d7d9" candidate_uuid: "0b5e2be5af2b45c397397054b333ac12" candidate_term: 1 candidate_status { last_received { term: 0 index: 0 } } ignore_live_leader: false dest_uuid: "a73f69cb3fc6418ea9f5944afa00c656" is_pre_election: true
I20260630 12:15:50.730885 14243 tablet_service.cc:1917] Received RequestConsensusVote() RPC: tablet_id: "d6289687649940c9999574bc11e4d7d9" candidate_uuid: "0b5e2be5af2b45c397397054b333ac12" candidate_term: 1 candidate_status { last_received { term: 0 index: 0 } } ignore_live_leader: false dest_uuid: "5543b5e9d7da429c8799a683774be548" is_pre_election: true
I20260630 12:15:50.731220 14168 raft_consensus.cc:2468] T d6289687649940c9999574bc11e4d7d9 P a73f69cb3fc6418ea9f5944afa00c656 [term 0 FOLLOWER]: Leader pre-election vote request: Granting yes vote for candidate 0b5e2be5af2b45c397397054b333ac12 in term 0.
I20260630 12:15:50.731637 14243 raft_consensus.cc:2468] T d6289687649940c9999574bc11e4d7d9 P 5543b5e9d7da429c8799a683774be548 [term 0 FOLLOWER]: Leader pre-election vote request: Granting yes vote for candidate 0b5e2be5af2b45c397397054b333ac12 in term 0.
I20260630 12:15:50.732260 14282 leader_election.cc:304] T d6289687649940c9999574bc11e4d7d9 P 0b5e2be5af2b45c397397054b333ac12 [CANDIDATE]: Term 1 pre-election: Election decided. Result: candidate won. Election summary: received 2 responses out of 3 voters: 2 yes votes; 0 no votes. yes voters: 0b5e2be5af2b45c397397054b333ac12, a73f69cb3fc6418ea9f5944afa00c656; no voters: 
I20260630 12:15:50.733160 14402 raft_consensus.cc:2804] T d6289687649940c9999574bc11e4d7d9 P 0b5e2be5af2b45c397397054b333ac12 [term 0 FOLLOWER]: Leader pre-election won for term 1
I20260630 12:15:50.733510 14402 raft_consensus.cc:493] T d6289687649940c9999574bc11e4d7d9 P 0b5e2be5af2b45c397397054b333ac12 [term 0 FOLLOWER]: Starting leader election (no leader contacted us within the election timeout)
I20260630 12:15:50.733840 14402 raft_consensus.cc:3060] T d6289687649940c9999574bc11e4d7d9 P 0b5e2be5af2b45c397397054b333ac12 [term 0 FOLLOWER]: Advancing to term 1
I20260630 12:15:50.738508 14402 raft_consensus.cc:515] T d6289687649940c9999574bc11e4d7d9 P 0b5e2be5af2b45c397397054b333ac12 [term 1 FOLLOWER]: Starting leader election with config: opid_index: -1 OBSOLETE_local: false peers { permanent_uuid: "a73f69cb3fc6418ea9f5944afa00c656" member_type: VOTER last_known_addr { host: "127.13.47.65" port: 35491 } } peers { permanent_uuid: "5543b5e9d7da429c8799a683774be548" member_type: VOTER last_known_addr { host: "127.13.47.66" port: 40321 } } peers { permanent_uuid: "0b5e2be5af2b45c397397054b333ac12" member_type: VOTER last_known_addr { host: "127.13.47.67" port: 40573 } }
I20260630 12:15:50.740020 14402 leader_election.cc:290] T d6289687649940c9999574bc11e4d7d9 P 0b5e2be5af2b45c397397054b333ac12 [CANDIDATE]: Term 1 election: Requested vote from peers a73f69cb3fc6418ea9f5944afa00c656 (127.13.47.65:35491), 5543b5e9d7da429c8799a683774be548 (127.13.47.66:40321)
I20260630 12:15:50.740672 14168 tablet_service.cc:1917] Received RequestConsensusVote() RPC: tablet_id: "d6289687649940c9999574bc11e4d7d9" candidate_uuid: "0b5e2be5af2b45c397397054b333ac12" candidate_term: 1 candidate_status { last_received { term: 0 index: 0 } } ignore_live_leader: false dest_uuid: "a73f69cb3fc6418ea9f5944afa00c656"
I20260630 12:15:50.741020 14243 tablet_service.cc:1917] Received RequestConsensusVote() RPC: tablet_id: "d6289687649940c9999574bc11e4d7d9" candidate_uuid: "0b5e2be5af2b45c397397054b333ac12" candidate_term: 1 candidate_status { last_received { term: 0 index: 0 } } ignore_live_leader: false dest_uuid: "5543b5e9d7da429c8799a683774be548"
I20260630 12:15:50.741129 14168 raft_consensus.cc:3060] T d6289687649940c9999574bc11e4d7d9 P a73f69cb3fc6418ea9f5944afa00c656 [term 0 FOLLOWER]: Advancing to term 1
I20260630 12:15:50.741552 14243 raft_consensus.cc:3060] T d6289687649940c9999574bc11e4d7d9 P 5543b5e9d7da429c8799a683774be548 [term 0 FOLLOWER]: Advancing to term 1
I20260630 12:15:50.745797 14168 raft_consensus.cc:2468] T d6289687649940c9999574bc11e4d7d9 P a73f69cb3fc6418ea9f5944afa00c656 [term 1 FOLLOWER]: Leader election vote request: Granting yes vote for candidate 0b5e2be5af2b45c397397054b333ac12 in term 1.
I20260630 12:15:50.745981 14243 raft_consensus.cc:2468] T d6289687649940c9999574bc11e4d7d9 P 5543b5e9d7da429c8799a683774be548 [term 1 FOLLOWER]: Leader election vote request: Granting yes vote for candidate 0b5e2be5af2b45c397397054b333ac12 in term 1.
I20260630 12:15:50.746759 14282 leader_election.cc:304] T d6289687649940c9999574bc11e4d7d9 P 0b5e2be5af2b45c397397054b333ac12 [CANDIDATE]: Term 1 election: Election decided. Result: candidate won. Election summary: received 2 responses out of 3 voters: 2 yes votes; 0 no votes. yes voters: 0b5e2be5af2b45c397397054b333ac12, a73f69cb3fc6418ea9f5944afa00c656; no voters: 
I20260630 12:15:50.747493 14402 raft_consensus.cc:2804] T d6289687649940c9999574bc11e4d7d9 P 0b5e2be5af2b45c397397054b333ac12 [term 1 FOLLOWER]: Leader election won for term 1
I20260630 12:15:50.747869 14402 raft_consensus.cc:697] T d6289687649940c9999574bc11e4d7d9 P 0b5e2be5af2b45c397397054b333ac12 [term 1 LEADER]: Becoming Leader. State: Replica: 0b5e2be5af2b45c397397054b333ac12, State: Running, Role: LEADER
I20260630 12:15:50.748594 14402 consensus_queue.cc:237] T d6289687649940c9999574bc11e4d7d9 P 0b5e2be5af2b45c397397054b333ac12 [LEADER]: Queue going to LEADER mode. State: All replicated index: 0, Majority replicated index: 0, Committed index: 0, Last appended: 0.0, Last appended by leader: 0, Current term: 1, Majority size: 2, State: 0, Mode: LEADER, active raft config: opid_index: -1 OBSOLETE_local: false peers { permanent_uuid: "a73f69cb3fc6418ea9f5944afa00c656" member_type: VOTER last_known_addr { host: "127.13.47.65" port: 35491 } } peers { permanent_uuid: "5543b5e9d7da429c8799a683774be548" member_type: VOTER last_known_addr { host: "127.13.47.66" port: 40321 } } peers { permanent_uuid: "0b5e2be5af2b45c397397054b333ac12" member_type: VOTER last_known_addr { host: "127.13.47.67" port: 40573 } }
I20260630 12:15:50.754848 14065 catalog_manager.cc:5697] T d6289687649940c9999574bc11e4d7d9 P 0b5e2be5af2b45c397397054b333ac12 reported cstate change: term changed from 0 to 1, leader changed from <none> to 0b5e2be5af2b45c397397054b333ac12 (127.13.47.67). New cstate: current_term: 1 leader_uuid: "0b5e2be5af2b45c397397054b333ac12" committed_config { opid_index: -1 OBSOLETE_local: false peers { permanent_uuid: "a73f69cb3fc6418ea9f5944afa00c656" member_type: VOTER last_known_addr { host: "127.13.47.65" port: 35491 } health_report { overall_health: UNKNOWN } } peers { permanent_uuid: "5543b5e9d7da429c8799a683774be548" member_type: VOTER last_known_addr { host: "127.13.47.66" port: 40321 } health_report { overall_health: UNKNOWN } } peers { permanent_uuid: "0b5e2be5af2b45c397397054b333ac12" member_type: VOTER last_known_addr { host: "127.13.47.67" port: 40573 } health_report { overall_health: HEALTHY } } }
I20260630 12:15:50.804283 14412 raft_consensus.cc:493] T baaa110ebda74b9186b3d1694a6f0dee P a73f69cb3fc6418ea9f5944afa00c656 [term 0 FOLLOWER]: Starting pre-election (no leader contacted us within the election timeout)
I20260630 12:15:50.804797 14412 raft_consensus.cc:515] T baaa110ebda74b9186b3d1694a6f0dee P a73f69cb3fc6418ea9f5944afa00c656 [term 0 FOLLOWER]: Starting pre-election with config: opid_index: -1 OBSOLETE_local: false peers { permanent_uuid: "a73f69cb3fc6418ea9f5944afa00c656" member_type: VOTER last_known_addr { host: "127.13.47.65" port: 35491 } } peers { permanent_uuid: "5543b5e9d7da429c8799a683774be548" member_type: VOTER last_known_addr { host: "127.13.47.66" port: 40321 } } peers { permanent_uuid: "0b5e2be5af2b45c397397054b333ac12" member_type: VOTER last_known_addr { host: "127.13.47.67" port: 40573 } }
I20260630 12:15:50.806854 14412 leader_election.cc:290] T baaa110ebda74b9186b3d1694a6f0dee P a73f69cb3fc6418ea9f5944afa00c656 [CANDIDATE]: Term 1 pre-election: Requested pre-vote from peers 5543b5e9d7da429c8799a683774be548 (127.13.47.66:40321), 0b5e2be5af2b45c397397054b333ac12 (127.13.47.67:40573)
I20260630 12:15:50.807607 14243 tablet_service.cc:1917] Received RequestConsensusVote() RPC: tablet_id: "baaa110ebda74b9186b3d1694a6f0dee" candidate_uuid: "a73f69cb3fc6418ea9f5944afa00c656" candidate_term: 1 candidate_status { last_received { term: 0 index: 0 } } ignore_live_leader: false dest_uuid: "5543b5e9d7da429c8799a683774be548" is_pre_election: true
I20260630 12:15:50.807909 14317 tablet_service.cc:1917] Received RequestConsensusVote() RPC: tablet_id: "baaa110ebda74b9186b3d1694a6f0dee" candidate_uuid: "a73f69cb3fc6418ea9f5944afa00c656" candidate_term: 1 candidate_status { last_received { term: 0 index: 0 } } ignore_live_leader: false dest_uuid: "0b5e2be5af2b45c397397054b333ac12" is_pre_election: true
I20260630 12:15:50.808466 14243 raft_consensus.cc:2393] T baaa110ebda74b9186b3d1694a6f0dee P 5543b5e9d7da429c8799a683774be548 [term 1 FOLLOWER]: Leader pre-election vote request: Denying vote to candidate a73f69cb3fc6418ea9f5944afa00c656 in current term 1: Already voted for candidate 0b5e2be5af2b45c397397054b333ac12 in this term.
I20260630 12:15:50.809377 14135 leader_election.cc:304] T baaa110ebda74b9186b3d1694a6f0dee P a73f69cb3fc6418ea9f5944afa00c656 [CANDIDATE]: Term 1 pre-election: Election decided. Result: candidate lost. Election summary: received 3 responses out of 3 voters: 1 yes votes; 2 no votes. yes voters: a73f69cb3fc6418ea9f5944afa00c656; no voters: 0b5e2be5af2b45c397397054b333ac12, 5543b5e9d7da429c8799a683774be548
I20260630 12:15:50.809976 14412 raft_consensus.cc:3060] T baaa110ebda74b9186b3d1694a6f0dee P a73f69cb3fc6418ea9f5944afa00c656 [term 0 FOLLOWER]: Advancing to term 1
I20260630 12:15:50.814360 14412 raft_consensus.cc:2749] T baaa110ebda74b9186b3d1694a6f0dee P a73f69cb3fc6418ea9f5944afa00c656 [term 1 FOLLOWER]: Leader pre-election lost for term 1. Reason: could not achieve majority
I20260630 12:15:50.845283 13501 file_cache.cc:492] Constructed file cache file cache with capacity 419430
W20260630 12:15:50.851393 14427 instance_detector.cc:116] could not retrieve AWS instance metadata: Network error: curl error: HTTP response code said error: The requested URL returned error: 404
W20260630 12:15:50.852080 14428 instance_detector.cc:116] could not retrieve Azure instance metadata: Network error: curl error: HTTP response code said error: The requested URL returned error: 404
W20260630 12:15:50.853871 14430 instance_detector.cc:116] could not retrieve OpenStack instance metadata: Network error: curl error: HTTP response code said error: The requested URL returned error: 404
I20260630 12:15:50.854611 13501 server_base.cc:1061] running on GCE node
I20260630 12:15:50.855744 13501 hybrid_clock.cc:584] initializing the hybrid clock with 'system_unsync' time source
W20260630 12:15:50.855998 13501 system_unsync_time.cc:38] NTP support is disabled. Clock error bounds will not be accurate. This configuration is not suitable for distributed clusters.
I20260630 12:15:50.856132 13501 hybrid_clock.cc:648] HybridClock initialized: now 1782821750856122 us; error 0 us; skew 500 ppm
I20260630 12:15:50.856549 13501 server_base.cc:861] Flag tcmalloc_max_total_thread_cache_bytes is not working since tcmalloc is not enabled.
I20260630 12:15:50.859479 13501 webserver.cc:533] Webserver started at http://127.13.47.68:43031/ using document root <none> and password file <none>
I20260630 12:15:50.859951 13501 fs_manager.cc:362] Metadata directory not provided
I20260630 12:15:50.860160 13501 fs_manager.cc:368] Using write-ahead log directory (fs_wal_dir) as metadata directory
I20260630 12:15:50.860443 13501 server_base.cc:909] This appears to be a new deployment of Kudu; creating new FS layout
I20260630 12:15:50.861670 13501 fs_manager.cc:1068] Generated new instance metadata in path /tmp/dist-test-taskB0Z_D9/test-tmp/auto_rebalancer-test.0.AutoRebalancerTest.AutoRebalancingTurnOffAndOn.1782821741174598-13501-0/minicluster-data/ts-3-root/instance:
uuid: "ebdde06a8ca04e62b20f04ea9d1555b2"
format_stamp: "Formatted at 2026-06-30 12:15:50 on dist-test-slave-r4vl"
I20260630 12:15:50.861478 14402 consensus_queue.cc:1048] T baaa110ebda74b9186b3d1694a6f0dee P 0b5e2be5af2b45c397397054b333ac12 [LEADER]: Connected to new peer: Peer: permanent_uuid: "a73f69cb3fc6418ea9f5944afa00c656" member_type: VOTER last_known_addr { host: "127.13.47.65" port: 35491 }, Status: LMP_MISMATCH, Last received: 0.0, Next index: 1, Last known committed idx: 0, Time since last communication: 0.000s
I20260630 12:15:50.867252 13501 fs_manager.cc:696] Time spent creating directory manager: real 0.005s	user 0.006s	sys 0.002s
I20260630 12:15:50.872659 14399 consensus_queue.cc:1048] T baaa110ebda74b9186b3d1694a6f0dee P 0b5e2be5af2b45c397397054b333ac12 [LEADER]: Connected to new peer: Peer: permanent_uuid: "5543b5e9d7da429c8799a683774be548" member_type: VOTER last_known_addr { host: "127.13.47.66" port: 40321 }, Status: LMP_MISMATCH, Last received: 0.0, Next index: 1, Last known committed idx: 0, Time since last communication: 0.000s
I20260630 12:15:50.877696 14412 consensus_queue.cc:1048] T 31d153824fab4a85aec5d5bf28526c7c P a73f69cb3fc6418ea9f5944afa00c656 [LEADER]: Connected to new peer: Peer: permanent_uuid: "0b5e2be5af2b45c397397054b333ac12" member_type: VOTER last_known_addr { host: "127.13.47.67" port: 40573 }, Status: LMP_MISMATCH, Last received: 0.0, Next index: 1, Last known committed idx: 0, Time since last communication: 0.000s
I20260630 12:15:50.884795 14437 log_block_manager.cc:4031] Time spent loading block containers with low live blocks: real 0.000s	user 0.000s	sys 0.000s
I20260630 12:15:50.885697 13501 fs_manager.cc:730] Time spent opening block manager: real 0.009s	user 0.000s	sys 0.007s
I20260630 12:15:50.886049 13501 fs_manager.cc:647] Opened local filesystem: /tmp/dist-test-taskB0Z_D9/test-tmp/auto_rebalancer-test.0.AutoRebalancerTest.AutoRebalancingTurnOffAndOn.1782821741174598-13501-0/minicluster-data/ts-3-root
uuid: "ebdde06a8ca04e62b20f04ea9d1555b2"
format_stamp: "Formatted at 2026-06-30 12:15:50 on dist-test-slave-r4vl"
I20260630 12:15:50.886436 13501 fs_report.cc:389] FS layout report
--------------------
wal directory: /tmp/dist-test-taskB0Z_D9/test-tmp/auto_rebalancer-test.0.AutoRebalancerTest.AutoRebalancingTurnOffAndOn.1782821741174598-13501-0/minicluster-data/ts-3-root
metadata directory: /tmp/dist-test-taskB0Z_D9/test-tmp/auto_rebalancer-test.0.AutoRebalancerTest.AutoRebalancingTurnOffAndOn.1782821741174598-13501-0/minicluster-data/ts-3-root
1 data directories: /tmp/dist-test-taskB0Z_D9/test-tmp/auto_rebalancer-test.0.AutoRebalancerTest.AutoRebalancingTurnOffAndOn.1782821741174598-13501-0/minicluster-data/ts-3-root/data
Total live blocks: 0
Total live bytes: 0
Total live bytes (after alignment): 0
Total number of LBM containers: 0 (0 full)
Did not check for missing blocks
Did not check for orphaned blocks
Total full LBM containers with extra space: 0 (0 repaired)
Total full LBM container extra space in bytes: 0 (0 repaired)
Total incomplete LBM containers: 0 (0 repaired)
Total LBM partial records: 0 (0 repaired)
Total corrupted LBM metadata records in RocksDB: 0 (0 repaired)
I20260630 12:15:50.893268 14372 consensus_queue.cc:1048] T 31d153824fab4a85aec5d5bf28526c7c P a73f69cb3fc6418ea9f5944afa00c656 [LEADER]: Connected to new peer: Peer: permanent_uuid: "5543b5e9d7da429c8799a683774be548" member_type: VOTER last_known_addr { host: "127.13.47.66" port: 40321 }, Status: LMP_MISMATCH, Last received: 0.0, Next index: 1, Last known committed idx: 0, Time since last communication: 0.006s
I20260630 12:15:50.917034 14399 consensus_queue.cc:1048] T f881841cded74775ae1cd874fe589457 P 0b5e2be5af2b45c397397054b333ac12 [LEADER]: Connected to new peer: Peer: permanent_uuid: "a73f69cb3fc6418ea9f5944afa00c656" member_type: VOTER last_known_addr { host: "127.13.47.65" port: 35491 }, Status: LMP_MISMATCH, Last received: 0.0, Next index: 1, Last known committed idx: 0, Time since last communication: 0.001s
I20260630 12:15:50.935415 14369 consensus_queue.cc:1048] T f881841cded74775ae1cd874fe589457 P 0b5e2be5af2b45c397397054b333ac12 [LEADER]: Connected to new peer: Peer: permanent_uuid: "5543b5e9d7da429c8799a683774be548" member_type: VOTER last_known_addr { host: "127.13.47.66" port: 40321 }, Status: LMP_MISMATCH, Last received: 0.0, Next index: 1, Last known committed idx: 0, Time since last communication: 0.000s
I20260630 12:15:50.937453 13501 rpc_server.cc:225] running with OpenSSL 1.1.1  11 Sep 2018
I20260630 12:15:50.939066 13501 kserver.cc:163] Server-wide thread pool size limit: 3276
I20260630 12:15:50.947718 13501 txn_system_client.cc:432] TxnSystemClient initialization is disabled...
I20260630 12:15:50.950908 13501 ts_tablet_manager.cc:585] Loaded tablet metadata (0 total tablets, 0 live tablets)
I20260630 12:15:50.951174 13501 ts_tablet_manager.cc:531] Time spent load tablet metadata: real 0.000s	user 0.000s	sys 0.000s
I20260630 12:15:50.951481 13501 ts_tablet_manager.cc:616] Registered 0 tablets
I20260630 12:15:50.951627 13501 ts_tablet_manager.cc:595] Time spent register tablets: real 0.000s	user 0.000s	sys 0.000s
I20260630 12:15:50.993165 13501 rpc_server.cc:307] RPC server started. Bound to: 127.13.47.68:38407
I20260630 12:15:50.993288 14503 acceptor_pool.cc:272] collecting diagnostics on the listening RPC socket 127.13.47.68:38407 every 8 connection(s)
I20260630 12:15:50.997618 14372 consensus_queue.cc:1048] T 4885367adbc3402c87596be331dbbc5f P a73f69cb3fc6418ea9f5944afa00c656 [LEADER]: Connected to new peer: Peer: permanent_uuid: "5543b5e9d7da429c8799a683774be548" member_type: VOTER last_known_addr { host: "127.13.47.66" port: 40321 }, Status: LMP_MISMATCH, Last received: 0.0, Next index: 1, Last known committed idx: 0, Time since last communication: 0.000s
I20260630 12:15:51.015877 14504 heartbeater.cc:344] Connected to a master server at 127.13.47.126:44367
I20260630 12:15:51.016286 14504 heartbeater.cc:461] Registering TS with master...
I20260630 12:15:51.017207 14504 heartbeater.cc:507] Master 127.13.47.126:44367 requested a full tablet report, sending...
I20260630 12:15:51.018744 14412 consensus_queue.cc:1048] T 4885367adbc3402c87596be331dbbc5f P a73f69cb3fc6418ea9f5944afa00c656 [LEADER]: Connected to new peer: Peer: permanent_uuid: "0b5e2be5af2b45c397397054b333ac12" member_type: VOTER last_known_addr { host: "127.13.47.67" port: 40573 }, Status: LMP_MISMATCH, Last received: 0.0, Next index: 1, Last known committed idx: 0, Time since last communication: 0.010s
I20260630 12:15:51.019174 14065 ts_manager.cc:194] Registered new tserver with Master: ebdde06a8ca04e62b20f04ea9d1555b2 (127.13.47.68:38407)
I20260630 12:15:51.020876 14065 master_service.cc:502] Signed X509 certificate for tserver {username='slave'} at 127.0.0.1:52668
I20260630 12:15:51.129288 14399 consensus_queue.cc:1048] T d6289687649940c9999574bc11e4d7d9 P 0b5e2be5af2b45c397397054b333ac12 [LEADER]: Connected to new peer: Peer: permanent_uuid: "a73f69cb3fc6418ea9f5944afa00c656" member_type: VOTER last_known_addr { host: "127.13.47.65" port: 35491 }, Status: LMP_MISMATCH, Last received: 0.0, Next index: 1, Last known committed idx: 0, Time since last communication: 0.000s
I20260630 12:15:51.139752 14399 consensus_queue.cc:1048] T d6289687649940c9999574bc11e4d7d9 P 0b5e2be5af2b45c397397054b333ac12 [LEADER]: Connected to new peer: Peer: permanent_uuid: "5543b5e9d7da429c8799a683774be548" member_type: VOTER last_known_addr { host: "127.13.47.66" port: 40321 }, Status: LMP_MISMATCH, Last received: 0.0, Next index: 1, Last known committed idx: 0, Time since last communication: 0.000s
I20260630 12:15:52.023809 14504 heartbeater.cc:499] Master 127.13.47.126:44367 was elected leader, sending a full tablet report...
I20260630 12:15:52.251960 14120 auto_leader_rebalancer.cc:141] leader rebalance for table test-workload
I20260630 12:15:52.269165 14317 tablet_service.cc:2072] Received LeaderStepDown RPC: tablet_id: "b2f63bbe7ef144c4a62c88eccefaa68b"
dest_uuid: "0b5e2be5af2b45c397397054b333ac12"
mode: GRACEFUL
new_leader_uuid: "5543b5e9d7da429c8799a683774be548"
 from {username='slave'} at 127.0.0.1:39210
I20260630 12:15:52.269989 14317 raft_consensus.cc:606] T b2f63bbe7ef144c4a62c88eccefaa68b P 0b5e2be5af2b45c397397054b333ac12 [term 1 LEADER]: Received request to transfer leadership to TS 5543b5e9d7da429c8799a683774be548
I20260630 12:15:52.271351 14120 auto_leader_rebalancer.cc:440] table: test-workload, leader rebalance finish, leader transfer count: 1
I20260630 12:15:52.271778 14120 auto_leader_rebalancer.cc:515] All tables' leader rebalancing finished this round
I20260630 12:15:52.379666 14402 raft_consensus.cc:993] T b2f63bbe7ef144c4a62c88eccefaa68b P 0b5e2be5af2b45c397397054b333ac12: : Instructing follower 5543b5e9d7da429c8799a683774be548 to start an election
I20260630 12:15:52.380192 14517 raft_consensus.cc:1081] T b2f63bbe7ef144c4a62c88eccefaa68b P 0b5e2be5af2b45c397397054b333ac12 [term 1 LEADER]: Signalling peer 5543b5e9d7da429c8799a683774be548 to start an election
I20260630 12:15:52.381836 14244 tablet_service.cc:2044] Received Run Leader Election RPC: tablet_id: "b2f63bbe7ef144c4a62c88eccefaa68b"
dest_uuid: "5543b5e9d7da429c8799a683774be548"
 from {username='slave'} at 127.0.0.1:38702
I20260630 12:15:52.382285 14244 raft_consensus.cc:493] T b2f63bbe7ef144c4a62c88eccefaa68b P 5543b5e9d7da429c8799a683774be548 [term 1 FOLLOWER]: Starting forced leader election (received explicit request)
I20260630 12:15:52.382573 14244 raft_consensus.cc:3060] T b2f63bbe7ef144c4a62c88eccefaa68b P 5543b5e9d7da429c8799a683774be548 [term 1 FOLLOWER]: Advancing to term 2
I20260630 12:15:52.387617 14244 raft_consensus.cc:515] T b2f63bbe7ef144c4a62c88eccefaa68b P 5543b5e9d7da429c8799a683774be548 [term 2 FOLLOWER]: Starting forced leader election with config: opid_index: -1 OBSOLETE_local: false peers { permanent_uuid: "a73f69cb3fc6418ea9f5944afa00c656" member_type: VOTER last_known_addr { host: "127.13.47.65" port: 35491 } } peers { permanent_uuid: "5543b5e9d7da429c8799a683774be548" member_type: VOTER last_known_addr { host: "127.13.47.66" port: 40321 } } peers { permanent_uuid: "0b5e2be5af2b45c397397054b333ac12" member_type: VOTER last_known_addr { host: "127.13.47.67" port: 40573 } }
I20260630 12:15:52.389308 14244 leader_election.cc:290] T b2f63bbe7ef144c4a62c88eccefaa68b P 5543b5e9d7da429c8799a683774be548 [CANDIDATE]: Term 2 election: Requested vote from peers a73f69cb3fc6418ea9f5944afa00c656 (127.13.47.65:35491), 0b5e2be5af2b45c397397054b333ac12 (127.13.47.67:40573)
