I20260630 12:17:08.640851 16376 catalog_manager.cc:5697] T cba63c0592d645d5ac7ed71d6c53ff4e P 3276dd9551184c2193892f0d23a36955 reported cstate change: config changed from index 3 to 4, d574fb6e9de24ef9beed1217d3eb622d (127.13.53.132) changed from NON_VOTER to VOTER. New cstate: current_term: 2 leader_uuid: "3276dd9551184c2193892f0d23a36955" committed_config { opid_index: 4 OBSOLETE_local: false peers { permanent_uuid: "3276dd9551184c2193892f0d23a36955" member_type: VOTER last_known_addr { host: "127.13.53.130" port: 38447 } health_report { overall_health: HEALTHY } } peers { permanent_uuid: "51c03b7e331b4381b2a126c78463ee98" member_type: VOTER last_known_addr { host: "127.13.53.129" port: 45187 } attrs { replace: true } health_report { overall_health: HEALTHY } } peers { permanent_uuid: "042d0478e35b420699bd072a1b19b4f2" member_type: VOTER last_known_addr { host: "127.13.53.131" port: 38357 } health_report { overall_health: HEALTHY } } peers { permanent_uuid: "d574fb6e9de24ef9beed1217d3eb622d" member_type: VOTER last_known_addr { host: "127.13.53.132" port: 46559 } attrs { promote: false } health_report { overall_health: HEALTHY } } }
I20260630 12:17:08.647624 16631 raft_consensus.cc:1275] T a926ce68fde04c6c8448ab0c04f73a5f P 042d0478e35b420699bd072a1b19b4f2 [term 1 LEARNER]: Refusing update from remote peer 51c03b7e331b4381b2a126c78463ee98: Log matching property violated. Preceding OpId in replica: term: 1 index: 2. Preceding OpId from leader: term: 1 index: 3. (index mismatch)
I20260630 12:17:08.649134 16555 raft_consensus.cc:1275] T a926ce68fde04c6c8448ab0c04f73a5f P 3276dd9551184c2193892f0d23a36955 [term 1 FOLLOWER]: Refusing update from remote peer 51c03b7e331b4381b2a126c78463ee98: Log matching property violated. Preceding OpId in replica: term: 1 index: 2. Preceding OpId from leader: term: 1 index: 3. (index mismatch)
I20260630 12:17:08.649647 16779 raft_consensus.cc:1275] T a926ce68fde04c6c8448ab0c04f73a5f P d574fb6e9de24ef9beed1217d3eb622d [term 1 FOLLOWER]: Refusing update from remote peer 51c03b7e331b4381b2a126c78463ee98: Log matching property violated. Preceding OpId in replica: term: 1 index: 2. Preceding OpId from leader: term: 1 index: 3. (index mismatch)
I20260630 12:17:08.651113 16986 consensus_queue.cc:1048] T a926ce68fde04c6c8448ab0c04f73a5f P 51c03b7e331b4381b2a126c78463ee98 [LEADER]: Connected to new peer: Peer: permanent_uuid: "3276dd9551184c2193892f0d23a36955" member_type: VOTER last_known_addr { host: "127.13.53.130" port: 38447 }, Status: LMP_MISMATCH, Last received: 0.0, Next index: 3, Last known committed idx: 2, Time since last communication: 0.000s
I20260630 12:17:08.652814 16986 consensus_queue.cc:1048] T a926ce68fde04c6c8448ab0c04f73a5f P 51c03b7e331b4381b2a126c78463ee98 [LEADER]: Connected to new peer: Peer: permanent_uuid: "042d0478e35b420699bd072a1b19b4f2" member_type: VOTER last_known_addr { host: "127.13.53.131" port: 38357 } attrs { promote: false }, Status: LMP_MISMATCH, Last received: 0.0, Next index: 3, Last known committed idx: 2, Time since last communication: 0.000s
I20260630 12:17:08.653808 17009 consensus_queue.cc:1048] T a926ce68fde04c6c8448ab0c04f73a5f P 51c03b7e331b4381b2a126c78463ee98 [LEADER]: Connected to new peer: Peer: permanent_uuid: "d574fb6e9de24ef9beed1217d3eb622d" member_type: VOTER last_known_addr { host: "127.13.53.132" port: 46559 } attrs { replace: true }, Status: LMP_MISMATCH, Last received: 0.0, Next index: 3, Last known committed idx: 2, Time since last communication: 0.000s
I20260630 12:17:08.663386 16556 consensus_queue.cc:237] T cba63c0592d645d5ac7ed71d6c53ff4e P 3276dd9551184c2193892f0d23a36955 [LEADER]: Queue going to LEADER mode. State: All replicated index: 0, Majority replicated index: 4, Committed index: 4, Last appended: 2.4, Last appended by leader: 1, Current term: 2, Majority size: 2, State: 0, Mode: LEADER, active raft config: opid_index: 5 OBSOLETE_local: false peers { permanent_uuid: "3276dd9551184c2193892f0d23a36955" member_type: VOTER last_known_addr { host: "127.13.53.130" port: 38447 } } peers { permanent_uuid: "042d0478e35b420699bd072a1b19b4f2" member_type: VOTER last_known_addr { host: "127.13.53.131" port: 38357 } } peers { permanent_uuid: "d574fb6e9de24ef9beed1217d3eb622d" member_type: VOTER last_known_addr { host: "127.13.53.132" port: 46559 } attrs { promote: false } }
I20260630 12:17:08.672119 16631 raft_consensus.cc:1275] T cba63c0592d645d5ac7ed71d6c53ff4e P 042d0478e35b420699bd072a1b19b4f2 [term 2 FOLLOWER]: Refusing update from remote peer 3276dd9551184c2193892f0d23a36955: Log matching property violated. Preceding OpId in replica: term: 2 index: 4. Preceding OpId from leader: term: 2 index: 5. (index mismatch)
I20260630 12:17:08.673883 17010 consensus_queue.cc:1048] T cba63c0592d645d5ac7ed71d6c53ff4e P 3276dd9551184c2193892f0d23a36955 [LEADER]: Connected to new peer: Peer: permanent_uuid: "042d0478e35b420699bd072a1b19b4f2" member_type: VOTER last_known_addr { host: "127.13.53.131" port: 38357 }, Status: LMP_MISMATCH, Last received: 0.0, Next index: 5, Last known committed idx: 4, Time since last communication: 0.001s
I20260630 12:17:08.675942 16779 raft_consensus.cc:1275] T cba63c0592d645d5ac7ed71d6c53ff4e P d574fb6e9de24ef9beed1217d3eb622d [term 2 FOLLOWER]: Refusing update from remote peer 3276dd9551184c2193892f0d23a36955: Log matching property violated. Preceding OpId in replica: term: 2 index: 4. Preceding OpId from leader: term: 2 index: 5. (index mismatch)
I20260630 12:17:08.681269 16986 raft_consensus.cc:2955] T a926ce68fde04c6c8448ab0c04f73a5f P 51c03b7e331b4381b2a126c78463ee98 [term 1 LEADER]: Committing config change with OpId 1.3: config changed from index 2 to 3, 042d0478e35b420699bd072a1b19b4f2 (127.13.53.131) changed from NON_VOTER to VOTER. New config: { opid_index: 3 OBSOLETE_local: false peers { permanent_uuid: "d574fb6e9de24ef9beed1217d3eb622d" member_type: VOTER last_known_addr { host: "127.13.53.132" port: 46559 } attrs { replace: true } } peers { permanent_uuid: "51c03b7e331b4381b2a126c78463ee98" member_type: VOTER last_known_addr { host: "127.13.53.129" port: 45187 } } peers { permanent_uuid: "3276dd9551184c2193892f0d23a36955" member_type: VOTER last_known_addr { host: "127.13.53.130" port: 38447 } } peers { permanent_uuid: "042d0478e35b420699bd072a1b19b4f2" member_type: VOTER last_known_addr { host: "127.13.53.131" port: 38357 } attrs { promote: false } } }
I20260630 12:17:08.682871 17010 consensus_queue.cc:1048] T cba63c0592d645d5ac7ed71d6c53ff4e P 3276dd9551184c2193892f0d23a36955 [LEADER]: Connected to new peer: Peer: permanent_uuid: "d574fb6e9de24ef9beed1217d3eb622d" member_type: VOTER last_known_addr { host: "127.13.53.132" port: 46559 } attrs { promote: false }, Status: LMP_MISMATCH, Last received: 0.0, Next index: 5, Last known committed idx: 4, Time since last communication: 0.000s
I20260630 12:17:08.683276 16780 raft_consensus.cc:2955] T a926ce68fde04c6c8448ab0c04f73a5f P d574fb6e9de24ef9beed1217d3eb622d [term 1 FOLLOWER]: Committing config change with OpId 1.3: config changed from index 2 to 3, 042d0478e35b420699bd072a1b19b4f2 (127.13.53.131) changed from NON_VOTER to VOTER. New config: { opid_index: 3 OBSOLETE_local: false peers { permanent_uuid: "d574fb6e9de24ef9beed1217d3eb622d" member_type: VOTER last_known_addr { host: "127.13.53.132" port: 46559 } attrs { replace: true } } peers { permanent_uuid: "51c03b7e331b4381b2a126c78463ee98" member_type: VOTER last_known_addr { host: "127.13.53.129" port: 45187 } } peers { permanent_uuid: "3276dd9551184c2193892f0d23a36955" member_type: VOTER last_known_addr { host: "127.13.53.130" port: 38447 } } peers { permanent_uuid: "042d0478e35b420699bd072a1b19b4f2" member_type: VOTER last_known_addr { host: "127.13.53.131" port: 38357 } attrs { promote: false } } }
I20260630 12:17:08.686828 17011 raft_consensus.cc:2955] T cba63c0592d645d5ac7ed71d6c53ff4e P 3276dd9551184c2193892f0d23a36955 [term 2 LEADER]: Committing config change with OpId 2.5: config changed from index 4 to 5, VOTER 51c03b7e331b4381b2a126c78463ee98 (127.13.53.129) evicted. New config: { opid_index: 5 OBSOLETE_local: false peers { permanent_uuid: "3276dd9551184c2193892f0d23a36955" member_type: VOTER last_known_addr { host: "127.13.53.130" port: 38447 } } peers { permanent_uuid: "042d0478e35b420699bd072a1b19b4f2" member_type: VOTER last_known_addr { host: "127.13.53.131" port: 38357 } } peers { permanent_uuid: "d574fb6e9de24ef9beed1217d3eb622d" member_type: VOTER last_known_addr { host: "127.13.53.132" port: 46559 } attrs { promote: false } } }
I20260630 12:17:08.692637 16781 raft_consensus.cc:2955] T cba63c0592d645d5ac7ed71d6c53ff4e P d574fb6e9de24ef9beed1217d3eb622d [term 2 FOLLOWER]: Committing config change with OpId 2.5: config changed from index 4 to 5, VOTER 51c03b7e331b4381b2a126c78463ee98 (127.13.53.129) evicted. New config: { opid_index: 5 OBSOLETE_local: false peers { permanent_uuid: "3276dd9551184c2193892f0d23a36955" member_type: VOTER last_known_addr { host: "127.13.53.130" port: 38447 } } peers { permanent_uuid: "042d0478e35b420699bd072a1b19b4f2" member_type: VOTER last_known_addr { host: "127.13.53.131" port: 38357 } } peers { permanent_uuid: "d574fb6e9de24ef9beed1217d3eb622d" member_type: VOTER last_known_addr { host: "127.13.53.132" port: 46559 } attrs { promote: false } } }
I20260630 12:17:08.693008 16556 raft_consensus.cc:2955] T a926ce68fde04c6c8448ab0c04f73a5f P 3276dd9551184c2193892f0d23a36955 [term 1 FOLLOWER]: Committing config change with OpId 1.3: config changed from index 2 to 3, 042d0478e35b420699bd072a1b19b4f2 (127.13.53.131) changed from NON_VOTER to VOTER. New config: { opid_index: 3 OBSOLETE_local: false peers { permanent_uuid: "d574fb6e9de24ef9beed1217d3eb622d" member_type: VOTER last_known_addr { host: "127.13.53.132" port: 46559 } attrs { replace: true } } peers { permanent_uuid: "51c03b7e331b4381b2a126c78463ee98" member_type: VOTER last_known_addr { host: "127.13.53.129" port: 45187 } } peers { permanent_uuid: "3276dd9551184c2193892f0d23a36955" member_type: VOTER last_known_addr { host: "127.13.53.130" port: 38447 } } peers { permanent_uuid: "042d0478e35b420699bd072a1b19b4f2" member_type: VOTER last_known_addr { host: "127.13.53.131" port: 38357 } attrs { promote: false } } }
I20260630 12:17:08.695312 16631 raft_consensus.cc:2955] T cba63c0592d645d5ac7ed71d6c53ff4e P 042d0478e35b420699bd072a1b19b4f2 [term 2 FOLLOWER]: Committing config change with OpId 2.5: config changed from index 4 to 5, VOTER 51c03b7e331b4381b2a126c78463ee98 (127.13.53.129) evicted. New config: { opid_index: 5 OBSOLETE_local: false peers { permanent_uuid: "3276dd9551184c2193892f0d23a36955" member_type: VOTER last_known_addr { host: "127.13.53.130" port: 38447 } } peers { permanent_uuid: "042d0478e35b420699bd072a1b19b4f2" member_type: VOTER last_known_addr { host: "127.13.53.131" port: 38357 } } peers { permanent_uuid: "d574fb6e9de24ef9beed1217d3eb622d" member_type: VOTER last_known_addr { host: "127.13.53.132" port: 46559 } attrs { promote: false } } }
I20260630 12:17:08.700408 16380 catalog_manager.cc:5697] T a926ce68fde04c6c8448ab0c04f73a5f P d574fb6e9de24ef9beed1217d3eb622d reported cstate change: config changed from index 2 to 3, 042d0478e35b420699bd072a1b19b4f2 (127.13.53.131) changed from NON_VOTER to VOTER. New cstate: current_term: 1 leader_uuid: "51c03b7e331b4381b2a126c78463ee98" committed_config { opid_index: 3 OBSOLETE_local: false peers { permanent_uuid: "d574fb6e9de24ef9beed1217d3eb622d" member_type: VOTER last_known_addr { host: "127.13.53.132" port: 46559 } attrs { replace: true } } peers { permanent_uuid: "51c03b7e331b4381b2a126c78463ee98" member_type: VOTER last_known_addr { host: "127.13.53.129" port: 45187 } } peers { permanent_uuid: "3276dd9551184c2193892f0d23a36955" member_type: VOTER last_known_addr { host: "127.13.53.130" port: 38447 } } peers { permanent_uuid: "042d0478e35b420699bd072a1b19b4f2" member_type: VOTER last_known_addr { host: "127.13.53.131" port: 38357 } attrs { promote: false } } }
I20260630 12:17:08.700651 16632 raft_consensus.cc:2955] T a926ce68fde04c6c8448ab0c04f73a5f P 042d0478e35b420699bd072a1b19b4f2 [term 1 FOLLOWER]: Committing config change with OpId 1.3: config changed from index 2 to 3, 042d0478e35b420699bd072a1b19b4f2 (127.13.53.131) changed from NON_VOTER to VOTER. New config: { opid_index: 3 OBSOLETE_local: false peers { permanent_uuid: "d574fb6e9de24ef9beed1217d3eb622d" member_type: VOTER last_known_addr { host: "127.13.53.132" port: 46559 } attrs { replace: true } } peers { permanent_uuid: "51c03b7e331b4381b2a126c78463ee98" member_type: VOTER last_known_addr { host: "127.13.53.129" port: 45187 } } peers { permanent_uuid: "3276dd9551184c2193892f0d23a36955" member_type: VOTER last_known_addr { host: "127.13.53.130" port: 38447 } } peers { permanent_uuid: "042d0478e35b420699bd072a1b19b4f2" member_type: VOTER last_known_addr { host: "127.13.53.131" port: 38357 } attrs { promote: false } } }
I20260630 12:17:08.706768 16364 catalog_manager.cc:5210] ChangeConfig:REMOVE_PEER RPC for tablet cba63c0592d645d5ac7ed71d6c53ff4e with cas_config_opid_index 4: ChangeConfig:REMOVE_PEER succeeded (attempt 1)
I20260630 12:17:08.718720 16376 catalog_manager.cc:5697] T cba63c0592d645d5ac7ed71d6c53ff4e P d574fb6e9de24ef9beed1217d3eb622d reported cstate change: config changed from index 4 to 5, VOTER 51c03b7e331b4381b2a126c78463ee98 (127.13.53.129) evicted. New cstate: current_term: 2 leader_uuid: "3276dd9551184c2193892f0d23a36955" committed_config { opid_index: 5 OBSOLETE_local: false peers { permanent_uuid: "3276dd9551184c2193892f0d23a36955" member_type: VOTER last_known_addr { host: "127.13.53.130" port: 38447 } } peers { permanent_uuid: "042d0478e35b420699bd072a1b19b4f2" member_type: VOTER last_known_addr { host: "127.13.53.131" port: 38357 } } peers { permanent_uuid: "d574fb6e9de24ef9beed1217d3eb622d" member_type: VOTER last_known_addr { host: "127.13.53.132" port: 46559 } attrs { promote: false } } }
I20260630 12:17:08.722383 16481 consensus_queue.cc:237] T a926ce68fde04c6c8448ab0c04f73a5f P 51c03b7e331b4381b2a126c78463ee98 [LEADER]: Queue going to LEADER mode. State: All replicated index: 0, Majority replicated index: 3, Committed index: 3, Last appended: 1.3, Last appended by leader: 0, Current term: 1, Majority size: 2, State: 0, Mode: LEADER, active raft config: opid_index: 4 OBSOLETE_local: false peers { permanent_uuid: "51c03b7e331b4381b2a126c78463ee98" member_type: VOTER last_known_addr { host: "127.13.53.129" port: 45187 } } peers { permanent_uuid: "3276dd9551184c2193892f0d23a36955" member_type: VOTER last_known_addr { host: "127.13.53.130" port: 38447 } } peers { permanent_uuid: "042d0478e35b420699bd072a1b19b4f2" member_type: VOTER last_known_addr { host: "127.13.53.131" port: 38357 } attrs { promote: false } }
I20260630 12:17:08.729014 16556 raft_consensus.cc:1275] T a926ce68fde04c6c8448ab0c04f73a5f P 3276dd9551184c2193892f0d23a36955 [term 1 FOLLOWER]: Refusing update from remote peer 51c03b7e331b4381b2a126c78463ee98: Log matching property violated. Preceding OpId in replica: term: 1 index: 3. Preceding OpId from leader: term: 1 index: 4. (index mismatch)
I20260630 12:17:08.730475 16685 consensus_queue.cc:1048] T a926ce68fde04c6c8448ab0c04f73a5f P 51c03b7e331b4381b2a126c78463ee98 [LEADER]: Connected to new peer: Peer: permanent_uuid: "3276dd9551184c2193892f0d23a36955" member_type: VOTER last_known_addr { host: "127.13.53.130" port: 38447 }, Status: LMP_MISMATCH, Last received: 0.0, Next index: 4, Last known committed idx: 3, Time since last communication: 0.000s
I20260630 12:17:08.731890 16631 raft_consensus.cc:1275] T a926ce68fde04c6c8448ab0c04f73a5f P 042d0478e35b420699bd072a1b19b4f2 [term 1 FOLLOWER]: Refusing update from remote peer 51c03b7e331b4381b2a126c78463ee98: Log matching property violated. Preceding OpId in replica: term: 1 index: 3. Preceding OpId from leader: term: 1 index: 4. (index mismatch)
I20260630 12:17:08.733220 16468 tablet_service.cc:1558] Processing DeleteTablet for tablet cba63c0592d645d5ac7ed71d6c53ff4e with delete_type TABLET_DATA_TOMBSTONED (TS 51c03b7e331b4381b2a126c78463ee98 not found in new config with opid_index 5) from {username='slave'} at 127.0.0.1:49570
I20260630 12:17:08.735244 17029 tablet_replica.cc:333] T cba63c0592d645d5ac7ed71d6c53ff4e P 51c03b7e331b4381b2a126c78463ee98: stopping tablet replica
I20260630 12:17:08.736357 17029 raft_consensus.cc:2243] T cba63c0592d645d5ac7ed71d6c53ff4e P 51c03b7e331b4381b2a126c78463ee98 [term 2 FOLLOWER]: Raft consensus shutting down.
I20260630 12:17:08.736431 16685 consensus_queue.cc:1048] T a926ce68fde04c6c8448ab0c04f73a5f P 51c03b7e331b4381b2a126c78463ee98 [LEADER]: Connected to new peer: Peer: permanent_uuid: "042d0478e35b420699bd072a1b19b4f2" member_type: VOTER last_known_addr { host: "127.13.53.131" port: 38357 } attrs { promote: false }, Status: LMP_MISMATCH, Last received: 0.0, Next index: 4, Last known committed idx: 3, Time since last communication: 0.000s
I20260630 12:17:08.737237 17029 raft_consensus.cc:2272] T cba63c0592d645d5ac7ed71d6c53ff4e P 51c03b7e331b4381b2a126c78463ee98 [term 2 FOLLOWER]: Raft consensus is shut down!
I20260630 12:17:08.739770 16986 raft_consensus.cc:2955] T a926ce68fde04c6c8448ab0c04f73a5f P 51c03b7e331b4381b2a126c78463ee98 [term 1 LEADER]: Committing config change with OpId 1.4: config changed from index 3 to 4, VOTER d574fb6e9de24ef9beed1217d3eb622d (127.13.53.132) evicted. New config: { opid_index: 4 OBSOLETE_local: false peers { permanent_uuid: "51c03b7e331b4381b2a126c78463ee98" member_type: VOTER last_known_addr { host: "127.13.53.129" port: 45187 } } peers { permanent_uuid: "3276dd9551184c2193892f0d23a36955" member_type: VOTER last_known_addr { host: "127.13.53.130" port: 38447 } } peers { permanent_uuid: "042d0478e35b420699bd072a1b19b4f2" member_type: VOTER last_known_addr { host: "127.13.53.131" port: 38357 } attrs { promote: false } } }
I20260630 12:17:08.741539 16555 raft_consensus.cc:2955] T a926ce68fde04c6c8448ab0c04f73a5f P 3276dd9551184c2193892f0d23a36955 [term 1 FOLLOWER]: Committing config change with OpId 1.4: config changed from index 3 to 4, VOTER d574fb6e9de24ef9beed1217d3eb622d (127.13.53.132) evicted. New config: { opid_index: 4 OBSOLETE_local: false peers { permanent_uuid: "51c03b7e331b4381b2a126c78463ee98" member_type: VOTER last_known_addr { host: "127.13.53.129" port: 45187 } } peers { permanent_uuid: "3276dd9551184c2193892f0d23a36955" member_type: VOTER last_known_addr { host: "127.13.53.130" port: 38447 } } peers { permanent_uuid: "042d0478e35b420699bd072a1b19b4f2" member_type: VOTER last_known_addr { host: "127.13.53.131" port: 38357 } attrs { promote: false } } }
I20260630 12:17:08.744891 17029 ts_tablet_manager.cc:1916] T cba63c0592d645d5ac7ed71d6c53ff4e P 51c03b7e331b4381b2a126c78463ee98: Deleting tablet data with delete state TABLET_DATA_TOMBSTONED
I20260630 12:17:08.746353 16632 raft_consensus.cc:2955] T a926ce68fde04c6c8448ab0c04f73a5f P 042d0478e35b420699bd072a1b19b4f2 [term 1 FOLLOWER]: Committing config change with OpId 1.4: config changed from index 3 to 4, VOTER d574fb6e9de24ef9beed1217d3eb622d (127.13.53.132) evicted. New config: { opid_index: 4 OBSOLETE_local: false peers { permanent_uuid: "51c03b7e331b4381b2a126c78463ee98" member_type: VOTER last_known_addr { host: "127.13.53.129" port: 45187 } } peers { permanent_uuid: "3276dd9551184c2193892f0d23a36955" member_type: VOTER last_known_addr { host: "127.13.53.130" port: 38447 } } peers { permanent_uuid: "042d0478e35b420699bd072a1b19b4f2" member_type: VOTER last_known_addr { host: "127.13.53.131" port: 38357 } attrs { promote: false } } }
I20260630 12:17:08.750304 16364 catalog_manager.cc:5210] ChangeConfig:REMOVE_PEER RPC for tablet a926ce68fde04c6c8448ab0c04f73a5f with cas_config_opid_index 3: ChangeConfig:REMOVE_PEER succeeded (attempt 1)
I20260630 12:17:08.754935 16379 catalog_manager.cc:5697] T a926ce68fde04c6c8448ab0c04f73a5f P 3276dd9551184c2193892f0d23a36955 reported cstate change: config changed from index 3 to 4, VOTER d574fb6e9de24ef9beed1217d3eb622d (127.13.53.132) evicted. New cstate: current_term: 1 leader_uuid: "51c03b7e331b4381b2a126c78463ee98" committed_config { opid_index: 4 OBSOLETE_local: false peers { permanent_uuid: "51c03b7e331b4381b2a126c78463ee98" member_type: VOTER last_known_addr { host: "127.13.53.129" port: 45187 } } peers { permanent_uuid: "3276dd9551184c2193892f0d23a36955" member_type: VOTER last_known_addr { host: "127.13.53.130" port: 38447 } } peers { permanent_uuid: "042d0478e35b420699bd072a1b19b4f2" member_type: VOTER last_known_addr { host: "127.13.53.131" port: 38357 } attrs { promote: false } } }
I20260630 12:17:08.760901 17029 ts_tablet_manager.cc:1929] T cba63c0592d645d5ac7ed71d6c53ff4e P 51c03b7e331b4381b2a126c78463ee98: tablet deleted with delete type TABLET_DATA_TOMBSTONED: last-logged OpId 2.4
I20260630 12:17:08.761315 17029 log.cc:1199] T cba63c0592d645d5ac7ed71d6c53ff4e P 51c03b7e331b4381b2a126c78463ee98: Deleting WAL directory at /tmp/dist-test-task0J2ZOF/test-tmp/auto_rebalancer-test.0.AutoRebalancerTest.RangeAwareRebalancesNewRangeReplicas.1782821740107983-13526-0/minicluster-data/ts-0-root/wals/cba63c0592d645d5ac7ed71d6c53ff4e
I20260630 12:17:08.762754 16364 catalog_manager.cc:5028] TS 51c03b7e331b4381b2a126c78463ee98 (127.13.53.129:45187): tablet cba63c0592d645d5ac7ed71d6c53ff4e (table range_aware_rebalance_new_range [id=d0ce629d4d0f4b0e8cce10aa7ab84892]) successfully deleted
I20260630 12:17:08.768308 16765 tablet_service.cc:1558] Processing DeleteTablet for tablet a926ce68fde04c6c8448ab0c04f73a5f with delete_type TABLET_DATA_TOMBSTONED (TS d574fb6e9de24ef9beed1217d3eb622d not found in new config with opid_index 4) from {username='slave'} at 127.0.0.1:51498
I20260630 12:17:08.770895 17030 tablet_replica.cc:333] T a926ce68fde04c6c8448ab0c04f73a5f P d574fb6e9de24ef9beed1217d3eb622d: stopping tablet replica
I20260630 12:17:08.773437 17030 raft_consensus.cc:2243] T a926ce68fde04c6c8448ab0c04f73a5f P d574fb6e9de24ef9beed1217d3eb622d [term 1 FOLLOWER]: Raft consensus shutting down.
I20260630 12:17:08.774092 17030 raft_consensus.cc:2272] T a926ce68fde04c6c8448ab0c04f73a5f P d574fb6e9de24ef9beed1217d3eb622d [term 1 FOLLOWER]: Raft consensus is shut down!
I20260630 12:17:08.776587 17030 ts_tablet_manager.cc:1916] T a926ce68fde04c6c8448ab0c04f73a5f P d574fb6e9de24ef9beed1217d3eb622d: Deleting tablet data with delete state TABLET_DATA_TOMBSTONED
I20260630 12:17:08.787904 17030 ts_tablet_manager.cc:1929] T a926ce68fde04c6c8448ab0c04f73a5f P d574fb6e9de24ef9beed1217d3eb622d: tablet deleted with delete type TABLET_DATA_TOMBSTONED: last-logged OpId 1.3
I20260630 12:17:08.788239 17030 log.cc:1199] T a926ce68fde04c6c8448ab0c04f73a5f P d574fb6e9de24ef9beed1217d3eb622d: Deleting WAL directory at /tmp/dist-test-task0J2ZOF/test-tmp/auto_rebalancer-test.0.AutoRebalancerTest.RangeAwareRebalancesNewRangeReplicas.1782821740107983-13526-0/minicluster-data/ts-3-root/wals/a926ce68fde04c6c8448ab0c04f73a5f
I20260630 12:17:08.789481 16367 catalog_manager.cc:5028] TS d574fb6e9de24ef9beed1217d3eb622d (127.13.53.132:46559): tablet a926ce68fde04c6c8448ab0c04f73a5f (table range_aware_rebalance_new_range [id=d0ce629d4d0f4b0e8cce10aa7ab84892]) successfully deleted
W20260630 12:17:08.835629 16428 auto_rebalancer.cc:911] Removing replace marker failed after 3 inline attempts; will retry on next rebalancer loop iteration: Service unavailable: leader transfer in progress
W20260630 12:17:08.835994 16428 auto_rebalancer.cc:920] Could not move replica: Remote error: Service unavailable: leadership transfer for e10a3bf9083a49caa6aca30cf631b453 already in progress
W20260630 12:17:08.836211 16428 auto_rebalancer.cc:340] scheduled replica move failed to complete: Remote error: Service unavailable: leadership transfer for e10a3bf9083a49caa6aca30cf631b453 already in progress
I20260630 12:17:08.873870 16481 raft_consensus.cc:1275] T e10a3bf9083a49caa6aca30cf631b453 P 51c03b7e331b4381b2a126c78463ee98 [term 2 FOLLOWER]: Refusing update from remote peer d574fb6e9de24ef9beed1217d3eb622d: Log matching property violated. Preceding OpId in replica: term: 1 index: 2. Preceding OpId from leader: term: 2 index: 3. (index mismatch)
I20260630 12:17:08.875377 16967 consensus_queue.cc:1048] T e10a3bf9083a49caa6aca30cf631b453 P d574fb6e9de24ef9beed1217d3eb622d [LEADER]: Connected to new peer: Peer: permanent_uuid: "51c03b7e331b4381b2a126c78463ee98" member_type: VOTER last_known_addr { host: "127.13.53.129" port: 45187 }, Status: LMP_MISMATCH, Last received: 0.0, Next index: 3, Last known committed idx: 2, Time since last communication: 0.000s
I20260630 12:17:08.881567 17012 raft_consensus.cc:993] T e10a3bf9083a49caa6aca30cf631b453 P d574fb6e9de24ef9beed1217d3eb622d: : Instructing follower 51c03b7e331b4381b2a126c78463ee98 to start an election
I20260630 12:17:08.882335 16967 raft_consensus.cc:1081] T e10a3bf9083a49caa6aca30cf631b453 P d574fb6e9de24ef9beed1217d3eb622d [term 2 LEADER]: Signalling peer 51c03b7e331b4381b2a126c78463ee98 to start an election
I20260630 12:17:08.885784 16482 tablet_service.cc:2044] Received Run Leader Election RPC: tablet_id: "e10a3bf9083a49caa6aca30cf631b453"
dest_uuid: "51c03b7e331b4381b2a126c78463ee98"
 from {username='slave'} at 127.0.0.1:55918
I20260630 12:17:08.889102 16482 raft_consensus.cc:493] T e10a3bf9083a49caa6aca30cf631b453 P 51c03b7e331b4381b2a126c78463ee98 [term 2 FOLLOWER]: Starting forced leader election (received explicit request)
I20260630 12:17:08.889482 16482 raft_consensus.cc:3060] T e10a3bf9083a49caa6aca30cf631b453 P 51c03b7e331b4381b2a126c78463ee98 [term 2 FOLLOWER]: Advancing to term 3
I20260630 12:17:08.890729 16632 raft_consensus.cc:1275] T e10a3bf9083a49caa6aca30cf631b453 P 042d0478e35b420699bd072a1b19b4f2 [term 2 FOLLOWER]: Refusing update from remote peer d574fb6e9de24ef9beed1217d3eb622d: Log matching property violated. Preceding OpId in replica: term: 1 index: 2. Preceding OpId from leader: term: 2 index: 3. (index mismatch)
I20260630 12:17:08.891263 16555 raft_consensus.cc:3060] T e10a3bf9083a49caa6aca30cf631b453 P 3276dd9551184c2193892f0d23a36955 [term 1 LEARNER]: Advancing to term 2
I20260630 12:17:08.896907 17032 consensus_queue.cc:1048] T e10a3bf9083a49caa6aca30cf631b453 P d574fb6e9de24ef9beed1217d3eb622d [LEADER]: Connected to new peer: Peer: permanent_uuid: "042d0478e35b420699bd072a1b19b4f2" member_type: VOTER last_known_addr { host: "127.13.53.131" port: 38357 }, Status: LMP_MISMATCH, Last received: 0.0, Next index: 3, Last known committed idx: 2, Time since last communication: 0.000s
I20260630 12:17:08.899185 16482 raft_consensus.cc:515] T e10a3bf9083a49caa6aca30cf631b453 P 51c03b7e331b4381b2a126c78463ee98 [term 3 FOLLOWER]: Starting forced leader election with config: opid_index: 2 OBSOLETE_local: false peers { permanent_uuid: "042d0478e35b420699bd072a1b19b4f2" member_type: VOTER last_known_addr { host: "127.13.53.131" port: 38357 } } peers { permanent_uuid: "d574fb6e9de24ef9beed1217d3eb622d" member_type: VOTER last_known_addr { host: "127.13.53.132" port: 46559 } attrs { replace: true } } peers { permanent_uuid: "51c03b7e331b4381b2a126c78463ee98" member_type: VOTER last_known_addr { host: "127.13.53.129" port: 45187 } } peers { permanent_uuid: "3276dd9551184c2193892f0d23a36955" member_type: NON_VOTER last_known_addr { host: "127.13.53.130" port: 38447 } attrs { promote: true } }
I20260630 12:17:08.902762 16555 raft_consensus.cc:1275] T e10a3bf9083a49caa6aca30cf631b453 P 3276dd9551184c2193892f0d23a36955 [term 2 LEARNER]: Refusing update from remote peer d574fb6e9de24ef9beed1217d3eb622d: Log matching property violated. Preceding OpId in replica: term: 1 index: 2. Preceding OpId from leader: term: 2 index: 3. (index mismatch)
I20260630 12:17:08.906162 16781 tablet_service.cc:1917] Received RequestConsensusVote() RPC: tablet_id: "e10a3bf9083a49caa6aca30cf631b453" candidate_uuid: "51c03b7e331b4381b2a126c78463ee98" candidate_term: 3 candidate_status { last_received { term: 2 index: 3 } } ignore_live_leader: true dest_uuid: "d574fb6e9de24ef9beed1217d3eb622d"
I20260630 12:17:08.906234 17012 consensus_queue.cc:1048] T e10a3bf9083a49caa6aca30cf631b453 P d574fb6e9de24ef9beed1217d3eb622d [LEADER]: Connected to new peer: Peer: permanent_uuid: "3276dd9551184c2193892f0d23a36955" member_type: NON_VOTER last_known_addr { host: "127.13.53.130" port: 38447 } attrs { promote: true }, Status: LMP_MISMATCH, Last received: 0.0, Next index: 3, Last known committed idx: 2, Time since last communication: 0.000s
I20260630 12:17:08.907522 16781 raft_consensus.cc:3055] T e10a3bf9083a49caa6aca30cf631b453 P d574fb6e9de24ef9beed1217d3eb622d [term 2 LEADER]: Stepping down as leader of term 2
I20260630 12:17:08.907874 16781 raft_consensus.cc:740] T e10a3bf9083a49caa6aca30cf631b453 P d574fb6e9de24ef9beed1217d3eb622d [term 2 LEADER]: Becoming Follower/Learner. State: Replica: d574fb6e9de24ef9beed1217d3eb622d, State: Running, Role: LEADER
I20260630 12:17:08.908667 16781 consensus_queue.cc:260] T e10a3bf9083a49caa6aca30cf631b453 P d574fb6e9de24ef9beed1217d3eb622d [NON_LEADER]: Queue going to NON_LEADER mode. State: All replicated index: 0, Majority replicated index: 3, Committed index: 3, Last appended: 2.3, Last appended by leader: 3, Current term: 2, Majority size: -1, State: 0, Mode: NON_LEADER, active raft config: opid_index: 2 OBSOLETE_local: false peers { permanent_uuid: "042d0478e35b420699bd072a1b19b4f2" member_type: VOTER last_known_addr { host: "127.13.53.131" port: 38357 } } peers { permanent_uuid: "d574fb6e9de24ef9beed1217d3eb622d" member_type: VOTER last_known_addr { host: "127.13.53.132" port: 46559 } attrs { replace: true } } peers { permanent_uuid: "51c03b7e331b4381b2a126c78463ee98" member_type: VOTER last_known_addr { host: "127.13.53.129" port: 45187 } } peers { permanent_uuid: "3276dd9551184c2193892f0d23a36955" member_type: NON_VOTER last_known_addr { host: "127.13.53.130" port: 38447 } attrs { promote: true } }
I20260630 12:17:08.909719 16781 raft_consensus.cc:3060] T e10a3bf9083a49caa6aca30cf631b453 P d574fb6e9de24ef9beed1217d3eb622d [term 2 FOLLOWER]: Advancing to term 3
I20260630 12:17:08.903800 16631 tablet_service.cc:1917] Received RequestConsensusVote() RPC: tablet_id: "e10a3bf9083a49caa6aca30cf631b453" candidate_uuid: "51c03b7e331b4381b2a126c78463ee98" candidate_term: 3 candidate_status { last_received { term: 2 index: 3 } } ignore_live_leader: true dest_uuid: "042d0478e35b420699bd072a1b19b4f2"
I20260630 12:17:08.904533 16482 leader_election.cc:290] T e10a3bf9083a49caa6aca30cf631b453 P 51c03b7e331b4381b2a126c78463ee98 [CANDIDATE]: Term 3 election: Requested vote from peers 042d0478e35b420699bd072a1b19b4f2 (127.13.53.131:38357), d574fb6e9de24ef9beed1217d3eb622d (127.13.53.132:46559)
I20260630 12:17:08.924129 16781 raft_consensus.cc:2468] T e10a3bf9083a49caa6aca30cf631b453 P d574fb6e9de24ef9beed1217d3eb622d [term 3 FOLLOWER]: Leader election vote request: Granting yes vote for candidate 51c03b7e331b4381b2a126c78463ee98 in term 3.
I20260630 12:17:08.925740 16448 leader_election.cc:304] T e10a3bf9083a49caa6aca30cf631b453 P 51c03b7e331b4381b2a126c78463ee98 [CANDIDATE]: Term 3 election: Election decided. Result: candidate won. Election summary: received 3 responses out of 3 voters: 2 yes votes; 1 no votes. yes voters: 51c03b7e331b4381b2a126c78463ee98, d574fb6e9de24ef9beed1217d3eb622d; no voters: 042d0478e35b420699bd072a1b19b4f2
I20260630 12:17:08.927685 16986 raft_consensus.cc:2804] T e10a3bf9083a49caa6aca30cf631b453 P 51c03b7e331b4381b2a126c78463ee98 [term 3 FOLLOWER]: Leader election won for term 3
I20260630 12:17:08.928310 16986 raft_consensus.cc:697] T e10a3bf9083a49caa6aca30cf631b453 P 51c03b7e331b4381b2a126c78463ee98 [term 3 LEADER]: Becoming Leader. State: Replica: 51c03b7e331b4381b2a126c78463ee98, State: Running, Role: LEADER
I20260630 12:17:08.929356 16986 consensus_queue.cc:237] T e10a3bf9083a49caa6aca30cf631b453 P 51c03b7e331b4381b2a126c78463ee98 [LEADER]: Queue going to LEADER mode. State: All replicated index: 0, Majority replicated index: 3, Committed index: 3, Last appended: 2.3, Last appended by leader: 3, Current term: 3, Majority size: 2, State: 0, Mode: LEADER, active raft config: opid_index: 2 OBSOLETE_local: false peers { permanent_uuid: "042d0478e35b420699bd072a1b19b4f2" member_type: VOTER last_known_addr { host: "127.13.53.131" port: 38357 } } peers { permanent_uuid: "d574fb6e9de24ef9beed1217d3eb622d" member_type: VOTER last_known_addr { host: "127.13.53.132" port: 46559 } attrs { replace: true } } peers { permanent_uuid: "51c03b7e331b4381b2a126c78463ee98" member_type: VOTER last_known_addr { host: "127.13.53.129" port: 45187 } } peers { permanent_uuid: "3276dd9551184c2193892f0d23a36955" member_type: NON_VOTER last_known_addr { host: "127.13.53.130" port: 38447 } attrs { promote: true } }
I20260630 12:17:08.939038 17009 raft_consensus.cc:1064] T 1d3a27a555714b4fb52447f9f7c6d7b9 P 51c03b7e331b4381b2a126c78463ee98: attempting to promote NON_VOTER d574fb6e9de24ef9beed1217d3eb622d to VOTER
I20260630 12:17:08.941516 17009 consensus_queue.cc:237] T 1d3a27a555714b4fb52447f9f7c6d7b9 P 51c03b7e331b4381b2a126c78463ee98 [LEADER]: Queue going to LEADER mode. State: All replicated index: 0, Majority replicated index: 3, Committed index: 3, Last appended: 2.3, Last appended by leader: 1, Current term: 2, Majority size: 3, State: 0, Mode: LEADER, active raft config: opid_index: 4 OBSOLETE_local: false peers { permanent_uuid: "51c03b7e331b4381b2a126c78463ee98" member_type: VOTER last_known_addr { host: "127.13.53.129" port: 45187 } } peers { permanent_uuid: "3276dd9551184c2193892f0d23a36955" member_type: VOTER last_known_addr { host: "127.13.53.130" port: 38447 } } peers { permanent_uuid: "042d0478e35b420699bd072a1b19b4f2" member_type: VOTER last_known_addr { host: "127.13.53.131" port: 38357 } attrs { replace: true } } peers { permanent_uuid: "d574fb6e9de24ef9beed1217d3eb622d" member_type: VOTER last_known_addr { host: "127.13.53.132" port: 46559 } attrs { promote: false } }
I20260630 12:17:08.948613 16376 catalog_manager.cc:5697] T e10a3bf9083a49caa6aca30cf631b453 P 51c03b7e331b4381b2a126c78463ee98 reported cstate change: term changed from 2 to 3, leader changed from d574fb6e9de24ef9beed1217d3eb622d (127.13.53.132) to 51c03b7e331b4381b2a126c78463ee98 (127.13.53.129). New cstate: current_term: 3 leader_uuid: "51c03b7e331b4381b2a126c78463ee98" committed_config { opid_index: 2 OBSOLETE_local: false peers { permanent_uuid: "042d0478e35b420699bd072a1b19b4f2" member_type: VOTER last_known_addr { host: "127.13.53.131" port: 38357 } health_report { overall_health: UNKNOWN } } peers { permanent_uuid: "d574fb6e9de24ef9beed1217d3eb622d" member_type: VOTER last_known_addr { host: "127.13.53.132" port: 46559 } attrs { replace: true } health_report { overall_health: UNKNOWN } } peers { permanent_uuid: "51c03b7e331b4381b2a126c78463ee98" member_type: VOTER last_known_addr { host: "127.13.53.129" port: 45187 } health_report { overall_health: HEALTHY } } peers { permanent_uuid: "3276dd9551184c2193892f0d23a36955" member_type: NON_VOTER last_known_addr { host: "127.13.53.130" port: 38447 } attrs { promote: true } health_report { overall_health: UNKNOWN } } }
I20260630 12:17:08.952157 16781 raft_consensus.cc:1275] T 1d3a27a555714b4fb52447f9f7c6d7b9 P d574fb6e9de24ef9beed1217d3eb622d [term 2 LEARNER]: Refusing update from remote peer 51c03b7e331b4381b2a126c78463ee98: Log matching property violated. Preceding OpId in replica: term: 2 index: 3. Preceding OpId from leader: term: 2 index: 4. (index mismatch)
I20260630 12:17:08.954097 16685 consensus_queue.cc:1048] T 1d3a27a555714b4fb52447f9f7c6d7b9 P 51c03b7e331b4381b2a126c78463ee98 [LEADER]: Connected to new peer: Peer: permanent_uuid: "d574fb6e9de24ef9beed1217d3eb622d" member_type: VOTER last_known_addr { host: "127.13.53.132" port: 46559 } attrs { promote: false }, Status: LMP_MISMATCH, Last received: 0.0, Next index: 4, Last known committed idx: 3, Time since last communication: 0.000s
I20260630 12:17:08.954495 16632 raft_consensus.cc:1275] T 1d3a27a555714b4fb52447f9f7c6d7b9 P 042d0478e35b420699bd072a1b19b4f2 [term 2 FOLLOWER]: Refusing update from remote peer 51c03b7e331b4381b2a126c78463ee98: Log matching property violated. Preceding OpId in replica: term: 2 index: 3. Preceding OpId from leader: term: 2 index: 4. (index mismatch)
I20260630 12:17:08.957548 16556 raft_consensus.cc:1275] T 1d3a27a555714b4fb52447f9f7c6d7b9 P 3276dd9551184c2193892f0d23a36955 [term 2 FOLLOWER]: Refusing update from remote peer 51c03b7e331b4381b2a126c78463ee98: Log matching property violated. Preceding OpId in replica: term: 2 index: 3. Preceding OpId from leader: term: 2 index: 4. (index mismatch)
I20260630 12:17:08.958981 17009 consensus_queue.cc:1048] T 1d3a27a555714b4fb52447f9f7c6d7b9 P 51c03b7e331b4381b2a126c78463ee98 [LEADER]: Connected to new peer: Peer: permanent_uuid: "042d0478e35b420699bd072a1b19b4f2" member_type: VOTER last_known_addr { host: "127.13.53.131" port: 38357 } attrs { replace: true }, Status: LMP_MISMATCH, Last received: 0.0, Next index: 4, Last known committed idx: 3, Time since last communication: 0.000s
I20260630 12:17:08.960088 16685 consensus_queue.cc:1048] T 1d3a27a555714b4fb52447f9f7c6d7b9 P 51c03b7e331b4381b2a126c78463ee98 [LEADER]: Connected to new peer: Peer: permanent_uuid: "3276dd9551184c2193892f0d23a36955" member_type: VOTER last_known_addr { host: "127.13.53.130" port: 38447 }, Status: LMP_MISMATCH, Last received: 0.0, Next index: 4, Last known committed idx: 3, Time since last communication: 0.000s
I20260630 12:17:08.977782 17039 raft_consensus.cc:2955] T 1d3a27a555714b4fb52447f9f7c6d7b9 P 51c03b7e331b4381b2a126c78463ee98 [term 2 LEADER]: Committing config change with OpId 2.4: config changed from index 3 to 4, d574fb6e9de24ef9beed1217d3eb622d (127.13.53.132) changed from NON_VOTER to VOTER. New config: { opid_index: 4 OBSOLETE_local: false peers { permanent_uuid: "51c03b7e331b4381b2a126c78463ee98" member_type: VOTER last_known_addr { host: "127.13.53.129" port: 45187 } } peers { permanent_uuid: "3276dd9551184c2193892f0d23a36955" member_type: VOTER last_known_addr { host: "127.13.53.130" port: 38447 } } peers { permanent_uuid: "042d0478e35b420699bd072a1b19b4f2" member_type: VOTER last_known_addr { host: "127.13.53.131" port: 38357 } attrs { replace: true } } peers { permanent_uuid: "d574fb6e9de24ef9beed1217d3eb622d" member_type: VOTER last_known_addr { host: "127.13.53.132" port: 46559 } attrs { promote: false } } }
I20260630 12:17:08.979408 16632 raft_consensus.cc:2955] T 1d3a27a555714b4fb52447f9f7c6d7b9 P 042d0478e35b420699bd072a1b19b4f2 [term 2 FOLLOWER]: Committing config change with OpId 2.4: config changed from index 3 to 4, d574fb6e9de24ef9beed1217d3eb622d (127.13.53.132) changed from NON_VOTER to VOTER. New config: { opid_index: 4 OBSOLETE_local: false peers { permanent_uuid: "51c03b7e331b4381b2a126c78463ee98" member_type: VOTER last_known_addr { host: "127.13.53.129" port: 45187 } } peers { permanent_uuid: "3276dd9551184c2193892f0d23a36955" member_type: VOTER last_known_addr { host: "127.13.53.130" port: 38447 } } peers { permanent_uuid: "042d0478e35b420699bd072a1b19b4f2" member_type: VOTER last_known_addr { host: "127.13.53.131" port: 38357 } attrs { replace: true } } peers { permanent_uuid: "d574fb6e9de24ef9beed1217d3eb622d" member_type: VOTER last_known_addr { host: "127.13.53.132" port: 46559 } attrs { promote: false } } }
I20260630 12:17:08.979763 16556 raft_consensus.cc:2955] T 1d3a27a555714b4fb52447f9f7c6d7b9 P 3276dd9551184c2193892f0d23a36955 [term 2 FOLLOWER]: Committing config change with OpId 2.4: config changed from index 3 to 4, d574fb6e9de24ef9beed1217d3eb622d (127.13.53.132) changed from NON_VOTER to VOTER. New config: { opid_index: 4 OBSOLETE_local: false peers { permanent_uuid: "51c03b7e331b4381b2a126c78463ee98" member_type: VOTER last_known_addr { host: "127.13.53.129" port: 45187 } } peers { permanent_uuid: "3276dd9551184c2193892f0d23a36955" member_type: VOTER last_known_addr { host: "127.13.53.130" port: 38447 } } peers { permanent_uuid: "042d0478e35b420699bd072a1b19b4f2" member_type: VOTER last_known_addr { host: "127.13.53.131" port: 38357 } attrs { replace: true } } peers { permanent_uuid: "d574fb6e9de24ef9beed1217d3eb622d" member_type: VOTER last_known_addr { host: "127.13.53.132" port: 46559 } attrs { promote: false } } }
I20260630 12:17:08.995342 16781 raft_consensus.cc:2955] T 1d3a27a555714b4fb52447f9f7c6d7b9 P d574fb6e9de24ef9beed1217d3eb622d [term 2 FOLLOWER]: Committing config change with OpId 2.4: config changed from index 3 to 4, d574fb6e9de24ef9beed1217d3eb622d (127.13.53.132) changed from NON_VOTER to VOTER. New config: { opid_index: 4 OBSOLETE_local: false peers { permanent_uuid: "51c03b7e331b4381b2a126c78463ee98" member_type: VOTER last_known_addr { host: "127.13.53.129" port: 45187 } } peers { permanent_uuid: "3276dd9551184c2193892f0d23a36955" member_type: VOTER last_known_addr { host: "127.13.53.130" port: 38447 } } peers { permanent_uuid: "042d0478e35b420699bd072a1b19b4f2" member_type: VOTER last_known_addr { host: "127.13.53.131" port: 38357 } attrs { replace: true } } peers { permanent_uuid: "d574fb6e9de24ef9beed1217d3eb622d" member_type: VOTER last_known_addr { host: "127.13.53.132" port: 46559 } attrs { promote: false } } }
I20260630 12:17:09.000128 16376 catalog_manager.cc:5697] T 1d3a27a555714b4fb52447f9f7c6d7b9 P 042d0478e35b420699bd072a1b19b4f2 reported cstate change: config changed from index 3 to 4, d574fb6e9de24ef9beed1217d3eb622d (127.13.53.132) changed from NON_VOTER to VOTER. New cstate: current_term: 2 leader_uuid: "51c03b7e331b4381b2a126c78463ee98" committed_config { opid_index: 4 OBSOLETE_local: false peers { permanent_uuid: "51c03b7e331b4381b2a126c78463ee98" member_type: VOTER last_known_addr { host: "127.13.53.129" port: 45187 } } peers { permanent_uuid: "3276dd9551184c2193892f0d23a36955" member_type: VOTER last_known_addr { host: "127.13.53.130" port: 38447 } } peers { permanent_uuid: "042d0478e35b420699bd072a1b19b4f2" member_type: VOTER last_known_addr { host: "127.13.53.131" port: 38357 } attrs { replace: true } } peers { permanent_uuid: "d574fb6e9de24ef9beed1217d3eb622d" member_type: VOTER last_known_addr { host: "127.13.53.132" port: 46559 } attrs { promote: false } } }
I20260630 12:17:09.018412 16482 consensus_queue.cc:237] T 1d3a27a555714b4fb52447f9f7c6d7b9 P 51c03b7e331b4381b2a126c78463ee98 [LEADER]: Queue going to LEADER mode. State: All replicated index: 0, Majority replicated index: 4, Committed index: 4, Last appended: 2.4, Last appended by leader: 1, Current term: 2, Majority size: 2, State: 0, Mode: LEADER, active raft config: opid_index: 5 OBSOLETE_local: false peers { permanent_uuid: "51c03b7e331b4381b2a126c78463ee98" member_type: VOTER last_known_addr { host: "127.13.53.129" port: 45187 } } peers { permanent_uuid: "3276dd9551184c2193892f0d23a36955" member_type: VOTER last_known_addr { host: "127.13.53.130" port: 38447 } } peers { permanent_uuid: "d574fb6e9de24ef9beed1217d3eb622d" member_type: VOTER last_known_addr { host: "127.13.53.132" port: 46559 } attrs { promote: false } }
I20260630 12:17:09.023883 16556 raft_consensus.cc:1275] T 1d3a27a555714b4fb52447f9f7c6d7b9 P 3276dd9551184c2193892f0d23a36955 [term 2 FOLLOWER]: Refusing update from remote peer 51c03b7e331b4381b2a126c78463ee98: Log matching property violated. Preceding OpId in replica: term: 2 index: 4. Preceding OpId from leader: term: 2 index: 5. (index mismatch)
I20260630 12:17:09.024631 16781 raft_consensus.cc:1275] T 1d3a27a555714b4fb52447f9f7c6d7b9 P d574fb6e9de24ef9beed1217d3eb622d [term 2 FOLLOWER]: Refusing update from remote peer 51c03b7e331b4381b2a126c78463ee98: Log matching property violated. Preceding OpId in replica: term: 2 index: 4. Preceding OpId from leader: term: 2 index: 5. (index mismatch)
I20260630 12:17:09.025207 17039 consensus_queue.cc:1048] T 1d3a27a555714b4fb52447f9f7c6d7b9 P 51c03b7e331b4381b2a126c78463ee98 [LEADER]: Connected to new peer: Peer: permanent_uuid: "3276dd9551184c2193892f0d23a36955" member_type: VOTER last_known_addr { host: "127.13.53.130" port: 38447 }, Status: LMP_MISMATCH, Last received: 0.0, Next index: 5, Last known committed idx: 4, Time since last communication: 0.000s
I20260630 12:17:09.026162 17009 consensus_queue.cc:1048] T 1d3a27a555714b4fb52447f9f7c6d7b9 P 51c03b7e331b4381b2a126c78463ee98 [LEADER]: Connected to new peer: Peer: permanent_uuid: "d574fb6e9de24ef9beed1217d3eb622d" member_type: VOTER last_known_addr { host: "127.13.53.132" port: 46559 } attrs { promote: false }, Status: LMP_MISMATCH, Last received: 0.0, Next index: 5, Last known committed idx: 4, Time since last communication: 0.000s
I20260630 12:17:09.032712 17009 raft_consensus.cc:2955] T 1d3a27a555714b4fb52447f9f7c6d7b9 P 51c03b7e331b4381b2a126c78463ee98 [term 2 LEADER]: Committing config change with OpId 2.5: config changed from index 4 to 5, VOTER 042d0478e35b420699bd072a1b19b4f2 (127.13.53.131) evicted. New config: { opid_index: 5 OBSOLETE_local: false peers { permanent_uuid: "51c03b7e331b4381b2a126c78463ee98" member_type: VOTER last_known_addr { host: "127.13.53.129" port: 45187 } } peers { permanent_uuid: "3276dd9551184c2193892f0d23a36955" member_type: VOTER last_known_addr { host: "127.13.53.130" port: 38447 } } peers { permanent_uuid: "d574fb6e9de24ef9beed1217d3eb622d" member_type: VOTER last_known_addr { host: "127.13.53.132" port: 46559 } attrs { promote: false } } }
I20260630 12:17:09.035125 16556 raft_consensus.cc:2955] T 1d3a27a555714b4fb52447f9f7c6d7b9 P 3276dd9551184c2193892f0d23a36955 [term 2 FOLLOWER]: Committing config change with OpId 2.5: config changed from index 4 to 5, VOTER 042d0478e35b420699bd072a1b19b4f2 (127.13.53.131) evicted. New config: { opid_index: 5 OBSOLETE_local: false peers { permanent_uuid: "51c03b7e331b4381b2a126c78463ee98" member_type: VOTER last_known_addr { host: "127.13.53.129" port: 45187 } } peers { permanent_uuid: "3276dd9551184c2193892f0d23a36955" member_type: VOTER last_known_addr { host: "127.13.53.130" port: 38447 } } peers { permanent_uuid: "d574fb6e9de24ef9beed1217d3eb622d" member_type: VOTER last_known_addr { host: "127.13.53.132" port: 46559 } attrs { promote: false } } }
I20260630 12:17:09.042214 16364 catalog_manager.cc:5210] ChangeConfig:REMOVE_PEER RPC for tablet 1d3a27a555714b4fb52447f9f7c6d7b9 with cas_config_opid_index 4: ChangeConfig:REMOVE_PEER succeeded (attempt 1)
I20260630 12:17:09.046952 16780 raft_consensus.cc:2955] T 1d3a27a555714b4fb52447f9f7c6d7b9 P d574fb6e9de24ef9beed1217d3eb622d [term 2 FOLLOWER]: Committing config change with OpId 2.5: config changed from index 4 to 5, VOTER 042d0478e35b420699bd072a1b19b4f2 (127.13.53.131) evicted. New config: { opid_index: 5 OBSOLETE_local: false peers { permanent_uuid: "51c03b7e331b4381b2a126c78463ee98" member_type: VOTER last_known_addr { host: "127.13.53.129" port: 45187 } } peers { permanent_uuid: "3276dd9551184c2193892f0d23a36955" member_type: VOTER last_known_addr { host: "127.13.53.130" port: 38447 } } peers { permanent_uuid: "d574fb6e9de24ef9beed1217d3eb622d" member_type: VOTER last_known_addr { host: "127.13.53.132" port: 46559 } attrs { promote: false } } }
I20260630 12:17:09.047596 16380 catalog_manager.cc:5697] T 1d3a27a555714b4fb52447f9f7c6d7b9 P 51c03b7e331b4381b2a126c78463ee98 reported cstate change: config changed from index 4 to 5, VOTER 042d0478e35b420699bd072a1b19b4f2 (127.13.53.131) evicted. New cstate: current_term: 2 leader_uuid: "51c03b7e331b4381b2a126c78463ee98" committed_config { opid_index: 5 OBSOLETE_local: false peers { permanent_uuid: "51c03b7e331b4381b2a126c78463ee98" member_type: VOTER last_known_addr { host: "127.13.53.129" port: 45187 } health_report { overall_health: HEALTHY } } peers { permanent_uuid: "3276dd9551184c2193892f0d23a36955" member_type: VOTER last_known_addr { host: "127.13.53.130" port: 38447 } health_report { overall_health: HEALTHY } } peers { permanent_uuid: "d574fb6e9de24ef9beed1217d3eb622d" member_type: VOTER last_known_addr { host: "127.13.53.132" port: 46559 } attrs { promote: false } health_report { overall_health: HEALTHY } } }
I20260630 12:17:09.059782 16620 tablet_service.cc:1558] Processing DeleteTablet for tablet 1d3a27a555714b4fb52447f9f7c6d7b9 with delete_type TABLET_DATA_TOMBSTONED (TS 042d0478e35b420699bd072a1b19b4f2 not found in new config with opid_index 5) from {username='slave'} at 127.0.0.1:54588
I20260630 12:17:09.061563 17044 tablet_replica.cc:333] T 1d3a27a555714b4fb52447f9f7c6d7b9 P 042d0478e35b420699bd072a1b19b4f2: stopping tablet replica
I20260630 12:17:09.062400 17044 raft_consensus.cc:2243] T 1d3a27a555714b4fb52447f9f7c6d7b9 P 042d0478e35b420699bd072a1b19b4f2 [term 2 FOLLOWER]: Raft consensus shutting down.
I20260630 12:17:09.062994 17044 raft_consensus.cc:2272] T 1d3a27a555714b4fb52447f9f7c6d7b9 P 042d0478e35b420699bd072a1b19b4f2 [term 2 FOLLOWER]: Raft consensus is shut down!
I20260630 12:17:09.065380 17044 ts_tablet_manager.cc:1916] T 1d3a27a555714b4fb52447f9f7c6d7b9 P 042d0478e35b420699bd072a1b19b4f2: Deleting tablet data with delete state TABLET_DATA_TOMBSTONED
I20260630 12:17:09.075011 17044 ts_tablet_manager.cc:1929] T 1d3a27a555714b4fb52447f9f7c6d7b9 P 042d0478e35b420699bd072a1b19b4f2: tablet deleted with delete type TABLET_DATA_TOMBSTONED: last-logged OpId 2.4
I20260630 12:17:09.075351 17044 log.cc:1199] T 1d3a27a555714b4fb52447f9f7c6d7b9 P 042d0478e35b420699bd072a1b19b4f2: Deleting WAL directory at /tmp/dist-test-task0J2ZOF/test-tmp/auto_rebalancer-test.0.AutoRebalancerTest.RangeAwareRebalancesNewRangeReplicas.1782821740107983-13526-0/minicluster-data/ts-2-root/wals/1d3a27a555714b4fb52447f9f7c6d7b9
I20260630 12:17:09.076736 16364 catalog_manager.cc:5028] TS 042d0478e35b420699bd072a1b19b4f2 (127.13.53.131:38357): tablet 1d3a27a555714b4fb52447f9f7c6d7b9 (table range_aware_rebalance_new_range [id=d0ce629d4d0f4b0e8cce10aa7ab84892]) successfully deleted
