I20260630 12:17:15.105365 16882 raft_consensus.cc:2955] T e02f53e8ca1d4c7e8309a96cf73562d8 P 2ce9a530eaca4955930927263efc14b6 [term 3 LEARNER]: Committing config change with OpId 3.5: config changed from index 3 to 5. New config: { opid_index: 5 OBSOLETE_local: false peers { permanent_uuid: "1745979c4ecb4ecaaa4a782ad8eefba1" member_type: VOTER last_known_addr { host: "127.13.71.65" port: 37559 } } peers { permanent_uuid: "057c532facd347d08bdcd37f270610e4" member_type: VOTER last_known_addr { host: "127.13.71.66" port: 45443 } attrs { replace: false } } peers { permanent_uuid: "9410e9145d5744309363024928a72ebd" member_type: VOTER last_known_addr { host: "127.13.71.67" port: 35031 } } peers { permanent_uuid: "2ce9a530eaca4955930927263efc14b6" member_type: NON_VOTER last_known_addr { host: "127.13.71.68" port: 43665 } attrs { promote: true } } }
I20260630 12:17:15.109623 17208 raft_consensus.cc:1064] T e02f53e8ca1d4c7e8309a96cf73562d8 P 9410e9145d5744309363024928a72ebd: attempting to promote NON_VOTER 2ce9a530eaca4955930927263efc14b6 to VOTER
I20260630 12:17:15.109772 16578 raft_consensus.cc:2955] T e02f53e8ca1d4c7e8309a96cf73562d8 P 1745979c4ecb4ecaaa4a782ad8eefba1 [term 3 FOLLOWER]: Committing config change with OpId 3.5: config changed from index 3 to 5. New config: { opid_index: 5 OBSOLETE_local: false peers { permanent_uuid: "1745979c4ecb4ecaaa4a782ad8eefba1" member_type: VOTER last_known_addr { host: "127.13.71.65" port: 37559 } } peers { permanent_uuid: "057c532facd347d08bdcd37f270610e4" member_type: VOTER last_known_addr { host: "127.13.71.66" port: 45443 } attrs { replace: false } } peers { permanent_uuid: "9410e9145d5744309363024928a72ebd" member_type: VOTER last_known_addr { host: "127.13.71.67" port: 35031 } } peers { permanent_uuid: "2ce9a530eaca4955930927263efc14b6" member_type: NON_VOTER last_known_addr { host: "127.13.71.68" port: 43665 } attrs { promote: true } } }
I20260630 12:17:15.111683 17208 consensus_queue.cc:237] T e02f53e8ca1d4c7e8309a96cf73562d8 P 9410e9145d5744309363024928a72ebd [LEADER]: Queue going to LEADER mode. State: All replicated index: 0, Majority replicated index: 5, Committed index: 5, Last appended: 3.5, Last appended by leader: 3, Current term: 3, Majority size: 3, State: 0, Mode: LEADER, active raft config: opid_index: 6 OBSOLETE_local: false peers { permanent_uuid: "1745979c4ecb4ecaaa4a782ad8eefba1" member_type: VOTER last_known_addr { host: "127.13.71.65" port: 37559 } } peers { permanent_uuid: "057c532facd347d08bdcd37f270610e4" member_type: VOTER last_known_addr { host: "127.13.71.66" port: 45443 } attrs { replace: false } } peers { permanent_uuid: "9410e9145d5744309363024928a72ebd" member_type: VOTER last_known_addr { host: "127.13.71.67" port: 35031 } } peers { permanent_uuid: "2ce9a530eaca4955930927263efc14b6" member_type: VOTER last_known_addr { host: "127.13.71.68" port: 43665 } attrs { promote: false } }
I20260630 12:17:15.117954 16475 catalog_manager.cc:5697] T e02f53e8ca1d4c7e8309a96cf73562d8 P 2ce9a530eaca4955930927263efc14b6 reported cstate change: config changed from index 3 to 5. New cstate: current_term: 3 leader_uuid: "9410e9145d5744309363024928a72ebd" committed_config { opid_index: 5 OBSOLETE_local: false peers { permanent_uuid: "1745979c4ecb4ecaaa4a782ad8eefba1" member_type: VOTER last_known_addr { host: "127.13.71.65" port: 37559 } } peers { permanent_uuid: "057c532facd347d08bdcd37f270610e4" member_type: VOTER last_known_addr { host: "127.13.71.66" port: 45443 } attrs { replace: false } } peers { permanent_uuid: "9410e9145d5744309363024928a72ebd" member_type: VOTER last_known_addr { host: "127.13.71.67" port: 35031 } } peers { permanent_uuid: "2ce9a530eaca4955930927263efc14b6" member_type: NON_VOTER last_known_addr { host: "127.13.71.68" port: 43665 } attrs { promote: true } } }
I20260630 12:17:15.122452 16653 raft_consensus.cc:1275] T e02f53e8ca1d4c7e8309a96cf73562d8 P 057c532facd347d08bdcd37f270610e4 [term 3 FOLLOWER]: Refusing update from remote peer 9410e9145d5744309363024928a72ebd: Log matching property violated. Preceding OpId in replica: term: 3 index: 5. Preceding OpId from leader: term: 3 index: 6. (index mismatch)
I20260630 12:17:15.124279 16882 raft_consensus.cc:1275] T e02f53e8ca1d4c7e8309a96cf73562d8 P 2ce9a530eaca4955930927263efc14b6 [term 3 LEARNER]: Refusing update from remote peer 9410e9145d5744309363024928a72ebd: Log matching property violated. Preceding OpId in replica: term: 3 index: 5. Preceding OpId from leader: term: 3 index: 6. (index mismatch)
I20260630 12:17:15.126178 17218 consensus_queue.cc:1048] T e02f53e8ca1d4c7e8309a96cf73562d8 P 9410e9145d5744309363024928a72ebd [LEADER]: Connected to new peer: Peer: permanent_uuid: "2ce9a530eaca4955930927263efc14b6" member_type: VOTER last_known_addr { host: "127.13.71.68" port: 43665 } attrs { promote: false }, Status: LMP_MISMATCH, Last received: 0.0, Next index: 6, Last known committed idx: 5, Time since last communication: 0.000s
I20260630 12:17:15.127123 17219 consensus_queue.cc:1048] T e02f53e8ca1d4c7e8309a96cf73562d8 P 9410e9145d5744309363024928a72ebd [LEADER]: Connected to new peer: Peer: permanent_uuid: "057c532facd347d08bdcd37f270610e4" member_type: VOTER last_known_addr { host: "127.13.71.66" port: 45443 } attrs { replace: false }, Status: LMP_MISMATCH, Last received: 0.0, Next index: 6, Last known committed idx: 5, Time since last communication: 0.000s
I20260630 12:17:15.140739 16580 raft_consensus.cc:1275] T e02f53e8ca1d4c7e8309a96cf73562d8 P 1745979c4ecb4ecaaa4a782ad8eefba1 [term 3 FOLLOWER]: Refusing update from remote peer 9410e9145d5744309363024928a72ebd: Log matching property violated. Preceding OpId in replica: term: 3 index: 5. Preceding OpId from leader: term: 3 index: 6. (index mismatch)
I20260630 12:17:15.143519 17218 raft_consensus.cc:2955] T e02f53e8ca1d4c7e8309a96cf73562d8 P 9410e9145d5744309363024928a72ebd [term 3 LEADER]: Committing config change with OpId 3.6: config changed from index 5 to 6, 2ce9a530eaca4955930927263efc14b6 (127.13.71.68) changed from NON_VOTER to VOTER. New config: { opid_index: 6 OBSOLETE_local: false peers { permanent_uuid: "1745979c4ecb4ecaaa4a782ad8eefba1" member_type: VOTER last_known_addr { host: "127.13.71.65" port: 37559 } } peers { permanent_uuid: "057c532facd347d08bdcd37f270610e4" member_type: VOTER last_known_addr { host: "127.13.71.66" port: 45443 } attrs { replace: false } } peers { permanent_uuid: "9410e9145d5744309363024928a72ebd" member_type: VOTER last_known_addr { host: "127.13.71.67" port: 35031 } } peers { permanent_uuid: "2ce9a530eaca4955930927263efc14b6" member_type: VOTER last_known_addr { host: "127.13.71.68" port: 43665 } attrs { promote: false } } }
I20260630 12:17:15.144678 16656 raft_consensus.cc:2955] T e02f53e8ca1d4c7e8309a96cf73562d8 P 057c532facd347d08bdcd37f270610e4 [term 3 FOLLOWER]: Committing config change with OpId 3.6: config changed from index 5 to 6, 2ce9a530eaca4955930927263efc14b6 (127.13.71.68) changed from NON_VOTER to VOTER. New config: { opid_index: 6 OBSOLETE_local: false peers { permanent_uuid: "1745979c4ecb4ecaaa4a782ad8eefba1" member_type: VOTER last_known_addr { host: "127.13.71.65" port: 37559 } } peers { permanent_uuid: "057c532facd347d08bdcd37f270610e4" member_type: VOTER last_known_addr { host: "127.13.71.66" port: 45443 } attrs { replace: false } } peers { permanent_uuid: "9410e9145d5744309363024928a72ebd" member_type: VOTER last_known_addr { host: "127.13.71.67" port: 35031 } } peers { permanent_uuid: "2ce9a530eaca4955930927263efc14b6" member_type: VOTER last_known_addr { host: "127.13.71.68" port: 43665 } attrs { promote: false } } }
I20260630 12:17:15.148717 17219 consensus_queue.cc:1048] T e02f53e8ca1d4c7e8309a96cf73562d8 P 9410e9145d5744309363024928a72ebd [LEADER]: Connected to new peer: Peer: permanent_uuid: "1745979c4ecb4ecaaa4a782ad8eefba1" member_type: VOTER last_known_addr { host: "127.13.71.65" port: 37559 }, Status: LMP_MISMATCH, Last received: 0.0, Next index: 6, Last known committed idx: 5, Time since last communication: 0.000s
I20260630 12:17:15.154709 16883 raft_consensus.cc:2955] T e02f53e8ca1d4c7e8309a96cf73562d8 P 2ce9a530eaca4955930927263efc14b6 [term 3 FOLLOWER]: Committing config change with OpId 3.6: config changed from index 5 to 6, 2ce9a530eaca4955930927263efc14b6 (127.13.71.68) changed from NON_VOTER to VOTER. New config: { opid_index: 6 OBSOLETE_local: false peers { permanent_uuid: "1745979c4ecb4ecaaa4a782ad8eefba1" member_type: VOTER last_known_addr { host: "127.13.71.65" port: 37559 } } peers { permanent_uuid: "057c532facd347d08bdcd37f270610e4" member_type: VOTER last_known_addr { host: "127.13.71.66" port: 45443 } attrs { replace: false } } peers { permanent_uuid: "9410e9145d5744309363024928a72ebd" member_type: VOTER last_known_addr { host: "127.13.71.67" port: 35031 } } peers { permanent_uuid: "2ce9a530eaca4955930927263efc14b6" member_type: VOTER last_known_addr { host: "127.13.71.68" port: 43665 } attrs { promote: false } } }
I20260630 12:17:15.154932 16580 raft_consensus.cc:2955] T e02f53e8ca1d4c7e8309a96cf73562d8 P 1745979c4ecb4ecaaa4a782ad8eefba1 [term 3 FOLLOWER]: Committing config change with OpId 3.6: config changed from index 5 to 6, 2ce9a530eaca4955930927263efc14b6 (127.13.71.68) changed from NON_VOTER to VOTER. New config: { opid_index: 6 OBSOLETE_local: false peers { permanent_uuid: "1745979c4ecb4ecaaa4a782ad8eefba1" member_type: VOTER last_known_addr { host: "127.13.71.65" port: 37559 } } peers { permanent_uuid: "057c532facd347d08bdcd37f270610e4" member_type: VOTER last_known_addr { host: "127.13.71.66" port: 45443 } attrs { replace: false } } peers { permanent_uuid: "9410e9145d5744309363024928a72ebd" member_type: VOTER last_known_addr { host: "127.13.71.67" port: 35031 } } peers { permanent_uuid: "2ce9a530eaca4955930927263efc14b6" member_type: VOTER last_known_addr { host: "127.13.71.68" port: 43665 } attrs { promote: false } } }
W20260630 12:17:15.159466 16527 auto_rebalancer.cc:639] Failed to schedule move for tablet e02f53e8ca1d4c7e8309a96cf73562d8: Illegal state: Request specified cas_config_opid_index of 3 but the committed config has opid_index of 6
I20260630 12:17:15.164731 16476 catalog_manager.cc:5697] T e02f53e8ca1d4c7e8309a96cf73562d8 P 9410e9145d5744309363024928a72ebd reported cstate change: config changed from index 5 to 6, 2ce9a530eaca4955930927263efc14b6 (127.13.71.68) changed from NON_VOTER to VOTER. New cstate: current_term: 3 leader_uuid: "9410e9145d5744309363024928a72ebd" committed_config { opid_index: 6 OBSOLETE_local: false peers { permanent_uuid: "1745979c4ecb4ecaaa4a782ad8eefba1" member_type: VOTER last_known_addr { host: "127.13.71.65" port: 37559 } health_report { overall_health: UNKNOWN } } peers { permanent_uuid: "057c532facd347d08bdcd37f270610e4" member_type: VOTER last_known_addr { host: "127.13.71.66" port: 45443 } attrs { replace: false } health_report { overall_health: HEALTHY } } peers { permanent_uuid: "9410e9145d5744309363024928a72ebd" member_type: VOTER last_known_addr { host: "127.13.71.67" port: 35031 } health_report { overall_health: HEALTHY } } peers { permanent_uuid: "2ce9a530eaca4955930927263efc14b6" member_type: VOTER last_known_addr { host: "127.13.71.68" port: 43665 } attrs { promote: false } health_report { overall_health: HEALTHY } } }
I20260630 12:17:15.179510 16730 consensus_queue.cc:237] T e02f53e8ca1d4c7e8309a96cf73562d8 P 9410e9145d5744309363024928a72ebd [LEADER]: Queue going to LEADER mode. State: All replicated index: 0, Majority replicated index: 6, Committed index: 6, Last appended: 3.6, Last appended by leader: 3, Current term: 3, Majority size: 2, State: 0, Mode: LEADER, active raft config: opid_index: 7 OBSOLETE_local: false peers { permanent_uuid: "057c532facd347d08bdcd37f270610e4" member_type: VOTER last_known_addr { host: "127.13.71.66" port: 45443 } attrs { replace: false } } peers { permanent_uuid: "9410e9145d5744309363024928a72ebd" member_type: VOTER last_known_addr { host: "127.13.71.67" port: 35031 } } peers { permanent_uuid: "2ce9a530eaca4955930927263efc14b6" member_type: VOTER last_known_addr { host: "127.13.71.68" port: 43665 } attrs { promote: false } }
I20260630 12:17:15.184201 16656 raft_consensus.cc:1275] T e02f53e8ca1d4c7e8309a96cf73562d8 P 057c532facd347d08bdcd37f270610e4 [term 3 FOLLOWER]: Refusing update from remote peer 9410e9145d5744309363024928a72ebd: Log matching property violated. Preceding OpId in replica: term: 3 index: 6. Preceding OpId from leader: term: 3 index: 7. (index mismatch)
I20260630 12:17:15.184252 16883 raft_consensus.cc:1275] T e02f53e8ca1d4c7e8309a96cf73562d8 P 2ce9a530eaca4955930927263efc14b6 [term 3 FOLLOWER]: Refusing update from remote peer 9410e9145d5744309363024928a72ebd: Log matching property violated. Preceding OpId in replica: term: 3 index: 6. Preceding OpId from leader: term: 3 index: 7. (index mismatch)
I20260630 12:17:15.185863 17217 consensus_queue.cc:1048] T e02f53e8ca1d4c7e8309a96cf73562d8 P 9410e9145d5744309363024928a72ebd [LEADER]: Connected to new peer: Peer: permanent_uuid: "057c532facd347d08bdcd37f270610e4" member_type: VOTER last_known_addr { host: "127.13.71.66" port: 45443 } attrs { replace: false }, Status: LMP_MISMATCH, Last received: 0.0, Next index: 7, Last known committed idx: 6, Time since last communication: 0.000s
I20260630 12:17:15.186609 17218 consensus_queue.cc:1048] T e02f53e8ca1d4c7e8309a96cf73562d8 P 9410e9145d5744309363024928a72ebd [LEADER]: Connected to new peer: Peer: permanent_uuid: "2ce9a530eaca4955930927263efc14b6" member_type: VOTER last_known_addr { host: "127.13.71.68" port: 43665 } attrs { promote: false }, Status: LMP_MISMATCH, Last received: 0.0, Next index: 7, Last known committed idx: 6, Time since last communication: 0.000s
I20260630 12:17:15.192530 17219 raft_consensus.cc:2955] T e02f53e8ca1d4c7e8309a96cf73562d8 P 9410e9145d5744309363024928a72ebd [term 3 LEADER]: Committing config change with OpId 3.7: config changed from index 6 to 7, VOTER 1745979c4ecb4ecaaa4a782ad8eefba1 (127.13.71.65) evicted. New config: { opid_index: 7 OBSOLETE_local: false peers { permanent_uuid: "057c532facd347d08bdcd37f270610e4" member_type: VOTER last_known_addr { host: "127.13.71.66" port: 45443 } attrs { replace: false } } peers { permanent_uuid: "9410e9145d5744309363024928a72ebd" member_type: VOTER last_known_addr { host: "127.13.71.67" port: 35031 } } peers { permanent_uuid: "2ce9a530eaca4955930927263efc14b6" member_type: VOTER last_known_addr { host: "127.13.71.68" port: 43665 } attrs { promote: false } } }
I20260630 12:17:15.194199 16883 raft_consensus.cc:2955] T e02f53e8ca1d4c7e8309a96cf73562d8 P 2ce9a530eaca4955930927263efc14b6 [term 3 FOLLOWER]: Committing config change with OpId 3.7: config changed from index 6 to 7, VOTER 1745979c4ecb4ecaaa4a782ad8eefba1 (127.13.71.65) evicted. New config: { opid_index: 7 OBSOLETE_local: false peers { permanent_uuid: "057c532facd347d08bdcd37f270610e4" member_type: VOTER last_known_addr { host: "127.13.71.66" port: 45443 } attrs { replace: false } } peers { permanent_uuid: "9410e9145d5744309363024928a72ebd" member_type: VOTER last_known_addr { host: "127.13.71.67" port: 35031 } } peers { permanent_uuid: "2ce9a530eaca4955930927263efc14b6" member_type: VOTER last_known_addr { host: "127.13.71.68" port: 43665 } attrs { promote: false } } }
I20260630 12:17:15.194586 16656 raft_consensus.cc:2955] T e02f53e8ca1d4c7e8309a96cf73562d8 P 057c532facd347d08bdcd37f270610e4 [term 3 FOLLOWER]: Committing config change with OpId 3.7: config changed from index 6 to 7, VOTER 1745979c4ecb4ecaaa4a782ad8eefba1 (127.13.71.65) evicted. New config: { opid_index: 7 OBSOLETE_local: false peers { permanent_uuid: "057c532facd347d08bdcd37f270610e4" member_type: VOTER last_known_addr { host: "127.13.71.66" port: 45443 } attrs { replace: false } } peers { permanent_uuid: "9410e9145d5744309363024928a72ebd" member_type: VOTER last_known_addr { host: "127.13.71.67" port: 35031 } } peers { permanent_uuid: "2ce9a530eaca4955930927263efc14b6" member_type: VOTER last_known_addr { host: "127.13.71.68" port: 43665 } attrs { promote: false } } }
I20260630 12:17:15.205343 16463 catalog_manager.cc:5210] ChangeConfig:REMOVE_PEER RPC for tablet e02f53e8ca1d4c7e8309a96cf73562d8 with cas_config_opid_index 6: ChangeConfig:REMOVE_PEER succeeded (attempt 1)
I20260630 12:17:15.207079 16477 catalog_manager.cc:5697] T e02f53e8ca1d4c7e8309a96cf73562d8 P 057c532facd347d08bdcd37f270610e4 reported cstate change: config changed from index 6 to 7, VOTER 1745979c4ecb4ecaaa4a782ad8eefba1 (127.13.71.65) evicted. New cstate: current_term: 3 leader_uuid: "9410e9145d5744309363024928a72ebd" committed_config { opid_index: 7 OBSOLETE_local: false peers { permanent_uuid: "057c532facd347d08bdcd37f270610e4" member_type: VOTER last_known_addr { host: "127.13.71.66" port: 45443 } attrs { replace: false } } peers { permanent_uuid: "9410e9145d5744309363024928a72ebd" member_type: VOTER last_known_addr { host: "127.13.71.67" port: 35031 } } peers { permanent_uuid: "2ce9a530eaca4955930927263efc14b6" member_type: VOTER last_known_addr { host: "127.13.71.68" port: 43665 } attrs { promote: false } } }
I20260630 12:17:15.216625 16570 tablet_service.cc:1558] Processing DeleteTablet for tablet e02f53e8ca1d4c7e8309a96cf73562d8 with delete_type TABLET_DATA_TOMBSTONED (TS 1745979c4ecb4ecaaa4a782ad8eefba1 not found in new config with opid_index 7) from {username='slave'} at 127.0.0.1:44940
I20260630 12:17:15.218664 17225 tablet_replica.cc:333] T e02f53e8ca1d4c7e8309a96cf73562d8 P 1745979c4ecb4ecaaa4a782ad8eefba1: stopping tablet replica
I20260630 12:17:15.219676 17225 raft_consensus.cc:2243] T e02f53e8ca1d4c7e8309a96cf73562d8 P 1745979c4ecb4ecaaa4a782ad8eefba1 [term 3 FOLLOWER]: Raft consensus shutting down.
I20260630 12:17:15.220436 17225 raft_consensus.cc:2272] T e02f53e8ca1d4c7e8309a96cf73562d8 P 1745979c4ecb4ecaaa4a782ad8eefba1 [term 3 FOLLOWER]: Raft consensus is shut down!
I20260630 12:17:15.223974 17225 ts_tablet_manager.cc:1916] T e02f53e8ca1d4c7e8309a96cf73562d8 P 1745979c4ecb4ecaaa4a782ad8eefba1: Deleting tablet data with delete state TABLET_DATA_TOMBSTONED
I20260630 12:17:15.235543 17225 ts_tablet_manager.cc:1929] T e02f53e8ca1d4c7e8309a96cf73562d8 P 1745979c4ecb4ecaaa4a782ad8eefba1: tablet deleted with delete type TABLET_DATA_TOMBSTONED: last-logged OpId 3.6
I20260630 12:17:15.235915 17225 log.cc:1199] T e02f53e8ca1d4c7e8309a96cf73562d8 P 1745979c4ecb4ecaaa4a782ad8eefba1: Deleting WAL directory at /tmp/dist-test-taskwdfQfa/test-tmp/auto_rebalancer-test.0.AutoRebalancerTest.RangeAwareRebalancesNewRangeReplicas.1782821740267556-13597-0/minicluster-data/ts-0-root/wals/e02f53e8ca1d4c7e8309a96cf73562d8
I20260630 12:17:15.237517 16464 catalog_manager.cc:5028] TS 1745979c4ecb4ecaaa4a782ad8eefba1 (127.13.71.65:37559): tablet e02f53e8ca1d4c7e8309a96cf73562d8 (table range_aware_rebalance_new_range [id=85fed804ca4747218990d19eb7b844a9]) successfully deleted
I20260630 12:17:16.179610 16728 consensus_queue.cc:237] T a107b26a21004faeb1ce470dcf08ce3c P 9410e9145d5744309363024928a72ebd [LEADER]: Queue going to LEADER mode. State: All replicated index: 0, Majority replicated index: 6, Committed index: 6, Last appended: 3.6, Last appended by leader: 3, Current term: 3, Majority size: 2, State: 0, Mode: LEADER, active raft config: opid_index: 7 OBSOLETE_local: false peers { permanent_uuid: "057c532facd347d08bdcd37f270610e4" member_type: VOTER last_known_addr { host: "127.13.71.66" port: 45443 } attrs { replace: true } } peers { permanent_uuid: "9410e9145d5744309363024928a72ebd" member_type: VOTER last_known_addr { host: "127.13.71.67" port: 35031 } } peers { permanent_uuid: "2ce9a530eaca4955930927263efc14b6" member_type: VOTER last_known_addr { host: "127.13.71.68" port: 43665 } attrs { promote: false } } peers { permanent_uuid: "1745979c4ecb4ecaaa4a782ad8eefba1" member_type: NON_VOTER last_known_addr { host: "127.13.71.65" port: 37559 } attrs { promote: true } }
I20260630 12:17:16.185552 16883 raft_consensus.cc:1275] T a107b26a21004faeb1ce470dcf08ce3c P 2ce9a530eaca4955930927263efc14b6 [term 3 FOLLOWER]: Refusing update from remote peer 9410e9145d5744309363024928a72ebd: Log matching property violated. Preceding OpId in replica: term: 3 index: 6. Preceding OpId from leader: term: 3 index: 7. (index mismatch)
I20260630 12:17:16.185860 16656 raft_consensus.cc:1275] T a107b26a21004faeb1ce470dcf08ce3c P 057c532facd347d08bdcd37f270610e4 [term 3 FOLLOWER]: Refusing update from remote peer 9410e9145d5744309363024928a72ebd: Log matching property violated. Preceding OpId in replica: term: 3 index: 6. Preceding OpId from leader: term: 3 index: 7. (index mismatch)
W20260630 12:17:16.186273 16694 consensus_peers.cc:597] T a107b26a21004faeb1ce470dcf08ce3c P 9410e9145d5744309363024928a72ebd -> Peer 1745979c4ecb4ecaaa4a782ad8eefba1 (127.13.71.65:37559): Couldn't send request to peer 1745979c4ecb4ecaaa4a782ad8eefba1. Error code: TABLET_NOT_FOUND (6). Status: Illegal state: Tablet not RUNNING: STOPPED. This is attempt 1: this message will repeat every 5th retry.
I20260630 12:17:16.186905 17228 consensus_queue.cc:1048] T a107b26a21004faeb1ce470dcf08ce3c P 9410e9145d5744309363024928a72ebd [LEADER]: Connected to new peer: Peer: permanent_uuid: "2ce9a530eaca4955930927263efc14b6" member_type: VOTER last_known_addr { host: "127.13.71.68" port: 43665 } attrs { promote: false }, Status: LMP_MISMATCH, Last received: 0.0, Next index: 7, Last known committed idx: 6, Time since last communication: 0.000s
I20260630 12:17:16.187711 17219 consensus_queue.cc:1048] T a107b26a21004faeb1ce470dcf08ce3c P 9410e9145d5744309363024928a72ebd [LEADER]: Connected to new peer: Peer: permanent_uuid: "057c532facd347d08bdcd37f270610e4" member_type: VOTER last_known_addr { host: "127.13.71.66" port: 45443 } attrs { replace: true }, Status: LMP_MISMATCH, Last received: 0.0, Next index: 7, Last known committed idx: 6, Time since last communication: 0.000s
I20260630 12:17:16.195999 17228 raft_consensus.cc:2955] T a107b26a21004faeb1ce470dcf08ce3c P 9410e9145d5744309363024928a72ebd [term 3 LEADER]: Committing config change with OpId 3.7: config changed from index 6 to 7, NON_VOTER 1745979c4ecb4ecaaa4a782ad8eefba1 (127.13.71.65) added. New config: { opid_index: 7 OBSOLETE_local: false peers { permanent_uuid: "057c532facd347d08bdcd37f270610e4" member_type: VOTER last_known_addr { host: "127.13.71.66" port: 45443 } attrs { replace: true } } peers { permanent_uuid: "9410e9145d5744309363024928a72ebd" member_type: VOTER last_known_addr { host: "127.13.71.67" port: 35031 } } peers { permanent_uuid: "2ce9a530eaca4955930927263efc14b6" member_type: VOTER last_known_addr { host: "127.13.71.68" port: 43665 } attrs { promote: false } } peers { permanent_uuid: "1745979c4ecb4ecaaa4a782ad8eefba1" member_type: NON_VOTER last_known_addr { host: "127.13.71.65" port: 37559 } attrs { promote: true } } }
I20260630 12:17:16.198518 16883 raft_consensus.cc:2955] T a107b26a21004faeb1ce470dcf08ce3c P 2ce9a530eaca4955930927263efc14b6 [term 3 FOLLOWER]: Committing config change with OpId 3.7: config changed from index 6 to 7, NON_VOTER 1745979c4ecb4ecaaa4a782ad8eefba1 (127.13.71.65) added. New config: { opid_index: 7 OBSOLETE_local: false peers { permanent_uuid: "057c532facd347d08bdcd37f270610e4" member_type: VOTER last_known_addr { host: "127.13.71.66" port: 45443 } attrs { replace: true } } peers { permanent_uuid: "9410e9145d5744309363024928a72ebd" member_type: VOTER last_known_addr { host: "127.13.71.67" port: 35031 } } peers { permanent_uuid: "2ce9a530eaca4955930927263efc14b6" member_type: VOTER last_known_addr { host: "127.13.71.68" port: 43665 } attrs { promote: false } } peers { permanent_uuid: "1745979c4ecb4ecaaa4a782ad8eefba1" member_type: NON_VOTER last_known_addr { host: "127.13.71.65" port: 37559 } attrs { promote: true } } }
I20260630 12:17:16.198518 16656 raft_consensus.cc:2955] T a107b26a21004faeb1ce470dcf08ce3c P 057c532facd347d08bdcd37f270610e4 [term 3 FOLLOWER]: Committing config change with OpId 3.7: config changed from index 6 to 7, NON_VOTER 1745979c4ecb4ecaaa4a782ad8eefba1 (127.13.71.65) added. New config: { opid_index: 7 OBSOLETE_local: false peers { permanent_uuid: "057c532facd347d08bdcd37f270610e4" member_type: VOTER last_known_addr { host: "127.13.71.66" port: 45443 } attrs { replace: true } } peers { permanent_uuid: "9410e9145d5744309363024928a72ebd" member_type: VOTER last_known_addr { host: "127.13.71.67" port: 35031 } } peers { permanent_uuid: "2ce9a530eaca4955930927263efc14b6" member_type: VOTER last_known_addr { host: "127.13.71.68" port: 43665 } attrs { promote: false } } peers { permanent_uuid: "1745979c4ecb4ecaaa4a782ad8eefba1" member_type: NON_VOTER last_known_addr { host: "127.13.71.65" port: 37559 } attrs { promote: true } } }
I20260630 12:17:16.210198 16475 catalog_manager.cc:5697] T a107b26a21004faeb1ce470dcf08ce3c P 9410e9145d5744309363024928a72ebd reported cstate change: config changed from index 6 to 7, NON_VOTER 1745979c4ecb4ecaaa4a782ad8eefba1 (127.13.71.65) added. New cstate: current_term: 3 leader_uuid: "9410e9145d5744309363024928a72ebd" committed_config { opid_index: 7 OBSOLETE_local: false peers { permanent_uuid: "057c532facd347d08bdcd37f270610e4" member_type: VOTER last_known_addr { host: "127.13.71.66" port: 45443 } attrs { replace: true } health_report { overall_health: HEALTHY } } peers { permanent_uuid: "9410e9145d5744309363024928a72ebd" member_type: VOTER last_known_addr { host: "127.13.71.67" port: 35031 } health_report { overall_health: HEALTHY } } peers { permanent_uuid: "2ce9a530eaca4955930927263efc14b6" member_type: VOTER last_known_addr { host: "127.13.71.68" port: 43665 } attrs { promote: false } health_report { overall_health: HEALTHY } } peers { permanent_uuid: "1745979c4ecb4ecaaa4a782ad8eefba1" member_type: NON_VOTER last_known_addr { host: "127.13.71.65" port: 37559 } attrs { promote: true } health_report { overall_health: UNKNOWN } } }
I20260630 12:17:16.453501 16532 auto_leader_rebalancer.cc:141] leader rebalance for table range_aware_rebalance_new_range
I20260630 12:17:16.467810 16580 tablet_service.cc:2072] Received LeaderStepDown RPC: tablet_id: "074a9a5a7cf341c79010ad804c9c1b92"
dest_uuid: "1745979c4ecb4ecaaa4a782ad8eefba1"
mode: GRACEFUL
new_leader_uuid: "057c532facd347d08bdcd37f270610e4"
 from {username='slave'} at 127.0.0.1:44988
I20260630 12:17:16.468489 16580 raft_consensus.cc:606] T 074a9a5a7cf341c79010ad804c9c1b92 P 1745979c4ecb4ecaaa4a782ad8eefba1 [term 1 LEADER]: Received request to transfer leadership to TS 057c532facd347d08bdcd37f270610e4
I20260630 12:17:16.469832 16532 auto_leader_rebalancer.cc:440] table: range_aware_rebalance_new_range, leader rebalance finish, leader transfer count: 1
I20260630 12:17:16.470377 16532 auto_leader_rebalancer.cc:515] All tables' leader rebalancing finished this round
I20260630 12:17:16.793651 17153 raft_consensus.cc:993] T 074a9a5a7cf341c79010ad804c9c1b92 P 1745979c4ecb4ecaaa4a782ad8eefba1: : Instructing follower 057c532facd347d08bdcd37f270610e4 to start an election
I20260630 12:17:16.794157 17235 raft_consensus.cc:1081] T 074a9a5a7cf341c79010ad804c9c1b92 P 1745979c4ecb4ecaaa4a782ad8eefba1 [term 1 LEADER]: Signalling peer 057c532facd347d08bdcd37f270610e4 to start an election
I20260630 12:17:16.795535 16653 tablet_service.cc:2044] Received Run Leader Election RPC: tablet_id: "074a9a5a7cf341c79010ad804c9c1b92"
dest_uuid: "057c532facd347d08bdcd37f270610e4"
 from {username='slave'} at 127.0.0.1:40518
I20260630 12:17:16.796002 16653 raft_consensus.cc:493] T 074a9a5a7cf341c79010ad804c9c1b92 P 057c532facd347d08bdcd37f270610e4 [term 1 FOLLOWER]: Starting forced leader election (received explicit request)
I20260630 12:17:16.796262 16653 raft_consensus.cc:3060] T 074a9a5a7cf341c79010ad804c9c1b92 P 057c532facd347d08bdcd37f270610e4 [term 1 FOLLOWER]: Advancing to term 2
I20260630 12:17:16.800364 16653 raft_consensus.cc:515] T 074a9a5a7cf341c79010ad804c9c1b92 P 057c532facd347d08bdcd37f270610e4 [term 2 FOLLOWER]: Starting forced leader election with config: opid_index: -1 OBSOLETE_local: false peers { permanent_uuid: "2ce9a530eaca4955930927263efc14b6" member_type: VOTER last_known_addr { host: "127.13.71.68" port: 43665 } } peers { permanent_uuid: "057c532facd347d08bdcd37f270610e4" member_type: VOTER last_known_addr { host: "127.13.71.66" port: 45443 } } peers { permanent_uuid: "1745979c4ecb4ecaaa4a782ad8eefba1" member_type: VOTER last_known_addr { host: "127.13.71.65" port: 37559 } }
I20260630 12:17:16.801898 16653 leader_election.cc:290] T 074a9a5a7cf341c79010ad804c9c1b92 P 057c532facd347d08bdcd37f270610e4 [CANDIDATE]: Term 2 election: Requested vote from peers 2ce9a530eaca4955930927263efc14b6 (127.13.71.68:43665), 1745979c4ecb4ecaaa4a782ad8eefba1 (127.13.71.65:37559)
I20260630 12:17:16.803130 16580 tablet_service.cc:1917] Received RequestConsensusVote() RPC: tablet_id: "074a9a5a7cf341c79010ad804c9c1b92" candidate_uuid: "057c532facd347d08bdcd37f270610e4" candidate_term: 2 candidate_status { last_received { term: 1 index: 1 } } ignore_live_leader: true dest_uuid: "1745979c4ecb4ecaaa4a782ad8eefba1"
I20260630 12:17:16.803766 16580 raft_consensus.cc:3055] T 074a9a5a7cf341c79010ad804c9c1b92 P 1745979c4ecb4ecaaa4a782ad8eefba1 [term 1 LEADER]: Stepping down as leader of term 1
I20260630 12:17:16.804180 16580 raft_consensus.cc:740] T 074a9a5a7cf341c79010ad804c9c1b92 P 1745979c4ecb4ecaaa4a782ad8eefba1 [term 1 LEADER]: Becoming Follower/Learner. State: Replica: 1745979c4ecb4ecaaa4a782ad8eefba1, State: Running, Role: LEADER
I20260630 12:17:16.804109 16883 tablet_service.cc:1917] Received RequestConsensusVote() RPC: tablet_id: "074a9a5a7cf341c79010ad804c9c1b92" candidate_uuid: "057c532facd347d08bdcd37f270610e4" candidate_term: 2 candidate_status { last_received { term: 1 index: 1 } } ignore_live_leader: true dest_uuid: "2ce9a530eaca4955930927263efc14b6"
I20260630 12:17:16.805141 16883 raft_consensus.cc:3060] T 074a9a5a7cf341c79010ad804c9c1b92 P 2ce9a530eaca4955930927263efc14b6 [term 1 FOLLOWER]: Advancing to term 2
I20260630 12:17:16.805303 16580 consensus_queue.cc:260] T 074a9a5a7cf341c79010ad804c9c1b92 P 1745979c4ecb4ecaaa4a782ad8eefba1 [NON_LEADER]: Queue going to NON_LEADER mode. State: All replicated index: 0, Majority replicated index: 1, Committed index: 1, Last appended: 1.1, Last appended by leader: 1, Current term: 1, Majority size: -1, State: 0, Mode: NON_LEADER, active raft config: opid_index: -1 OBSOLETE_local: false peers { permanent_uuid: "2ce9a530eaca4955930927263efc14b6" member_type: VOTER last_known_addr { host: "127.13.71.68" port: 43665 } } peers { permanent_uuid: "057c532facd347d08bdcd37f270610e4" member_type: VOTER last_known_addr { host: "127.13.71.66" port: 45443 } } peers { permanent_uuid: "1745979c4ecb4ecaaa4a782ad8eefba1" member_type: VOTER last_known_addr { host: "127.13.71.65" port: 37559 } }
I20260630 12:17:16.806663 16580 raft_consensus.cc:3060] T 074a9a5a7cf341c79010ad804c9c1b92 P 1745979c4ecb4ecaaa4a782ad8eefba1 [term 1 FOLLOWER]: Advancing to term 2
I20260630 12:17:16.812624 16883 raft_consensus.cc:2468] T 074a9a5a7cf341c79010ad804c9c1b92 P 2ce9a530eaca4955930927263efc14b6 [term 2 FOLLOWER]: Leader election vote request: Granting yes vote for candidate 057c532facd347d08bdcd37f270610e4 in term 2.
I20260630 12:17:16.813761 16580 raft_consensus.cc:2468] T 074a9a5a7cf341c79010ad804c9c1b92 P 1745979c4ecb4ecaaa4a782ad8eefba1 [term 2 FOLLOWER]: Leader election vote request: Granting yes vote for candidate 057c532facd347d08bdcd37f270610e4 in term 2.
I20260630 12:17:16.814195 16622 leader_election.cc:304] T 074a9a5a7cf341c79010ad804c9c1b92 P 057c532facd347d08bdcd37f270610e4 [CANDIDATE]: Term 2 election: Election decided. Result: candidate won. Election summary: received 2 responses out of 3 voters: 2 yes votes; 0 no votes. yes voters: 057c532facd347d08bdcd37f270610e4, 2ce9a530eaca4955930927263efc14b6; no voters: 
I20260630 12:17:16.815618 17236 raft_consensus.cc:2804] T 074a9a5a7cf341c79010ad804c9c1b92 P 057c532facd347d08bdcd37f270610e4 [term 2 FOLLOWER]: Leader election won for term 2
I20260630 12:17:16.816216 17236 raft_consensus.cc:697] T 074a9a5a7cf341c79010ad804c9c1b92 P 057c532facd347d08bdcd37f270610e4 [term 2 LEADER]: Becoming Leader. State: Replica: 057c532facd347d08bdcd37f270610e4, State: Running, Role: LEADER
I20260630 12:17:16.815802 17237 ts_tablet_manager.cc:933] T a107b26a21004faeb1ce470dcf08ce3c P 1745979c4ecb4ecaaa4a782ad8eefba1: Initiating tablet copy from peer 9410e9145d5744309363024928a72ebd (127.13.71.67:35031)
I20260630 12:17:16.817042 17236 consensus_queue.cc:237] T 074a9a5a7cf341c79010ad804c9c1b92 P 057c532facd347d08bdcd37f270610e4 [LEADER]: Queue going to LEADER mode. State: All replicated index: 0, Majority replicated index: 1, Committed index: 1, Last appended: 1.1, Last appended by leader: 1, Current term: 2, Majority size: 2, State: 0, Mode: LEADER, active raft config: opid_index: -1 OBSOLETE_local: false peers { permanent_uuid: "2ce9a530eaca4955930927263efc14b6" member_type: VOTER last_known_addr { host: "127.13.71.68" port: 43665 } } peers { permanent_uuid: "057c532facd347d08bdcd37f270610e4" member_type: VOTER last_known_addr { host: "127.13.71.66" port: 45443 } } peers { permanent_uuid: "1745979c4ecb4ecaaa4a782ad8eefba1" member_type: VOTER last_known_addr { host: "127.13.71.65" port: 37559 } }
I20260630 12:17:16.825881 17237 tablet_copy_client.cc:323] T a107b26a21004faeb1ce470dcf08ce3c P 1745979c4ecb4ecaaa4a782ad8eefba1: tablet copy: Beginning tablet copy session from remote peer at address 127.13.71.67:35031
I20260630 12:17:16.827584 16740 tablet_copy_service.cc:140] P 9410e9145d5744309363024928a72ebd: Received BeginTabletCopySession request for tablet a107b26a21004faeb1ce470dcf08ce3c from peer 1745979c4ecb4ecaaa4a782ad8eefba1 ({username='slave'} at 127.0.0.1:33190)
I20260630 12:17:16.828115 16740 tablet_copy_service.cc:161] P 9410e9145d5744309363024928a72ebd: Beginning new tablet copy session on tablet a107b26a21004faeb1ce470dcf08ce3c from peer 1745979c4ecb4ecaaa4a782ad8eefba1 at {username='slave'} at 127.0.0.1:33190: session id = 1745979c4ecb4ecaaa4a782ad8eefba1-a107b26a21004faeb1ce470dcf08ce3c
I20260630 12:17:16.828044 16478 catalog_manager.cc:5697] T 074a9a5a7cf341c79010ad804c9c1b92 P 057c532facd347d08bdcd37f270610e4 reported cstate change: term changed from 1 to 2, leader changed from 1745979c4ecb4ecaaa4a782ad8eefba1 (127.13.71.65) to 057c532facd347d08bdcd37f270610e4 (127.13.71.66). New cstate: current_term: 2 leader_uuid: "057c532facd347d08bdcd37f270610e4" committed_config { opid_index: -1 OBSOLETE_local: false peers { permanent_uuid: "2ce9a530eaca4955930927263efc14b6" member_type: VOTER last_known_addr { host: "127.13.71.68" port: 43665 } health_report { overall_health: UNKNOWN } } peers { permanent_uuid: "057c532facd347d08bdcd37f270610e4" member_type: VOTER last_known_addr { host: "127.13.71.66" port: 45443 } health_report { overall_health: HEALTHY } } peers { permanent_uuid: "1745979c4ecb4ecaaa4a782ad8eefba1" member_type: VOTER last_known_addr { host: "127.13.71.65" port: 37559 } health_report { overall_health: UNKNOWN } } }
I20260630 12:17:16.836961 16740 tablet_copy_source_session.cc:215] T a107b26a21004faeb1ce470dcf08ce3c P 9410e9145d5744309363024928a72ebd: Tablet Copy: opened 0 blocks and 1 log segments
I20260630 12:17:16.839493 17237 ts_tablet_manager.cc:1916] T a107b26a21004faeb1ce470dcf08ce3c P 1745979c4ecb4ecaaa4a782ad8eefba1: Deleting tablet data with delete state TABLET_DATA_COPYING
I20260630 12:17:16.853570 17237 ts_tablet_manager.cc:1929] T a107b26a21004faeb1ce470dcf08ce3c P 1745979c4ecb4ecaaa4a782ad8eefba1: tablet deleted with delete type TABLET_DATA_COPYING: last-logged OpId 3.5
I20260630 12:17:16.854328 17237 data_dirs.cc:400] Could only allocate 1 dirs of requested 3 for tablet a107b26a21004faeb1ce470dcf08ce3c. 1 dirs total, 0 dirs full, 0 dirs failed
I20260630 12:17:16.862279 17237 tablet_copy_client.cc:806] T a107b26a21004faeb1ce470dcf08ce3c P 1745979c4ecb4ecaaa4a782ad8eefba1: tablet copy: Starting download of 0 data blocks...
I20260630 12:17:16.862914 17237 tablet_copy_client.cc:670] T a107b26a21004faeb1ce470dcf08ce3c P 1745979c4ecb4ecaaa4a782ad8eefba1: tablet copy: Starting download of 1 WAL segments...
I20260630 12:17:16.866927 17237 tablet_copy_client.cc:538] T a107b26a21004faeb1ce470dcf08ce3c P 1745979c4ecb4ecaaa4a782ad8eefba1: tablet copy: Tablet Copy complete. Replacing tablet superblock.
I20260630 12:17:16.874428 17237 tablet_bootstrap.cc:492] T a107b26a21004faeb1ce470dcf08ce3c P 1745979c4ecb4ecaaa4a782ad8eefba1: Bootstrap starting.
I20260630 12:17:16.899289 17237 tablet_bootstrap.cc:492] T a107b26a21004faeb1ce470dcf08ce3c P 1745979c4ecb4ecaaa4a782ad8eefba1: Bootstrap replayed 1/1 log segments. Stats: ops{read=7 overwritten=0 applied=7 ignored=0} inserts{seen=0 ignored=0} mutations{seen=0 ignored=0} orphaned_commits=0. Pending: 0 replicates
I20260630 12:17:16.900136 17237 tablet_bootstrap.cc:492] T a107b26a21004faeb1ce470dcf08ce3c P 1745979c4ecb4ecaaa4a782ad8eefba1: Bootstrap complete.
I20260630 12:17:16.900687 17237 ts_tablet_manager.cc:1403] T a107b26a21004faeb1ce470dcf08ce3c P 1745979c4ecb4ecaaa4a782ad8eefba1: Time spent bootstrapping tablet: real 0.026s	user 0.020s	sys 0.008s
I20260630 12:17:16.902814 17237 raft_consensus.cc:359] T a107b26a21004faeb1ce470dcf08ce3c P 1745979c4ecb4ecaaa4a782ad8eefba1 [term 3 LEARNER]: Replica starting. Triggering 0 pending ops. Active config: opid_index: 7 OBSOLETE_local: false peers { permanent_uuid: "057c532facd347d08bdcd37f270610e4" member_type: VOTER last_known_addr { host: "127.13.71.66" port: 45443 } attrs { replace: true } } peers { permanent_uuid: "9410e9145d5744309363024928a72ebd" member_type: VOTER last_known_addr { host: "127.13.71.67" port: 35031 } } peers { permanent_uuid: "2ce9a530eaca4955930927263efc14b6" member_type: VOTER last_known_addr { host: "127.13.71.68" port: 43665 } attrs { promote: false } } peers { permanent_uuid: "1745979c4ecb4ecaaa4a782ad8eefba1" member_type: NON_VOTER last_known_addr { host: "127.13.71.65" port: 37559 } attrs { promote: true } }
I20260630 12:17:16.903424 17237 raft_consensus.cc:740] T a107b26a21004faeb1ce470dcf08ce3c P 1745979c4ecb4ecaaa4a782ad8eefba1 [term 3 LEARNER]: Becoming Follower/Learner. State: Replica: 1745979c4ecb4ecaaa4a782ad8eefba1, State: Initialized, Role: LEARNER
I20260630 12:17:16.904018 17237 consensus_queue.cc:260] T a107b26a21004faeb1ce470dcf08ce3c P 1745979c4ecb4ecaaa4a782ad8eefba1 [NON_LEADER]: Queue going to NON_LEADER mode. State: All replicated index: 0, Majority replicated index: 0, Committed index: 7, Last appended: 3.7, Last appended by leader: 7, Current term: 0, Majority size: -1, State: 0, Mode: NON_LEADER, active raft config: opid_index: 7 OBSOLETE_local: false peers { permanent_uuid: "057c532facd347d08bdcd37f270610e4" member_type: VOTER last_known_addr { host: "127.13.71.66" port: 45443 } attrs { replace: true } } peers { permanent_uuid: "9410e9145d5744309363024928a72ebd" member_type: VOTER last_known_addr { host: "127.13.71.67" port: 35031 } } peers { permanent_uuid: "2ce9a530eaca4955930927263efc14b6" member_type: VOTER last_known_addr { host: "127.13.71.68" port: 43665 } attrs { promote: false } } peers { permanent_uuid: "1745979c4ecb4ecaaa4a782ad8eefba1" member_type: NON_VOTER last_known_addr { host: "127.13.71.65" port: 37559 } attrs { promote: true } }
I20260630 12:17:16.906126 17237 ts_tablet_manager.cc:1434] T a107b26a21004faeb1ce470dcf08ce3c P 1745979c4ecb4ecaaa4a782ad8eefba1: Time spent starting tablet: real 0.005s	user 0.004s	sys 0.000s
I20260630 12:17:16.907644 16740 tablet_copy_service.cc:342] P 9410e9145d5744309363024928a72ebd: Request end of tablet copy session 1745979c4ecb4ecaaa4a782ad8eefba1-a107b26a21004faeb1ce470dcf08ce3c received from {username='slave'} at 127.0.0.1:33190
I20260630 12:17:16.908087 16740 tablet_copy_service.cc:434] P 9410e9145d5744309363024928a72ebd: ending tablet copy session 1745979c4ecb4ecaaa4a782ad8eefba1-a107b26a21004faeb1ce470dcf08ce3c on tablet a107b26a21004faeb1ce470dcf08ce3c with peer 1745979c4ecb4ecaaa4a782ad8eefba1
I20260630 12:17:17.190460 16580 raft_consensus.cc:1217] T a107b26a21004faeb1ce470dcf08ce3c P 1745979c4ecb4ecaaa4a782ad8eefba1 [term 3 LEARNER]: Deduplicated request from leader. Original: 3.6->[3.7-3.7]   Dedup: 3.7->[]
I20260630 12:17:17.393667 16883 raft_consensus.cc:1275] T 074a9a5a7cf341c79010ad804c9c1b92 P 2ce9a530eaca4955930927263efc14b6 [term 2 FOLLOWER]: Refusing update from remote peer 057c532facd347d08bdcd37f270610e4: Log matching property violated. Preceding OpId in replica: term: 1 index: 1. Preceding OpId from leader: term: 2 index: 2. (index mismatch)
I20260630 12:17:17.394929 17236 consensus_queue.cc:1048] T 074a9a5a7cf341c79010ad804c9c1b92 P 057c532facd347d08bdcd37f270610e4 [LEADER]: Connected to new peer: Peer: permanent_uuid: "2ce9a530eaca4955930927263efc14b6" member_type: VOTER last_known_addr { host: "127.13.71.68" port: 43665 }, Status: LMP_MISMATCH, Last received: 0.0, Next index: 2, Last known committed idx: 1, Time since last communication: 0.000s
I20260630 12:17:17.403235 16580 raft_consensus.cc:1275] T 074a9a5a7cf341c79010ad804c9c1b92 P 1745979c4ecb4ecaaa4a782ad8eefba1 [term 2 FOLLOWER]: Refusing update from remote peer 057c532facd347d08bdcd37f270610e4: Log matching property violated. Preceding OpId in replica: term: 1 index: 1. Preceding OpId from leader: term: 2 index: 2. (index mismatch)
I20260630 12:17:17.411584 17246 consensus_queue.cc:1048] T 074a9a5a7cf341c79010ad804c9c1b92 P 057c532facd347d08bdcd37f270610e4 [LEADER]: Connected to new peer: Peer: permanent_uuid: "1745979c4ecb4ecaaa4a782ad8eefba1" member_type: VOTER last_known_addr { host: "127.13.71.65" port: 37559 }, Status: LMP_MISMATCH, Last received: 0.0, Next index: 2, Last known committed idx: 1, Time since last communication: 0.000s
I20260630 12:17:17.791296 17254 raft_consensus.cc:1064] T a107b26a21004faeb1ce470dcf08ce3c P 9410e9145d5744309363024928a72ebd: attempting to promote NON_VOTER 1745979c4ecb4ecaaa4a782ad8eefba1 to VOTER
I20260630 12:17:17.794245 17254 consensus_queue.cc:237] T a107b26a21004faeb1ce470dcf08ce3c P 9410e9145d5744309363024928a72ebd [LEADER]: Queue going to LEADER mode. State: All replicated index: 0, Majority replicated index: 7, Committed index: 7, Last appended: 3.7, Last appended by leader: 3, Current term: 3, Majority size: 3, State: 0, Mode: LEADER, active raft config: opid_index: 8 OBSOLETE_local: false peers { permanent_uuid: "057c532facd347d08bdcd37f270610e4" member_type: VOTER last_known_addr { host: "127.13.71.66" port: 45443 } attrs { replace: true } } peers { permanent_uuid: "9410e9145d5744309363024928a72ebd" member_type: VOTER last_known_addr { host: "127.13.71.67" port: 35031 } } peers { permanent_uuid: "2ce9a530eaca4955930927263efc14b6" member_type: VOTER last_known_addr { host: "127.13.71.68" port: 43665 } attrs { promote: false } } peers { permanent_uuid: "1745979c4ecb4ecaaa4a782ad8eefba1" member_type: VOTER last_known_addr { host: "127.13.71.65" port: 37559 } attrs { promote: false } }
I20260630 12:17:17.802755 16578 raft_consensus.cc:1275] T a107b26a21004faeb1ce470dcf08ce3c P 1745979c4ecb4ecaaa4a782ad8eefba1 [term 3 LEARNER]: Refusing update from remote peer 9410e9145d5744309363024928a72ebd: Log matching property violated. Preceding OpId in replica: term: 3 index: 7. Preceding OpId from leader: term: 3 index: 8. (index mismatch)
I20260630 12:17:17.803848 17254 consensus_queue.cc:1048] T a107b26a21004faeb1ce470dcf08ce3c P 9410e9145d5744309363024928a72ebd [LEADER]: Connected to new peer: Peer: permanent_uuid: "1745979c4ecb4ecaaa4a782ad8eefba1" member_type: VOTER last_known_addr { host: "127.13.71.65" port: 37559 } attrs { promote: false }, Status: LMP_MISMATCH, Last received: 0.0, Next index: 8, Last known committed idx: 7, Time since last communication: 0.000s
I20260630 12:17:18.185034 16656 raft_consensus.cc:1275] T a107b26a21004faeb1ce470dcf08ce3c P 057c532facd347d08bdcd37f270610e4 [term 3 FOLLOWER]: Refusing update from remote peer 9410e9145d5744309363024928a72ebd: Log matching property violated. Preceding OpId in replica: term: 3 index: 7. Preceding OpId from leader: term: 3 index: 8. (index mismatch)
I20260630 12:17:18.187068 17254 consensus_queue.cc:1048] T a107b26a21004faeb1ce470dcf08ce3c P 9410e9145d5744309363024928a72ebd [LEADER]: Connected to new peer: Peer: permanent_uuid: "057c532facd347d08bdcd37f270610e4" member_type: VOTER last_known_addr { host: "127.13.71.66" port: 45443 } attrs { replace: true }, Status: LMP_MISMATCH, Last received: 0.0, Next index: 8, Last known committed idx: 7, Time since last communication: 0.000s
I20260630 12:17:18.233211 17253 raft_consensus.cc:2955] T a107b26a21004faeb1ce470dcf08ce3c P 9410e9145d5744309363024928a72ebd [term 3 LEADER]: Committing config change with OpId 3.8: config changed from index 7 to 8, 1745979c4ecb4ecaaa4a782ad8eefba1 (127.13.71.65) changed from NON_VOTER to VOTER. New config: { opid_index: 8 OBSOLETE_local: false peers { permanent_uuid: "057c532facd347d08bdcd37f270610e4" member_type: VOTER last_known_addr { host: "127.13.71.66" port: 45443 } attrs { replace: true } } peers { permanent_uuid: "9410e9145d5744309363024928a72ebd" member_type: VOTER last_known_addr { host: "127.13.71.67" port: 35031 } } peers { permanent_uuid: "2ce9a530eaca4955930927263efc14b6" member_type: VOTER last_known_addr { host: "127.13.71.68" port: 43665 } attrs { promote: false } } peers { permanent_uuid: "1745979c4ecb4ecaaa4a782ad8eefba1" member_type: VOTER last_known_addr { host: "127.13.71.65" port: 37559 } attrs { promote: false } } }
I20260630 12:17:18.247010 16581 raft_consensus.cc:2955] T a107b26a21004faeb1ce470dcf08ce3c P 1745979c4ecb4ecaaa4a782ad8eefba1 [term 3 FOLLOWER]: Committing config change with OpId 3.8: config changed from index 7 to 8, 1745979c4ecb4ecaaa4a782ad8eefba1 (127.13.71.65) changed from NON_VOTER to VOTER. New config: { opid_index: 8 OBSOLETE_local: false peers { permanent_uuid: "057c532facd347d08bdcd37f270610e4" member_type: VOTER last_known_addr { host: "127.13.71.66" port: 45443 } attrs { replace: true } } peers { permanent_uuid: "9410e9145d5744309363024928a72ebd" member_type: VOTER last_known_addr { host: "127.13.71.67" port: 35031 } } peers { permanent_uuid: "2ce9a530eaca4955930927263efc14b6" member_type: VOTER last_known_addr { host: "127.13.71.68" port: 43665 } attrs { promote: false } } peers { permanent_uuid: "1745979c4ecb4ecaaa4a782ad8eefba1" member_type: VOTER last_known_addr { host: "127.13.71.65" port: 37559 } attrs { promote: false } } }
I20260630 12:17:18.258155 16881 raft_consensus.cc:1275] T a107b26a21004faeb1ce470dcf08ce3c P 2ce9a530eaca4955930927263efc14b6 [term 3 FOLLOWER]: Refusing update from remote peer 9410e9145d5744309363024928a72ebd: Log matching property violated. Preceding OpId in replica: term: 3 index: 7. Preceding OpId from leader: term: 3 index: 8. (index mismatch)
I20260630 12:17:18.262583 16653 raft_consensus.cc:2955] T a107b26a21004faeb1ce470dcf08ce3c P 057c532facd347d08bdcd37f270610e4 [term 3 FOLLOWER]: Committing config change with OpId 3.8: config changed from index 7 to 8, 1745979c4ecb4ecaaa4a782ad8eefba1 (127.13.71.65) changed from NON_VOTER to VOTER. New config: { opid_index: 8 OBSOLETE_local: false peers { permanent_uuid: "057c532facd347d08bdcd37f270610e4" member_type: VOTER last_known_addr { host: "127.13.71.66" port: 45443 } attrs { replace: true } } peers { permanent_uuid: "9410e9145d5744309363024928a72ebd" member_type: VOTER last_known_addr { host: "127.13.71.67" port: 35031 } } peers { permanent_uuid: "2ce9a530eaca4955930927263efc14b6" member_type: VOTER last_known_addr { host: "127.13.71.68" port: 43665 } attrs { promote: false } } peers { permanent_uuid: "1745979c4ecb4ecaaa4a782ad8eefba1" member_type: VOTER last_known_addr { host: "127.13.71.65" port: 37559 } attrs { promote: false } } }
I20260630 12:17:18.300798 17253 consensus_queue.cc:1048] T a107b26a21004faeb1ce470dcf08ce3c P 9410e9145d5744309363024928a72ebd [LEADER]: Connected to new peer: Peer: permanent_uuid: "2ce9a530eaca4955930927263efc14b6" member_type: VOTER last_known_addr { host: "127.13.71.68" port: 43665 } attrs { promote: false }, Status: LMP_MISMATCH, Last received: 0.0, Next index: 8, Last known committed idx: 7, Time since last communication: 0.000s
I20260630 12:17:18.300354 16478 catalog_manager.cc:5697] T a107b26a21004faeb1ce470dcf08ce3c P 1745979c4ecb4ecaaa4a782ad8eefba1 reported cstate change: config changed from index 7 to 8, 1745979c4ecb4ecaaa4a782ad8eefba1 (127.13.71.65) changed from NON_VOTER to VOTER. New cstate: current_term: 3 leader_uuid: "9410e9145d5744309363024928a72ebd" committed_config { opid_index: 8 OBSOLETE_local: false peers { permanent_uuid: "057c532facd347d08bdcd37f270610e4" member_type: VOTER last_known_addr { host: "127.13.71.66" port: 45443 } attrs { replace: true } } peers { permanent_uuid: "9410e9145d5744309363024928a72ebd" member_type: VOTER last_known_addr { host: "127.13.71.67" port: 35031 } } peers { permanent_uuid: "2ce9a530eaca4955930927263efc14b6" member_type: VOTER last_known_addr { host: "127.13.71.68" port: 43665 } attrs { promote: false } } peers { permanent_uuid: "1745979c4ecb4ecaaa4a782ad8eefba1" member_type: VOTER last_known_addr { host: "127.13.71.65" port: 37559 } attrs { promote: false } } }
