I20260630 12:15:56.835712 13469 fs_manager.cc:730] Time spent opening block manager: real 0.003s	user 0.002s	sys 0.000s
I20260630 12:15:56.836028 13469 fs_manager.cc:647] Opened local filesystem: /tmp/dist-test-taskW1JASx/test-tmp/auto_rebalancer-test.0.AutoRebalancerTest.NextLeaderResumesAutoRebalancing.1782821739904018-13469-0/minicluster-data/master-2-root
uuid: "32b964d95cec45d293d62411883219c1"
format_stamp: "Formatted at 2026-06-30 12:15:56 on dist-test-slave-zxml"
I20260630 12:15:56.836293 13469 fs_report.cc:389] FS layout report
--------------------
wal directory: /tmp/dist-test-taskW1JASx/test-tmp/auto_rebalancer-test.0.AutoRebalancerTest.NextLeaderResumesAutoRebalancing.1782821739904018-13469-0/minicluster-data/master-2-root
metadata directory: /tmp/dist-test-taskW1JASx/test-tmp/auto_rebalancer-test.0.AutoRebalancerTest.NextLeaderResumesAutoRebalancing.1782821739904018-13469-0/minicluster-data/master-2-root
1 data directories: /tmp/dist-test-taskW1JASx/test-tmp/auto_rebalancer-test.0.AutoRebalancerTest.NextLeaderResumesAutoRebalancing.1782821739904018-13469-0/minicluster-data/master-2-root/data
Total live blocks: 0
Total live bytes: 0
Total live bytes (after alignment): 0
Total number of LBM containers: 0 (0 full)
Did not check for missing blocks
Did not check for orphaned blocks
Total full LBM containers with extra space: 0 (0 repaired)
Total full LBM container extra space in bytes: 0 (0 repaired)
Total incomplete LBM containers: 0 (0 repaired)
Total LBM partial records: 0 (0 repaired)
Total corrupted LBM metadata records in RocksDB: 0 (0 repaired)
I20260630 12:15:56.843609 14610 consensus_peers.cc:770] Retrying to get permanent uuid for remote peer: member_type: VOTER last_known_addr { host: "127.13.39.125" port: 39945 } attempt: 2
I20260630 12:15:56.843762 14675 sys_catalog.cc:422] member_type: VOTER last_known_addr { host: "127.13.39.124" port: 39237 } has no permanent_uuid. Determining permanent_uuid...
W20260630 12:15:56.850404 14675 consensus_peers.cc:760] Error getting permanent uuid from config peer 127.13.39.124:39237: Network error: Client connection negotiation failed: client connection to 127.13.39.124:39237: connect: Connection refused (error 111)
I20260630 12:15:56.855015 14610 sys_catalog.cc:422] member_type: VOTER last_known_addr { host: "127.13.39.124" port: 39237 } has no permanent_uuid. Determining permanent_uuid...
W20260630 12:15:56.859416 14610 consensus_peers.cc:760] Error getting permanent uuid from config peer 127.13.39.124:39237: Network error: Client connection negotiation failed: client connection to 127.13.39.124:39237: connect: Connection refused (error 111)
I20260630 12:15:56.870564 13469 rpc_server.cc:225] running with OpenSSL 1.1.1  11 Sep 2018
I20260630 12:15:56.871831 13469 kserver.cc:163] Server-wide thread pool size limit: 3276
I20260630 12:15:56.882984 14610 consensus_peers.cc:770] Retrying to get permanent uuid for remote peer: member_type: VOTER last_known_addr { host: "127.13.39.124" port: 39237 } attempt: 1
I20260630 12:15:56.888952 14675 consensus_peers.cc:770] Retrying to get permanent uuid for remote peer: member_type: VOTER last_known_addr { host: "127.13.39.124" port: 39237 } attempt: 1
W20260630 12:15:56.890196 14610 consensus_peers.cc:760] Error getting permanent uuid from config peer 127.13.39.124:39237: Network error: Client connection negotiation failed: client connection to 127.13.39.124:39237: connect: Connection refused (error 111)
W20260630 12:15:56.894294 14675 consensus_peers.cc:760] Error getting permanent uuid from config peer 127.13.39.124:39237: Network error: Client connection negotiation failed: client connection to 127.13.39.124:39237: connect: Connection refused (error 111)
I20260630 12:15:56.915896 13469 rpc_server.cc:307] RPC server started. Bound to: 127.13.39.124:39237
I20260630 12:15:56.915990 14739 acceptor_pool.cc:272] collecting diagnostics on the listening RPC socket 127.13.39.124:39237 every 8 connection(s)
I20260630 12:15:56.919147 13469 internal_mini_cluster.cc:184] Waiting to initialize catalog manager on master 0
I20260630 12:15:56.920207 14740 data_dirs.cc:400] Could only allocate 1 dirs of requested 3 for tablet 00000000000000000000000000000000. 1 dirs total, 0 dirs full, 0 dirs failed
I20260630 12:15:56.924829 14610 consensus_peers.cc:770] Retrying to get permanent uuid for remote peer: member_type: VOTER last_known_addr { host: "127.13.39.124" port: 39237 } attempt: 2
I20260630 12:15:56.926815 14740 sys_catalog.cc:422] member_type: VOTER last_known_addr { host: "127.13.39.126" port: 40751 } has no permanent_uuid. Determining permanent_uuid...
I20260630 12:15:56.940388 14740 sys_catalog.cc:422] member_type: VOTER last_known_addr { host: "127.13.39.125" port: 39945 } has no permanent_uuid. Determining permanent_uuid...
I20260630 12:15:56.944067 14610 tablet_bootstrap.cc:492] T 00000000000000000000000000000000 P 49a1303aea044bc29fec783a61c022a2: Bootstrap starting.
I20260630 12:15:56.949541 14610 tablet_bootstrap.cc:654] T 00000000000000000000000000000000 P 49a1303aea044bc29fec783a61c022a2: Neither blocks nor log segments found. Creating new log.
I20260630 12:15:56.951025 14740 sys_catalog.cc:422] member_type: VOTER last_known_addr { host: "127.13.39.124" port: 39237 } has no permanent_uuid. Determining permanent_uuid...
I20260630 12:15:56.955179 14610 tablet_bootstrap.cc:492] T 00000000000000000000000000000000 P 49a1303aea044bc29fec783a61c022a2: No bootstrap required, opened a new log
I20260630 12:15:56.957943 14610 raft_consensus.cc:359] T 00000000000000000000000000000000 P 49a1303aea044bc29fec783a61c022a2 [term 0 FOLLOWER]: Replica starting. Triggering 0 pending ops. Active config: opid_index: -1 OBSOLETE_local: false peers { permanent_uuid: "49a1303aea044bc29fec783a61c022a2" member_type: VOTER last_known_addr { host: "127.13.39.126" port: 40751 } } peers { permanent_uuid: "bb610606392a4209ba99809f3baa63bb" member_type: VOTER last_known_addr { host: "127.13.39.125" port: 39945 } } peers { permanent_uuid: "32b964d95cec45d293d62411883219c1" member_type: VOTER last_known_addr { host: "127.13.39.124" port: 39237 } }
I20260630 12:15:56.958742 14610 raft_consensus.cc:385] T 00000000000000000000000000000000 P 49a1303aea044bc29fec783a61c022a2 [term 0 FOLLOWER]: Consensus starting up: Expiring failure detector timer to make a prompt election more likely
I20260630 12:15:56.959039 14610 raft_consensus.cc:740] T 00000000000000000000000000000000 P 49a1303aea044bc29fec783a61c022a2 [term 0 FOLLOWER]: Becoming Follower/Learner. State: Replica: 49a1303aea044bc29fec783a61c022a2, State: Initialized, Role: FOLLOWER
I20260630 12:15:56.959825 14610 consensus_queue.cc:260] T 00000000000000000000000000000000 P 49a1303aea044bc29fec783a61c022a2 [NON_LEADER]: Queue going to NON_LEADER mode. State: All replicated index: 0, Majority replicated index: 0, Committed index: 0, Last appended: 0.0, Last appended by leader: 0, Current term: 0, Majority size: -1, State: 0, Mode: NON_LEADER, active raft config: opid_index: -1 OBSOLETE_local: false peers { permanent_uuid: "49a1303aea044bc29fec783a61c022a2" member_type: VOTER last_known_addr { host: "127.13.39.126" port: 40751 } } peers { permanent_uuid: "bb610606392a4209ba99809f3baa63bb" member_type: VOTER last_known_addr { host: "127.13.39.125" port: 39945 } } peers { permanent_uuid: "32b964d95cec45d293d62411883219c1" member_type: VOTER last_known_addr { host: "127.13.39.124" port: 39237 } }
I20260630 12:15:56.962265 14745 sys_catalog.cc:455] T 00000000000000000000000000000000 P 49a1303aea044bc29fec783a61c022a2 [sys.catalog]: SysCatalogTable state changed. Reason: RaftConsensus started. Latest consensus state: current_term: 0 committed_config { opid_index: -1 OBSOLETE_local: false peers { permanent_uuid: "49a1303aea044bc29fec783a61c022a2" member_type: VOTER last_known_addr { host: "127.13.39.126" port: 40751 } } peers { permanent_uuid: "bb610606392a4209ba99809f3baa63bb" member_type: VOTER last_known_addr { host: "127.13.39.125" port: 39945 } } peers { permanent_uuid: "32b964d95cec45d293d62411883219c1" member_type: VOTER last_known_addr { host: "127.13.39.124" port: 39237 } } }
I20260630 12:15:56.962919 14745 sys_catalog.cc:458] T 00000000000000000000000000000000 P 49a1303aea044bc29fec783a61c022a2 [sys.catalog]: This master's current role is: FOLLOWER
I20260630 12:15:56.963956 14610 sys_catalog.cc:565] T 00000000000000000000000000000000 P 49a1303aea044bc29fec783a61c022a2 [sys.catalog]: configured and running, proceeding with master startup.
I20260630 12:15:56.971612 14740 tablet_bootstrap.cc:492] T 00000000000000000000000000000000 P 32b964d95cec45d293d62411883219c1: Bootstrap starting.
I20260630 12:15:56.975941 14675 consensus_peers.cc:770] Retrying to get permanent uuid for remote peer: member_type: VOTER last_known_addr { host: "127.13.39.124" port: 39237 } attempt: 2
I20260630 12:15:56.979573 13469 internal_mini_cluster.cc:184] Waiting to initialize catalog manager on master 1
I20260630 12:15:56.981328 14740 tablet_bootstrap.cc:654] T 00000000000000000000000000000000 P 32b964d95cec45d293d62411883219c1: Neither blocks nor log segments found. Creating new log.
W20260630 12:15:56.985980 14756 catalog_manager.cc:1594] T 00000000000000000000000000000000 P 49a1303aea044bc29fec783a61c022a2: loading cluster ID for follower catalog manager: Not found: cluster ID entry not found
W20260630 12:15:56.986460 14756 catalog_manager.cc:883] Not found: cluster ID entry not found: failed to prepare follower catalog manager, will retry
I20260630 12:15:56.990458 14740 tablet_bootstrap.cc:492] T 00000000000000000000000000000000 P 32b964d95cec45d293d62411883219c1: No bootstrap required, opened a new log
I20260630 12:15:56.993561 14740 raft_consensus.cc:359] T 00000000000000000000000000000000 P 32b964d95cec45d293d62411883219c1 [term 0 FOLLOWER]: Replica starting. Triggering 0 pending ops. Active config: opid_index: -1 OBSOLETE_local: false peers { permanent_uuid: "49a1303aea044bc29fec783a61c022a2" member_type: VOTER last_known_addr { host: "127.13.39.126" port: 40751 } } peers { permanent_uuid: "bb610606392a4209ba99809f3baa63bb" member_type: VOTER last_known_addr { host: "127.13.39.125" port: 39945 } } peers { permanent_uuid: "32b964d95cec45d293d62411883219c1" member_type: VOTER last_known_addr { host: "127.13.39.124" port: 39237 } }
I20260630 12:15:56.994138 14740 raft_consensus.cc:385] T 00000000000000000000000000000000 P 32b964d95cec45d293d62411883219c1 [term 0 FOLLOWER]: Consensus starting up: Expiring failure detector timer to make a prompt election more likely
I20260630 12:15:56.994393 14740 raft_consensus.cc:740] T 00000000000000000000000000000000 P 32b964d95cec45d293d62411883219c1 [term 0 FOLLOWER]: Becoming Follower/Learner. State: Replica: 32b964d95cec45d293d62411883219c1, State: Initialized, Role: FOLLOWER
I20260630 12:15:56.995052 14740 consensus_queue.cc:260] T 00000000000000000000000000000000 P 32b964d95cec45d293d62411883219c1 [NON_LEADER]: Queue going to NON_LEADER mode. State: All replicated index: 0, Majority replicated index: 0, Committed index: 0, Last appended: 0.0, Last appended by leader: 0, Current term: 0, Majority size: -1, State: 0, Mode: NON_LEADER, active raft config: opid_index: -1 OBSOLETE_local: false peers { permanent_uuid: "49a1303aea044bc29fec783a61c022a2" member_type: VOTER last_known_addr { host: "127.13.39.126" port: 40751 } } peers { permanent_uuid: "bb610606392a4209ba99809f3baa63bb" member_type: VOTER last_known_addr { host: "127.13.39.125" port: 39945 } } peers { permanent_uuid: "32b964d95cec45d293d62411883219c1" member_type: VOTER last_known_addr { host: "127.13.39.124" port: 39237 } }
I20260630 12:15:56.997094 14758 sys_catalog.cc:455] T 00000000000000000000000000000000 P 32b964d95cec45d293d62411883219c1 [sys.catalog]: SysCatalogTable state changed. Reason: RaftConsensus started. Latest consensus state: current_term: 0 committed_config { opid_index: -1 OBSOLETE_local: false peers { permanent_uuid: "49a1303aea044bc29fec783a61c022a2" member_type: VOTER last_known_addr { host: "127.13.39.126" port: 40751 } } peers { permanent_uuid: "bb610606392a4209ba99809f3baa63bb" member_type: VOTER last_known_addr { host: "127.13.39.125" port: 39945 } } peers { permanent_uuid: "32b964d95cec45d293d62411883219c1" member_type: VOTER last_known_addr { host: "127.13.39.124" port: 39237 } } }
I20260630 12:15:56.997881 14758 sys_catalog.cc:458] T 00000000000000000000000000000000 P 32b964d95cec45d293d62411883219c1 [sys.catalog]: This master's current role is: FOLLOWER
I20260630 12:15:56.998760 14740 sys_catalog.cc:565] T 00000000000000000000000000000000 P 32b964d95cec45d293d62411883219c1 [sys.catalog]: configured and running, proceeding with master startup.
I20260630 12:15:56.998884 14675 tablet_bootstrap.cc:492] T 00000000000000000000000000000000 P bb610606392a4209ba99809f3baa63bb: Bootstrap starting.
I20260630 12:15:57.004078 14675 tablet_bootstrap.cc:654] T 00000000000000000000000000000000 P bb610606392a4209ba99809f3baa63bb: Neither blocks nor log segments found. Creating new log.
I20260630 12:15:57.009291 14675 tablet_bootstrap.cc:492] T 00000000000000000000000000000000 P bb610606392a4209ba99809f3baa63bb: No bootstrap required, opened a new log
I20260630 12:15:57.011526 14675 raft_consensus.cc:359] T 00000000000000000000000000000000 P bb610606392a4209ba99809f3baa63bb [term 0 FOLLOWER]: Replica starting. Triggering 0 pending ops. Active config: opid_index: -1 OBSOLETE_local: false peers { permanent_uuid: "49a1303aea044bc29fec783a61c022a2" member_type: VOTER last_known_addr { host: "127.13.39.126" port: 40751 } } peers { permanent_uuid: "bb610606392a4209ba99809f3baa63bb" member_type: VOTER last_known_addr { host: "127.13.39.125" port: 39945 } } peers { permanent_uuid: "32b964d95cec45d293d62411883219c1" member_type: VOTER last_known_addr { host: "127.13.39.124" port: 39237 } }
I20260630 12:15:57.012130 14675 raft_consensus.cc:385] T 00000000000000000000000000000000 P bb610606392a4209ba99809f3baa63bb [term 0 FOLLOWER]: Consensus starting up: Expiring failure detector timer to make a prompt election more likely
I20260630 12:15:57.012463 14675 raft_consensus.cc:740] T 00000000000000000000000000000000 P bb610606392a4209ba99809f3baa63bb [term 0 FOLLOWER]: Becoming Follower/Learner. State: Replica: bb610606392a4209ba99809f3baa63bb, State: Initialized, Role: FOLLOWER
I20260630 12:15:57.013298 14675 consensus_queue.cc:260] T 00000000000000000000000000000000 P bb610606392a4209ba99809f3baa63bb [NON_LEADER]: Queue going to NON_LEADER mode. State: All replicated index: 0, Majority replicated index: 0, Committed index: 0, Last appended: 0.0, Last appended by leader: 0, Current term: 0, Majority size: -1, State: 0, Mode: NON_LEADER, active raft config: opid_index: -1 OBSOLETE_local: false peers { permanent_uuid: "49a1303aea044bc29fec783a61c022a2" member_type: VOTER last_known_addr { host: "127.13.39.126" port: 40751 } } peers { permanent_uuid: "bb610606392a4209ba99809f3baa63bb" member_type: VOTER last_known_addr { host: "127.13.39.125" port: 39945 } } peers { permanent_uuid: "32b964d95cec45d293d62411883219c1" member_type: VOTER last_known_addr { host: "127.13.39.124" port: 39237 } }
I20260630 12:15:57.015589 14770 sys_catalog.cc:455] T 00000000000000000000000000000000 P bb610606392a4209ba99809f3baa63bb [sys.catalog]: SysCatalogTable state changed. Reason: RaftConsensus started. Latest consensus state: current_term: 0 committed_config { opid_index: -1 OBSOLETE_local: false peers { permanent_uuid: "49a1303aea044bc29fec783a61c022a2" member_type: VOTER last_known_addr { host: "127.13.39.126" port: 40751 } } peers { permanent_uuid: "bb610606392a4209ba99809f3baa63bb" member_type: VOTER last_known_addr { host: "127.13.39.125" port: 39945 } } peers { permanent_uuid: "32b964d95cec45d293d62411883219c1" member_type: VOTER last_known_addr { host: "127.13.39.124" port: 39237 } } }
I20260630 12:15:57.016449 14770 sys_catalog.cc:458] T 00000000000000000000000000000000 P bb610606392a4209ba99809f3baa63bb [sys.catalog]: This master's current role is: FOLLOWER
I20260630 12:15:57.017300 14675 sys_catalog.cc:565] T 00000000000000000000000000000000 P bb610606392a4209ba99809f3baa63bb [sys.catalog]: configured and running, proceeding with master startup.
W20260630 12:15:57.020820 14771 catalog_manager.cc:1594] T 00000000000000000000000000000000 P 32b964d95cec45d293d62411883219c1: loading cluster ID for follower catalog manager: Not found: cluster ID entry not found
W20260630 12:15:57.021221 14771 catalog_manager.cc:883] Not found: cluster ID entry not found: failed to prepare follower catalog manager, will retry
I20260630 12:15:57.028807 13469 internal_mini_cluster.cc:184] Waiting to initialize catalog manager on master 2
I20260630 12:15:57.030411 13469 file_cache.cc:492] Constructed file cache file cache with capacity 419430
W20260630 12:15:57.032135 14782 catalog_manager.cc:1594] T 00000000000000000000000000000000 P bb610606392a4209ba99809f3baa63bb: loading cluster ID for follower catalog manager: Not found: cluster ID entry not found
W20260630 12:15:57.032510 14782 catalog_manager.cc:883] Not found: cluster ID entry not found: failed to prepare follower catalog manager, will retry
W20260630 12:15:57.036895 14783 instance_detector.cc:116] could not retrieve AWS instance metadata: Network error: curl error: HTTP response code said error: The requested URL returned error: 404
W20260630 12:15:57.038219 14784 instance_detector.cc:116] could not retrieve Azure instance metadata: Network error: curl error: HTTP response code said error: The requested URL returned error: 404
W20260630 12:15:57.039887 14786 instance_detector.cc:116] could not retrieve OpenStack instance metadata: Network error: curl error: HTTP response code said error: The requested URL returned error: 404
I20260630 12:15:57.040313 13469 server_base.cc:1061] running on GCE node
I20260630 12:15:57.041201 13469 hybrid_clock.cc:584] initializing the hybrid clock with 'system_unsync' time source
W20260630 12:15:57.041399 13469 system_unsync_time.cc:38] NTP support is disabled. Clock error bounds will not be accurate. This configuration is not suitable for distributed clusters.
I20260630 12:15:57.041528 13469 hybrid_clock.cc:648] HybridClock initialized: now 1782821757041517 us; error 0 us; skew 500 ppm
I20260630 12:15:57.042037 13469 server_base.cc:861] Flag tcmalloc_max_total_thread_cache_bytes is not working since tcmalloc is not enabled.
I20260630 12:15:57.044555 13469 webserver.cc:533] Webserver started at http://127.13.39.65:45639/ using document root <none> and password file <none>
I20260630 12:15:57.045007 13469 fs_manager.cc:362] Metadata directory not provided
I20260630 12:15:57.045176 13469 fs_manager.cc:368] Using write-ahead log directory (fs_wal_dir) as metadata directory
I20260630 12:15:57.045409 13469 server_base.cc:909] This appears to be a new deployment of Kudu; creating new FS layout
I20260630 12:15:57.046576 13469 fs_manager.cc:1068] Generated new instance metadata in path /tmp/dist-test-taskW1JASx/test-tmp/auto_rebalancer-test.0.AutoRebalancerTest.NextLeaderResumesAutoRebalancing.1782821739904018-13469-0/minicluster-data/ts-0-root/instance:
uuid: "968ffab414d445b7a096944e55be3867"
format_stamp: "Formatted at 2026-06-30 12:15:57 on dist-test-slave-zxml"
I20260630 12:15:57.051437 13469 fs_manager.cc:696] Time spent creating directory manager: real 0.004s	user 0.006s	sys 0.000s
I20260630 12:15:57.054893 14791 log_block_manager.cc:4031] Time spent loading block containers with low live blocks: real 0.000s	user 0.000s	sys 0.000s
I20260630 12:15:57.055698 13469 fs_manager.cc:730] Time spent opening block manager: real 0.002s	user 0.002s	sys 0.000s
I20260630 12:15:57.055953 13469 fs_manager.cc:647] Opened local filesystem: /tmp/dist-test-taskW1JASx/test-tmp/auto_rebalancer-test.0.AutoRebalancerTest.NextLeaderResumesAutoRebalancing.1782821739904018-13469-0/minicluster-data/ts-0-root
uuid: "968ffab414d445b7a096944e55be3867"
format_stamp: "Formatted at 2026-06-30 12:15:57 on dist-test-slave-zxml"
I20260630 12:15:57.056198 13469 fs_report.cc:389] FS layout report
--------------------
wal directory: /tmp/dist-test-taskW1JASx/test-tmp/auto_rebalancer-test.0.AutoRebalancerTest.NextLeaderResumesAutoRebalancing.1782821739904018-13469-0/minicluster-data/ts-0-root
metadata directory: /tmp/dist-test-taskW1JASx/test-tmp/auto_rebalancer-test.0.AutoRebalancerTest.NextLeaderResumesAutoRebalancing.1782821739904018-13469-0/minicluster-data/ts-0-root
1 data directories: /tmp/dist-test-taskW1JASx/test-tmp/auto_rebalancer-test.0.AutoRebalancerTest.NextLeaderResumesAutoRebalancing.1782821739904018-13469-0/minicluster-data/ts-0-root/data
Total live blocks: 0
Total live bytes: 0
Total live bytes (after alignment): 0
Total number of LBM containers: 0 (0 full)
Did not check for missing blocks
Did not check for orphaned blocks
Total full LBM containers with extra space: 0 (0 repaired)
Total full LBM container extra space in bytes: 0 (0 repaired)
Total incomplete LBM containers: 0 (0 repaired)
Total LBM partial records: 0 (0 repaired)
Total corrupted LBM metadata records in RocksDB: 0 (0 repaired)
I20260630 12:15:57.085855 13469 rpc_server.cc:225] running with OpenSSL 1.1.1  11 Sep 2018
I20260630 12:15:57.087196 13469 kserver.cc:163] Server-wide thread pool size limit: 3276
I20260630 12:15:57.088755 13469 txn_system_client.cc:432] TxnSystemClient initialization is disabled...
I20260630 12:15:57.091378 13469 ts_tablet_manager.cc:585] Loaded tablet metadata (0 total tablets, 0 live tablets)
I20260630 12:15:57.091627 13469 ts_tablet_manager.cc:531] Time spent load tablet metadata: real 0.000s	user 0.000s	sys 0.000s
I20260630 12:15:57.091873 13469 ts_tablet_manager.cc:616] Registered 0 tablets
I20260630 12:15:57.092077 13469 ts_tablet_manager.cc:595] Time spent register tablets: real 0.000s	user 0.000s	sys 0.000s
I20260630 12:15:57.137698 13469 rpc_server.cc:307] RPC server started. Bound to: 127.13.39.65:39771
I20260630 12:15:57.137823 14853 acceptor_pool.cc:272] collecting diagnostics on the listening RPC socket 127.13.39.65:39771 every 8 connection(s)
I20260630 12:15:57.147819 13469 file_cache.cc:492] Constructed file cache file cache with capacity 419430
I20260630 12:15:57.161612 14854 heartbeater.cc:344] Connected to a master server at 127.13.39.124:39237
I20260630 12:15:57.162285 14854 heartbeater.cc:461] Registering TS with master...
I20260630 12:15:57.163604 14854 heartbeater.cc:507] Master 127.13.39.124:39237 requested a full tablet report, sending...
I20260630 12:15:57.168089 14705 ts_manager.cc:194] Registered new tserver with Master: 968ffab414d445b7a096944e55be3867 (127.13.39.65:39771)
I20260630 12:15:57.173527 14855 heartbeater.cc:344] Connected to a master server at 127.13.39.125:39945
I20260630 12:15:57.174064 14855 heartbeater.cc:461] Registering TS with master...
W20260630 12:15:57.174012 14861 instance_detector.cc:116] could not retrieve AWS instance metadata: Network error: curl error: HTTP response code said error: The requested URL returned error: 404
I20260630 12:15:57.175650 14855 heartbeater.cc:507] Master 127.13.39.125:39945 requested a full tablet report, sending...
W20260630 12:15:57.178784 14862 instance_detector.cc:116] could not retrieve Azure instance metadata: Network error: curl error: HTTP response code said error: The requested URL returned error: 404
I20260630 12:15:57.179610 14640 ts_manager.cc:194] Registered new tserver with Master: 968ffab414d445b7a096944e55be3867 (127.13.39.65:39771)
I20260630 12:15:57.181695 13469 server_base.cc:1061] running on GCE node
I20260630 12:15:57.182301 14856 heartbeater.cc:344] Connected to a master server at 127.13.39.126:40751
I20260630 12:15:57.182720 14856 heartbeater.cc:461] Registering TS with master...
I20260630 12:15:57.183480 14856 heartbeater.cc:507] Master 127.13.39.126:40751 requested a full tablet report, sending...
W20260630 12:15:57.185143 14864 instance_detector.cc:116] could not retrieve OpenStack instance metadata: Network error: curl error: HTTP response code said error: The requested URL returned error: 404
I20260630 12:15:57.186242 13469 hybrid_clock.cc:584] initializing the hybrid clock with 'system_unsync' time source
W20260630 12:15:57.186510 13469 system_unsync_time.cc:38] NTP support is disabled. Clock error bounds will not be accurate. This configuration is not suitable for distributed clusters.
I20260630 12:15:57.186347 14575 ts_manager.cc:194] Registered new tserver with Master: 968ffab414d445b7a096944e55be3867 (127.13.39.65:39771)
I20260630 12:15:57.186762 13469 hybrid_clock.cc:648] HybridClock initialized: now 1782821757186748 us; error 0 us; skew 500 ppm
I20260630 12:15:57.187536 13469 server_base.cc:861] Flag tcmalloc_max_total_thread_cache_bytes is not working since tcmalloc is not enabled.
I20260630 12:15:57.190223 13469 webserver.cc:533] Webserver started at http://127.13.39.66:34589/ using document root <none> and password file <none>
I20260630 12:15:57.190747 13469 fs_manager.cc:362] Metadata directory not provided
I20260630 12:15:57.190968 13469 fs_manager.cc:368] Using write-ahead log directory (fs_wal_dir) as metadata directory
I20260630 12:15:57.191258 13469 server_base.cc:909] This appears to be a new deployment of Kudu; creating new FS layout
I20260630 12:15:57.192394 13469 fs_manager.cc:1068] Generated new instance metadata in path /tmp/dist-test-taskW1JASx/test-tmp/auto_rebalancer-test.0.AutoRebalancerTest.NextLeaderResumesAutoRebalancing.1782821739904018-13469-0/minicluster-data/ts-1-root/instance:
uuid: "76c5d7fce8864dfdaf913cadd58079a9"
format_stamp: "Formatted at 2026-06-30 12:15:57 on dist-test-slave-zxml"
I20260630 12:15:57.197228 13469 fs_manager.cc:696] Time spent creating directory manager: real 0.004s	user 0.004s	sys 0.000s
I20260630 12:15:57.200882 14869 log_block_manager.cc:4031] Time spent loading block containers with low live blocks: real 0.000s	user 0.000s	sys 0.000s
I20260630 12:15:57.201648 13469 fs_manager.cc:730] Time spent opening block manager: real 0.002s	user 0.002s	sys 0.001s
I20260630 12:15:57.201961 13469 fs_manager.cc:647] Opened local filesystem: /tmp/dist-test-taskW1JASx/test-tmp/auto_rebalancer-test.0.AutoRebalancerTest.NextLeaderResumesAutoRebalancing.1782821739904018-13469-0/minicluster-data/ts-1-root
uuid: "76c5d7fce8864dfdaf913cadd58079a9"
format_stamp: "Formatted at 2026-06-30 12:15:57 on dist-test-slave-zxml"
I20260630 12:15:57.202273 13469 fs_report.cc:389] FS layout report
--------------------
wal directory: /tmp/dist-test-taskW1JASx/test-tmp/auto_rebalancer-test.0.AutoRebalancerTest.NextLeaderResumesAutoRebalancing.1782821739904018-13469-0/minicluster-data/ts-1-root
metadata directory: /tmp/dist-test-taskW1JASx/test-tmp/auto_rebalancer-test.0.AutoRebalancerTest.NextLeaderResumesAutoRebalancing.1782821739904018-13469-0/minicluster-data/ts-1-root
1 data directories: /tmp/dist-test-taskW1JASx/test-tmp/auto_rebalancer-test.0.AutoRebalancerTest.NextLeaderResumesAutoRebalancing.1782821739904018-13469-0/minicluster-data/ts-1-root/data
Total live blocks: 0
Total live bytes: 0
Total live bytes (after alignment): 0
Total number of LBM containers: 0 (0 full)
Did not check for missing blocks
Did not check for orphaned blocks
Total full LBM containers with extra space: 0 (0 repaired)
Total full LBM container extra space in bytes: 0 (0 repaired)
Total incomplete LBM containers: 0 (0 repaired)
Total LBM partial records: 0 (0 repaired)
Total corrupted LBM metadata records in RocksDB: 0 (0 repaired)
I20260630 12:15:57.228919 14758 raft_consensus.cc:493] T 00000000000000000000000000000000 P 32b964d95cec45d293d62411883219c1 [term 0 FOLLOWER]: Starting pre-election (no leader contacted us within the election timeout)
I20260630 12:15:57.229565 14758 raft_consensus.cc:515] T 00000000000000000000000000000000 P 32b964d95cec45d293d62411883219c1 [term 0 FOLLOWER]: Starting pre-election with config: opid_index: -1 OBSOLETE_local: false peers { permanent_uuid: "49a1303aea044bc29fec783a61c022a2" member_type: VOTER last_known_addr { host: "127.13.39.126" port: 40751 } } peers { permanent_uuid: "bb610606392a4209ba99809f3baa63bb" member_type: VOTER last_known_addr { host: "127.13.39.125" port: 39945 } } peers { permanent_uuid: "32b964d95cec45d293d62411883219c1" member_type: VOTER last_known_addr { host: "127.13.39.124" port: 39237 } }
I20260630 12:15:57.231594 14758 leader_election.cc:290] T 00000000000000000000000000000000 P 32b964d95cec45d293d62411883219c1 [CANDIDATE]: Term 1 pre-election: Requested pre-vote from peers 49a1303aea044bc29fec783a61c022a2 (127.13.39.126:40751), bb610606392a4209ba99809f3baa63bb (127.13.39.125:39945)
I20260630 12:15:57.232687 14585 tablet_service.cc:1917] Received RequestConsensusVote() RPC: tablet_id: "00000000000000000000000000000000" candidate_uuid: "32b964d95cec45d293d62411883219c1" candidate_term: 1 candidate_status { last_received { term: 0 index: 0 } } ignore_live_leader: false dest_uuid: "49a1303aea044bc29fec783a61c022a2" is_pre_election: true
I20260630 12:15:57.233032 14650 tablet_service.cc:1917] Received RequestConsensusVote() RPC: tablet_id: "00000000000000000000000000000000" candidate_uuid: "32b964d95cec45d293d62411883219c1" candidate_term: 1 candidate_status { last_received { term: 0 index: 0 } } ignore_live_leader: false dest_uuid: "bb610606392a4209ba99809f3baa63bb" is_pre_election: true
I20260630 12:15:57.233510 14585 raft_consensus.cc:2468] T 00000000000000000000000000000000 P 49a1303aea044bc29fec783a61c022a2 [term 0 FOLLOWER]: Leader pre-election vote request: Granting yes vote for candidate 32b964d95cec45d293d62411883219c1 in term 0.
I20260630 12:15:57.233770 14650 raft_consensus.cc:2468] T 00000000000000000000000000000000 P bb610606392a4209ba99809f3baa63bb [term 0 FOLLOWER]: Leader pre-election vote request: Granting yes vote for candidate 32b964d95cec45d293d62411883219c1 in term 0.
I20260630 12:15:57.234902 14690 leader_election.cc:304] T 00000000000000000000000000000000 P 32b964d95cec45d293d62411883219c1 [CANDIDATE]: Term 1 pre-election: Election decided. Result: candidate won. Election summary: received 2 responses out of 3 voters: 2 yes votes; 0 no votes. yes voters: 32b964d95cec45d293d62411883219c1, 49a1303aea044bc29fec783a61c022a2; no voters: 
I20260630 12:15:57.235700 14758 raft_consensus.cc:2804] T 00000000000000000000000000000000 P 32b964d95cec45d293d62411883219c1 [term 0 FOLLOWER]: Leader pre-election won for term 1
I20260630 12:15:57.236054 14758 raft_consensus.cc:493] T 00000000000000000000000000000000 P 32b964d95cec45d293d62411883219c1 [term 0 FOLLOWER]: Starting leader election (no leader contacted us within the election timeout)
I20260630 12:15:57.236348 14758 raft_consensus.cc:3060] T 00000000000000000000000000000000 P 32b964d95cec45d293d62411883219c1 [term 0 FOLLOWER]: Advancing to term 1
I20260630 12:15:57.241007 13469 rpc_server.cc:225] running with OpenSSL 1.1.1  11 Sep 2018
I20260630 12:15:57.242018 14758 raft_consensus.cc:515] T 00000000000000000000000000000000 P 32b964d95cec45d293d62411883219c1 [term 1 FOLLOWER]: Starting leader election with config: opid_index: -1 OBSOLETE_local: false peers { permanent_uuid: "49a1303aea044bc29fec783a61c022a2" member_type: VOTER last_known_addr { host: "127.13.39.126" port: 40751 } } peers { permanent_uuid: "bb610606392a4209ba99809f3baa63bb" member_type: VOTER last_known_addr { host: "127.13.39.125" port: 39945 } } peers { permanent_uuid: "32b964d95cec45d293d62411883219c1" member_type: VOTER last_known_addr { host: "127.13.39.124" port: 39237 } }
I20260630 12:15:57.242359 13469 kserver.cc:163] Server-wide thread pool size limit: 3276
I20260630 12:15:57.244009 13469 txn_system_client.cc:432] TxnSystemClient initialization is disabled...
I20260630 12:15:57.244138 14758 leader_election.cc:290] T 00000000000000000000000000000000 P 32b964d95cec45d293d62411883219c1 [CANDIDATE]: Term 1 election: Requested vote from peers 49a1303aea044bc29fec783a61c022a2 (127.13.39.126:40751), bb610606392a4209ba99809f3baa63bb (127.13.39.125:39945)
I20260630 12:15:57.244979 14585 tablet_service.cc:1917] Received RequestConsensusVote() RPC: tablet_id: "00000000000000000000000000000000" candidate_uuid: "32b964d95cec45d293d62411883219c1" candidate_term: 1 candidate_status { last_received { term: 0 index: 0 } } ignore_live_leader: false dest_uuid: "49a1303aea044bc29fec783a61c022a2"
I20260630 12:15:57.245625 14585 raft_consensus.cc:3060] T 00000000000000000000000000000000 P 49a1303aea044bc29fec783a61c022a2 [term 0 FOLLOWER]: Advancing to term 1
I20260630 12:15:57.245855 14650 tablet_service.cc:1917] Received RequestConsensusVote() RPC: tablet_id: "00000000000000000000000000000000" candidate_uuid: "32b964d95cec45d293d62411883219c1" candidate_term: 1 candidate_status { last_received { term: 0 index: 0 } } ignore_live_leader: false dest_uuid: "bb610606392a4209ba99809f3baa63bb"
I20260630 12:15:57.246502 14650 raft_consensus.cc:3060] T 00000000000000000000000000000000 P bb610606392a4209ba99809f3baa63bb [term 0 FOLLOWER]: Advancing to term 1
I20260630 12:15:57.247573 13469 ts_tablet_manager.cc:585] Loaded tablet metadata (0 total tablets, 0 live tablets)
I20260630 12:15:57.247891 13469 ts_tablet_manager.cc:531] Time spent load tablet metadata: real 0.000s	user 0.000s	sys 0.000s
I20260630 12:15:57.248190 13469 ts_tablet_manager.cc:616] Registered 0 tablets
I20260630 12:15:57.248411 13469 ts_tablet_manager.cc:595] Time spent register tablets: real 0.000s	user 0.000s	sys 0.000s
I20260630 12:15:57.251618 14585 raft_consensus.cc:2468] T 00000000000000000000000000000000 P 49a1303aea044bc29fec783a61c022a2 [term 1 FOLLOWER]: Leader election vote request: Granting yes vote for candidate 32b964d95cec45d293d62411883219c1 in term 1.
I20260630 12:15:57.252779 14690 leader_election.cc:304] T 00000000000000000000000000000000 P 32b964d95cec45d293d62411883219c1 [CANDIDATE]: Term 1 election: Election decided. Result: candidate won. Election summary: received 2 responses out of 3 voters: 2 yes votes; 0 no votes. yes voters: 32b964d95cec45d293d62411883219c1, 49a1303aea044bc29fec783a61c022a2; no voters: 
I20260630 12:15:57.253579 14758 raft_consensus.cc:2804] T 00000000000000000000000000000000 P 32b964d95cec45d293d62411883219c1 [term 1 FOLLOWER]: Leader election won for term 1
I20260630 12:15:57.254573 14650 raft_consensus.cc:2468] T 00000000000000000000000000000000 P bb610606392a4209ba99809f3baa63bb [term 1 FOLLOWER]: Leader election vote request: Granting yes vote for candidate 32b964d95cec45d293d62411883219c1 in term 1.
I20260630 12:15:57.254918 14758 raft_consensus.cc:697] T 00000000000000000000000000000000 P 32b964d95cec45d293d62411883219c1 [term 1 LEADER]: Becoming Leader. State: Replica: 32b964d95cec45d293d62411883219c1, State: Running, Role: LEADER
I20260630 12:15:57.255898 14758 consensus_queue.cc:237] T 00000000000000000000000000000000 P 32b964d95cec45d293d62411883219c1 [LEADER]: Queue going to LEADER mode. State: All replicated index: 0, Majority replicated index: 0, Committed index: 0, Last appended: 0.0, Last appended by leader: 0, Current term: 1, Majority size: 2, State: 0, Mode: LEADER, active raft config: opid_index: -1 OBSOLETE_local: false peers { permanent_uuid: "49a1303aea044bc29fec783a61c022a2" member_type: VOTER last_known_addr { host: "127.13.39.126" port: 40751 } } peers { permanent_uuid: "bb610606392a4209ba99809f3baa63bb" member_type: VOTER last_known_addr { host: "127.13.39.125" port: 39945 } } peers { permanent_uuid: "32b964d95cec45d293d62411883219c1" member_type: VOTER last_known_addr { host: "127.13.39.124" port: 39237 } }
I20260630 12:15:57.263235 14877 sys_catalog.cc:455] T 00000000000000000000000000000000 P 32b964d95cec45d293d62411883219c1 [sys.catalog]: SysCatalogTable state changed. Reason: New leader 32b964d95cec45d293d62411883219c1. Latest consensus state: current_term: 1 leader_uuid: "32b964d95cec45d293d62411883219c1" committed_config { opid_index: -1 OBSOLETE_local: false peers { permanent_uuid: "49a1303aea044bc29fec783a61c022a2" member_type: VOTER last_known_addr { host: "127.13.39.126" port: 40751 } } peers { permanent_uuid: "bb610606392a4209ba99809f3baa63bb" member_type: VOTER last_known_addr { host: "127.13.39.125" port: 39945 } } peers { permanent_uuid: "32b964d95cec45d293d62411883219c1" member_type: VOTER last_known_addr { host: "127.13.39.124" port: 39237 } } }
I20260630 12:15:57.264353 14877 sys_catalog.cc:458] T 00000000000000000000000000000000 P 32b964d95cec45d293d62411883219c1 [sys.catalog]: This master's current role is: LEADER
I20260630 12:15:57.266923 14885 catalog_manager.cc:1511] Loading table and tablet metadata into memory...
I20260630 12:15:57.274395 14885 catalog_manager.cc:1520] Initializing Kudu cluster ID...
I20260630 12:15:57.284924 14650 raft_consensus.cc:1275] T 00000000000000000000000000000000 P bb610606392a4209ba99809f3baa63bb [term 1 FOLLOWER]: Refusing update from remote peer 32b964d95cec45d293d62411883219c1: Log matching property violated. Preceding OpId in replica: term: 0 index: 0. Preceding OpId from leader: term: 1 index: 2. (index mismatch)
I20260630 12:15:57.286423 14585 raft_consensus.cc:1275] T 00000000000000000000000000000000 P 49a1303aea044bc29fec783a61c022a2 [term 1 FOLLOWER]: Refusing update from remote peer 32b964d95cec45d293d62411883219c1: Log matching property violated. Preceding OpId in replica: term: 0 index: 0. Preceding OpId from leader: term: 1 index: 2. (index mismatch)
I20260630 12:15:57.286671 14877 consensus_queue.cc:1048] T 00000000000000000000000000000000 P 32b964d95cec45d293d62411883219c1 [LEADER]: Connected to new peer: Peer: permanent_uuid: "bb610606392a4209ba99809f3baa63bb" member_type: VOTER last_known_addr { host: "127.13.39.125" port: 39945 }, Status: LMP_MISMATCH, Last received: 0.0, Next index: 1, Last known committed idx: 0, Time since last communication: 0.000s
I20260630 12:15:57.288408 14758 consensus_queue.cc:1048] T 00000000000000000000000000000000 P 32b964d95cec45d293d62411883219c1 [LEADER]: Connected to new peer: Peer: permanent_uuid: "49a1303aea044bc29fec783a61c022a2" member_type: VOTER last_known_addr { host: "127.13.39.126" port: 40751 }, Status: LMP_MISMATCH, Last received: 0.0, Next index: 1, Last known committed idx: 0, Time since last communication: 0.000s
I20260630 12:15:57.298949 14770 sys_catalog.cc:455] T 00000000000000000000000000000000 P bb610606392a4209ba99809f3baa63bb [sys.catalog]: SysCatalogTable state changed. Reason: New leader 32b964d95cec45d293d62411883219c1. Latest consensus state: current_term: 1 leader_uuid: "32b964d95cec45d293d62411883219c1" committed_config { opid_index: -1 OBSOLETE_local: false peers { permanent_uuid: "49a1303aea044bc29fec783a61c022a2" member_type: VOTER last_known_addr { host: "127.13.39.126" port: 40751 } } peers { permanent_uuid: "bb610606392a4209ba99809f3baa63bb" member_type: VOTER last_known_addr { host: "127.13.39.125" port: 39945 } } peers { permanent_uuid: "32b964d95cec45d293d62411883219c1" member_type: VOTER last_known_addr { host: "127.13.39.124" port: 39237 } } }
I20260630 12:15:57.299842 14770 sys_catalog.cc:458] T 00000000000000000000000000000000 P bb610606392a4209ba99809f3baa63bb [sys.catalog]: This master's current role is: FOLLOWER
I20260630 12:15:57.308391 14770 sys_catalog.cc:455] T 00000000000000000000000000000000 P bb610606392a4209ba99809f3baa63bb [sys.catalog]: SysCatalogTable state changed. Reason: Replicated consensus-only round. Latest consensus state: current_term: 1 leader_uuid: "32b964d95cec45d293d62411883219c1" committed_config { opid_index: -1 OBSOLETE_local: false peers { permanent_uuid: "49a1303aea044bc29fec783a61c022a2" member_type: VOTER last_known_addr { host: "127.13.39.126" port: 40751 } } peers { permanent_uuid: "bb610606392a4209ba99809f3baa63bb" member_type: VOTER last_known_addr { host: "127.13.39.125" port: 39945 } } peers { permanent_uuid: "32b964d95cec45d293d62411883219c1" member_type: VOTER last_known_addr { host: "127.13.39.124" port: 39237 } } }
I20260630 12:15:57.309345 14770 sys_catalog.cc:458] T 00000000000000000000000000000000 P bb610606392a4209ba99809f3baa63bb [sys.catalog]: This master's current role is: FOLLOWER
I20260630 12:15:57.309777 14745 sys_catalog.cc:455] T 00000000000000000000000000000000 P 49a1303aea044bc29fec783a61c022a2 [sys.catalog]: SysCatalogTable state changed. Reason: New leader 32b964d95cec45d293d62411883219c1. Latest consensus state: current_term: 1 leader_uuid: "32b964d95cec45d293d62411883219c1" committed_config { opid_index: -1 OBSOLETE_local: false peers { permanent_uuid: "49a1303aea044bc29fec783a61c022a2" member_type: VOTER last_known_addr { host: "127.13.39.126" port: 40751 } } peers { permanent_uuid: "bb610606392a4209ba99809f3baa63bb" member_type: VOTER last_known_addr { host: "127.13.39.125" port: 39945 } } peers { permanent_uuid: "32b964d95cec45d293d62411883219c1" member_type: VOTER last_known_addr { host: "127.13.39.124" port: 39237 } } }
I20260630 12:15:57.310566 14745 sys_catalog.cc:458] T 00000000000000000000000000000000 P 49a1303aea044bc29fec783a61c022a2 [sys.catalog]: This master's current role is: FOLLOWER
I20260630 12:15:57.312281 14877 sys_catalog.cc:455] T 00000000000000000000000000000000 P 32b964d95cec45d293d62411883219c1 [sys.catalog]: SysCatalogTable state changed. Reason: Peer health change. Latest consensus state: current_term: 1 leader_uuid: "32b964d95cec45d293d62411883219c1" committed_config { opid_index: -1 OBSOLETE_local: false peers { permanent_uuid: "49a1303aea044bc29fec783a61c022a2" member_type: VOTER last_known_addr { host: "127.13.39.126" port: 40751 } } peers { permanent_uuid: "bb610606392a4209ba99809f3baa63bb" member_type: VOTER last_known_addr { host: "127.13.39.125" port: 39945 } } peers { permanent_uuid: "32b964d95cec45d293d62411883219c1" member_type: VOTER last_known_addr { host: "127.13.39.124" port: 39237 } } }
I20260630 12:15:57.313424 14877 sys_catalog.cc:458] T 00000000000000000000000000000000 P 32b964d95cec45d293d62411883219c1 [sys.catalog]: This master's current role is: LEADER
I20260630 12:15:57.315375 14885 catalog_manager.cc:1383] Generated new cluster ID: 89e64631e9a24e24a40d5aa6cf892178
I20260630 12:15:57.315701 14885 catalog_manager.cc:1531] Initializing Kudu internal certificate authority...
I20260630 12:15:57.320252 14758 sys_catalog.cc:455] T 00000000000000000000000000000000 P 32b964d95cec45d293d62411883219c1 [sys.catalog]: SysCatalogTable state changed. Reason: Peer health change. Latest consensus state: current_term: 1 leader_uuid: "32b964d95cec45d293d62411883219c1" committed_config { opid_index: -1 OBSOLETE_local: false peers { permanent_uuid: "49a1303aea044bc29fec783a61c022a2" member_type: VOTER last_known_addr { host: "127.13.39.126" port: 40751 } } peers { permanent_uuid: "bb610606392a4209ba99809f3baa63bb" member_type: VOTER last_known_addr { host: "127.13.39.125" port: 39945 } } peers { permanent_uuid: "32b964d95cec45d293d62411883219c1" member_type: VOTER last_known_addr { host: "127.13.39.124" port: 39237 } } }
I20260630 12:15:57.321488 14758 sys_catalog.cc:458] T 00000000000000000000000000000000 P 32b964d95cec45d293d62411883219c1 [sys.catalog]: This master's current role is: LEADER
I20260630 12:15:57.323475 14745 sys_catalog.cc:455] T 00000000000000000000000000000000 P 49a1303aea044bc29fec783a61c022a2 [sys.catalog]: SysCatalogTable state changed. Reason: Replicated consensus-only round. Latest consensus state: current_term: 1 leader_uuid: "32b964d95cec45d293d62411883219c1" committed_config { opid_index: -1 OBSOLETE_local: false peers { permanent_uuid: "49a1303aea044bc29fec783a61c022a2" member_type: VOTER last_known_addr { host: "127.13.39.126" port: 40751 } } peers { permanent_uuid: "bb610606392a4209ba99809f3baa63bb" member_type: VOTER last_known_addr { host: "127.13.39.125" port: 39945 } } peers { permanent_uuid: "32b964d95cec45d293d62411883219c1" member_type: VOTER last_known_addr { host: "127.13.39.124" port: 39237 } } }
I20260630 12:15:57.324190 14745 sys_catalog.cc:458] T 00000000000000000000000000000000 P 49a1303aea044bc29fec783a61c022a2 [sys.catalog]: This master's current role is: FOLLOWER
I20260630 12:15:57.342356 13469 rpc_server.cc:307] RPC server started. Bound to: 127.13.39.66:41497
I20260630 12:15:57.342654 14943 acceptor_pool.cc:272] collecting diagnostics on the listening RPC socket 127.13.39.66:41497 every 8 connection(s)
I20260630 12:15:57.354964 14885 catalog_manager.cc:1406] Generated new certificate authority record
I20260630 12:15:57.356926 14885 catalog_manager.cc:1540] Loading token signing keys...
I20260630 12:15:57.393950 14945 heartbeater.cc:344] Connected to a master server at 127.13.39.125:39945
I20260630 12:15:57.394470 14945 heartbeater.cc:461] Registering TS with master...
I20260630 12:15:57.395432 14945 heartbeater.cc:507] Master 127.13.39.125:39945 requested a full tablet report, sending...
I20260630 12:15:57.396018 14944 heartbeater.cc:344] Connected to a master server at 127.13.39.124:39237
I20260630 12:15:57.396463 14944 heartbeater.cc:461] Registering TS with master...
I20260630 12:15:57.397333 14944 heartbeater.cc:507] Master 127.13.39.124:39237 requested a full tablet report, sending...
I20260630 12:15:57.399947 14705 ts_manager.cc:194] Registered new tserver with Master: 76c5d7fce8864dfdaf913cadd58079a9 (127.13.39.66:41497)
I20260630 12:15:57.410204 13469 file_cache.cc:492] Constructed file cache file cache with capacity 419430
I20260630 12:15:57.411128 14640 ts_manager.cc:194] Registered new tserver with Master: 76c5d7fce8864dfdaf913cadd58079a9 (127.13.39.66:41497)
I20260630 12:15:57.412931 14946 heartbeater.cc:344] Connected to a master server at 127.13.39.126:40751
I20260630 12:15:57.413306 14946 heartbeater.cc:461] Registering TS with master...
I20260630 12:15:57.414284 14946 heartbeater.cc:507] Master 127.13.39.126:40751 requested a full tablet report, sending...
I20260630 12:15:57.414896 14885 catalog_manager.cc:6070] T 00000000000000000000000000000000 P 32b964d95cec45d293d62411883219c1: Generated new TSK 0
I20260630 12:15:57.415647 14885 catalog_manager.cc:1550] Initializing in-progress tserver states...
W20260630 12:15:57.421965 14951 instance_detector.cc:116] could not retrieve AWS instance metadata: Network error: curl error: HTTP response code said error: The requested URL returned error: 404
I20260630 12:15:57.423435 14575 ts_manager.cc:194] Registered new tserver with Master: 76c5d7fce8864dfdaf913cadd58079a9 (127.13.39.66:41497)
W20260630 12:15:57.425360 14952 instance_detector.cc:116] could not retrieve Azure instance metadata: Network error: curl error: HTTP response code said error: The requested URL returned error: 404
W20260630 12:15:57.427786 14954 instance_detector.cc:116] could not retrieve OpenStack instance metadata: Network error: curl error: HTTP response code said error: The requested URL returned error: 404
I20260630 12:15:57.428042 13469 server_base.cc:1061] running on GCE node
I20260630 12:15:57.429070 13469 hybrid_clock.cc:584] initializing the hybrid clock with 'system_unsync' time source
W20260630 12:15:57.429330 13469 system_unsync_time.cc:38] NTP support is disabled. Clock error bounds will not be accurate. This configuration is not suitable for distributed clusters.
I20260630 12:15:57.429525 13469 hybrid_clock.cc:648] HybridClock initialized: now 1782821757429508 us; error 0 us; skew 500 ppm
I20260630 12:15:57.430049 13469 server_base.cc:861] Flag tcmalloc_max_total_thread_cache_bytes is not working since tcmalloc is not enabled.
I20260630 12:15:57.432590 13469 webserver.cc:533] Webserver started at http://127.13.39.67:44417/ using document root <none> and password file <none>
I20260630 12:15:57.433110 13469 fs_manager.cc:362] Metadata directory not provided
I20260630 12:15:57.433336 13469 fs_manager.cc:368] Using write-ahead log directory (fs_wal_dir) as metadata directory
I20260630 12:15:57.433622 13469 server_base.cc:909] This appears to be a new deployment of Kudu; creating new FS layout
I20260630 12:15:57.434744 13469 fs_manager.cc:1068] Generated new instance metadata in path /tmp/dist-test-taskW1JASx/test-tmp/auto_rebalancer-test.0.AutoRebalancerTest.NextLeaderResumesAutoRebalancing.1782821739904018-13469-0/minicluster-data/ts-2-root/instance:
uuid: "9ec56ad062ab470e8158b9e71b271342"
format_stamp: "Formatted at 2026-06-30 12:15:57 on dist-test-slave-zxml"
I20260630 12:15:57.440291 13469 fs_manager.cc:696] Time spent creating directory manager: real 0.005s	user 0.007s	sys 0.000s
I20260630 12:15:57.443660 14959 log_block_manager.cc:4031] Time spent loading block containers with low live blocks: real 0.000s	user 0.000s	sys 0.000s
I20260630 12:15:57.444475 13469 fs_manager.cc:730] Time spent opening block manager: real 0.002s	user 0.000s	sys 0.003s
I20260630 12:15:57.444821 13469 fs_manager.cc:647] Opened local filesystem: /tmp/dist-test-taskW1JASx/test-tmp/auto_rebalancer-test.0.AutoRebalancerTest.NextLeaderResumesAutoRebalancing.1782821739904018-13469-0/minicluster-data/ts-2-root
uuid: "9ec56ad062ab470e8158b9e71b271342"
format_stamp: "Formatted at 2026-06-30 12:15:57 on dist-test-slave-zxml"
I20260630 12:15:57.445132 13469 fs_report.cc:389] FS layout report
--------------------
wal directory: /tmp/dist-test-taskW1JASx/test-tmp/auto_rebalancer-test.0.AutoRebalancerTest.NextLeaderResumesAutoRebalancing.1782821739904018-13469-0/minicluster-data/ts-2-root
metadata directory: /tmp/dist-test-taskW1JASx/test-tmp/auto_rebalancer-test.0.AutoRebalancerTest.NextLeaderResumesAutoRebalancing.1782821739904018-13469-0/minicluster-data/ts-2-root
1 data directories: /tmp/dist-test-taskW1JASx/test-tmp/auto_rebalancer-test.0.AutoRebalancerTest.NextLeaderResumesAutoRebalancing.1782821739904018-13469-0/minicluster-data/ts-2-root/data
Total live blocks: 0
Total live bytes: 0
Total live bytes (after alignment): 0
Total number of LBM containers: 0 (0 full)
Did not check for missing blocks
Did not check for orphaned blocks
Total full LBM containers with extra space: 0 (0 repaired)
Total full LBM container extra space in bytes: 0 (0 repaired)
Total incomplete LBM containers: 0 (0 repaired)
