I20260630 12:17:44.378211 13469 server_base.cc:861] Flag tcmalloc_max_total_thread_cache_bytes is not working since tcmalloc is not enabled.
I20260630 12:17:44.380079 17986 heartbeater.cc:344] Connected to a master server at 127.13.39.126:43581
I20260630 12:17:44.380535 17986 heartbeater.cc:461] Registering TS with master...
I20260630 12:17:44.380782 13469 webserver.cc:533] Webserver started at http://127.13.39.66:42327/ using document root <none> and password file <none>
I20260630 12:17:44.381429 13469 fs_manager.cc:362] Metadata directory not provided
I20260630 12:17:44.381429 17986 heartbeater.cc:507] Master 127.13.39.126:43581 requested a full tablet report, sending...
I20260630 12:17:44.381811 13469 fs_manager.cc:368] Using write-ahead log directory (fs_wal_dir) as metadata directory
I20260630 12:17:44.382169 13469 server_base.cc:909] This appears to be a new deployment of Kudu; creating new FS layout
I20260630 12:17:44.383582 13469 fs_manager.cc:1068] Generated new instance metadata in path /tmp/dist-test-taskW1JASx/test-tmp/auto_rebalancer-test.0.AutoRebalancerTest.TestMaxMovesPerServer.1782821739904018-13469-0/minicluster-data/ts-1-root/instance:
uuid: "dad734a483f045f7a73e052ea056d4ce"
format_stamp: "Formatted at 2026-06-30 12:17:44 on dist-test-slave-zxml"
I20260630 12:17:44.383819 17859 ts_manager.cc:194] Registered new tserver with Master: 94b1d0eff6cd4afb87293641bf6b29e3 (127.13.39.65:41311)
I20260630 12:17:44.385668 17859 master_service.cc:502] Signed X509 certificate for tserver {username='slave'} at 127.0.0.1:60414
I20260630 12:17:44.388217 13469 fs_manager.cc:696] Time spent creating directory manager: real 0.004s	user 0.001s	sys 0.006s
I20260630 12:17:44.391654 17998 log_block_manager.cc:4031] Time spent loading block containers with low live blocks: real 0.000s	user 0.000s	sys 0.000s
I20260630 12:17:44.392515 13469 fs_manager.cc:730] Time spent opening block manager: real 0.002s	user 0.003s	sys 0.000s
I20260630 12:17:44.392868 13469 fs_manager.cc:647] Opened local filesystem: /tmp/dist-test-taskW1JASx/test-tmp/auto_rebalancer-test.0.AutoRebalancerTest.TestMaxMovesPerServer.1782821739904018-13469-0/minicluster-data/ts-1-root
uuid: "dad734a483f045f7a73e052ea056d4ce"
format_stamp: "Formatted at 2026-06-30 12:17:44 on dist-test-slave-zxml"
I20260630 12:17:44.393172 13469 fs_report.cc:389] FS layout report
--------------------
wal directory: /tmp/dist-test-taskW1JASx/test-tmp/auto_rebalancer-test.0.AutoRebalancerTest.TestMaxMovesPerServer.1782821739904018-13469-0/minicluster-data/ts-1-root
metadata directory: /tmp/dist-test-taskW1JASx/test-tmp/auto_rebalancer-test.0.AutoRebalancerTest.TestMaxMovesPerServer.1782821739904018-13469-0/minicluster-data/ts-1-root
1 data directories: /tmp/dist-test-taskW1JASx/test-tmp/auto_rebalancer-test.0.AutoRebalancerTest.TestMaxMovesPerServer.1782821739904018-13469-0/minicluster-data/ts-1-root/data
Total live blocks: 0
Total live bytes: 0
Total live bytes (after alignment): 0
Total number of LBM containers: 0 (0 full)
Did not check for missing blocks
Did not check for orphaned blocks
Total full LBM containers with extra space: 0 (0 repaired)
Total full LBM container extra space in bytes: 0 (0 repaired)
Total incomplete LBM containers: 0 (0 repaired)
Total LBM partial records: 0 (0 repaired)
Total corrupted LBM metadata records in RocksDB: 0 (0 repaired)
I20260630 12:17:44.413422 13469 rpc_server.cc:225] running with OpenSSL 1.1.1  11 Sep 2018
I20260630 12:17:44.414585 13469 kserver.cc:163] Server-wide thread pool size limit: 3276
I20260630 12:17:44.416074 13469 txn_system_client.cc:432] TxnSystemClient initialization is disabled...
I20260630 12:17:44.418488 13469 ts_tablet_manager.cc:585] Loaded tablet metadata (0 total tablets, 0 live tablets)
I20260630 12:17:44.418723 13469 ts_tablet_manager.cc:531] Time spent load tablet metadata: real 0.000s	user 0.000s	sys 0.000s
I20260630 12:17:44.418967 13469 ts_tablet_manager.cc:616] Registered 0 tablets
I20260630 12:17:44.419135 13469 ts_tablet_manager.cc:595] Time spent register tablets: real 0.000s	user 0.000s	sys 0.000s
I20260630 12:17:44.458006 13469 rpc_server.cc:307] RPC server started. Bound to: 127.13.39.66:35441
I20260630 12:17:44.458099 18060 acceptor_pool.cc:272] collecting diagnostics on the listening RPC socket 127.13.39.66:35441 every 8 connection(s)
I20260630 12:17:44.462821 13469 file_cache.cc:492] Constructed file cache file cache with capacity 419430
W20260630 12:17:44.469985 18064 instance_detector.cc:116] could not retrieve AWS instance metadata: Network error: curl error: HTTP response code said error: The requested URL returned error: 404
W20260630 12:17:44.470917 18065 instance_detector.cc:116] could not retrieve Azure instance metadata: Network error: curl error: HTTP response code said error: The requested URL returned error: 404
W20260630 12:17:44.474268 18067 instance_detector.cc:116] could not retrieve OpenStack instance metadata: Network error: curl error: HTTP response code said error: The requested URL returned error: 404
I20260630 12:17:44.474465 13469 server_base.cc:1061] running on GCE node
I20260630 12:17:44.475154 18061 heartbeater.cc:344] Connected to a master server at 127.13.39.126:43581
I20260630 12:17:44.475536 18061 heartbeater.cc:461] Registering TS with master...
I20260630 12:17:44.475541 13469 hybrid_clock.cc:584] initializing the hybrid clock with 'system_unsync' time source
W20260630 12:17:44.475934 13469 system_unsync_time.cc:38] NTP support is disabled. Clock error bounds will not be accurate. This configuration is not suitable for distributed clusters.
I20260630 12:17:44.476109 13469 hybrid_clock.cc:648] HybridClock initialized: now 1782821864476075 us; error 0 us; skew 500 ppm
I20260630 12:17:44.476415 18061 heartbeater.cc:507] Master 127.13.39.126:43581 requested a full tablet report, sending...
I20260630 12:17:44.476778 13469 server_base.cc:861] Flag tcmalloc_max_total_thread_cache_bytes is not working since tcmalloc is not enabled.
I20260630 12:17:44.478582 17859 ts_manager.cc:194] Registered new tserver with Master: dad734a483f045f7a73e052ea056d4ce (127.13.39.66:35441)
I20260630 12:17:44.479278 13469 webserver.cc:533] Webserver started at http://127.13.39.67:37043/ using document root <none> and password file <none>
I20260630 12:17:44.479777 13469 fs_manager.cc:362] Metadata directory not provided
I20260630 12:17:44.479966 13469 fs_manager.cc:368] Using write-ahead log directory (fs_wal_dir) as metadata directory
I20260630 12:17:44.480155 17859 master_service.cc:502] Signed X509 certificate for tserver {username='slave'} at 127.0.0.1:60422
I20260630 12:17:44.480230 13469 server_base.cc:909] This appears to be a new deployment of Kudu; creating new FS layout
I20260630 12:17:44.481715 13469 fs_manager.cc:1068] Generated new instance metadata in path /tmp/dist-test-taskW1JASx/test-tmp/auto_rebalancer-test.0.AutoRebalancerTest.TestMaxMovesPerServer.1782821739904018-13469-0/minicluster-data/ts-2-root/instance:
uuid: "7fafa57535d54d058ea55bb8124f2acd"
format_stamp: "Formatted at 2026-06-30 12:17:44 on dist-test-slave-zxml"
I20260630 12:17:44.485993 13469 fs_manager.cc:696] Time spent creating directory manager: real 0.004s	user 0.005s	sys 0.000s
I20260630 12:17:44.489097 18072 log_block_manager.cc:4031] Time spent loading block containers with low live blocks: real 0.000s	user 0.000s	sys 0.000s
I20260630 12:17:44.489786 13469 fs_manager.cc:730] Time spent opening block manager: real 0.002s	user 0.003s	sys 0.000s
I20260630 12:17:44.490073 13469 fs_manager.cc:647] Opened local filesystem: /tmp/dist-test-taskW1JASx/test-tmp/auto_rebalancer-test.0.AutoRebalancerTest.TestMaxMovesPerServer.1782821739904018-13469-0/minicluster-data/ts-2-root
uuid: "7fafa57535d54d058ea55bb8124f2acd"
format_stamp: "Formatted at 2026-06-30 12:17:44 on dist-test-slave-zxml"
I20260630 12:17:44.490338 13469 fs_report.cc:389] FS layout report
--------------------
wal directory: /tmp/dist-test-taskW1JASx/test-tmp/auto_rebalancer-test.0.AutoRebalancerTest.TestMaxMovesPerServer.1782821739904018-13469-0/minicluster-data/ts-2-root
metadata directory: /tmp/dist-test-taskW1JASx/test-tmp/auto_rebalancer-test.0.AutoRebalancerTest.TestMaxMovesPerServer.1782821739904018-13469-0/minicluster-data/ts-2-root
1 data directories: /tmp/dist-test-taskW1JASx/test-tmp/auto_rebalancer-test.0.AutoRebalancerTest.TestMaxMovesPerServer.1782821739904018-13469-0/minicluster-data/ts-2-root/data
Total live blocks: 0
Total live bytes: 0
Total live bytes (after alignment): 0
Total number of LBM containers: 0 (0 full)
Did not check for missing blocks
Did not check for orphaned blocks
Total full LBM containers with extra space: 0 (0 repaired)
Total full LBM container extra space in bytes: 0 (0 repaired)
Total incomplete LBM containers: 0 (0 repaired)
Total LBM partial records: 0 (0 repaired)
Total corrupted LBM metadata records in RocksDB: 0 (0 repaired)
I20260630 12:17:44.506762 13469 rpc_server.cc:225] running with OpenSSL 1.1.1  11 Sep 2018
I20260630 12:17:44.507899 13469 kserver.cc:163] Server-wide thread pool size limit: 3276
I20260630 12:17:44.509313 13469 txn_system_client.cc:432] TxnSystemClient initialization is disabled...
I20260630 12:17:44.511399 13469 ts_tablet_manager.cc:585] Loaded tablet metadata (0 total tablets, 0 live tablets)
I20260630 12:17:44.511600 13469 ts_tablet_manager.cc:531] Time spent load tablet metadata: real 0.000s	user 0.000s	sys 0.000s
I20260630 12:17:44.511848 13469 ts_tablet_manager.cc:616] Registered 0 tablets
I20260630 12:17:44.512007 13469 ts_tablet_manager.cc:595] Time spent register tablets: real 0.000s	user 0.000s	sys 0.000s
I20260630 12:17:44.549814 13469 rpc_server.cc:307] RPC server started. Bound to: 127.13.39.67:34505
I20260630 12:17:44.549906 18134 acceptor_pool.cc:272] collecting diagnostics on the listening RPC socket 127.13.39.67:34505 every 8 connection(s)
I20260630 12:17:44.566936 18135 heartbeater.cc:344] Connected to a master server at 127.13.39.126:43581
I20260630 12:17:44.567291 18135 heartbeater.cc:461] Registering TS with master...
I20260630 12:17:44.567999 18135 heartbeater.cc:507] Master 127.13.39.126:43581 requested a full tablet report, sending...
I20260630 12:17:44.569991 17859 ts_manager.cc:194] Registered new tserver with Master: 7fafa57535d54d058ea55bb8124f2acd (127.13.39.67:34505)
I20260630 12:17:44.570972 13469 internal_mini_cluster.cc:371] 3 TS(s) registered with all masters after 0.017863626s
I20260630 12:17:44.571374 17859 master_service.cc:502] Signed X509 certificate for tserver {username='slave'} at 127.0.0.1:60436
I20260630 12:17:45.388392 17986 heartbeater.cc:499] Master 127.13.39.126:43581 was elected leader, sending a full tablet report...
I20260630 12:17:45.482630 18061 heartbeater.cc:499] Master 127.13.39.126:43581 was elected leader, sending a full tablet report...
I20260630 12:17:45.573874 18135 heartbeater.cc:499] Master 127.13.39.126:43581 was elected leader, sending a full tablet report...
I20260630 12:17:45.626232 17859 catalog_manager.cc:2283] Servicing CreateTable request from {username='slave'} at 127.0.0.1:60448:
name: "test-workload"
schema {
  columns {
    name: "key"
    type: INT32
    is_key: true
    is_nullable: false
    encoding: AUTO_ENCODING
    compression: DEFAULT_COMPRESSION
    cfile_block_size: 0
    immutable: false
  }
  columns {
    name: "int_val"
    type: INT32
    is_key: false
    is_nullable: false
    encoding: AUTO_ENCODING
    compression: DEFAULT_COMPRESSION
    cfile_block_size: 0
    immutable: false
  }
  columns {
    name: "string_val"
    type: STRING
    is_key: false
    is_nullable: true
    encoding: AUTO_ENCODING
    compression: DEFAULT_COMPRESSION
    cfile_block_size: 0
    immutable: false
  }
}
num_replicas: 3
split_rows_range_bounds {
  rows: "\004\001\000\252\252\252\n\004\001\000TUU\025\004\001\000\376\377\377\037\004\001\000\250\252\252*\004\001\000RUU5\004\001\000\374\377\377?\004\001\000\246\252\252J\004\001\000PUUU\004\001\000\372\377\377_\004\001\000\244\252\252j\004\001\000NUUu""\004\001\000\252\252\252\n\004\001\000TUU\025\004\001\000\376\377\377\037\004\001\000\250\252\252*\004\001\000RUU5\004\001\000\374\377\377?\004\001\000\246\252\252J\004\001\000PUUU\004\001\000\372\377\377_\004\001\000\244\252\252j\004\001\000NUUu"
  indirect_data: """"
}
partition_schema {
  range_schema {
    columns {
      name: "key"
    }
  }
}
W20260630 12:17:45.629248 17859 catalog_manager.cc:7077] The number of live tablet servers is not enough to re-replicate a tablet replica of the newly created table test-workload in case of a server failure: 4 tablet servers would be needed, 3 are available. Consider bringing up more tablet servers.
I20260630 12:17:45.720613 18100 tablet_service.cc:1511] Processing CreateTablet for tablet ed931699f2a74c07a08c15f7a63149de (DEFAULT_TABLE table=test-workload [id=05be4e6a4d604dca974ab115faa14d14]), partition=RANGE (key) PARTITION VALUES < 178956970
I20260630 12:17:45.722090 18100 data_dirs.cc:400] Could only allocate 1 dirs of requested 3 for tablet ed931699f2a74c07a08c15f7a63149de. 1 dirs total, 0 dirs full, 0 dirs failed
I20260630 12:17:45.724649 18098 tablet_service.cc:1511] Processing CreateTablet for tablet af6f71da5e794ae887ebc403a4272e56 (DEFAULT_TABLE table=test-workload [id=05be4e6a4d604dca974ab115faa14d14]), partition=RANGE (key) PARTITION 357913940 <= VALUES < 536870910
I20260630 12:17:45.725368 18099 tablet_service.cc:1511] Processing CreateTablet for tablet 076eca9f01c5461e8fb629a10b10b89d (DEFAULT_TABLE table=test-workload [id=05be4e6a4d604dca974ab115faa14d14]), partition=RANGE (key) PARTITION 178956970 <= VALUES < 357913940
I20260630 12:17:45.726063 18098 data_dirs.cc:400] Could only allocate 1 dirs of requested 3 for tablet af6f71da5e794ae887ebc403a4272e56. 1 dirs total, 0 dirs full, 0 dirs failed
I20260630 12:17:45.727180 18099 data_dirs.cc:400] Could only allocate 1 dirs of requested 3 for tablet 076eca9f01c5461e8fb629a10b10b89d. 1 dirs total, 0 dirs full, 0 dirs failed
I20260630 12:17:45.729110 17951 tablet_service.cc:1511] Processing CreateTablet for tablet ed931699f2a74c07a08c15f7a63149de (DEFAULT_TABLE table=test-workload [id=05be4e6a4d604dca974ab115faa14d14]), partition=RANGE (key) PARTITION VALUES < 178956970
I20260630 12:17:45.730083 17951 data_dirs.cc:400] Could only allocate 1 dirs of requested 3 for tablet ed931699f2a74c07a08c15f7a63149de. 1 dirs total, 0 dirs full, 0 dirs failed
I20260630 12:17:45.734719 18097 tablet_service.cc:1511] Processing CreateTablet for tablet 81bd49a5cbcd4361b112e9b9b1e5bbd0 (DEFAULT_TABLE table=test-workload [id=05be4e6a4d604dca974ab115faa14d14]), partition=RANGE (key) PARTITION 536870910 <= VALUES < 715827880
I20260630 12:17:45.734966 17949 tablet_service.cc:1511] Processing CreateTablet for tablet af6f71da5e794ae887ebc403a4272e56 (DEFAULT_TABLE table=test-workload [id=05be4e6a4d604dca974ab115faa14d14]), partition=RANGE (key) PARTITION 357913940 <= VALUES < 536870910
I20260630 12:17:45.736063 18097 data_dirs.cc:400] Could only allocate 1 dirs of requested 3 for tablet 81bd49a5cbcd4361b112e9b9b1e5bbd0. 1 dirs total, 0 dirs full, 0 dirs failed
I20260630 12:17:45.737583 17950 tablet_service.cc:1511] Processing CreateTablet for tablet 076eca9f01c5461e8fb629a10b10b89d (DEFAULT_TABLE table=test-workload [id=05be4e6a4d604dca974ab115faa14d14]), partition=RANGE (key) PARTITION 178956970 <= VALUES < 357913940
I20260630 12:17:45.736104 17949 data_dirs.cc:400] Could only allocate 1 dirs of requested 3 for tablet af6f71da5e794ae887ebc403a4272e56. 1 dirs total, 0 dirs full, 0 dirs failed
I20260630 12:17:45.733608 17948 tablet_service.cc:1511] Processing CreateTablet for tablet 81bd49a5cbcd4361b112e9b9b1e5bbd0 (DEFAULT_TABLE table=test-workload [id=05be4e6a4d604dca974ab115faa14d14]), partition=RANGE (key) PARTITION 536870910 <= VALUES < 715827880
I20260630 12:17:45.740936 17948 data_dirs.cc:400] Could only allocate 1 dirs of requested 3 for tablet 81bd49a5cbcd4361b112e9b9b1e5bbd0. 1 dirs total, 0 dirs full, 0 dirs failed
I20260630 12:17:45.746075 18096 tablet_service.cc:1511] Processing CreateTablet for tablet 61d992218af64c85afaa29664c8be9ce (DEFAULT_TABLE table=test-workload [id=05be4e6a4d604dca974ab115faa14d14]), partition=RANGE (key) PARTITION 715827880 <= VALUES < 894784850
I20260630 12:17:45.746821 18026 tablet_service.cc:1511] Processing CreateTablet for tablet ed931699f2a74c07a08c15f7a63149de (DEFAULT_TABLE table=test-workload [id=05be4e6a4d604dca974ab115faa14d14]), partition=RANGE (key) PARTITION VALUES < 178956970
I20260630 12:17:45.747457 18096 data_dirs.cc:400] Could only allocate 1 dirs of requested 3 for tablet 61d992218af64c85afaa29664c8be9ce. 1 dirs total, 0 dirs full, 0 dirs failed
I20260630 12:17:45.747255 18095 tablet_service.cc:1511] Processing CreateTablet for tablet d74ec2da0f594f4a91d228749456e307 (DEFAULT_TABLE table=test-workload [id=05be4e6a4d604dca974ab115faa14d14]), partition=RANGE (key) PARTITION 894784850 <= VALUES < 1073741820
I20260630 12:17:45.748091 18026 data_dirs.cc:400] Could only allocate 1 dirs of requested 3 for tablet ed931699f2a74c07a08c15f7a63149de. 1 dirs total, 0 dirs full, 0 dirs failed
I20260630 12:17:45.748642 18095 data_dirs.cc:400] Could only allocate 1 dirs of requested 3 for tablet d74ec2da0f594f4a91d228749456e307. 1 dirs total, 0 dirs full, 0 dirs failed
I20260630 12:17:45.751009 17947 tablet_service.cc:1511] Processing CreateTablet for tablet 61d992218af64c85afaa29664c8be9ce (DEFAULT_TABLE table=test-workload [id=05be4e6a4d604dca974ab115faa14d14]), partition=RANGE (key) PARTITION 715827880 <= VALUES < 894784850
I20260630 12:17:45.753634 17945 tablet_service.cc:1511] Processing CreateTablet for tablet 039f7d3587cf48d4bd741fdaf23d6181 (DEFAULT_TABLE table=test-workload [id=05be4e6a4d604dca974ab115faa14d14]), partition=RANGE (key) PARTITION 1073741820 <= VALUES < 1252698790
I20260630 12:17:45.751874 17946 tablet_service.cc:1511] Processing CreateTablet for tablet d74ec2da0f594f4a91d228749456e307 (DEFAULT_TABLE table=test-workload [id=05be4e6a4d604dca974ab115faa14d14]), partition=RANGE (key) PARTITION 894784850 <= VALUES < 1073741820
I20260630 12:17:45.755744 17950 data_dirs.cc:400] Could only allocate 1 dirs of requested 3 for tablet 076eca9f01c5461e8fb629a10b10b89d. 1 dirs total, 0 dirs full, 0 dirs failed
I20260630 12:17:45.757056 17947 data_dirs.cc:400] Could only allocate 1 dirs of requested 3 for tablet 61d992218af64c85afaa29664c8be9ce. 1 dirs total, 0 dirs full, 0 dirs failed
I20260630 12:17:45.760346 18025 tablet_service.cc:1511] Processing CreateTablet for tablet 076eca9f01c5461e8fb629a10b10b89d (DEFAULT_TABLE table=test-workload [id=05be4e6a4d604dca974ab115faa14d14]), partition=RANGE (key) PARTITION 178956970 <= VALUES < 357913940
I20260630 12:17:45.761714 18025 data_dirs.cc:400] Could only allocate 1 dirs of requested 3 for tablet 076eca9f01c5461e8fb629a10b10b89d. 1 dirs total, 0 dirs full, 0 dirs failed
I20260630 12:17:45.764751 17945 data_dirs.cc:400] Could only allocate 1 dirs of requested 3 for tablet 039f7d3587cf48d4bd741fdaf23d6181. 1 dirs total, 0 dirs full, 0 dirs failed
I20260630 12:17:45.765673 17944 tablet_service.cc:1511] Processing CreateTablet for tablet 50b052d2d5864567bfa2d6ff4b8272d5 (DEFAULT_TABLE table=test-workload [id=05be4e6a4d604dca974ab115faa14d14]), partition=RANGE (key) PARTITION 1252698790 <= VALUES < 1431655760
I20260630 12:17:45.766987 17944 data_dirs.cc:400] Could only allocate 1 dirs of requested 3 for tablet 50b052d2d5864567bfa2d6ff4b8272d5. 1 dirs total, 0 dirs full, 0 dirs failed
I20260630 12:17:45.769665 18094 tablet_service.cc:1511] Processing CreateTablet for tablet 039f7d3587cf48d4bd741fdaf23d6181 (DEFAULT_TABLE table=test-workload [id=05be4e6a4d604dca974ab115faa14d14]), partition=RANGE (key) PARTITION 1073741820 <= VALUES < 1252698790
I20260630 12:17:45.770089 18024 tablet_service.cc:1511] Processing CreateTablet for tablet af6f71da5e794ae887ebc403a4272e56 (DEFAULT_TABLE table=test-workload [id=05be4e6a4d604dca974ab115faa14d14]), partition=RANGE (key) PARTITION 357913940 <= VALUES < 536870910
I20260630 12:17:45.771040 18094 data_dirs.cc:400] Could only allocate 1 dirs of requested 3 for tablet 039f7d3587cf48d4bd741fdaf23d6181. 1 dirs total, 0 dirs full, 0 dirs failed
I20260630 12:17:45.771458 18024 data_dirs.cc:400] Could only allocate 1 dirs of requested 3 for tablet af6f71da5e794ae887ebc403a4272e56. 1 dirs total, 0 dirs full, 0 dirs failed
I20260630 12:17:45.771231 17943 tablet_service.cc:1511] Processing CreateTablet for tablet 6506713cbd04409ea4dd633c454bfee2 (DEFAULT_TABLE table=test-workload [id=05be4e6a4d604dca974ab115faa14d14]), partition=RANGE (key) PARTITION 1431655760 <= VALUES < 1610612730
I20260630 12:17:45.773696 18093 tablet_service.cc:1511] Processing CreateTablet for tablet 50b052d2d5864567bfa2d6ff4b8272d5 (DEFAULT_TABLE table=test-workload [id=05be4e6a4d604dca974ab115faa14d14]), partition=RANGE (key) PARTITION 1252698790 <= VALUES < 1431655760
I20260630 12:17:45.774137 17942 tablet_service.cc:1511] Processing CreateTablet for tablet 137eefd64659468cb9cc27de032e2ac8 (DEFAULT_TABLE table=test-workload [id=05be4e6a4d604dca974ab115faa14d14]), partition=RANGE (key) PARTITION 1610612730 <= VALUES < 1789569700
I20260630 12:17:45.775017 18093 data_dirs.cc:400] Could only allocate 1 dirs of requested 3 for tablet 50b052d2d5864567bfa2d6ff4b8272d5. 1 dirs total, 0 dirs full, 0 dirs failed
I20260630 12:17:45.775502 17943 data_dirs.cc:400] Could only allocate 1 dirs of requested 3 for tablet 6506713cbd04409ea4dd633c454bfee2. 1 dirs total, 0 dirs full, 0 dirs failed
I20260630 12:17:45.776791 17942 data_dirs.cc:400] Could only allocate 1 dirs of requested 3 for tablet 137eefd64659468cb9cc27de032e2ac8. 1 dirs total, 0 dirs full, 0 dirs failed
I20260630 12:17:45.777623 18092 tablet_service.cc:1511] Processing CreateTablet for tablet 6506713cbd04409ea4dd633c454bfee2 (DEFAULT_TABLE table=test-workload [id=05be4e6a4d604dca974ab115faa14d14]), partition=RANGE (key) PARTITION 1431655760 <= VALUES < 1610612730
I20260630 12:17:45.778082 18023 tablet_service.cc:1511] Processing CreateTablet for tablet 81bd49a5cbcd4361b112e9b9b1e5bbd0 (DEFAULT_TABLE table=test-workload [id=05be4e6a4d604dca974ab115faa14d14]), partition=RANGE (key) PARTITION 536870910 <= VALUES < 715827880
I20260630 12:17:45.778932 18092 data_dirs.cc:400] Could only allocate 1 dirs of requested 3 for tablet 6506713cbd04409ea4dd633c454bfee2. 1 dirs total, 0 dirs full, 0 dirs failed
I20260630 12:17:45.779402 18023 data_dirs.cc:400] Could only allocate 1 dirs of requested 3 for tablet 81bd49a5cbcd4361b112e9b9b1e5bbd0. 1 dirs total, 0 dirs full, 0 dirs failed
I20260630 12:17:45.780755 17946 data_dirs.cc:400] Could only allocate 1 dirs of requested 3 for tablet d74ec2da0f594f4a91d228749456e307. 1 dirs total, 0 dirs full, 0 dirs failed
I20260630 12:17:45.789126 18091 tablet_service.cc:1511] Processing CreateTablet for tablet 137eefd64659468cb9cc27de032e2ac8 (DEFAULT_TABLE table=test-workload [id=05be4e6a4d604dca974ab115faa14d14]), partition=RANGE (key) PARTITION 1610612730 <= VALUES < 1789569700
I20260630 12:17:45.790540 18091 data_dirs.cc:400] Could only allocate 1 dirs of requested 3 for tablet 137eefd64659468cb9cc27de032e2ac8. 1 dirs total, 0 dirs full, 0 dirs failed
I20260630 12:17:45.793694 18022 tablet_service.cc:1511] Processing CreateTablet for tablet 61d992218af64c85afaa29664c8be9ce (DEFAULT_TABLE table=test-workload [id=05be4e6a4d604dca974ab115faa14d14]), partition=RANGE (key) PARTITION 715827880 <= VALUES < 894784850
I20260630 12:17:45.795040 18022 data_dirs.cc:400] Could only allocate 1 dirs of requested 3 for tablet 61d992218af64c85afaa29664c8be9ce. 1 dirs total, 0 dirs full, 0 dirs failed
I20260630 12:17:45.797600 18021 tablet_service.cc:1511] Processing CreateTablet for tablet d74ec2da0f594f4a91d228749456e307 (DEFAULT_TABLE table=test-workload [id=05be4e6a4d604dca974ab115faa14d14]), partition=RANGE (key) PARTITION 894784850 <= VALUES < 1073741820
I20260630 12:17:45.798929 18021 data_dirs.cc:400] Could only allocate 1 dirs of requested 3 for tablet d74ec2da0f594f4a91d228749456e307. 1 dirs total, 0 dirs full, 0 dirs failed
I20260630 12:17:45.801644 18020 tablet_service.cc:1511] Processing CreateTablet for tablet 039f7d3587cf48d4bd741fdaf23d6181 (DEFAULT_TABLE table=test-workload [id=05be4e6a4d604dca974ab115faa14d14]), partition=RANGE (key) PARTITION 1073741820 <= VALUES < 1252698790
I20260630 12:17:45.802981 18020 data_dirs.cc:400] Could only allocate 1 dirs of requested 3 for tablet 039f7d3587cf48d4bd741fdaf23d6181. 1 dirs total, 0 dirs full, 0 dirs failed
I20260630 12:17:45.805593 18019 tablet_service.cc:1511] Processing CreateTablet for tablet 50b052d2d5864567bfa2d6ff4b8272d5 (DEFAULT_TABLE table=test-workload [id=05be4e6a4d604dca974ab115faa14d14]), partition=RANGE (key) PARTITION 1252698790 <= VALUES < 1431655760
I20260630 12:17:45.806874 18019 data_dirs.cc:400] Could only allocate 1 dirs of requested 3 for tablet 50b052d2d5864567bfa2d6ff4b8272d5. 1 dirs total, 0 dirs full, 0 dirs failed
I20260630 12:17:45.809463 18018 tablet_service.cc:1511] Processing CreateTablet for tablet 6506713cbd04409ea4dd633c454bfee2 (DEFAULT_TABLE table=test-workload [id=05be4e6a4d604dca974ab115faa14d14]), partition=RANGE (key) PARTITION 1431655760 <= VALUES < 1610612730
I20260630 12:17:45.810949 18018 data_dirs.cc:400] Could only allocate 1 dirs of requested 3 for tablet 6506713cbd04409ea4dd633c454bfee2. 1 dirs total, 0 dirs full, 0 dirs failed
I20260630 12:17:45.813998 18017 tablet_service.cc:1511] Processing CreateTablet for tablet 137eefd64659468cb9cc27de032e2ac8 (DEFAULT_TABLE table=test-workload [id=05be4e6a4d604dca974ab115faa14d14]), partition=RANGE (key) PARTITION 1610612730 <= VALUES < 1789569700
I20260630 12:17:45.815301 18017 data_dirs.cc:400] Could only allocate 1 dirs of requested 3 for tablet 137eefd64659468cb9cc27de032e2ac8. 1 dirs total, 0 dirs full, 0 dirs failed
I20260630 12:17:45.832086 17951 tablet_service.cc:1511] Processing CreateTablet for tablet 6db397ba7f0e44ccac95c82beb78a910 (DEFAULT_TABLE table=test-workload [id=05be4e6a4d604dca974ab115faa14d14]), partition=RANGE (key) PARTITION 1789569700 <= VALUES < 1968526670
I20260630 12:17:45.841565 17951 data_dirs.cc:400] Could only allocate 1 dirs of requested 3 for tablet 6db397ba7f0e44ccac95c82beb78a910. 1 dirs total, 0 dirs full, 0 dirs failed
I20260630 12:17:45.851871 18099 tablet_service.cc:1511] Processing CreateTablet for tablet 386fbf6ddb794cd69efc5c08f009e9e4 (DEFAULT_TABLE table=test-workload [id=05be4e6a4d604dca974ab115faa14d14]), partition=RANGE (key) PARTITION 1968526670 <= VALUES
I20260630 12:17:45.853230 18099 data_dirs.cc:400] Could only allocate 1 dirs of requested 3 for tablet 386fbf6ddb794cd69efc5c08f009e9e4. 1 dirs total, 0 dirs full, 0 dirs failed
I20260630 12:17:45.857510 18021 tablet_service.cc:1511] Processing CreateTablet for tablet 6db397ba7f0e44ccac95c82beb78a910 (DEFAULT_TABLE table=test-workload [id=05be4e6a4d604dca974ab115faa14d14]), partition=RANGE (key) PARTITION 1789569700 <= VALUES < 1968526670
I20260630 12:17:45.858736 18021 data_dirs.cc:400] Could only allocate 1 dirs of requested 3 for tablet 6db397ba7f0e44ccac95c82beb78a910. 1 dirs total, 0 dirs full, 0 dirs failed
I20260630 12:17:45.864511 18092 tablet_service.cc:1511] Processing CreateTablet for tablet 6db397ba7f0e44ccac95c82beb78a910 (DEFAULT_TABLE table=test-workload [id=05be4e6a4d604dca974ab115faa14d14]), partition=RANGE (key) PARTITION 1789569700 <= VALUES < 1968526670
I20260630 12:17:45.867014 18092 data_dirs.cc:400] Could only allocate 1 dirs of requested 3 for tablet 6db397ba7f0e44ccac95c82beb78a910. 1 dirs total, 0 dirs full, 0 dirs failed
I20260630 12:17:45.873558 18025 tablet_service.cc:1511] Processing CreateTablet for tablet 386fbf6ddb794cd69efc5c08f009e9e4 (DEFAULT_TABLE table=test-workload [id=05be4e6a4d604dca974ab115faa14d14]), partition=RANGE (key) PARTITION 1968526670 <= VALUES
I20260630 12:17:45.875020 18025 data_dirs.cc:400] Could only allocate 1 dirs of requested 3 for tablet 386fbf6ddb794cd69efc5c08f009e9e4. 1 dirs total, 0 dirs full, 0 dirs failed
I20260630 12:17:45.887107 18155 tablet_bootstrap.cc:492] T af6f71da5e794ae887ebc403a4272e56 P 7fafa57535d54d058ea55bb8124f2acd: Bootstrap starting.
I20260630 12:17:45.890039 17946 tablet_service.cc:1511] Processing CreateTablet for tablet 386fbf6ddb794cd69efc5c08f009e9e4 (DEFAULT_TABLE table=test-workload [id=05be4e6a4d604dca974ab115faa14d14]), partition=RANGE (key) PARTITION 1968526670 <= VALUES
I20260630 12:17:45.891386 17946 data_dirs.cc:400] Could only allocate 1 dirs of requested 3 for tablet 386fbf6ddb794cd69efc5c08f009e9e4. 1 dirs total, 0 dirs full, 0 dirs failed
I20260630 12:17:45.894528 18155 tablet_bootstrap.cc:654] T af6f71da5e794ae887ebc403a4272e56 P 7fafa57535d54d058ea55bb8124f2acd: Neither blocks nor log segments found. Creating new log.
I20260630 12:17:45.938643 18157 tablet_bootstrap.cc:492] T af6f71da5e794ae887ebc403a4272e56 P 94b1d0eff6cd4afb87293641bf6b29e3: Bootstrap starting.
I20260630 12:17:45.956846 18156 tablet_bootstrap.cc:492] T af6f71da5e794ae887ebc403a4272e56 P dad734a483f045f7a73e052ea056d4ce: Bootstrap starting.
I20260630 12:17:45.958092 18157 tablet_bootstrap.cc:654] T af6f71da5e794ae887ebc403a4272e56 P 94b1d0eff6cd4afb87293641bf6b29e3: Neither blocks nor log segments found. Creating new log.
I20260630 12:17:45.963600 18155 tablet_bootstrap.cc:492] T af6f71da5e794ae887ebc403a4272e56 P 7fafa57535d54d058ea55bb8124f2acd: No bootstrap required, opened a new log
I20260630 12:17:45.964073 18155 ts_tablet_manager.cc:1403] T af6f71da5e794ae887ebc403a4272e56 P 7fafa57535d54d058ea55bb8124f2acd: Time spent bootstrapping tablet: real 0.077s	user 0.011s	sys 0.000s
I20260630 12:17:45.966467 18156 tablet_bootstrap.cc:654] T af6f71da5e794ae887ebc403a4272e56 P dad734a483f045f7a73e052ea056d4ce: Neither blocks nor log segments found. Creating new log.
I20260630 12:17:45.966471 18155 raft_consensus.cc:359] T af6f71da5e794ae887ebc403a4272e56 P 7fafa57535d54d058ea55bb8124f2acd [term 0 FOLLOWER]: Replica starting. Triggering 0 pending ops. Active config: opid_index: -1 OBSOLETE_local: false peers { permanent_uuid: "94b1d0eff6cd4afb87293641bf6b29e3" member_type: VOTER last_known_addr { host: "127.13.39.65" port: 41311 } } peers { permanent_uuid: "dad734a483f045f7a73e052ea056d4ce" member_type: VOTER last_known_addr { host: "127.13.39.66" port: 35441 } } peers { permanent_uuid: "7fafa57535d54d058ea55bb8124f2acd" member_type: VOTER last_known_addr { host: "127.13.39.67" port: 34505 } }
I20260630 12:17:45.967648 18155 raft_consensus.cc:385] T af6f71da5e794ae887ebc403a4272e56 P 7fafa57535d54d058ea55bb8124f2acd [term 0 FOLLOWER]: Consensus starting up: Expiring failure detector timer to make a prompt election more likely
I20260630 12:17:45.967981 18155 raft_consensus.cc:740] T af6f71da5e794ae887ebc403a4272e56 P 7fafa57535d54d058ea55bb8124f2acd [term 0 FOLLOWER]: Becoming Follower/Learner. State: Replica: 7fafa57535d54d058ea55bb8124f2acd, State: Initialized, Role: FOLLOWER
I20260630 12:17:45.968870 18155 consensus_queue.cc:260] T af6f71da5e794ae887ebc403a4272e56 P 7fafa57535d54d058ea55bb8124f2acd [NON_LEADER]: Queue going to NON_LEADER mode. State: All replicated index: 0, Majority replicated index: 0, Committed index: 0, Last appended: 0.0, Last appended by leader: 0, Current term: 0, Majority size: -1, State: 0, Mode: NON_LEADER, active raft config: opid_index: -1 OBSOLETE_local: false peers { permanent_uuid: "94b1d0eff6cd4afb87293641bf6b29e3" member_type: VOTER last_known_addr { host: "127.13.39.65" port: 41311 } } peers { permanent_uuid: "dad734a483f045f7a73e052ea056d4ce" member_type: VOTER last_known_addr { host: "127.13.39.66" port: 35441 } } peers { permanent_uuid: "7fafa57535d54d058ea55bb8124f2acd" member_type: VOTER last_known_addr { host: "127.13.39.67" port: 34505 } }
I20260630 12:17:45.982802 18157 tablet_bootstrap.cc:492] T af6f71da5e794ae887ebc403a4272e56 P 94b1d0eff6cd4afb87293641bf6b29e3: No bootstrap required, opened a new log
I20260630 12:17:45.983042 18156 tablet_bootstrap.cc:492] T af6f71da5e794ae887ebc403a4272e56 P dad734a483f045f7a73e052ea056d4ce: No bootstrap required, opened a new log
I20260630 12:17:45.983237 18155 ts_tablet_manager.cc:1434] T af6f71da5e794ae887ebc403a4272e56 P 7fafa57535d54d058ea55bb8124f2acd: Time spent starting tablet: real 0.019s	user 0.016s	sys 0.005s
I20260630 12:17:45.983531 18156 ts_tablet_manager.cc:1403] T af6f71da5e794ae887ebc403a4272e56 P dad734a483f045f7a73e052ea056d4ce: Time spent bootstrapping tablet: real 0.027s	user 0.015s	sys 0.008s
I20260630 12:17:45.983346 18157 ts_tablet_manager.cc:1403] T af6f71da5e794ae887ebc403a4272e56 P 94b1d0eff6cd4afb87293641bf6b29e3: Time spent bootstrapping tablet: real 0.045s	user 0.018s	sys 0.012s
I20260630 12:17:45.984628 18155 tablet_bootstrap.cc:492] T 6506713cbd04409ea4dd633c454bfee2 P 7fafa57535d54d058ea55bb8124f2acd: Bootstrap starting.
I20260630 12:17:45.986629 18156 raft_consensus.cc:359] T af6f71da5e794ae887ebc403a4272e56 P dad734a483f045f7a73e052ea056d4ce [term 0 FOLLOWER]: Replica starting. Triggering 0 pending ops. Active config: opid_index: -1 OBSOLETE_local: false peers { permanent_uuid: "94b1d0eff6cd4afb87293641bf6b29e3" member_type: VOTER last_known_addr { host: "127.13.39.65" port: 41311 } } peers { permanent_uuid: "dad734a483f045f7a73e052ea056d4ce" member_type: VOTER last_known_addr { host: "127.13.39.66" port: 35441 } } peers { permanent_uuid: "7fafa57535d54d058ea55bb8124f2acd" member_type: VOTER last_known_addr { host: "127.13.39.67" port: 34505 } }
I20260630 12:17:45.986886 18157 raft_consensus.cc:359] T af6f71da5e794ae887ebc403a4272e56 P 94b1d0eff6cd4afb87293641bf6b29e3 [term 0 FOLLOWER]: Replica starting. Triggering 0 pending ops. Active config: opid_index: -1 OBSOLETE_local: false peers { permanent_uuid: "94b1d0eff6cd4afb87293641bf6b29e3" member_type: VOTER last_known_addr { host: "127.13.39.65" port: 41311 } } peers { permanent_uuid: "dad734a483f045f7a73e052ea056d4ce" member_type: VOTER last_known_addr { host: "127.13.39.66" port: 35441 } } peers { permanent_uuid: "7fafa57535d54d058ea55bb8124f2acd" member_type: VOTER last_known_addr { host: "127.13.39.67" port: 34505 } }
I20260630 12:17:45.987424 18156 raft_consensus.cc:385] T af6f71da5e794ae887ebc403a4272e56 P dad734a483f045f7a73e052ea056d4ce [term 0 FOLLOWER]: Consensus starting up: Expiring failure detector timer to make a prompt election more likely
I20260630 12:17:45.987674 18157 raft_consensus.cc:385] T af6f71da5e794ae887ebc403a4272e56 P 94b1d0eff6cd4afb87293641bf6b29e3 [term 0 FOLLOWER]: Consensus starting up: Expiring failure detector timer to make a prompt election more likely
I20260630 12:17:45.987856 18156 raft_consensus.cc:740] T af6f71da5e794ae887ebc403a4272e56 P dad734a483f045f7a73e052ea056d4ce [term 0 FOLLOWER]: Becoming Follower/Learner. State: Replica: dad734a483f045f7a73e052ea056d4ce, State: Initialized, Role: FOLLOWER
I20260630 12:17:45.988082 18157 raft_consensus.cc:740] T af6f71da5e794ae887ebc403a4272e56 P 94b1d0eff6cd4afb87293641bf6b29e3 [term 0 FOLLOWER]: Becoming Follower/Learner. State: Replica: 94b1d0eff6cd4afb87293641bf6b29e3, State: Initialized, Role: FOLLOWER
I20260630 12:17:45.988911 18156 consensus_queue.cc:260] T af6f71da5e794ae887ebc403a4272e56 P dad734a483f045f7a73e052ea056d4ce [NON_LEADER]: Queue going to NON_LEADER mode. State: All replicated index: 0, Majority replicated index: 0, Committed index: 0, Last appended: 0.0, Last appended by leader: 0, Current term: 0, Majority size: -1, State: 0, Mode: NON_LEADER, active raft config: opid_index: -1 OBSOLETE_local: false peers { permanent_uuid: "94b1d0eff6cd4afb87293641bf6b29e3" member_type: VOTER last_known_addr { host: "127.13.39.65" port: 41311 } } peers { permanent_uuid: "dad734a483f045f7a73e052ea056d4ce" member_type: VOTER last_known_addr { host: "127.13.39.66" port: 35441 } } peers { permanent_uuid: "7fafa57535d54d058ea55bb8124f2acd" member_type: VOTER last_known_addr { host: "127.13.39.67" port: 34505 } }
I20260630 12:17:45.989113 18157 consensus_queue.cc:260] T af6f71da5e794ae887ebc403a4272e56 P 94b1d0eff6cd4afb87293641bf6b29e3 [NON_LEADER]: Queue going to NON_LEADER mode. State: All replicated index: 0, Majority replicated index: 0, Committed index: 0, Last appended: 0.0, Last appended by leader: 0, Current term: 0, Majority size: -1, State: 0, Mode: NON_LEADER, active raft config: opid_index: -1 OBSOLETE_local: false peers { permanent_uuid: "94b1d0eff6cd4afb87293641bf6b29e3" member_type: VOTER last_known_addr { host: "127.13.39.65" port: 41311 } } peers { permanent_uuid: "dad734a483f045f7a73e052ea056d4ce" member_type: VOTER last_known_addr { host: "127.13.39.66" port: 35441 } } peers { permanent_uuid: "7fafa57535d54d058ea55bb8124f2acd" member_type: VOTER last_known_addr { host: "127.13.39.67" port: 34505 } }
I20260630 12:17:45.993029 18155 tablet_bootstrap.cc:654] T 6506713cbd04409ea4dd633c454bfee2 P 7fafa57535d54d058ea55bb8124f2acd: Neither blocks nor log segments found. Creating new log.
I20260630 12:17:45.998607 18156 ts_tablet_manager.cc:1434] T af6f71da5e794ae887ebc403a4272e56 P dad734a483f045f7a73e052ea056d4ce: Time spent starting tablet: real 0.015s	user 0.007s	sys 0.008s
I20260630 12:17:45.999678 18156 tablet_bootstrap.cc:492] T d74ec2da0f594f4a91d228749456e307 P dad734a483f045f7a73e052ea056d4ce: Bootstrap starting.
I20260630 12:17:46.005162 18157 ts_tablet_manager.cc:1434] T af6f71da5e794ae887ebc403a4272e56 P 94b1d0eff6cd4afb87293641bf6b29e3: Time spent starting tablet: real 0.021s	user 0.006s	sys 0.013s
I20260630 12:17:46.006541 18157 tablet_bootstrap.cc:492] T ed931699f2a74c07a08c15f7a63149de P 94b1d0eff6cd4afb87293641bf6b29e3: Bootstrap starting.
I20260630 12:17:46.014748 18157 tablet_bootstrap.cc:654] T ed931699f2a74c07a08c15f7a63149de P 94b1d0eff6cd4afb87293641bf6b29e3: Neither blocks nor log segments found. Creating new log.
I20260630 12:17:46.015230 18156 tablet_bootstrap.cc:654] T d74ec2da0f594f4a91d228749456e307 P dad734a483f045f7a73e052ea056d4ce: Neither blocks nor log segments found. Creating new log.
I20260630 12:17:46.021198 18155 tablet_bootstrap.cc:492] T 6506713cbd04409ea4dd633c454bfee2 P 7fafa57535d54d058ea55bb8124f2acd: No bootstrap required, opened a new log
I20260630 12:17:46.021639 18155 ts_tablet_manager.cc:1403] T 6506713cbd04409ea4dd633c454bfee2 P 7fafa57535d54d058ea55bb8124f2acd: Time spent bootstrapping tablet: real 0.037s	user 0.009s	sys 0.024s
I20260630 12:17:46.021939 18156 tablet_bootstrap.cc:492] T d74ec2da0f594f4a91d228749456e307 P dad734a483f045f7a73e052ea056d4ce: No bootstrap required, opened a new log
I20260630 12:17:46.022373 18156 ts_tablet_manager.cc:1403] T d74ec2da0f594f4a91d228749456e307 P dad734a483f045f7a73e052ea056d4ce: Time spent bootstrapping tablet: real 0.023s	user 0.003s	sys 0.007s
I20260630 12:17:46.023792 18155 raft_consensus.cc:359] T 6506713cbd04409ea4dd633c454bfee2 P 7fafa57535d54d058ea55bb8124f2acd [term 0 FOLLOWER]: Replica starting. Triggering 0 pending ops. Active config: opid_index: -1 OBSOLETE_local: false peers { permanent_uuid: "94b1d0eff6cd4afb87293641bf6b29e3" member_type: VOTER last_known_addr { host: "127.13.39.65" port: 41311 } } peers { permanent_uuid: "dad734a483f045f7a73e052ea056d4ce" member_type: VOTER last_known_addr { host: "127.13.39.66" port: 35441 } } peers { permanent_uuid: "7fafa57535d54d058ea55bb8124f2acd" member_type: VOTER last_known_addr { host: "127.13.39.67" port: 34505 } }
I20260630 12:17:46.024334 18155 raft_consensus.cc:385] T 6506713cbd04409ea4dd633c454bfee2 P 7fafa57535d54d058ea55bb8124f2acd [term 0 FOLLOWER]: Consensus starting up: Expiring failure detector timer to make a prompt election more likely
I20260630 12:17:46.024725 18155 raft_consensus.cc:740] T 6506713cbd04409ea4dd633c454bfee2 P 7fafa57535d54d058ea55bb8124f2acd [term 0 FOLLOWER]: Becoming Follower/Learner. State: Replica: 7fafa57535d54d058ea55bb8124f2acd, State: Initialized, Role: FOLLOWER
I20260630 12:17:46.024470 18156 raft_consensus.cc:359] T d74ec2da0f594f4a91d228749456e307 P dad734a483f045f7a73e052ea056d4ce [term 0 FOLLOWER]: Replica starting. Triggering 0 pending ops. Active config: opid_index: -1 OBSOLETE_local: false peers { permanent_uuid: "94b1d0eff6cd4afb87293641bf6b29e3" member_type: VOTER last_known_addr { host: "127.13.39.65" port: 41311 } } peers { permanent_uuid: "dad734a483f045f7a73e052ea056d4ce" member_type: VOTER last_known_addr { host: "127.13.39.66" port: 35441 } } peers { permanent_uuid: "7fafa57535d54d058ea55bb8124f2acd" member_type: VOTER last_known_addr { host: "127.13.39.67" port: 34505 } }
I20260630 12:17:46.025343 18156 raft_consensus.cc:385] T d74ec2da0f594f4a91d228749456e307 P dad734a483f045f7a73e052ea056d4ce [term 0 FOLLOWER]: Consensus starting up: Expiring failure detector timer to make a prompt election more likely
I20260630 12:17:46.025600 18156 raft_consensus.cc:740] T d74ec2da0f594f4a91d228749456e307 P dad734a483f045f7a73e052ea056d4ce [term 0 FOLLOWER]: Becoming Follower/Learner. State: Replica: dad734a483f045f7a73e052ea056d4ce, State: Initialized, Role: FOLLOWER
I20260630 12:17:46.025672 18155 consensus_queue.cc:260] T 6506713cbd04409ea4dd633c454bfee2 P 7fafa57535d54d058ea55bb8124f2acd [NON_LEADER]: Queue going to NON_LEADER mode. State: All replicated index: 0, Majority replicated index: 0, Committed index: 0, Last appended: 0.0, Last appended by leader: 0, Current term: 0, Majority size: -1, State: 0, Mode: NON_LEADER, active raft config: opid_index: -1 OBSOLETE_local: false peers { permanent_uuid: "94b1d0eff6cd4afb87293641bf6b29e3" member_type: VOTER last_known_addr { host: "127.13.39.65" port: 41311 } } peers { permanent_uuid: "dad734a483f045f7a73e052ea056d4ce" member_type: VOTER last_known_addr { host: "127.13.39.66" port: 35441 } } peers { permanent_uuid: "7fafa57535d54d058ea55bb8124f2acd" member_type: VOTER last_known_addr { host: "127.13.39.67" port: 34505 } }
I20260630 12:17:46.026232 18156 consensus_queue.cc:260] T d74ec2da0f594f4a91d228749456e307 P dad734a483f045f7a73e052ea056d4ce [NON_LEADER]: Queue going to NON_LEADER mode. State: All replicated index: 0, Majority replicated index: 0, Committed index: 0, Last appended: 0.0, Last appended by leader: 0, Current term: 0, Majority size: -1, State: 0, Mode: NON_LEADER, active raft config: opid_index: -1 OBSOLETE_local: false peers { permanent_uuid: "94b1d0eff6cd4afb87293641bf6b29e3" member_type: VOTER last_known_addr { host: "127.13.39.65" port: 41311 } } peers { permanent_uuid: "dad734a483f045f7a73e052ea056d4ce" member_type: VOTER last_known_addr { host: "127.13.39.66" port: 35441 } } peers { permanent_uuid: "7fafa57535d54d058ea55bb8124f2acd" member_type: VOTER last_known_addr { host: "127.13.39.67" port: 34505 } }
I20260630 12:17:46.026899 18157 tablet_bootstrap.cc:492] T ed931699f2a74c07a08c15f7a63149de P 94b1d0eff6cd4afb87293641bf6b29e3: No bootstrap required, opened a new log
I20260630 12:17:46.027442 18157 ts_tablet_manager.cc:1403] T ed931699f2a74c07a08c15f7a63149de P 94b1d0eff6cd4afb87293641bf6b29e3: Time spent bootstrapping tablet: real 0.021s	user 0.013s	sys 0.003s
I20260630 12:17:46.027966 18155 ts_tablet_manager.cc:1434] T 6506713cbd04409ea4dd633c454bfee2 P 7fafa57535d54d058ea55bb8124f2acd: Time spent starting tablet: real 0.006s	user 0.005s	sys 0.000s
I20260630 12:17:46.028955 18155 tablet_bootstrap.cc:492] T 076eca9f01c5461e8fb629a10b10b89d P 7fafa57535d54d058ea55bb8124f2acd: Bootstrap starting.
I20260630 12:17:46.030385 18157 raft_consensus.cc:359] T ed931699f2a74c07a08c15f7a63149de P 94b1d0eff6cd4afb87293641bf6b29e3 [term 0 FOLLOWER]: Replica starting. Triggering 0 pending ops. Active config: opid_index: -1 OBSOLETE_local: false peers { permanent_uuid: "7fafa57535d54d058ea55bb8124f2acd" member_type: VOTER last_known_addr { host: "127.13.39.67" port: 34505 } } peers { permanent_uuid: "dad734a483f045f7a73e052ea056d4ce" member_type: VOTER last_known_addr { host: "127.13.39.66" port: 35441 } } peers { permanent_uuid: "94b1d0eff6cd4afb87293641bf6b29e3" member_type: VOTER last_known_addr { host: "127.13.39.65" port: 41311 } }
I20260630 12:17:46.031145 18157 raft_consensus.cc:385] T ed931699f2a74c07a08c15f7a63149de P 94b1d0eff6cd4afb87293641bf6b29e3 [term 0 FOLLOWER]: Consensus starting up: Expiring failure detector timer to make a prompt election more likely
I20260630 12:17:46.031569 18157 raft_consensus.cc:740] T ed931699f2a74c07a08c15f7a63149de P 94b1d0eff6cd4afb87293641bf6b29e3 [term 0 FOLLOWER]: Becoming Follower/Learner. State: Replica: 94b1d0eff6cd4afb87293641bf6b29e3, State: Initialized, Role: FOLLOWER
I20260630 12:17:46.031781 18156 ts_tablet_manager.cc:1434] T d74ec2da0f594f4a91d228749456e307 P dad734a483f045f7a73e052ea056d4ce: Time spent starting tablet: real 0.009s	user 0.005s	sys 0.001s
I20260630 12:17:46.032795 18156 tablet_bootstrap.cc:492] T 076eca9f01c5461e8fb629a10b10b89d P dad734a483f045f7a73e052ea056d4ce: Bootstrap starting.
I20260630 12:17:46.032661 18157 consensus_queue.cc:260] T ed931699f2a74c07a08c15f7a63149de P 94b1d0eff6cd4afb87293641bf6b29e3 [NON_LEADER]: Queue going to NON_LEADER mode. State: All replicated index: 0, Majority replicated index: 0, Committed index: 0, Last appended: 0.0, Last appended by leader: 0, Current term: 0, Majority size: -1, State: 0, Mode: NON_LEADER, active raft config: opid_index: -1 OBSOLETE_local: false peers { permanent_uuid: "7fafa57535d54d058ea55bb8124f2acd" member_type: VOTER last_known_addr { host: "127.13.39.67" port: 34505 } } peers { permanent_uuid: "dad734a483f045f7a73e052ea056d4ce" member_type: VOTER last_known_addr { host: "127.13.39.66" port: 35441 } } peers { permanent_uuid: "94b1d0eff6cd4afb87293641bf6b29e3" member_type: VOTER last_known_addr { host: "127.13.39.65" port: 41311 } }
I20260630 12:17:46.035909 18155 tablet_bootstrap.cc:654] T 076eca9f01c5461e8fb629a10b10b89d P 7fafa57535d54d058ea55bb8124f2acd: Neither blocks nor log segments found. Creating new log.
I20260630 12:17:46.036826 18157 ts_tablet_manager.cc:1434] T ed931699f2a74c07a08c15f7a63149de P 94b1d0eff6cd4afb87293641bf6b29e3: Time spent starting tablet: real 0.009s	user 0.003s	sys 0.003s
I20260630 12:17:46.037885 18157 tablet_bootstrap.cc:492] T d74ec2da0f594f4a91d228749456e307 P 94b1d0eff6cd4afb87293641bf6b29e3: Bootstrap starting.
I20260630 12:17:46.039403 18156 tablet_bootstrap.cc:654] T 076eca9f01c5461e8fb629a10b10b89d P dad734a483f045f7a73e052ea056d4ce: Neither blocks nor log segments found. Creating new log.
I20260630 12:17:46.045595 18157 tablet_bootstrap.cc:654] T d74ec2da0f594f4a91d228749456e307 P 94b1d0eff6cd4afb87293641bf6b29e3: Neither blocks nor log segments found. Creating new log.
I20260630 12:17:46.047504 18155 tablet_bootstrap.cc:492] T 076eca9f01c5461e8fb629a10b10b89d P 7fafa57535d54d058ea55bb8124f2acd: No bootstrap required, opened a new log
I20260630 12:17:46.048010 18155 ts_tablet_manager.cc:1403] T 076eca9f01c5461e8fb629a10b10b89d P 7fafa57535d54d058ea55bb8124f2acd: Time spent bootstrapping tablet: real 0.019s	user 0.009s	sys 0.007s
I20260630 12:17:46.051591 18155 raft_consensus.cc:359] T 076eca9f01c5461e8fb629a10b10b89d P 7fafa57535d54d058ea55bb8124f2acd [term 0 FOLLOWER]: Replica starting. Triggering 0 pending ops. Active config: opid_index: -1 OBSOLETE_local: false peers { permanent_uuid: "94b1d0eff6cd4afb87293641bf6b29e3" member_type: VOTER last_known_addr { host: "127.13.39.65" port: 41311 } } peers { permanent_uuid: "dad734a483f045f7a73e052ea056d4ce" member_type: VOTER last_known_addr { host: "127.13.39.66" port: 35441 } } peers { permanent_uuid: "7fafa57535d54d058ea55bb8124f2acd" member_type: VOTER last_known_addr { host: "127.13.39.67" port: 34505 } }
I20260630 12:17:46.052709 18155 raft_consensus.cc:385] T 076eca9f01c5461e8fb629a10b10b89d P 7fafa57535d54d058ea55bb8124f2acd [term 0 FOLLOWER]: Consensus starting up: Expiring failure detector timer to make a prompt election more likely
I20260630 12:17:46.053078 18155 raft_consensus.cc:740] T 076eca9f01c5461e8fb629a10b10b89d P 7fafa57535d54d058ea55bb8124f2acd [term 0 FOLLOWER]: Becoming Follower/Learner. State: Replica: 7fafa57535d54d058ea55bb8124f2acd, State: Initialized, Role: FOLLOWER
I20260630 12:17:46.054185 18155 consensus_queue.cc:260] T 076eca9f01c5461e8fb629a10b10b89d P 7fafa57535d54d058ea55bb8124f2acd [NON_LEADER]: Queue going to NON_LEADER mode. State: All replicated index: 0, Majority replicated index: 0, Committed index: 0, Last appended: 0.0, Last appended by leader: 0, Current term: 0, Majority size: -1, State: 0, Mode: NON_LEADER, active raft config: opid_index: -1 OBSOLETE_local: false peers { permanent_uuid: "94b1d0eff6cd4afb87293641bf6b29e3" member_type: VOTER last_known_addr { host: "127.13.39.65" port: 41311 } } peers { permanent_uuid: "dad734a483f045f7a73e052ea056d4ce" member_type: VOTER last_known_addr { host: "127.13.39.66" port: 35441 } } peers { permanent_uuid: "7fafa57535d54d058ea55bb8124f2acd" member_type: VOTER last_known_addr { host: "127.13.39.67" port: 34505 } }
I20260630 12:17:46.056401 18160 raft_consensus.cc:493] T 076eca9f01c5461e8fb629a10b10b89d P 7fafa57535d54d058ea55bb8124f2acd [term 0 FOLLOWER]: Starting pre-election (no leader contacted us within the election timeout)
I20260630 12:17:46.057016 18160 raft_consensus.cc:515] T 076eca9f01c5461e8fb629a10b10b89d P 7fafa57535d54d058ea55bb8124f2acd [term 0 FOLLOWER]: Starting pre-election with config: opid_index: -1 OBSOLETE_local: false peers { permanent_uuid: "94b1d0eff6cd4afb87293641bf6b29e3" member_type: VOTER last_known_addr { host: "127.13.39.65" port: 41311 } } peers { permanent_uuid: "dad734a483f045f7a73e052ea056d4ce" member_type: VOTER last_known_addr { host: "127.13.39.66" port: 35441 } } peers { permanent_uuid: "7fafa57535d54d058ea55bb8124f2acd" member_type: VOTER last_known_addr { host: "127.13.39.67" port: 34505 } }
I20260630 12:17:46.060375 18156 tablet_bootstrap.cc:492] T 076eca9f01c5461e8fb629a10b10b89d P dad734a483f045f7a73e052ea056d4ce: No bootstrap required, opened a new log
