I20260630 12:17:07.275265 16709 raft_consensus.cc:697] T bb10cc1897324744a3b03f14dff43b20 P 717c761df8904d1b992486843d7f7eb8 [term 1 LEADER]: Becoming Leader. State: Replica: 717c761df8904d1b992486843d7f7eb8, State: Running, Role: LEADER
I20260630 12:17:07.272789 16705 raft_consensus.cc:697] T 7f6d365247f545709473ac811945faba P 717c761df8904d1b992486843d7f7eb8 [term 1 LEADER]: Becoming Leader. State: Replica: 717c761df8904d1b992486843d7f7eb8, State: Running, Role: LEADER
I20260630 12:17:07.268013 16689 consensus_queue.cc:237] T aa9b2e2290f8496db555fd1563cd3632 P 978bfd22439b4e37bc8b3ad6c1ee72ad [LEADER]: Queue going to LEADER mode. State: All replicated index: 0, Majority replicated index: 0, Committed index: 0, Last appended: 0.0, Last appended by leader: 0, Current term: 1, Majority size: 2, State: 0, Mode: LEADER, active raft config: opid_index: -1 OBSOLETE_local: false peers { permanent_uuid: "c17d05734fc04b2a91c120d323b00a30" member_type: VOTER last_known_addr { host: "127.13.49.193" port: 38085 } } peers { permanent_uuid: "978bfd22439b4e37bc8b3ad6c1ee72ad" member_type: VOTER last_known_addr { host: "127.13.49.195" port: 44797 } } peers { permanent_uuid: "717c761df8904d1b992486843d7f7eb8" member_type: VOTER last_known_addr { host: "127.13.49.194" port: 39179 } }
I20260630 12:17:07.278929 16705 consensus_queue.cc:237] T 7f6d365247f545709473ac811945faba P 717c761df8904d1b992486843d7f7eb8 [LEADER]: Queue going to LEADER mode. State: All replicated index: 0, Majority replicated index: 0, Committed index: 0, Last appended: 0.0, Last appended by leader: 0, Current term: 1, Majority size: 2, State: 0, Mode: LEADER, active raft config: opid_index: -1 OBSOLETE_local: false peers { permanent_uuid: "c17d05734fc04b2a91c120d323b00a30" member_type: VOTER last_known_addr { host: "127.13.49.193" port: 38085 } } peers { permanent_uuid: "717c761df8904d1b992486843d7f7eb8" member_type: VOTER last_known_addr { host: "127.13.49.194" port: 39179 } } peers { permanent_uuid: "978bfd22439b4e37bc8b3ad6c1ee72ad" member_type: VOTER last_known_addr { host: "127.13.49.195" port: 44797 } }
I20260630 12:17:07.280359 16438 auto_leader_rebalancer.cc:141] leader rebalance for table range_aware_rebalance_new_range
I20260630 12:17:07.283489 16721 leader_election.cc:290] T bd4cb8abc4634a5bbd70f21a1e69118c P 978bfd22439b4e37bc8b3ad6c1ee72ad [CANDIDATE]: Term 1 pre-election: Requested pre-vote from peers c17d05734fc04b2a91c120d323b00a30 (127.13.49.193:38085), 717c761df8904d1b992486843d7f7eb8 (127.13.49.194:39179)
I20260630 12:17:07.283762 16716 raft_consensus.cc:515] T bb10cc1897324744a3b03f14dff43b20 P 978bfd22439b4e37bc8b3ad6c1ee72ad [term 1 FOLLOWER]: Starting leader election with config: opid_index: -1 OBSOLETE_local: false peers { permanent_uuid: "c17d05734fc04b2a91c120d323b00a30" member_type: VOTER last_known_addr { host: "127.13.49.193" port: 38085 } } peers { permanent_uuid: "717c761df8904d1b992486843d7f7eb8" member_type: VOTER last_known_addr { host: "127.13.49.194" port: 39179 } } peers { permanent_uuid: "978bfd22439b4e37bc8b3ad6c1ee72ad" member_type: VOTER last_known_addr { host: "127.13.49.195" port: 44797 } }
I20260630 12:17:07.284960 16635 raft_consensus.cc:2393] T bb10cc1897324744a3b03f14dff43b20 P 978bfd22439b4e37bc8b3ad6c1ee72ad [term 1 FOLLOWER]: Leader election vote request: Denying vote to candidate 717c761df8904d1b992486843d7f7eb8 in current term 1: Already voted for candidate 978bfd22439b4e37bc8b3ad6c1ee72ad in this term.
I20260630 12:17:07.284802 16709 consensus_queue.cc:237] T bb10cc1897324744a3b03f14dff43b20 P 717c761df8904d1b992486843d7f7eb8 [LEADER]: Queue going to LEADER mode. State: All replicated index: 0, Majority replicated index: 0, Committed index: 0, Last appended: 0.0, Last appended by leader: 0, Current term: 1, Majority size: 2, State: 0, Mode: LEADER, active raft config: opid_index: -1 OBSOLETE_local: false peers { permanent_uuid: "c17d05734fc04b2a91c120d323b00a30" member_type: VOTER last_known_addr { host: "127.13.49.193" port: 38085 } } peers { permanent_uuid: "717c761df8904d1b992486843d7f7eb8" member_type: VOTER last_known_addr { host: "127.13.49.194" port: 39179 } } peers { permanent_uuid: "978bfd22439b4e37bc8b3ad6c1ee72ad" member_type: VOTER last_known_addr { host: "127.13.49.195" port: 44797 } }
I20260630 12:17:07.285004 16560 tablet_service.cc:1917] Received RequestConsensusVote() RPC: tablet_id: "bd4cb8abc4634a5bbd70f21a1e69118c" candidate_uuid: "978bfd22439b4e37bc8b3ad6c1ee72ad" candidate_term: 1 candidate_status { last_received { term: 0 index: 0 } } ignore_live_leader: false dest_uuid: "717c761df8904d1b992486843d7f7eb8" is_pre_election: true
I20260630 12:17:07.285742 16560 raft_consensus.cc:2468] T bd4cb8abc4634a5bbd70f21a1e69118c P 717c761df8904d1b992486843d7f7eb8 [term 0 FOLLOWER]: Leader pre-election vote request: Granting yes vote for candidate 978bfd22439b4e37bc8b3ad6c1ee72ad in term 0.
I20260630 12:17:07.276588 16682 consensus_queue.cc:260] T beb5db35f6684b7ab489f861db2adeee P 978bfd22439b4e37bc8b3ad6c1ee72ad [NON_LEADER]: Queue going to NON_LEADER mode. State: All replicated index: 0, Majority replicated index: 0, Committed index: 0, Last appended: 0.0, Last appended by leader: 0, Current term: 0, Majority size: -1, State: 0, Mode: NON_LEADER, active raft config: opid_index: -1 OBSOLETE_local: false peers { permanent_uuid: "c17d05734fc04b2a91c120d323b00a30" member_type: VOTER last_known_addr { host: "127.13.49.193" port: 38085 } } peers { permanent_uuid: "717c761df8904d1b992486843d7f7eb8" member_type: VOTER last_known_addr { host: "127.13.49.194" port: 39179 } } peers { permanent_uuid: "978bfd22439b4e37bc8b3ad6c1ee72ad" member_type: VOTER last_known_addr { host: "127.13.49.195" port: 44797 } }
I20260630 12:17:07.287213 16600 leader_election.cc:304] T bd4cb8abc4634a5bbd70f21a1e69118c P 978bfd22439b4e37bc8b3ad6c1ee72ad [CANDIDATE]: Term 1 pre-election: Election decided. Result: candidate won. Election summary: received 2 responses out of 3 voters: 2 yes votes; 0 no votes. yes voters: 717c761df8904d1b992486843d7f7eb8, 978bfd22439b4e37bc8b3ad6c1ee72ad; no voters: 
I20260630 12:17:07.287889 16560 tablet_service.cc:1917] Received RequestConsensusVote() RPC: tablet_id: "6a276cdab7b744afb7e83a418a244a1a" candidate_uuid: "c17d05734fc04b2a91c120d323b00a30" candidate_term: 1 candidate_status { last_received { term: 0 index: 0 } } ignore_live_leader: false dest_uuid: "717c761df8904d1b992486843d7f7eb8"
I20260630 12:17:07.288260 16716 leader_election.cc:290] T bb10cc1897324744a3b03f14dff43b20 P 978bfd22439b4e37bc8b3ad6c1ee72ad [CANDIDATE]: Term 1 election: Requested vote from peers c17d05734fc04b2a91c120d323b00a30 (127.13.49.193:38085), 717c761df8904d1b992486843d7f7eb8 (127.13.49.194:39179)
I20260630 12:17:07.288967 16716 raft_consensus.cc:2804] T bd4cb8abc4634a5bbd70f21a1e69118c P 978bfd22439b4e37bc8b3ad6c1ee72ad [term 0 FOLLOWER]: Leader pre-election won for term 1
I20260630 12:17:07.289287 16716 raft_consensus.cc:493] T bd4cb8abc4634a5bbd70f21a1e69118c P 978bfd22439b4e37bc8b3ad6c1ee72ad [term 0 FOLLOWER]: Starting leader election (no leader contacted us within the election timeout)
W20260630 12:17:07.289252 16451 leader_election.cc:343] T 6a276cdab7b744afb7e83a418a244a1a P c17d05734fc04b2a91c120d323b00a30 [CANDIDATE]: Term 1 election: Tablet error from VoteRequest() call to peer 717c761df8904d1b992486843d7f7eb8 (127.13.49.194:39179): Illegal state: must be running to vote when last-logged opid is not known
I20260630 12:17:07.289829 16716 raft_consensus.cc:3060] T bd4cb8abc4634a5bbd70f21a1e69118c P 978bfd22439b4e37bc8b3ad6c1ee72ad [term 0 FOLLOWER]: Advancing to term 1
I20260630 12:17:07.295292 16560 tablet_service.cc:1917] Received RequestConsensusVote() RPC: tablet_id: "bb10cc1897324744a3b03f14dff43b20" candidate_uuid: "978bfd22439b4e37bc8b3ad6c1ee72ad" candidate_term: 1 candidate_status { last_received { term: 0 index: 0 } } ignore_live_leader: false dest_uuid: "717c761df8904d1b992486843d7f7eb8"
I20260630 12:17:07.289443 16682 ts_tablet_manager.cc:1434] T beb5db35f6684b7ab489f861db2adeee P 978bfd22439b4e37bc8b3ad6c1ee72ad: Time spent starting tablet: real 0.058s	user 0.004s	sys 0.003s
I20260630 12:17:07.297354 16682 tablet_bootstrap.cc:492] T 0659d80c322a431082778f1c4533066e P 978bfd22439b4e37bc8b3ad6c1ee72ad: Bootstrap starting.
W20260630 12:17:07.301407 16433 auto_rebalancer.cc:298] Could not retrieve cluster info: Service unavailable: Tablet not running
I20260630 12:17:07.300246 16599 leader_election.cc:304] T 6a276cdab7b744afb7e83a418a244a1a P 978bfd22439b4e37bc8b3ad6c1ee72ad [CANDIDATE]: Term 1 pre-election: Election decided. Result: candidate lost. Election summary: received 3 responses out of 3 voters: 1 yes votes; 2 no votes. yes voters: 978bfd22439b4e37bc8b3ad6c1ee72ad; no voters: 717c761df8904d1b992486843d7f7eb8, c17d05734fc04b2a91c120d323b00a30
W20260630 12:17:07.302443 16438 auto_leader_rebalancer.cc:524] the master instance isn't leader: Service unavailable: Tablet not running
I20260630 12:17:07.303236 16681 tablet_bootstrap.cc:654] T beb5db35f6684b7ab489f861db2adeee P c17d05734fc04b2a91c120d323b00a30: Neither blocks nor log segments found. Creating new log.
I20260630 12:17:07.303862 16487 tablet_service.cc:1917] Received RequestConsensusVote() RPC: tablet_id: "bd4cb8abc4634a5bbd70f21a1e69118c" candidate_uuid: "978bfd22439b4e37bc8b3ad6c1ee72ad" candidate_term: 1 candidate_status { last_received { term: 0 index: 0 } } ignore_live_leader: false dest_uuid: "c17d05734fc04b2a91c120d323b00a30" is_pre_election: true
I20260630 12:17:07.304492 16487 raft_consensus.cc:2468] T bd4cb8abc4634a5bbd70f21a1e69118c P c17d05734fc04b2a91c120d323b00a30 [term 0 FOLLOWER]: Leader pre-election vote request: Granting yes vote for candidate 978bfd22439b4e37bc8b3ad6c1ee72ad in term 0.
I20260630 12:17:07.305428 16486 tablet_service.cc:1917] Received RequestConsensusVote() RPC: tablet_id: "bb10cc1897324744a3b03f14dff43b20" candidate_uuid: "978bfd22439b4e37bc8b3ad6c1ee72ad" candidate_term: 1 candidate_status { last_received { term: 0 index: 0 } } ignore_live_leader: false dest_uuid: "c17d05734fc04b2a91c120d323b00a30"
I20260630 12:17:07.306414 16486 raft_consensus.cc:2393] T bb10cc1897324744a3b03f14dff43b20 P c17d05734fc04b2a91c120d323b00a30 [term 1 FOLLOWER]: Leader election vote request: Denying vote to candidate 978bfd22439b4e37bc8b3ad6c1ee72ad in current term 1: Already voted for candidate 717c761df8904d1b992486843d7f7eb8 in this term.
I20260630 12:17:07.308781 16599 leader_election.cc:304] T bb10cc1897324744a3b03f14dff43b20 P 978bfd22439b4e37bc8b3ad6c1ee72ad [CANDIDATE]: Term 1 election: Election decided. Result: candidate lost. Election summary: received 3 responses out of 3 voters: 1 yes votes; 2 no votes. yes voters: 978bfd22439b4e37bc8b3ad6c1ee72ad; no voters: 717c761df8904d1b992486843d7f7eb8, c17d05734fc04b2a91c120d323b00a30
I20260630 12:17:07.309338 16695 leader_election.cc:290] T 6a276cdab7b744afb7e83a418a244a1a P c17d05734fc04b2a91c120d323b00a30 [CANDIDATE]: Term 1 election: Requested vote from peers 717c761df8904d1b992486843d7f7eb8 (127.13.49.194:39179), 978bfd22439b4e37bc8b3ad6c1ee72ad (127.13.49.195:44797)
I20260630 12:17:07.310251 16683 tablet_bootstrap.cc:654] T beb5db35f6684b7ab489f861db2adeee P 717c761df8904d1b992486843d7f7eb8: Neither blocks nor log segments found. Creating new log.
I20260630 12:17:07.310755 16635 tablet_service.cc:1917] Received RequestConsensusVote() RPC: tablet_id: "6a276cdab7b744afb7e83a418a244a1a" candidate_uuid: "c17d05734fc04b2a91c120d323b00a30" candidate_term: 1 candidate_status { last_received { term: 0 index: 0 } } ignore_live_leader: false dest_uuid: "978bfd22439b4e37bc8b3ad6c1ee72ad"
I20260630 12:17:07.313427 16682 tablet_bootstrap.cc:654] T 0659d80c322a431082778f1c4533066e P 978bfd22439b4e37bc8b3ad6c1ee72ad: Neither blocks nor log segments found. Creating new log.
I20260630 12:17:07.314237 16722 raft_consensus.cc:2749] T bb10cc1897324744a3b03f14dff43b20 P 978bfd22439b4e37bc8b3ad6c1ee72ad [term 1 FOLLOWER]: Leader election lost for term 1. Reason: could not achieve majority
I20260630 12:17:07.314847 16485 raft_consensus.cc:2468] T 7f6d365247f545709473ac811945faba P c17d05734fc04b2a91c120d323b00a30 [term 1 FOLLOWER]: Leader election vote request: Granting yes vote for candidate 717c761df8904d1b992486843d7f7eb8 in term 1.
I20260630 12:17:07.317422 16716 raft_consensus.cc:515] T bd4cb8abc4634a5bbd70f21a1e69118c P 978bfd22439b4e37bc8b3ad6c1ee72ad [term 1 FOLLOWER]: Starting leader election with config: opid_index: -1 OBSOLETE_local: false peers { permanent_uuid: "c17d05734fc04b2a91c120d323b00a30" member_type: VOTER last_known_addr { host: "127.13.49.193" port: 38085 } } peers { permanent_uuid: "717c761df8904d1b992486843d7f7eb8" member_type: VOTER last_known_addr { host: "127.13.49.194" port: 39179 } } peers { permanent_uuid: "978bfd22439b4e37bc8b3ad6c1ee72ad" member_type: VOTER last_known_addr { host: "127.13.49.195" port: 44797 } }
I20260630 12:17:07.307014 16721 raft_consensus.cc:3060] T 6a276cdab7b744afb7e83a418a244a1a P 978bfd22439b4e37bc8b3ad6c1ee72ad [term 0 FOLLOWER]: Advancing to term 1
I20260630 12:17:07.321106 16485 tablet_service.cc:1917] Received RequestConsensusVote() RPC: tablet_id: "bd4cb8abc4634a5bbd70f21a1e69118c" candidate_uuid: "978bfd22439b4e37bc8b3ad6c1ee72ad" candidate_term: 1 candidate_status { last_received { term: 0 index: 0 } } ignore_live_leader: false dest_uuid: "c17d05734fc04b2a91c120d323b00a30"
I20260630 12:17:07.321220 16560 tablet_service.cc:1917] Received RequestConsensusVote() RPC: tablet_id: "bd4cb8abc4634a5bbd70f21a1e69118c" candidate_uuid: "978bfd22439b4e37bc8b3ad6c1ee72ad" candidate_term: 1 candidate_status { last_received { term: 0 index: 0 } } ignore_live_leader: false dest_uuid: "717c761df8904d1b992486843d7f7eb8"
I20260630 12:17:07.321700 16485 raft_consensus.cc:3060] T bd4cb8abc4634a5bbd70f21a1e69118c P c17d05734fc04b2a91c120d323b00a30 [term 0 FOLLOWER]: Advancing to term 1
I20260630 12:17:07.321836 16560 raft_consensus.cc:3060] T bd4cb8abc4634a5bbd70f21a1e69118c P 717c761df8904d1b992486843d7f7eb8 [term 0 FOLLOWER]: Advancing to term 1
I20260630 12:17:07.322845 16716 leader_election.cc:290] T bd4cb8abc4634a5bbd70f21a1e69118c P 978bfd22439b4e37bc8b3ad6c1ee72ad [CANDIDATE]: Term 1 election: Requested vote from peers c17d05734fc04b2a91c120d323b00a30 (127.13.49.193:38085), 717c761df8904d1b992486843d7f7eb8 (127.13.49.194:39179)
I20260630 12:17:07.333040 16560 raft_consensus.cc:2468] T bd4cb8abc4634a5bbd70f21a1e69118c P 717c761df8904d1b992486843d7f7eb8 [term 1 FOLLOWER]: Leader election vote request: Granting yes vote for candidate 978bfd22439b4e37bc8b3ad6c1ee72ad in term 1.
I20260630 12:17:07.337649 16721 raft_consensus.cc:2749] T 6a276cdab7b744afb7e83a418a244a1a P 978bfd22439b4e37bc8b3ad6c1ee72ad [term 1 FOLLOWER]: Leader pre-election lost for term 1. Reason: could not achieve majority
I20260630 12:17:07.338220 16600 leader_election.cc:304] T bd4cb8abc4634a5bbd70f21a1e69118c P 978bfd22439b4e37bc8b3ad6c1ee72ad [CANDIDATE]: Term 1 election: Election decided. Result: candidate won. Election summary: received 2 responses out of 3 voters: 2 yes votes; 0 no votes. yes voters: 717c761df8904d1b992486843d7f7eb8, 978bfd22439b4e37bc8b3ad6c1ee72ad; no voters: 
I20260630 12:17:07.340200 16716 raft_consensus.cc:2804] T bd4cb8abc4634a5bbd70f21a1e69118c P 978bfd22439b4e37bc8b3ad6c1ee72ad [term 1 FOLLOWER]: Leader election won for term 1
I20260630 12:17:07.341202 16716 raft_consensus.cc:697] T bd4cb8abc4634a5bbd70f21a1e69118c P 978bfd22439b4e37bc8b3ad6c1ee72ad [term 1 LEADER]: Becoming Leader. State: Replica: 978bfd22439b4e37bc8b3ad6c1ee72ad, State: Running, Role: LEADER
I20260630 12:17:07.345372 16682 tablet_bootstrap.cc:492] T 0659d80c322a431082778f1c4533066e P 978bfd22439b4e37bc8b3ad6c1ee72ad: No bootstrap required, opened a new log
I20260630 12:17:07.346594 16559 raft_consensus.cc:2468] T aa9b2e2290f8496db555fd1563cd3632 P 717c761df8904d1b992486843d7f7eb8 [term 1 FOLLOWER]: Leader election vote request: Granting yes vote for candidate 978bfd22439b4e37bc8b3ad6c1ee72ad in term 1.
I20260630 12:17:07.347731 16682 ts_tablet_manager.cc:1403] T 0659d80c322a431082778f1c4533066e P 978bfd22439b4e37bc8b3ad6c1ee72ad: Time spent bootstrapping tablet: real 0.051s	user 0.011s	sys 0.005s
I20260630 12:17:07.350633 16716 consensus_queue.cc:237] T bd4cb8abc4634a5bbd70f21a1e69118c P 978bfd22439b4e37bc8b3ad6c1ee72ad [LEADER]: Queue going to LEADER mode. State: All replicated index: 0, Majority replicated index: 0, Committed index: 0, Last appended: 0.0, Last appended by leader: 0, Current term: 1, Majority size: 2, State: 0, Mode: LEADER, active raft config: opid_index: -1 OBSOLETE_local: false peers { permanent_uuid: "c17d05734fc04b2a91c120d323b00a30" member_type: VOTER last_known_addr { host: "127.13.49.193" port: 38085 } } peers { permanent_uuid: "717c761df8904d1b992486843d7f7eb8" member_type: VOTER last_known_addr { host: "127.13.49.194" port: 39179 } } peers { permanent_uuid: "978bfd22439b4e37bc8b3ad6c1ee72ad" member_type: VOTER last_known_addr { host: "127.13.49.195" port: 44797 } }
I20260630 12:17:07.352156 16485 raft_consensus.cc:2468] T bd4cb8abc4634a5bbd70f21a1e69118c P c17d05734fc04b2a91c120d323b00a30 [term 1 FOLLOWER]: Leader election vote request: Granting yes vote for candidate 978bfd22439b4e37bc8b3ad6c1ee72ad in term 1.
I20260630 12:17:07.349298 16383 catalog_manager.cc:5697] T aa9b2e2290f8496db555fd1563cd3632 P 978bfd22439b4e37bc8b3ad6c1ee72ad reported cstate change: term changed from 0 to 1, leader changed from <none> to 978bfd22439b4e37bc8b3ad6c1ee72ad (127.13.49.195). New cstate: current_term: 1 leader_uuid: "978bfd22439b4e37bc8b3ad6c1ee72ad" committed_config { opid_index: -1 OBSOLETE_local: false peers { permanent_uuid: "c17d05734fc04b2a91c120d323b00a30" member_type: VOTER last_known_addr { host: "127.13.49.193" port: 38085 } health_report { overall_health: UNKNOWN } } peers { permanent_uuid: "978bfd22439b4e37bc8b3ad6c1ee72ad" member_type: VOTER last_known_addr { host: "127.13.49.195" port: 44797 } health_report { overall_health: HEALTHY } } peers { permanent_uuid: "717c761df8904d1b992486843d7f7eb8" member_type: VOTER last_known_addr { host: "127.13.49.194" port: 39179 } health_report { overall_health: UNKNOWN } } }
I20260630 12:17:07.350018 16635 raft_consensus.cc:2468] T 6a276cdab7b744afb7e83a418a244a1a P 978bfd22439b4e37bc8b3ad6c1ee72ad [term 1 FOLLOWER]: Leader election vote request: Granting yes vote for candidate c17d05734fc04b2a91c120d323b00a30 in term 1.
I20260630 12:17:07.356841 16683 tablet_bootstrap.cc:492] T beb5db35f6684b7ab489f861db2adeee P 717c761df8904d1b992486843d7f7eb8: No bootstrap required, opened a new log
I20260630 12:17:07.356495 16682 raft_consensus.cc:359] T 0659d80c322a431082778f1c4533066e P 978bfd22439b4e37bc8b3ad6c1ee72ad [term 0 FOLLOWER]: Replica starting. Triggering 0 pending ops. Active config: opid_index: -1 OBSOLETE_local: false peers { permanent_uuid: "c17d05734fc04b2a91c120d323b00a30" member_type: VOTER last_known_addr { host: "127.13.49.193" port: 38085 } } peers { permanent_uuid: "717c761df8904d1b992486843d7f7eb8" member_type: VOTER last_known_addr { host: "127.13.49.194" port: 39179 } } peers { permanent_uuid: "978bfd22439b4e37bc8b3ad6c1ee72ad" member_type: VOTER last_known_addr { host: "127.13.49.195" port: 44797 } }
I20260630 12:17:07.357280 16683 ts_tablet_manager.cc:1403] T beb5db35f6684b7ab489f861db2adeee P 717c761df8904d1b992486843d7f7eb8: Time spent bootstrapping tablet: real 0.111s	user 0.015s	sys 0.003s
I20260630 12:17:07.357213 16682 raft_consensus.cc:385] T 0659d80c322a431082778f1c4533066e P 978bfd22439b4e37bc8b3ad6c1ee72ad [term 0 FOLLOWER]: Consensus starting up: Expiring failure detector timer to make a prompt election more likely
I20260630 12:17:07.357669 16682 raft_consensus.cc:740] T 0659d80c322a431082778f1c4533066e P 978bfd22439b4e37bc8b3ad6c1ee72ad [term 0 FOLLOWER]: Becoming Follower/Learner. State: Replica: 978bfd22439b4e37bc8b3ad6c1ee72ad, State: Initialized, Role: FOLLOWER
I20260630 12:17:07.358454 16682 consensus_queue.cc:260] T 0659d80c322a431082778f1c4533066e P 978bfd22439b4e37bc8b3ad6c1ee72ad [NON_LEADER]: Queue going to NON_LEADER mode. State: All replicated index: 0, Majority replicated index: 0, Committed index: 0, Last appended: 0.0, Last appended by leader: 0, Current term: 0, Majority size: -1, State: 0, Mode: NON_LEADER, active raft config: opid_index: -1 OBSOLETE_local: false peers { permanent_uuid: "c17d05734fc04b2a91c120d323b00a30" member_type: VOTER last_known_addr { host: "127.13.49.193" port: 38085 } } peers { permanent_uuid: "717c761df8904d1b992486843d7f7eb8" member_type: VOTER last_known_addr { host: "127.13.49.194" port: 39179 } } peers { permanent_uuid: "978bfd22439b4e37bc8b3ad6c1ee72ad" member_type: VOTER last_known_addr { host: "127.13.49.195" port: 44797 } }
I20260630 12:17:07.360001 16683 raft_consensus.cc:359] T beb5db35f6684b7ab489f861db2adeee P 717c761df8904d1b992486843d7f7eb8 [term 0 FOLLOWER]: Replica starting. Triggering 0 pending ops. Active config: opid_index: -1 OBSOLETE_local: false peers { permanent_uuid: "c17d05734fc04b2a91c120d323b00a30" member_type: VOTER last_known_addr { host: "127.13.49.193" port: 38085 } } peers { permanent_uuid: "717c761df8904d1b992486843d7f7eb8" member_type: VOTER last_known_addr { host: "127.13.49.194" port: 39179 } } peers { permanent_uuid: "978bfd22439b4e37bc8b3ad6c1ee72ad" member_type: VOTER last_known_addr { host: "127.13.49.195" port: 44797 } }
I20260630 12:17:07.360342 16682 ts_tablet_manager.cc:1434] T 0659d80c322a431082778f1c4533066e P 978bfd22439b4e37bc8b3ad6c1ee72ad: Time spent starting tablet: real 0.012s	user 0.004s	sys 0.000s
I20260630 12:17:07.360272 16453 leader_election.cc:304] T 6a276cdab7b744afb7e83a418a244a1a P c17d05734fc04b2a91c120d323b00a30 [CANDIDATE]: Term 1 election: Election decided. Result: candidate won. Election summary: received 3 responses out of 3 voters: 2 yes votes; 1 no votes. yes voters: 978bfd22439b4e37bc8b3ad6c1ee72ad, c17d05734fc04b2a91c120d323b00a30; no voters: 717c761df8904d1b992486843d7f7eb8
I20260630 12:17:07.360682 16683 raft_consensus.cc:385] T beb5db35f6684b7ab489f861db2adeee P 717c761df8904d1b992486843d7f7eb8 [term 0 FOLLOWER]: Consensus starting up: Expiring failure detector timer to make a prompt election more likely
I20260630 12:17:07.360989 16683 raft_consensus.cc:740] T beb5db35f6684b7ab489f861db2adeee P 717c761df8904d1b992486843d7f7eb8 [term 0 FOLLOWER]: Becoming Follower/Learner. State: Replica: 717c761df8904d1b992486843d7f7eb8, State: Initialized, Role: FOLLOWER
I20260630 12:17:07.361088 16695 raft_consensus.cc:2804] T 6a276cdab7b744afb7e83a418a244a1a P c17d05734fc04b2a91c120d323b00a30 [term 1 FOLLOWER]: Leader election won for term 1
I20260630 12:17:07.361577 16695 raft_consensus.cc:697] T 6a276cdab7b744afb7e83a418a244a1a P c17d05734fc04b2a91c120d323b00a30 [term 1 LEADER]: Becoming Leader. State: Replica: c17d05734fc04b2a91c120d323b00a30, State: Running, Role: LEADER
I20260630 12:17:07.362351 16695 consensus_queue.cc:237] T 6a276cdab7b744afb7e83a418a244a1a P c17d05734fc04b2a91c120d323b00a30 [LEADER]: Queue going to LEADER mode. State: All replicated index: 0, Majority replicated index: 0, Committed index: 0, Last appended: 0.0, Last appended by leader: 0, Current term: 1, Majority size: 2, State: 0, Mode: LEADER, active raft config: opid_index: -1 OBSOLETE_local: false peers { permanent_uuid: "c17d05734fc04b2a91c120d323b00a30" member_type: VOTER last_known_addr { host: "127.13.49.193" port: 38085 } } peers { permanent_uuid: "717c761df8904d1b992486843d7f7eb8" member_type: VOTER last_known_addr { host: "127.13.49.194" port: 39179 } } peers { permanent_uuid: "978bfd22439b4e37bc8b3ad6c1ee72ad" member_type: VOTER last_known_addr { host: "127.13.49.195" port: 44797 } }
I20260630 12:17:07.363494 16681 tablet_bootstrap.cc:492] T beb5db35f6684b7ab489f861db2adeee P c17d05734fc04b2a91c120d323b00a30: No bootstrap required, opened a new log
I20260630 12:17:07.363940 16681 ts_tablet_manager.cc:1403] T beb5db35f6684b7ab489f861db2adeee P c17d05734fc04b2a91c120d323b00a30: Time spent bootstrapping tablet: real 0.100s	user 0.011s	sys 0.021s
I20260630 12:17:07.363632 16385 catalog_manager.cc:5697] T 7f6d365247f545709473ac811945faba P 717c761df8904d1b992486843d7f7eb8 reported cstate change: term changed from 0 to 1, leader changed from <none> to 717c761df8904d1b992486843d7f7eb8 (127.13.49.194). New cstate: current_term: 1 leader_uuid: "717c761df8904d1b992486843d7f7eb8" committed_config { opid_index: -1 OBSOLETE_local: false peers { permanent_uuid: "c17d05734fc04b2a91c120d323b00a30" member_type: VOTER last_known_addr { host: "127.13.49.193" port: 38085 } health_report { overall_health: UNKNOWN } } peers { permanent_uuid: "717c761df8904d1b992486843d7f7eb8" member_type: VOTER last_known_addr { host: "127.13.49.194" port: 39179 } health_report { overall_health: HEALTHY } } peers { permanent_uuid: "978bfd22439b4e37bc8b3ad6c1ee72ad" member_type: VOTER last_known_addr { host: "127.13.49.195" port: 44797 } health_report { overall_health: UNKNOWN } } }
I20260630 12:17:07.365334 16385 catalog_manager.cc:5697] T bb10cc1897324744a3b03f14dff43b20 P 717c761df8904d1b992486843d7f7eb8 reported cstate change: term changed from 0 to 1, leader changed from <none> to 717c761df8904d1b992486843d7f7eb8 (127.13.49.194). New cstate: current_term: 1 leader_uuid: "717c761df8904d1b992486843d7f7eb8" committed_config { opid_index: -1 OBSOLETE_local: false peers { permanent_uuid: "c17d05734fc04b2a91c120d323b00a30" member_type: VOTER last_known_addr { host: "127.13.49.193" port: 38085 } health_report { overall_health: UNKNOWN } } peers { permanent_uuid: "717c761df8904d1b992486843d7f7eb8" member_type: VOTER last_known_addr { host: "127.13.49.194" port: 39179 } health_report { overall_health: HEALTHY } } peers { permanent_uuid: "978bfd22439b4e37bc8b3ad6c1ee72ad" member_type: VOTER last_known_addr { host: "127.13.49.195" port: 44797 } health_report { overall_health: UNKNOWN } } }
I20260630 12:17:07.367712 16681 raft_consensus.cc:359] T beb5db35f6684b7ab489f861db2adeee P c17d05734fc04b2a91c120d323b00a30 [term 0 FOLLOWER]: Replica starting. Triggering 0 pending ops. Active config: opid_index: -1 OBSOLETE_local: false peers { permanent_uuid: "c17d05734fc04b2a91c120d323b00a30" member_type: VOTER last_known_addr { host: "127.13.49.193" port: 38085 } } peers { permanent_uuid: "717c761df8904d1b992486843d7f7eb8" member_type: VOTER last_known_addr { host: "127.13.49.194" port: 39179 } } peers { permanent_uuid: "978bfd22439b4e37bc8b3ad6c1ee72ad" member_type: VOTER last_known_addr { host: "127.13.49.195" port: 44797 } }
I20260630 12:17:07.368342 16681 raft_consensus.cc:385] T beb5db35f6684b7ab489f861db2adeee P c17d05734fc04b2a91c120d323b00a30 [term 0 FOLLOWER]: Consensus starting up: Expiring failure detector timer to make a prompt election more likely
I20260630 12:17:07.368610 16681 raft_consensus.cc:740] T beb5db35f6684b7ab489f861db2adeee P c17d05734fc04b2a91c120d323b00a30 [term 0 FOLLOWER]: Becoming Follower/Learner. State: Replica: c17d05734fc04b2a91c120d323b00a30, State: Initialized, Role: FOLLOWER
I20260630 12:17:07.369241 16681 consensus_queue.cc:260] T beb5db35f6684b7ab489f861db2adeee P c17d05734fc04b2a91c120d323b00a30 [NON_LEADER]: Queue going to NON_LEADER mode. State: All replicated index: 0, Majority replicated index: 0, Committed index: 0, Last appended: 0.0, Last appended by leader: 0, Current term: 0, Majority size: -1, State: 0, Mode: NON_LEADER, active raft config: opid_index: -1 OBSOLETE_local: false peers { permanent_uuid: "c17d05734fc04b2a91c120d323b00a30" member_type: VOTER last_known_addr { host: "127.13.49.193" port: 38085 } } peers { permanent_uuid: "717c761df8904d1b992486843d7f7eb8" member_type: VOTER last_known_addr { host: "127.13.49.194" port: 39179 } } peers { permanent_uuid: "978bfd22439b4e37bc8b3ad6c1ee72ad" member_type: VOTER last_known_addr { host: "127.13.49.195" port: 44797 } }
I20260630 12:17:07.371120 16681 ts_tablet_manager.cc:1434] T beb5db35f6684b7ab489f861db2adeee P c17d05734fc04b2a91c120d323b00a30: Time spent starting tablet: real 0.007s	user 0.005s	sys 0.002s
I20260630 12:17:07.361704 16683 consensus_queue.cc:260] T beb5db35f6684b7ab489f861db2adeee P 717c761df8904d1b992486843d7f7eb8 [NON_LEADER]: Queue going to NON_LEADER mode. State: All replicated index: 0, Majority replicated index: 0, Committed index: 0, Last appended: 0.0, Last appended by leader: 0, Current term: 0, Majority size: -1, State: 0, Mode: NON_LEADER, active raft config: opid_index: -1 OBSOLETE_local: false peers { permanent_uuid: "c17d05734fc04b2a91c120d323b00a30" member_type: VOTER last_known_addr { host: "127.13.49.193" port: 38085 } } peers { permanent_uuid: "717c761df8904d1b992486843d7f7eb8" member_type: VOTER last_known_addr { host: "127.13.49.194" port: 39179 } } peers { permanent_uuid: "978bfd22439b4e37bc8b3ad6c1ee72ad" member_type: VOTER last_known_addr { host: "127.13.49.195" port: 44797 } }
I20260630 12:17:07.373435 16683 ts_tablet_manager.cc:1434] T beb5db35f6684b7ab489f861db2adeee P 717c761df8904d1b992486843d7f7eb8: Time spent starting tablet: real 0.016s	user 0.006s	sys 0.000s
I20260630 12:17:07.372814 16384 catalog_manager.cc:5697] T 6a276cdab7b744afb7e83a418a244a1a P c17d05734fc04b2a91c120d323b00a30 reported cstate change: term changed from 0 to 1, leader changed from <none> to c17d05734fc04b2a91c120d323b00a30 (127.13.49.193). New cstate: current_term: 1 leader_uuid: "c17d05734fc04b2a91c120d323b00a30" committed_config { opid_index: -1 OBSOLETE_local: false peers { permanent_uuid: "c17d05734fc04b2a91c120d323b00a30" member_type: VOTER last_known_addr { host: "127.13.49.193" port: 38085 } health_report { overall_health: HEALTHY } } peers { permanent_uuid: "717c761df8904d1b992486843d7f7eb8" member_type: VOTER last_known_addr { host: "127.13.49.194" port: 39179 } health_report { overall_health: UNKNOWN } } peers { permanent_uuid: "978bfd22439b4e37bc8b3ad6c1ee72ad" member_type: VOTER last_known_addr { host: "127.13.49.195" port: 44797 } health_report { overall_health: UNKNOWN } } }
I20260630 12:17:07.376075 16683 tablet_bootstrap.cc:492] T 6a276cdab7b744afb7e83a418a244a1a P 717c761df8904d1b992486843d7f7eb8: Bootstrap starting.
I20260630 12:17:07.381893 16683 tablet_bootstrap.cc:654] T 6a276cdab7b744afb7e83a418a244a1a P 717c761df8904d1b992486843d7f7eb8: Neither blocks nor log segments found. Creating new log.
I20260630 12:17:07.381935 16383 catalog_manager.cc:5697] T bd4cb8abc4634a5bbd70f21a1e69118c P 978bfd22439b4e37bc8b3ad6c1ee72ad reported cstate change: term changed from 0 to 1, leader changed from <none> to 978bfd22439b4e37bc8b3ad6c1ee72ad (127.13.49.195). New cstate: current_term: 1 leader_uuid: "978bfd22439b4e37bc8b3ad6c1ee72ad" committed_config { opid_index: -1 OBSOLETE_local: false peers { permanent_uuid: "c17d05734fc04b2a91c120d323b00a30" member_type: VOTER last_known_addr { host: "127.13.49.193" port: 38085 } health_report { overall_health: UNKNOWN } } peers { permanent_uuid: "717c761df8904d1b992486843d7f7eb8" member_type: VOTER last_known_addr { host: "127.13.49.194" port: 39179 } health_report { overall_health: UNKNOWN } } peers { permanent_uuid: "978bfd22439b4e37bc8b3ad6c1ee72ad" member_type: VOTER last_known_addr { host: "127.13.49.195" port: 44797 } health_report { overall_health: HEALTHY } } }
I20260630 12:17:07.386317 16683 tablet_bootstrap.cc:492] T 6a276cdab7b744afb7e83a418a244a1a P 717c761df8904d1b992486843d7f7eb8: No bootstrap required, opened a new log
I20260630 12:17:07.386655 16683 ts_tablet_manager.cc:1403] T 6a276cdab7b744afb7e83a418a244a1a P 717c761df8904d1b992486843d7f7eb8: Time spent bootstrapping tablet: real 0.011s	user 0.005s	sys 0.004s
I20260630 12:17:07.388430 16683 raft_consensus.cc:359] T 6a276cdab7b744afb7e83a418a244a1a P 717c761df8904d1b992486843d7f7eb8 [term 0 FOLLOWER]: Replica starting. Triggering 0 pending ops. Active config: opid_index: -1 OBSOLETE_local: false peers { permanent_uuid: "c17d05734fc04b2a91c120d323b00a30" member_type: VOTER last_known_addr { host: "127.13.49.193" port: 38085 } } peers { permanent_uuid: "717c761df8904d1b992486843d7f7eb8" member_type: VOTER last_known_addr { host: "127.13.49.194" port: 39179 } } peers { permanent_uuid: "978bfd22439b4e37bc8b3ad6c1ee72ad" member_type: VOTER last_known_addr { host: "127.13.49.195" port: 44797 } }
I20260630 12:17:07.388873 16683 raft_consensus.cc:385] T 6a276cdab7b744afb7e83a418a244a1a P 717c761df8904d1b992486843d7f7eb8 [term 0 FOLLOWER]: Consensus starting up: Expiring failure detector timer to make a prompt election more likely
I20260630 12:17:07.389140 16683 raft_consensus.cc:740] T 6a276cdab7b744afb7e83a418a244a1a P 717c761df8904d1b992486843d7f7eb8 [term 0 FOLLOWER]: Becoming Follower/Learner. State: Replica: 717c761df8904d1b992486843d7f7eb8, State: Initialized, Role: FOLLOWER
I20260630 12:17:07.389707 16683 consensus_queue.cc:260] T 6a276cdab7b744afb7e83a418a244a1a P 717c761df8904d1b992486843d7f7eb8 [NON_LEADER]: Queue going to NON_LEADER mode. State: All replicated index: 0, Majority replicated index: 0, Committed index: 0, Last appended: 0.0, Last appended by leader: 0, Current term: 0, Majority size: -1, State: 0, Mode: NON_LEADER, active raft config: opid_index: -1 OBSOLETE_local: false peers { permanent_uuid: "c17d05734fc04b2a91c120d323b00a30" member_type: VOTER last_known_addr { host: "127.13.49.193" port: 38085 } } peers { permanent_uuid: "717c761df8904d1b992486843d7f7eb8" member_type: VOTER last_known_addr { host: "127.13.49.194" port: 39179 } } peers { permanent_uuid: "978bfd22439b4e37bc8b3ad6c1ee72ad" member_type: VOTER last_known_addr { host: "127.13.49.195" port: 44797 } }
I20260630 12:17:07.391364 16683 ts_tablet_manager.cc:1434] T 6a276cdab7b744afb7e83a418a244a1a P 717c761df8904d1b992486843d7f7eb8: Time spent starting tablet: real 0.004s	user 0.004s	sys 0.000s
I20260630 12:17:07.399303 16716 raft_consensus.cc:493] T 0659d80c322a431082778f1c4533066e P 978bfd22439b4e37bc8b3ad6c1ee72ad [term 0 FOLLOWER]: Starting pre-election (no leader contacted us within the election timeout)
I20260630 12:17:07.399700 16716 raft_consensus.cc:515] T 0659d80c322a431082778f1c4533066e P 978bfd22439b4e37bc8b3ad6c1ee72ad [term 0 FOLLOWER]: Starting pre-election with config: opid_index: -1 OBSOLETE_local: false peers { permanent_uuid: "c17d05734fc04b2a91c120d323b00a30" member_type: VOTER last_known_addr { host: "127.13.49.193" port: 38085 } } peers { permanent_uuid: "717c761df8904d1b992486843d7f7eb8" member_type: VOTER last_known_addr { host: "127.13.49.194" port: 39179 } } peers { permanent_uuid: "978bfd22439b4e37bc8b3ad6c1ee72ad" member_type: VOTER last_known_addr { host: "127.13.49.195" port: 44797 } }
I20260630 12:17:07.401317 16716 leader_election.cc:290] T 0659d80c322a431082778f1c4533066e P 978bfd22439b4e37bc8b3ad6c1ee72ad [CANDIDATE]: Term 1 pre-election: Requested pre-vote from peers c17d05734fc04b2a91c120d323b00a30 (127.13.49.193:38085), 717c761df8904d1b992486843d7f7eb8 (127.13.49.194:39179)
I20260630 12:17:07.401984 16485 tablet_service.cc:1917] Received RequestConsensusVote() RPC: tablet_id: "0659d80c322a431082778f1c4533066e" candidate_uuid: "978bfd22439b4e37bc8b3ad6c1ee72ad" candidate_term: 1 candidate_status { last_received { term: 0 index: 0 } } ignore_live_leader: false dest_uuid: "c17d05734fc04b2a91c120d323b00a30" is_pre_election: true
I20260630 12:17:07.402302 16559 tablet_service.cc:1917] Received RequestConsensusVote() RPC: tablet_id: "0659d80c322a431082778f1c4533066e" candidate_uuid: "978bfd22439b4e37bc8b3ad6c1ee72ad" candidate_term: 1 candidate_status { last_received { term: 0 index: 0 } } ignore_live_leader: false dest_uuid: "717c761df8904d1b992486843d7f7eb8" is_pre_election: true
I20260630 12:17:07.402572 16485 raft_consensus.cc:2468] T 0659d80c322a431082778f1c4533066e P c17d05734fc04b2a91c120d323b00a30 [term 0 FOLLOWER]: Leader pre-election vote request: Granting yes vote for candidate 978bfd22439b4e37bc8b3ad6c1ee72ad in term 0.
I20260630 12:17:07.402881 16559 raft_consensus.cc:2468] T 0659d80c322a431082778f1c4533066e P 717c761df8904d1b992486843d7f7eb8 [term 0 FOLLOWER]: Leader pre-election vote request: Granting yes vote for candidate 978bfd22439b4e37bc8b3ad6c1ee72ad in term 0.
I20260630 12:17:07.403489 16599 leader_election.cc:304] T 0659d80c322a431082778f1c4533066e P 978bfd22439b4e37bc8b3ad6c1ee72ad [CANDIDATE]: Term 1 pre-election: Election decided. Result: candidate won. Election summary: received 2 responses out of 3 voters: 2 yes votes; 0 no votes. yes voters: 978bfd22439b4e37bc8b3ad6c1ee72ad, c17d05734fc04b2a91c120d323b00a30; no voters: 
I20260630 12:17:07.404214 16716 raft_consensus.cc:2804] T 0659d80c322a431082778f1c4533066e P 978bfd22439b4e37bc8b3ad6c1ee72ad [term 0 FOLLOWER]: Leader pre-election won for term 1
I20260630 12:17:07.404551 16716 raft_consensus.cc:493] T 0659d80c322a431082778f1c4533066e P 978bfd22439b4e37bc8b3ad6c1ee72ad [term 0 FOLLOWER]: Starting leader election (no leader contacted us within the election timeout)
I20260630 12:17:07.404778 16716 raft_consensus.cc:3060] T 0659d80c322a431082778f1c4533066e P 978bfd22439b4e37bc8b3ad6c1ee72ad [term 0 FOLLOWER]: Advancing to term 1
I20260630 12:17:07.408929 16716 raft_consensus.cc:515] T 0659d80c322a431082778f1c4533066e P 978bfd22439b4e37bc8b3ad6c1ee72ad [term 1 FOLLOWER]: Starting leader election with config: opid_index: -1 OBSOLETE_local: false peers { permanent_uuid: "c17d05734fc04b2a91c120d323b00a30" member_type: VOTER last_known_addr { host: "127.13.49.193" port: 38085 } } peers { permanent_uuid: "717c761df8904d1b992486843d7f7eb8" member_type: VOTER last_known_addr { host: "127.13.49.194" port: 39179 } } peers { permanent_uuid: "978bfd22439b4e37bc8b3ad6c1ee72ad" member_type: VOTER last_known_addr { host: "127.13.49.195" port: 44797 } }
I20260630 12:17:07.410568 16716 leader_election.cc:290] T 0659d80c322a431082778f1c4533066e P 978bfd22439b4e37bc8b3ad6c1ee72ad [CANDIDATE]: Term 1 election: Requested vote from peers c17d05734fc04b2a91c120d323b00a30 (127.13.49.193:38085), 717c761df8904d1b992486843d7f7eb8 (127.13.49.194:39179)
I20260630 12:17:07.411317 16485 tablet_service.cc:1917] Received RequestConsensusVote() RPC: tablet_id: "0659d80c322a431082778f1c4533066e" candidate_uuid: "978bfd22439b4e37bc8b3ad6c1ee72ad" candidate_term: 1 candidate_status { last_received { term: 0 index: 0 } } ignore_live_leader: false dest_uuid: "c17d05734fc04b2a91c120d323b00a30"
I20260630 12:17:07.411532 16559 tablet_service.cc:1917] Received RequestConsensusVote() RPC: tablet_id: "0659d80c322a431082778f1c4533066e" candidate_uuid: "978bfd22439b4e37bc8b3ad6c1ee72ad" candidate_term: 1 candidate_status { last_received { term: 0 index: 0 } } ignore_live_leader: false dest_uuid: "717c761df8904d1b992486843d7f7eb8"
I20260630 12:17:07.411803 16485 raft_consensus.cc:3060] T 0659d80c322a431082778f1c4533066e P c17d05734fc04b2a91c120d323b00a30 [term 0 FOLLOWER]: Advancing to term 1
I20260630 12:17:07.412038 16559 raft_consensus.cc:3060] T 0659d80c322a431082778f1c4533066e P 717c761df8904d1b992486843d7f7eb8 [term 0 FOLLOWER]: Advancing to term 1
I20260630 12:17:07.416201 16485 raft_consensus.cc:2468] T 0659d80c322a431082778f1c4533066e P c17d05734fc04b2a91c120d323b00a30 [term 1 FOLLOWER]: Leader election vote request: Granting yes vote for candidate 978bfd22439b4e37bc8b3ad6c1ee72ad in term 1.
I20260630 12:17:07.416512 16559 raft_consensus.cc:2468] T 0659d80c322a431082778f1c4533066e P 717c761df8904d1b992486843d7f7eb8 [term 1 FOLLOWER]: Leader election vote request: Granting yes vote for candidate 978bfd22439b4e37bc8b3ad6c1ee72ad in term 1.
I20260630 12:17:07.417268 16599 leader_election.cc:304] T 0659d80c322a431082778f1c4533066e P 978bfd22439b4e37bc8b3ad6c1ee72ad [CANDIDATE]: Term 1 election: Election decided. Result: candidate won. Election summary: received 2 responses out of 3 voters: 2 yes votes; 0 no votes. yes voters: 978bfd22439b4e37bc8b3ad6c1ee72ad, c17d05734fc04b2a91c120d323b00a30; no voters: 
I20260630 12:17:07.417934 16716 raft_consensus.cc:2804] T 0659d80c322a431082778f1c4533066e P 978bfd22439b4e37bc8b3ad6c1ee72ad [term 1 FOLLOWER]: Leader election won for term 1
I20260630 12:17:07.418360 16716 raft_consensus.cc:697] T 0659d80c322a431082778f1c4533066e P 978bfd22439b4e37bc8b3ad6c1ee72ad [term 1 LEADER]: Becoming Leader. State: Replica: 978bfd22439b4e37bc8b3ad6c1ee72ad, State: Running, Role: LEADER
I20260630 12:17:07.419062 16716 consensus_queue.cc:237] T 0659d80c322a431082778f1c4533066e P 978bfd22439b4e37bc8b3ad6c1ee72ad [LEADER]: Queue going to LEADER mode. State: All replicated index: 0, Majority replicated index: 0, Committed index: 0, Last appended: 0.0, Last appended by leader: 0, Current term: 1, Majority size: 2, State: 0, Mode: LEADER, active raft config: opid_index: -1 OBSOLETE_local: false peers { permanent_uuid: "c17d05734fc04b2a91c120d323b00a30" member_type: VOTER last_known_addr { host: "127.13.49.193" port: 38085 } } peers { permanent_uuid: "717c761df8904d1b992486843d7f7eb8" member_type: VOTER last_known_addr { host: "127.13.49.194" port: 39179 } } peers { permanent_uuid: "978bfd22439b4e37bc8b3ad6c1ee72ad" member_type: VOTER last_known_addr { host: "127.13.49.195" port: 44797 } }
I20260630 12:17:07.425081 16385 catalog_manager.cc:5697] T 0659d80c322a431082778f1c4533066e P 978bfd22439b4e37bc8b3ad6c1ee72ad reported cstate change: term changed from 0 to 1, leader changed from <none> to 978bfd22439b4e37bc8b3ad6c1ee72ad (127.13.49.195). New cstate: current_term: 1 leader_uuid: "978bfd22439b4e37bc8b3ad6c1ee72ad" committed_config { opid_index: -1 OBSOLETE_local: false peers { permanent_uuid: "c17d05734fc04b2a91c120d323b00a30" member_type: VOTER last_known_addr { host: "127.13.49.193" port: 38085 } health_report { overall_health: UNKNOWN } } peers { permanent_uuid: "717c761df8904d1b992486843d7f7eb8" member_type: VOTER last_known_addr { host: "127.13.49.194" port: 39179 } health_report { overall_health: UNKNOWN } } peers { permanent_uuid: "978bfd22439b4e37bc8b3ad6c1ee72ad" member_type: VOTER last_known_addr { host: "127.13.49.195" port: 44797 } health_report { overall_health: HEALTHY } } }
I20260630 12:17:07.507320 16485 raft_consensus.cc:3060] T 6e31590d96884ed2bd886bced7934aa1 P c17d05734fc04b2a91c120d323b00a30 [term 0 FOLLOWER]: Advancing to term 1
I20260630 12:17:07.512024 16709 raft_consensus.cc:493] T beb5db35f6684b7ab489f861db2adeee P 717c761df8904d1b992486843d7f7eb8 [term 0 FOLLOWER]: Starting pre-election (no leader contacted us within the election timeout)
I20260630 12:17:07.512513 16709 raft_consensus.cc:515] T beb5db35f6684b7ab489f861db2adeee P 717c761df8904d1b992486843d7f7eb8 [term 0 FOLLOWER]: Starting pre-election with config: opid_index: -1 OBSOLETE_local: false peers { permanent_uuid: "c17d05734fc04b2a91c120d323b00a30" member_type: VOTER last_known_addr { host: "127.13.49.193" port: 38085 } } peers { permanent_uuid: "717c761df8904d1b992486843d7f7eb8" member_type: VOTER last_known_addr { host: "127.13.49.194" port: 39179 } } peers { permanent_uuid: "978bfd22439b4e37bc8b3ad6c1ee72ad" member_type: VOTER last_known_addr { host: "127.13.49.195" port: 44797 } }
I20260630 12:17:07.513270 16705 consensus_queue.cc:1048] T 6e31590d96884ed2bd886bced7934aa1 P 717c761df8904d1b992486843d7f7eb8 [LEADER]: Connected to new peer: Peer: permanent_uuid: "c17d05734fc04b2a91c120d323b00a30" member_type: VOTER last_known_addr { host: "127.13.49.193" port: 38085 }, Status: LMP_MISMATCH, Last received: 0.0, Next index: 1, Last known committed idx: 0, Time since last communication: 0.000s
I20260630 12:17:07.514199 16709 leader_election.cc:290] T beb5db35f6684b7ab489f861db2adeee P 717c761df8904d1b992486843d7f7eb8 [CANDIDATE]: Term 1 pre-election: Requested pre-vote from peers c17d05734fc04b2a91c120d323b00a30 (127.13.49.193:38085), 978bfd22439b4e37bc8b3ad6c1ee72ad (127.13.49.195:44797)
I20260630 12:17:07.514904 16485 tablet_service.cc:1917] Received RequestConsensusVote() RPC: tablet_id: "beb5db35f6684b7ab489f861db2adeee" candidate_uuid: "717c761df8904d1b992486843d7f7eb8" candidate_term: 1 candidate_status { last_received { term: 0 index: 0 } } ignore_live_leader: false dest_uuid: "c17d05734fc04b2a91c120d323b00a30" is_pre_election: true
I20260630 12:17:07.515209 16635 tablet_service.cc:1917] Received RequestConsensusVote() RPC: tablet_id: "beb5db35f6684b7ab489f861db2adeee" candidate_uuid: "717c761df8904d1b992486843d7f7eb8" candidate_term: 1 candidate_status { last_received { term: 0 index: 0 } } ignore_live_leader: false dest_uuid: "978bfd22439b4e37bc8b3ad6c1ee72ad" is_pre_election: true
I20260630 12:17:07.515573 16485 raft_consensus.cc:2468] T beb5db35f6684b7ab489f861db2adeee P c17d05734fc04b2a91c120d323b00a30 [term 0 FOLLOWER]: Leader pre-election vote request: Granting yes vote for candidate 717c761df8904d1b992486843d7f7eb8 in term 0.
I20260630 12:17:07.515847 16635 raft_consensus.cc:2468] T beb5db35f6684b7ab489f861db2adeee P 978bfd22439b4e37bc8b3ad6c1ee72ad [term 0 FOLLOWER]: Leader pre-election vote request: Granting yes vote for candidate 717c761df8904d1b992486843d7f7eb8 in term 0.
I20260630 12:17:07.516628 16525 leader_election.cc:304] T beb5db35f6684b7ab489f861db2adeee P 717c761df8904d1b992486843d7f7eb8 [CANDIDATE]: Term 1 pre-election: Election decided. Result: candidate won. Election summary: received 2 responses out of 3 voters: 2 yes votes; 0 no votes. yes voters: 717c761df8904d1b992486843d7f7eb8, c17d05734fc04b2a91c120d323b00a30; no voters: 
I20260630 12:17:07.517969 16709 raft_consensus.cc:2804] T beb5db35f6684b7ab489f861db2adeee P 717c761df8904d1b992486843d7f7eb8 [term 0 FOLLOWER]: Leader pre-election won for term 1
I20260630 12:17:07.518404 16709 raft_consensus.cc:493] T beb5db35f6684b7ab489f861db2adeee P 717c761df8904d1b992486843d7f7eb8 [term 0 FOLLOWER]: Starting leader election (no leader contacted us within the election timeout)
I20260630 12:17:07.518733 16709 raft_consensus.cc:3060] T beb5db35f6684b7ab489f861db2adeee P 717c761df8904d1b992486843d7f7eb8 [term 0 FOLLOWER]: Advancing to term 1
I20260630 12:17:07.526078 16705 consensus_queue.cc:1048] T 6e31590d96884ed2bd886bced7934aa1 P 717c761df8904d1b992486843d7f7eb8 [LEADER]: Connected to new peer: Peer: permanent_uuid: "978bfd22439b4e37bc8b3ad6c1ee72ad" member_type: VOTER last_known_addr { host: "127.13.49.195" port: 44797 }, Status: LMP_MISMATCH, Last received: 0.0, Next index: 1, Last known committed idx: 0, Time since last communication: 0.000s
I20260630 12:17:07.526190 16709 raft_consensus.cc:515] T beb5db35f6684b7ab489f861db2adeee P 717c761df8904d1b992486843d7f7eb8 [term 1 FOLLOWER]: Starting leader election with config: opid_index: -1 OBSOLETE_local: false peers { permanent_uuid: "c17d05734fc04b2a91c120d323b00a30" member_type: VOTER last_known_addr { host: "127.13.49.193" port: 38085 } } peers { permanent_uuid: "717c761df8904d1b992486843d7f7eb8" member_type: VOTER last_known_addr { host: "127.13.49.194" port: 39179 } } peers { permanent_uuid: "978bfd22439b4e37bc8b3ad6c1ee72ad" member_type: VOTER last_known_addr { host: "127.13.49.195" port: 44797 } }
I20260630 12:17:07.529914 16709 leader_election.cc:290] T beb5db35f6684b7ab489f861db2adeee P 717c761df8904d1b992486843d7f7eb8 [CANDIDATE]: Term 1 election: Requested vote from peers c17d05734fc04b2a91c120d323b00a30 (127.13.49.193:38085), 978bfd22439b4e37bc8b3ad6c1ee72ad (127.13.49.195:44797)
I20260630 12:17:07.532428 16636 tablet_service.cc:1917] Received RequestConsensusVote() RPC: tablet_id: "beb5db35f6684b7ab489f861db2adeee" candidate_uuid: "717c761df8904d1b992486843d7f7eb8" candidate_term: 1 candidate_status { last_received { term: 0 index: 0 } } ignore_live_leader: false dest_uuid: "978bfd22439b4e37bc8b3ad6c1ee72ad"
I20260630 12:17:07.533010 16636 raft_consensus.cc:3060] T beb5db35f6684b7ab489f861db2adeee P 978bfd22439b4e37bc8b3ad6c1ee72ad [term 0 FOLLOWER]: Advancing to term 1
I20260630 12:17:07.538237 16486 tablet_service.cc:1917] Received RequestConsensusVote() RPC: tablet_id: "beb5db35f6684b7ab489f861db2adeee" candidate_uuid: "717c761df8904d1b992486843d7f7eb8" candidate_term: 1 candidate_status { last_received { term: 0 index: 0 } } ignore_live_leader: false dest_uuid: "c17d05734fc04b2a91c120d323b00a30"
I20260630 12:17:07.538796 16486 raft_consensus.cc:3060] T beb5db35f6684b7ab489f861db2adeee P c17d05734fc04b2a91c120d323b00a30 [term 0 FOLLOWER]: Advancing to term 1
I20260630 12:17:07.539197 16636 raft_consensus.cc:2468] T beb5db35f6684b7ab489f861db2adeee P 978bfd22439b4e37bc8b3ad6c1ee72ad [term 1 FOLLOWER]: Leader election vote request: Granting yes vote for candidate 717c761df8904d1b992486843d7f7eb8 in term 1.
I20260630 12:17:07.539870 16709 raft_consensus.cc:493] T 6a276cdab7b744afb7e83a418a244a1a P 717c761df8904d1b992486843d7f7eb8 [term 0 FOLLOWER]: Starting pre-election (no leader contacted us within the election timeout)
I20260630 12:17:07.540186 16528 leader_election.cc:304] T beb5db35f6684b7ab489f861db2adeee P 717c761df8904d1b992486843d7f7eb8 [CANDIDATE]: Term 1 election: Election decided. Result: candidate won. Election summary: received 2 responses out of 3 voters: 2 yes votes; 0 no votes. yes voters: 717c761df8904d1b992486843d7f7eb8, 978bfd22439b4e37bc8b3ad6c1ee72ad; no voters: 
I20260630 12:17:07.540320 16709 raft_consensus.cc:515] T 6a276cdab7b744afb7e83a418a244a1a P 717c761df8904d1b992486843d7f7eb8 [term 0 FOLLOWER]: Starting pre-election with config: opid_index: -1 OBSOLETE_local: false peers { permanent_uuid: "c17d05734fc04b2a91c120d323b00a30" member_type: VOTER last_known_addr { host: "127.13.49.193" port: 38085 } } peers { permanent_uuid: "717c761df8904d1b992486843d7f7eb8" member_type: VOTER last_known_addr { host: "127.13.49.194" port: 39179 } } peers { permanent_uuid: "978bfd22439b4e37bc8b3ad6c1ee72ad" member_type: VOTER last_known_addr { host: "127.13.49.195" port: 44797 } }
I20260630 12:17:07.540977 16691 raft_consensus.cc:2804] T beb5db35f6684b7ab489f861db2adeee P 717c761df8904d1b992486843d7f7eb8 [term 1 FOLLOWER]: Leader election won for term 1
