I20260630 12:16:04.782831 15201 consensus_queue.cc:1048] T 00000000000000000000000000000000 P 51d1e93e70e74ba697efcdb682b4cbed [LEADER]: Connected to new peer: Peer: permanent_uuid: "4a46f0c76b1f4da0a2272bbef5856eba" member_type: VOTER last_known_addr { host: "127.13.64.60" port: 44529 }, Status: LMP_MISMATCH, Last received: 0.0, Next index: 13, Last known committed idx: 12, Time since last communication: 0.000s
I20260630 12:16:04.805719 15208 sys_catalog.cc:455] T 00000000000000000000000000000000 P 4a46f0c76b1f4da0a2272bbef5856eba [sys.catalog]: SysCatalogTable state changed. Reason: New leader 51d1e93e70e74ba697efcdb682b4cbed. Latest consensus state: current_term: 2 leader_uuid: "51d1e93e70e74ba697efcdb682b4cbed" committed_config { opid_index: -1 OBSOLETE_local: false peers { permanent_uuid: "51d1e93e70e74ba697efcdb682b4cbed" member_type: VOTER last_known_addr { host: "127.13.64.62" port: 45167 } } peers { permanent_uuid: "f4f7067da50f43b6bbae7da34c4926ed" member_type: VOTER last_known_addr { host: "127.13.64.61" port: 33441 } } peers { permanent_uuid: "4a46f0c76b1f4da0a2272bbef5856eba" member_type: VOTER last_known_addr { host: "127.13.64.60" port: 44529 } } }
I20260630 12:16:04.806558 15208 sys_catalog.cc:458] T 00000000000000000000000000000000 P 4a46f0c76b1f4da0a2272bbef5856eba [sys.catalog]: This master's current role is: FOLLOWER
I20260630 12:16:04.808511 15201 sys_catalog.cc:455] T 00000000000000000000000000000000 P 51d1e93e70e74ba697efcdb682b4cbed [sys.catalog]: SysCatalogTable state changed. Reason: Peer health change. Latest consensus state: current_term: 2 leader_uuid: "51d1e93e70e74ba697efcdb682b4cbed" committed_config { opid_index: -1 OBSOLETE_local: false peers { permanent_uuid: "51d1e93e70e74ba697efcdb682b4cbed" member_type: VOTER last_known_addr { host: "127.13.64.62" port: 45167 } } peers { permanent_uuid: "f4f7067da50f43b6bbae7da34c4926ed" member_type: VOTER last_known_addr { host: "127.13.64.61" port: 33441 } } peers { permanent_uuid: "4a46f0c76b1f4da0a2272bbef5856eba" member_type: VOTER last_known_addr { host: "127.13.64.60" port: 44529 } } }
I20260630 12:16:04.810104 15201 sys_catalog.cc:458] T 00000000000000000000000000000000 P 51d1e93e70e74ba697efcdb682b4cbed [sys.catalog]: This master's current role is: LEADER
W20260630 12:16:04.813488 14674 consensus_peers.cc:597] T 00000000000000000000000000000000 P 51d1e93e70e74ba697efcdb682b4cbed -> Peer f4f7067da50f43b6bbae7da34c4926ed (127.13.64.61:33441): Couldn't send request to peer f4f7067da50f43b6bbae7da34c4926ed. Status: Network error: Client connection negotiation failed: client connection to 127.13.64.61:33441: connect: Connection refused (error 111). This is attempt 1: this message will repeat every 5th retry.
I20260630 12:16:04.815582 15208 sys_catalog.cc:455] T 00000000000000000000000000000000 P 4a46f0c76b1f4da0a2272bbef5856eba [sys.catalog]: SysCatalogTable state changed. Reason: Replicated consensus-only round. Latest consensus state: current_term: 2 leader_uuid: "51d1e93e70e74ba697efcdb682b4cbed" committed_config { opid_index: -1 OBSOLETE_local: false peers { permanent_uuid: "51d1e93e70e74ba697efcdb682b4cbed" member_type: VOTER last_known_addr { host: "127.13.64.62" port: 45167 } } peers { permanent_uuid: "f4f7067da50f43b6bbae7da34c4926ed" member_type: VOTER last_known_addr { host: "127.13.64.61" port: 33441 } } peers { permanent_uuid: "4a46f0c76b1f4da0a2272bbef5856eba" member_type: VOTER last_known_addr { host: "127.13.64.60" port: 44529 } } }
I20260630 12:16:04.816365 15208 sys_catalog.cc:458] T 00000000000000000000000000000000 P 4a46f0c76b1f4da0a2272bbef5856eba [sys.catalog]: This master's current role is: FOLLOWER
I20260630 12:16:05.661725 15139 heartbeater.cc:499] Master 127.13.64.62:45167 was elected leader, sending a full tablet report...
I20260630 12:16:05.772033 14895 auto_leader_rebalancer.cc:141] leader rebalance for table test-workload
I20260630 12:16:05.774639 14895 auto_leader_rebalancer.cc:515] All tables' leader rebalancing finished this round
I20260630 12:16:05.802690 14983 heartbeater.cc:499] Master 127.13.64.62:45167 was elected leader, sending a full tablet report...
I20260630 12:16:05.804261 15061 heartbeater.cc:499] Master 127.13.64.62:45167 was elected leader, sending a full tablet report...
I20260630 12:16:06.564077 13568 tablet_server.cc:179] TabletServer@127.13.64.1:0 shutting down...
I20260630 12:16:06.591588 13568 ts_tablet_manager.cc:1507] Shutting down tablet manager...
I20260630 12:16:06.592337 13568 tablet_replica.cc:333] T 3282d307a9894f01b894dc773bb28995 P 9c0a4a8b18e249b5822b59e87770e073: stopping tablet replica
I20260630 12:16:06.592878 13568 raft_consensus.cc:2243] T 3282d307a9894f01b894dc773bb28995 P 9c0a4a8b18e249b5822b59e87770e073 [term 1 LEADER]: Raft consensus shutting down.
I20260630 12:16:06.593379 13568 raft_consensus.cc:2272] T 3282d307a9894f01b894dc773bb28995 P 9c0a4a8b18e249b5822b59e87770e073 [term 1 FOLLOWER]: Raft consensus is shut down!
I20260630 12:16:06.612740 13568 tablet_server.cc:196] TabletServer@127.13.64.1:0 shutdown complete.
W20260630 12:16:06.619243 14850 debug-util.cc:398] Leaking SignalData structure 0x7b08001db880 after lost signal to thread 13571
W20260630 12:16:06.620127 14850 debug-util.cc:398] Leaking SignalData structure 0x7b0800235900 after lost signal to thread 14723
W20260630 12:16:06.620929 14850 debug-util.cc:398] Leaking SignalData structure 0x7b0800235120 after lost signal to thread 14853
W20260630 12:16:06.622077 14850 debug-util.cc:398] Leaking SignalData structure 0x7b08000ad080 after lost signal to thread 14980
W20260630 12:16:06.622918 14850 debug-util.cc:398] Leaking SignalData structure 0x7b080002fbc0 after lost signal to thread 15058
W20260630 12:16:06.623811 14850 debug-util.cc:398] Leaking SignalData structure 0x7b0800186ce0 after lost signal to thread 15136
I20260630 12:16:06.626644 13568 tablet_server.cc:179] TabletServer@127.13.64.2:0 shutting down...
I20260630 12:16:06.666623 13568 ts_tablet_manager.cc:1507] Shutting down tablet manager...
I20260630 12:16:06.667438 13568 tablet_replica.cc:333] T c192872e9c654d38a9765eb7a96b4eb8 P 7f615f014db548d3bd3db7f2ab5f7e5b: stopping tablet replica
I20260630 12:16:06.668200 13568 raft_consensus.cc:2243] T c192872e9c654d38a9765eb7a96b4eb8 P 7f615f014db548d3bd3db7f2ab5f7e5b [term 1 LEADER]: Raft consensus shutting down.
I20260630 12:16:06.668809 13568 raft_consensus.cc:2272] T c192872e9c654d38a9765eb7a96b4eb8 P 7f615f014db548d3bd3db7f2ab5f7e5b [term 1 FOLLOWER]: Raft consensus is shut down!
I20260630 12:16:06.735864 13568 tablet_server.cc:196] TabletServer@127.13.64.2:0 shutdown complete.
I20260630 12:16:06.750979 13568 tablet_server.cc:179] TabletServer@127.13.64.3:0 shutting down...
I20260630 12:16:06.797139 13568 ts_tablet_manager.cc:1507] Shutting down tablet manager...
I20260630 12:16:06.797969 13568 tablet_replica.cc:333] T f7a48fedeb694c3c89b773bdb6d971bc P b1abd78c5d81453992d00f2c7e6a6067: stopping tablet replica
I20260630 12:16:06.798549 13568 raft_consensus.cc:2243] T f7a48fedeb694c3c89b773bdb6d971bc P b1abd78c5d81453992d00f2c7e6a6067 [term 1 LEADER]: Raft consensus shutting down.
I20260630 12:16:06.798992 13568 raft_consensus.cc:2272] T f7a48fedeb694c3c89b773bdb6d971bc P b1abd78c5d81453992d00f2c7e6a6067 [term 1 FOLLOWER]: Raft consensus is shut down!
I20260630 12:16:07.119980 13568 tablet_server.cc:196] TabletServer@127.13.64.3:0 shutdown complete.
I20260630 12:16:07.130309 13568 master.cc:562] Master@127.13.64.62:45167 shutting down...
I20260630 12:16:07.157918 13568 raft_consensus.cc:2243] T 00000000000000000000000000000000 P 51d1e93e70e74ba697efcdb682b4cbed [term 2 LEADER]: Raft consensus shutting down.
I20260630 12:16:07.158780 13568 raft_consensus.cc:2272] T 00000000000000000000000000000000 P 51d1e93e70e74ba697efcdb682b4cbed [term 2 FOLLOWER]: Raft consensus is shut down!
I20260630 12:16:07.159112 13568 tablet_replica.cc:333] T 00000000000000000000000000000000 P 51d1e93e70e74ba697efcdb682b4cbed: stopping tablet replica
I20260630 12:16:07.179587 13568 master.cc:584] Master@127.13.64.62:45167 shutdown complete.
I20260630 12:16:07.199594 13568 master.cc:562] Master@127.13.64.60:44529 shutting down...
I20260630 12:16:07.238484 13568 raft_consensus.cc:2243] T 00000000000000000000000000000000 P 4a46f0c76b1f4da0a2272bbef5856eba [term 2 FOLLOWER]: Raft consensus shutting down.
I20260630 12:16:07.239223 13568 raft_consensus.cc:2272] T 00000000000000000000000000000000 P 4a46f0c76b1f4da0a2272bbef5856eba [term 2 FOLLOWER]: Raft consensus is shut down!
I20260630 12:16:07.239717 13568 tablet_replica.cc:333] T 00000000000000000000000000000000 P 4a46f0c76b1f4da0a2272bbef5856eba: stopping tablet replica
W20260630 12:16:08.259541 13568 thread.cc:527] Waited for 1000ms trying to join with diag-logger (tid 14850)
W20260630 12:16:09.260041 13568 thread.cc:527] Waited for 2000ms trying to join with diag-logger (tid 14850)
I20260630 12:16:09.507893 13568 master.cc:584] Master@127.13.64.60:44529 shutdown complete.
[       OK ] AutoRebalancerTest.NextLeaderResumesAutoRebalancing (12208 ms)
[ RUN      ] AutoRebalancerTest.MovesScheduledIfAddTserver
I20260630 12:16:09.557922 13568 internal_mini_cluster.cc:156] Creating distributed mini masters. Addrs: 127.13.64.62:45453
I20260630 12:16:09.559320 13568 file_cache.cc:492] Constructed file cache file cache with capacity 419430
W20260630 12:16:09.565538 15224 instance_detector.cc:116] could not retrieve AWS instance metadata: Network error: curl error: HTTP response code said error: The requested URL returned error: 404
W20260630 12:16:09.565760 15225 instance_detector.cc:116] could not retrieve Azure instance metadata: Network error: curl error: HTTP response code said error: The requested URL returned error: 404
W20260630 12:16:09.567302 15227 instance_detector.cc:116] could not retrieve OpenStack instance metadata: Network error: curl error: HTTP response code said error: The requested URL returned error: 404
I20260630 12:16:09.568037 13568 server_base.cc:1061] running on GCE node
I20260630 12:16:09.569031 13568 hybrid_clock.cc:584] initializing the hybrid clock with 'system_unsync' time source
W20260630 12:16:09.569278 13568 system_unsync_time.cc:38] NTP support is disabled. Clock error bounds will not be accurate. This configuration is not suitable for distributed clusters.
I20260630 12:16:09.569497 13568 hybrid_clock.cc:648] HybridClock initialized: now 1782821769569457 us; error 0 us; skew 500 ppm
I20260630 12:16:09.570096 13568 server_base.cc:861] Flag tcmalloc_max_total_thread_cache_bytes is not working since tcmalloc is not enabled.
I20260630 12:16:09.572772 13568 webserver.cc:533] Webserver started at http://127.13.64.62:46873/ using document root <none> and password file <none>
I20260630 12:16:09.573329 13568 fs_manager.cc:362] Metadata directory not provided
I20260630 12:16:09.573535 13568 fs_manager.cc:368] Using write-ahead log directory (fs_wal_dir) as metadata directory
I20260630 12:16:09.573894 13568 server_base.cc:909] This appears to be a new deployment of Kudu; creating new FS layout
I20260630 12:16:09.575270 13568 fs_manager.cc:1068] Generated new instance metadata in path /tmp/dist-test-taskYstfre/test-tmp/auto_rebalancer-test.0.AutoRebalancerTest.MovesScheduledIfAddTserver.1782821739255865-13568-0/minicluster-data/master-0-root/instance:
uuid: "6f281473add844c482dabf6b588f0bcd"
format_stamp: "Formatted at 2026-06-30 12:16:09 on dist-test-slave-65wm"
I20260630 12:16:09.580154 13568 fs_manager.cc:696] Time spent creating directory manager: real 0.004s	user 0.004s	sys 0.002s
I20260630 12:16:09.583653 15232 log_block_manager.cc:4031] Time spent loading block containers with low live blocks: real 0.000s	user 0.000s	sys 0.000s
I20260630 12:16:09.584414 13568 fs_manager.cc:730] Time spent opening block manager: real 0.002s	user 0.002s	sys 0.000s
I20260630 12:16:09.584715 13568 fs_manager.cc:647] Opened local filesystem: /tmp/dist-test-taskYstfre/test-tmp/auto_rebalancer-test.0.AutoRebalancerTest.MovesScheduledIfAddTserver.1782821739255865-13568-0/minicluster-data/master-0-root
uuid: "6f281473add844c482dabf6b588f0bcd"
format_stamp: "Formatted at 2026-06-30 12:16:09 on dist-test-slave-65wm"
I20260630 12:16:09.584956 13568 fs_report.cc:389] FS layout report
--------------------
wal directory: /tmp/dist-test-taskYstfre/test-tmp/auto_rebalancer-test.0.AutoRebalancerTest.MovesScheduledIfAddTserver.1782821739255865-13568-0/minicluster-data/master-0-root
metadata directory: /tmp/dist-test-taskYstfre/test-tmp/auto_rebalancer-test.0.AutoRebalancerTest.MovesScheduledIfAddTserver.1782821739255865-13568-0/minicluster-data/master-0-root
1 data directories: /tmp/dist-test-taskYstfre/test-tmp/auto_rebalancer-test.0.AutoRebalancerTest.MovesScheduledIfAddTserver.1782821739255865-13568-0/minicluster-data/master-0-root/data
Total live blocks: 0
Total live bytes: 0
Total live bytes (after alignment): 0
Total number of LBM containers: 0 (0 full)
Did not check for missing blocks
Did not check for orphaned blocks
Total full LBM containers with extra space: 0 (0 repaired)
Total full LBM container extra space in bytes: 0 (0 repaired)
Total incomplete LBM containers: 0 (0 repaired)
Total LBM partial records: 0 (0 repaired)
Total corrupted LBM metadata records in RocksDB: 0 (0 repaired)
I20260630 12:16:09.615336 13568 rpc_server.cc:225] running with OpenSSL 1.1.1  11 Sep 2018
I20260630 12:16:09.616590 13568 kserver.cc:163] Server-wide thread pool size limit: 3276
I20260630 12:16:09.654354 13568 rpc_server.cc:307] RPC server started. Bound to: 127.13.64.62:45453
I20260630 12:16:09.654471 15283 acceptor_pool.cc:272] collecting diagnostics on the listening RPC socket 127.13.64.62:45453 every 8 connection(s)
I20260630 12:16:09.658586 15284 data_dirs.cc:400] Could only allocate 1 dirs of requested 3 for tablet 00000000000000000000000000000000. 1 dirs total, 0 dirs full, 0 dirs failed
I20260630 12:16:09.669294 15284 tablet_bootstrap.cc:492] T 00000000000000000000000000000000 P 6f281473add844c482dabf6b588f0bcd: Bootstrap starting.
I20260630 12:16:09.674117 15284 tablet_bootstrap.cc:654] T 00000000000000000000000000000000 P 6f281473add844c482dabf6b588f0bcd: Neither blocks nor log segments found. Creating new log.
I20260630 12:16:09.678460 15284 tablet_bootstrap.cc:492] T 00000000000000000000000000000000 P 6f281473add844c482dabf6b588f0bcd: No bootstrap required, opened a new log
I20260630 12:16:09.680603 15284 raft_consensus.cc:359] T 00000000000000000000000000000000 P 6f281473add844c482dabf6b588f0bcd [term 0 FOLLOWER]: Replica starting. Triggering 0 pending ops. Active config: opid_index: -1 OBSOLETE_local: true peers { permanent_uuid: "6f281473add844c482dabf6b588f0bcd" member_type: VOTER }
I20260630 12:16:09.681082 15284 raft_consensus.cc:385] T 00000000000000000000000000000000 P 6f281473add844c482dabf6b588f0bcd [term 0 FOLLOWER]: Consensus starting up: Expiring failure detector timer to make a prompt election more likely
I20260630 12:16:09.681386 15284 raft_consensus.cc:740] T 00000000000000000000000000000000 P 6f281473add844c482dabf6b588f0bcd [term 0 FOLLOWER]: Becoming Follower/Learner. State: Replica: 6f281473add844c482dabf6b588f0bcd, State: Initialized, Role: FOLLOWER
I20260630 12:16:09.681912 15284 consensus_queue.cc:260] T 00000000000000000000000000000000 P 6f281473add844c482dabf6b588f0bcd [NON_LEADER]: Queue going to NON_LEADER mode. State: All replicated index: 0, Majority replicated index: 0, Committed index: 0, Last appended: 0.0, Last appended by leader: 0, Current term: 0, Majority size: -1, State: 0, Mode: NON_LEADER, active raft config: opid_index: -1 OBSOLETE_local: true peers { permanent_uuid: "6f281473add844c482dabf6b588f0bcd" member_type: VOTER }
I20260630 12:16:09.682343 15284 raft_consensus.cc:399] T 00000000000000000000000000000000 P 6f281473add844c482dabf6b588f0bcd [term 0 FOLLOWER]: Only one voter in the Raft config. Triggering election immediately
I20260630 12:16:09.682538 15284 raft_consensus.cc:493] T 00000000000000000000000000000000 P 6f281473add844c482dabf6b588f0bcd [term 0 FOLLOWER]: Starting leader election (initial election of a single-replica configuration)
I20260630 12:16:09.682765 15284 raft_consensus.cc:3060] T 00000000000000000000000000000000 P 6f281473add844c482dabf6b588f0bcd [term 0 FOLLOWER]: Advancing to term 1
I20260630 12:16:09.687106 15284 raft_consensus.cc:515] T 00000000000000000000000000000000 P 6f281473add844c482dabf6b588f0bcd [term 1 FOLLOWER]: Starting leader election with config: opid_index: -1 OBSOLETE_local: true peers { permanent_uuid: "6f281473add844c482dabf6b588f0bcd" member_type: VOTER }
I20260630 12:16:09.687549 15284 leader_election.cc:304] T 00000000000000000000000000000000 P 6f281473add844c482dabf6b588f0bcd [CANDIDATE]: Term 1 election: Election decided. Result: candidate won. Election summary: received 1 responses out of 1 voters: 1 yes votes; 0 no votes. yes voters: 6f281473add844c482dabf6b588f0bcd; no voters: 
I20260630 12:16:09.688617 15284 leader_election.cc:290] T 00000000000000000000000000000000 P 6f281473add844c482dabf6b588f0bcd [CANDIDATE]: Term 1 election: Requested vote from peers 
I20260630 12:16:09.689028 15287 raft_consensus.cc:2804] T 00000000000000000000000000000000 P 6f281473add844c482dabf6b588f0bcd [term 1 FOLLOWER]: Leader election won for term 1
I20260630 12:16:09.690351 15287 raft_consensus.cc:697] T 00000000000000000000000000000000 P 6f281473add844c482dabf6b588f0bcd [term 1 LEADER]: Becoming Leader. State: Replica: 6f281473add844c482dabf6b588f0bcd, State: Running, Role: LEADER
I20260630 12:16:09.691084 15287 consensus_queue.cc:237] T 00000000000000000000000000000000 P 6f281473add844c482dabf6b588f0bcd [LEADER]: Queue going to LEADER mode. State: All replicated index: 0, Majority replicated index: 0, Committed index: 0, Last appended: 0.0, Last appended by leader: 0, Current term: 1, Majority size: 1, State: 0, Mode: LEADER, active raft config: opid_index: -1 OBSOLETE_local: true peers { permanent_uuid: "6f281473add844c482dabf6b588f0bcd" member_type: VOTER }
I20260630 12:16:09.691668 15284 sys_catalog.cc:565] T 00000000000000000000000000000000 P 6f281473add844c482dabf6b588f0bcd [sys.catalog]: configured and running, proceeding with master startup.
I20260630 12:16:09.698403 15288 sys_catalog.cc:455] T 00000000000000000000000000000000 P 6f281473add844c482dabf6b588f0bcd [sys.catalog]: SysCatalogTable state changed. Reason: RaftConsensus started. Latest consensus state: current_term: 1 leader_uuid: "6f281473add844c482dabf6b588f0bcd" committed_config { opid_index: -1 OBSOLETE_local: true peers { permanent_uuid: "6f281473add844c482dabf6b588f0bcd" member_type: VOTER } }
I20260630 12:16:09.698403 15289 sys_catalog.cc:455] T 00000000000000000000000000000000 P 6f281473add844c482dabf6b588f0bcd [sys.catalog]: SysCatalogTable state changed. Reason: New leader 6f281473add844c482dabf6b588f0bcd. Latest consensus state: current_term: 1 leader_uuid: "6f281473add844c482dabf6b588f0bcd" committed_config { opid_index: -1 OBSOLETE_local: true peers { permanent_uuid: "6f281473add844c482dabf6b588f0bcd" member_type: VOTER } }
I20260630 12:16:09.699131 15288 sys_catalog.cc:458] T 00000000000000000000000000000000 P 6f281473add844c482dabf6b588f0bcd [sys.catalog]: This master's current role is: LEADER
I20260630 12:16:09.699237 15289 sys_catalog.cc:458] T 00000000000000000000000000000000 P 6f281473add844c482dabf6b588f0bcd [sys.catalog]: This master's current role is: LEADER
I20260630 12:16:09.705268 15296 catalog_manager.cc:1511] Loading table and tablet metadata into memory...
I20260630 12:16:09.710244 15296 catalog_manager.cc:1520] Initializing Kudu cluster ID...
I20260630 12:16:09.711268 13568 internal_mini_cluster.cc:184] Waiting to initialize catalog manager on master 0
I20260630 12:16:09.718956 15296 catalog_manager.cc:1383] Generated new cluster ID: d3fd560b36d5473488e44f857614b406
I20260630 12:16:09.719240 15296 catalog_manager.cc:1531] Initializing Kudu internal certificate authority...
I20260630 12:16:09.734254 15296 catalog_manager.cc:1406] Generated new certificate authority record
I20260630 12:16:09.735431 15296 catalog_manager.cc:1540] Loading token signing keys...
I20260630 12:16:09.752645 15296 catalog_manager.cc:6070] T 00000000000000000000000000000000 P 6f281473add844c482dabf6b588f0bcd: Generated new TSK 0
I20260630 12:16:09.753221 15296 catalog_manager.cc:1550] Initializing in-progress tserver states...
I20260630 12:16:09.778293 13568 file_cache.cc:492] Constructed file cache file cache with capacity 419430
W20260630 12:16:09.784751 15305 instance_detector.cc:116] could not retrieve AWS instance metadata: Network error: curl error: HTTP response code said error: The requested URL returned error: 404
W20260630 12:16:09.786278 15306 instance_detector.cc:116] could not retrieve Azure instance metadata: Network error: curl error: HTTP response code said error: The requested URL returned error: 404
W20260630 12:16:09.787583 15308 instance_detector.cc:116] could not retrieve OpenStack instance metadata: Network error: curl error: HTTP response code said error: The requested URL returned error: 404
I20260630 12:16:09.789894 13568 server_base.cc:1061] running on GCE node
I20260630 12:16:09.790849 13568 hybrid_clock.cc:584] initializing the hybrid clock with 'system_unsync' time source
W20260630 12:16:09.791079 13568 system_unsync_time.cc:38] NTP support is disabled. Clock error bounds will not be accurate. This configuration is not suitable for distributed clusters.
I20260630 12:16:09.791255 13568 hybrid_clock.cc:648] HybridClock initialized: now 1782821769791231 us; error 0 us; skew 500 ppm
I20260630 12:16:09.791810 13568 server_base.cc:861] Flag tcmalloc_max_total_thread_cache_bytes is not working since tcmalloc is not enabled.
I20260630 12:16:09.794325 13568 webserver.cc:533] Webserver started at http://127.13.64.1:43389/ using document root <none> and password file <none>
I20260630 12:16:09.794816 13568 fs_manager.cc:362] Metadata directory not provided
I20260630 12:16:09.795023 13568 fs_manager.cc:368] Using write-ahead log directory (fs_wal_dir) as metadata directory
I20260630 12:16:09.795293 13568 server_base.cc:909] This appears to be a new deployment of Kudu; creating new FS layout
I20260630 12:16:09.796495 13568 fs_manager.cc:1068] Generated new instance metadata in path /tmp/dist-test-taskYstfre/test-tmp/auto_rebalancer-test.0.AutoRebalancerTest.MovesScheduledIfAddTserver.1782821739255865-13568-0/minicluster-data/ts-0-root/instance:
uuid: "9ef9723bdf56467f9839c37941f47556"
format_stamp: "Formatted at 2026-06-30 12:16:09 on dist-test-slave-65wm"
I20260630 12:16:09.801208 13568 fs_manager.cc:696] Time spent creating directory manager: real 0.004s	user 0.004s	sys 0.003s
I20260630 12:16:09.804982 15313 log_block_manager.cc:4031] Time spent loading block containers with low live blocks: real 0.000s	user 0.000s	sys 0.000s
I20260630 12:16:09.805881 13568 fs_manager.cc:730] Time spent opening block manager: real 0.002s	user 0.000s	sys 0.003s
I20260630 12:16:09.806169 13568 fs_manager.cc:647] Opened local filesystem: /tmp/dist-test-taskYstfre/test-tmp/auto_rebalancer-test.0.AutoRebalancerTest.MovesScheduledIfAddTserver.1782821739255865-13568-0/minicluster-data/ts-0-root
uuid: "9ef9723bdf56467f9839c37941f47556"
format_stamp: "Formatted at 2026-06-30 12:16:09 on dist-test-slave-65wm"
I20260630 12:16:09.806447 13568 fs_report.cc:389] FS layout report
--------------------
wal directory: /tmp/dist-test-taskYstfre/test-tmp/auto_rebalancer-test.0.AutoRebalancerTest.MovesScheduledIfAddTserver.1782821739255865-13568-0/minicluster-data/ts-0-root
metadata directory: /tmp/dist-test-taskYstfre/test-tmp/auto_rebalancer-test.0.AutoRebalancerTest.MovesScheduledIfAddTserver.1782821739255865-13568-0/minicluster-data/ts-0-root
1 data directories: /tmp/dist-test-taskYstfre/test-tmp/auto_rebalancer-test.0.AutoRebalancerTest.MovesScheduledIfAddTserver.1782821739255865-13568-0/minicluster-data/ts-0-root/data
Total live blocks: 0
Total live bytes: 0
Total live bytes (after alignment): 0
Total number of LBM containers: 0 (0 full)
Did not check for missing blocks
Did not check for orphaned blocks
Total full LBM containers with extra space: 0 (0 repaired)
Total full LBM container extra space in bytes: 0 (0 repaired)
Total incomplete LBM containers: 0 (0 repaired)
Total LBM partial records: 0 (0 repaired)
Total corrupted LBM metadata records in RocksDB: 0 (0 repaired)
I20260630 12:16:09.819572 13568 rpc_server.cc:225] running with OpenSSL 1.1.1  11 Sep 2018
I20260630 12:16:09.820779 13568 kserver.cc:163] Server-wide thread pool size limit: 3276
I20260630 12:16:09.822345 13568 txn_system_client.cc:432] TxnSystemClient initialization is disabled...
I20260630 12:16:09.824645 13568 ts_tablet_manager.cc:585] Loaded tablet metadata (0 total tablets, 0 live tablets)
I20260630 12:16:09.824898 13568 ts_tablet_manager.cc:531] Time spent load tablet metadata: real 0.000s	user 0.000s	sys 0.000s
I20260630 12:16:09.825156 13568 ts_tablet_manager.cc:616] Registered 0 tablets
I20260630 12:16:09.825338 13568 ts_tablet_manager.cc:595] Time spent register tablets: real 0.000s	user 0.000s	sys 0.000s
I20260630 12:16:09.865500 13568 rpc_server.cc:307] RPC server started. Bound to: 127.13.64.1:37107
I20260630 12:16:09.865592 15375 acceptor_pool.cc:272] collecting diagnostics on the listening RPC socket 127.13.64.1:37107 every 8 connection(s)
I20260630 12:16:09.870550 13568 file_cache.cc:492] Constructed file cache file cache with capacity 419430
W20260630 12:16:09.877974 15380 instance_detector.cc:116] could not retrieve AWS instance metadata: Network error: curl error: HTTP response code said error: The requested URL returned error: 404
W20260630 12:16:09.878352 15381 instance_detector.cc:116] could not retrieve Azure instance metadata: Network error: curl error: HTTP response code said error: The requested URL returned error: 404
W20260630 12:16:09.881373 15383 instance_detector.cc:116] could not retrieve OpenStack instance metadata: Network error: curl error: HTTP response code said error: The requested URL returned error: 404
I20260630 12:16:09.885421 15376 heartbeater.cc:344] Connected to a master server at 127.13.64.62:45453
I20260630 12:16:09.885811 15376 heartbeater.cc:461] Registering TS with master...
I20260630 12:16:09.886227 13568 server_base.cc:1061] running on GCE node
I20260630 12:16:09.886700 15376 heartbeater.cc:507] Master 127.13.64.62:45453 requested a full tablet report, sending...
I20260630 12:16:09.887315 13568 hybrid_clock.cc:584] initializing the hybrid clock with 'system_unsync' time source
W20260630 12:16:09.887586 13568 system_unsync_time.cc:38] NTP support is disabled. Clock error bounds will not be accurate. This configuration is not suitable for distributed clusters.
I20260630 12:16:09.887776 13568 hybrid_clock.cc:648] HybridClock initialized: now 1782821769887743 us; error 0 us; skew 500 ppm
I20260630 12:16:09.888492 13568 server_base.cc:861] Flag tcmalloc_max_total_thread_cache_bytes is not working since tcmalloc is not enabled.
I20260630 12:16:09.889154 15249 ts_manager.cc:194] Registered new tserver with Master: 9ef9723bdf56467f9839c37941f47556 (127.13.64.1:37107)
I20260630 12:16:09.891580 13568 webserver.cc:533] Webserver started at http://127.13.64.2:38155/ using document root <none> and password file <none>
I20260630 12:16:09.892083 15249 master_service.cc:502] Signed X509 certificate for tserver {username='slave'} at 127.0.0.1:48836
I20260630 12:16:09.892261 13568 fs_manager.cc:362] Metadata directory not provided
I20260630 12:16:09.892547 13568 fs_manager.cc:368] Using write-ahead log directory (fs_wal_dir) as metadata directory
I20260630 12:16:09.892951 13568 server_base.cc:909] This appears to be a new deployment of Kudu; creating new FS layout
I20260630 12:16:09.894356 13568 fs_manager.cc:1068] Generated new instance metadata in path /tmp/dist-test-taskYstfre/test-tmp/auto_rebalancer-test.0.AutoRebalancerTest.MovesScheduledIfAddTserver.1782821739255865-13568-0/minicluster-data/ts-1-root/instance:
uuid: "e4f9ff75bef940a58a009aa3f3bbc11d"
format_stamp: "Formatted at 2026-06-30 12:16:09 on dist-test-slave-65wm"
I20260630 12:16:09.899137 13568 fs_manager.cc:696] Time spent creating directory manager: real 0.004s	user 0.005s	sys 0.000s
I20260630 12:16:09.902400 15388 log_block_manager.cc:4031] Time spent loading block containers with low live blocks: real 0.000s	user 0.000s	sys 0.000s
I20260630 12:16:09.903263 13568 fs_manager.cc:730] Time spent opening block manager: real 0.002s	user 0.002s	sys 0.001s
I20260630 12:16:09.903549 13568 fs_manager.cc:647] Opened local filesystem: /tmp/dist-test-taskYstfre/test-tmp/auto_rebalancer-test.0.AutoRebalancerTest.MovesScheduledIfAddTserver.1782821739255865-13568-0/minicluster-data/ts-1-root
uuid: "e4f9ff75bef940a58a009aa3f3bbc11d"
format_stamp: "Formatted at 2026-06-30 12:16:09 on dist-test-slave-65wm"
I20260630 12:16:09.903828 13568 fs_report.cc:389] FS layout report
--------------------
wal directory: /tmp/dist-test-taskYstfre/test-tmp/auto_rebalancer-test.0.AutoRebalancerTest.MovesScheduledIfAddTserver.1782821739255865-13568-0/minicluster-data/ts-1-root
metadata directory: /tmp/dist-test-taskYstfre/test-tmp/auto_rebalancer-test.0.AutoRebalancerTest.MovesScheduledIfAddTserver.1782821739255865-13568-0/minicluster-data/ts-1-root
1 data directories: /tmp/dist-test-taskYstfre/test-tmp/auto_rebalancer-test.0.AutoRebalancerTest.MovesScheduledIfAddTserver.1782821739255865-13568-0/minicluster-data/ts-1-root/data
Total live blocks: 0
Total live bytes: 0
Total live bytes (after alignment): 0
Total number of LBM containers: 0 (0 full)
Did not check for missing blocks
Did not check for orphaned blocks
Total full LBM containers with extra space: 0 (0 repaired)
Total full LBM container extra space in bytes: 0 (0 repaired)
Total incomplete LBM containers: 0 (0 repaired)
Total LBM partial records: 0 (0 repaired)
Total corrupted LBM metadata records in RocksDB: 0 (0 repaired)
I20260630 12:16:09.915864 13568 rpc_server.cc:225] running with OpenSSL 1.1.1  11 Sep 2018
I20260630 12:16:09.917069 13568 kserver.cc:163] Server-wide thread pool size limit: 3276
I20260630 12:16:09.918581 13568 txn_system_client.cc:432] TxnSystemClient initialization is disabled...
I20260630 12:16:09.920739 13568 ts_tablet_manager.cc:585] Loaded tablet metadata (0 total tablets, 0 live tablets)
I20260630 12:16:09.920964 13568 ts_tablet_manager.cc:531] Time spent load tablet metadata: real 0.000s	user 0.000s	sys 0.000s
I20260630 12:16:09.921216 13568 ts_tablet_manager.cc:616] Registered 0 tablets
I20260630 12:16:09.921386 13568 ts_tablet_manager.cc:595] Time spent register tablets: real 0.000s	user 0.000s	sys 0.000s
I20260630 12:16:09.959786 13568 rpc_server.cc:307] RPC server started. Bound to: 127.13.64.2:46327
I20260630 12:16:09.959877 15450 acceptor_pool.cc:272] collecting diagnostics on the listening RPC socket 127.13.64.2:46327 every 8 connection(s)
I20260630 12:16:09.964681 13568 file_cache.cc:492] Constructed file cache file cache with capacity 419430
W20260630 12:16:09.971853 15454 instance_detector.cc:116] could not retrieve AWS instance metadata: Network error: curl error: HTTP response code said error: The requested URL returned error: 404
W20260630 12:16:09.973667 15455 instance_detector.cc:116] could not retrieve Azure instance metadata: Network error: curl error: HTTP response code said error: The requested URL returned error: 404
I20260630 12:16:09.977006 15451 heartbeater.cc:344] Connected to a master server at 127.13.64.62:45453
W20260630 12:16:09.977315 15457 instance_detector.cc:116] could not retrieve OpenStack instance metadata: Network error: curl error: HTTP response code said error: The requested URL returned error: 404
I20260630 12:16:09.977489 15451 heartbeater.cc:461] Registering TS with master...
I20260630 12:16:09.978111 13568 server_base.cc:1061] running on GCE node
I20260630 12:16:09.978669 15451 heartbeater.cc:507] Master 127.13.64.62:45453 requested a full tablet report, sending...
I20260630 12:16:09.979107 13568 hybrid_clock.cc:584] initializing the hybrid clock with 'system_unsync' time source
W20260630 12:16:09.979368 13568 system_unsync_time.cc:38] NTP support is disabled. Clock error bounds will not be accurate. This configuration is not suitable for distributed clusters.
I20260630 12:16:09.979585 13568 hybrid_clock.cc:648] HybridClock initialized: now 1782821769979560 us; error 0 us; skew 500 ppm
I20260630 12:16:09.980067 13568 server_base.cc:861] Flag tcmalloc_max_total_thread_cache_bytes is not working since tcmalloc is not enabled.
I20260630 12:16:09.981072 15249 ts_manager.cc:194] Registered new tserver with Master: e4f9ff75bef940a58a009aa3f3bbc11d (127.13.64.2:46327)
I20260630 12:16:09.983045 15249 master_service.cc:502] Signed X509 certificate for tserver {username='slave'} at 127.0.0.1:48850
I20260630 12:16:09.983258 13568 webserver.cc:533] Webserver started at http://127.13.64.3:43543/ using document root <none> and password file <none>
I20260630 12:16:09.983891 13568 fs_manager.cc:362] Metadata directory not provided
I20260630 12:16:09.984129 13568 fs_manager.cc:368] Using write-ahead log directory (fs_wal_dir) as metadata directory
I20260630 12:16:09.984437 13568 server_base.cc:909] This appears to be a new deployment of Kudu; creating new FS layout
I20260630 12:16:09.985864 13568 fs_manager.cc:1068] Generated new instance metadata in path /tmp/dist-test-taskYstfre/test-tmp/auto_rebalancer-test.0.AutoRebalancerTest.MovesScheduledIfAddTserver.1782821739255865-13568-0/minicluster-data/ts-2-root/instance:
uuid: "4210f83286d84e19b90bd3438b6bd160"
format_stamp: "Formatted at 2026-06-30 12:16:09 on dist-test-slave-65wm"
I20260630 12:16:09.990216 13568 fs_manager.cc:696] Time spent creating directory manager: real 0.004s	user 0.004s	sys 0.000s
I20260630 12:16:09.993322 15462 log_block_manager.cc:4031] Time spent loading block containers with low live blocks: real 0.000s	user 0.000s	sys 0.000s
I20260630 12:16:09.994071 13568 fs_manager.cc:730] Time spent opening block manager: real 0.002s	user 0.002s	sys 0.001s
I20260630 12:16:09.994370 13568 fs_manager.cc:647] Opened local filesystem: /tmp/dist-test-taskYstfre/test-tmp/auto_rebalancer-test.0.AutoRebalancerTest.MovesScheduledIfAddTserver.1782821739255865-13568-0/minicluster-data/ts-2-root
uuid: "4210f83286d84e19b90bd3438b6bd160"
format_stamp: "Formatted at 2026-06-30 12:16:09 on dist-test-slave-65wm"
I20260630 12:16:09.994638 13568 fs_report.cc:389] FS layout report
--------------------
wal directory: /tmp/dist-test-taskYstfre/test-tmp/auto_rebalancer-test.0.AutoRebalancerTest.MovesScheduledIfAddTserver.1782821739255865-13568-0/minicluster-data/ts-2-root
metadata directory: /tmp/dist-test-taskYstfre/test-tmp/auto_rebalancer-test.0.AutoRebalancerTest.MovesScheduledIfAddTserver.1782821739255865-13568-0/minicluster-data/ts-2-root
1 data directories: /tmp/dist-test-taskYstfre/test-tmp/auto_rebalancer-test.0.AutoRebalancerTest.MovesScheduledIfAddTserver.1782821739255865-13568-0/minicluster-data/ts-2-root/data
Total live blocks: 0
Total live bytes: 0
Total live bytes (after alignment): 0
Total number of LBM containers: 0 (0 full)
Did not check for missing blocks
Did not check for orphaned blocks
Total full LBM containers with extra space: 0 (0 repaired)
Total full LBM container extra space in bytes: 0 (0 repaired)
Total incomplete LBM containers: 0 (0 repaired)
Total LBM partial records: 0 (0 repaired)
Total corrupted LBM metadata records in RocksDB: 0 (0 repaired)
I20260630 12:16:10.016575 13568 rpc_server.cc:225] running with OpenSSL 1.1.1  11 Sep 2018
I20260630 12:16:10.017987 13568 kserver.cc:163] Server-wide thread pool size limit: 3276
I20260630 12:16:10.019523 13568 txn_system_client.cc:432] TxnSystemClient initialization is disabled...
I20260630 12:16:10.021829 13568 ts_tablet_manager.cc:585] Loaded tablet metadata (0 total tablets, 0 live tablets)
I20260630 12:16:10.022068 13568 ts_tablet_manager.cc:531] Time spent load tablet metadata: real 0.000s	user 0.000s	sys 0.000s
I20260630 12:16:10.022320 13568 ts_tablet_manager.cc:616] Registered 0 tablets
I20260630 12:16:10.022502 13568 ts_tablet_manager.cc:595] Time spent register tablets: real 0.000s	user 0.000s	sys 0.000s
I20260630 12:16:10.060756 13568 rpc_server.cc:307] RPC server started. Bound to: 127.13.64.3:43283
I20260630 12:16:10.060847 15524 acceptor_pool.cc:272] collecting diagnostics on the listening RPC socket 127.13.64.3:43283 every 8 connection(s)
I20260630 12:16:10.074455 15525 heartbeater.cc:344] Connected to a master server at 127.13.64.62:45453
I20260630 12:16:10.074864 15525 heartbeater.cc:461] Registering TS with master...
I20260630 12:16:10.075563 15525 heartbeater.cc:507] Master 127.13.64.62:45453 requested a full tablet report, sending...
I20260630 12:16:10.077557 15249 ts_manager.cc:194] Registered new tserver with Master: 4210f83286d84e19b90bd3438b6bd160 (127.13.64.3:43283)
I20260630 12:16:10.078392 13568 internal_mini_cluster.cc:371] 3 TS(s) registered with all masters after 0.014451471s
I20260630 12:16:10.079020 15249 master_service.cc:502] Signed X509 certificate for tserver {username='slave'} at 127.0.0.1:48864
I20260630 12:16:10.895190 15376 heartbeater.cc:499] Master 127.13.64.62:45453 was elected leader, sending a full tablet report...
I20260630 12:16:10.985852 15451 heartbeater.cc:499] Master 127.13.64.62:45453 was elected leader, sending a full tablet report...
I20260630 12:16:11.081967 15525 heartbeater.cc:499] Master 127.13.64.62:45453 was elected leader, sending a full tablet report...
I20260630 12:16:11.134037 15249 catalog_manager.cc:2283] Servicing CreateTable request from {username='slave'} at 127.0.0.1:48874:
name: "test-workload"
schema {
  columns {
    name: "key"
    type: INT32
    is_key: true
    is_nullable: false
    encoding: AUTO_ENCODING
    compression: DEFAULT_COMPRESSION
    cfile_block_size: 0
    immutable: false
  }
  columns {
    name: "int_val"
    type: INT32
    is_key: false
    is_nullable: false
    encoding: AUTO_ENCODING
    compression: DEFAULT_COMPRESSION
    cfile_block_size: 0
    immutable: false
  }
  columns {
    name: "string_val"
    type: STRING
    is_key: false
    is_nullable: true
    encoding: AUTO_ENCODING
    compression: DEFAULT_COMPRESSION
    cfile_block_size: 0
    immutable: false
  }
}
num_replicas: 3
split_rows_range_bounds {
  rows: "\004\001\000\377\377\377?""\004\001\000\377\377\377?"
  indirect_data: """"
}
partition_schema {
  range_schema {
    columns {
      name: "key"
    }
  }
}
W20260630 12:16:11.136121 15249 catalog_manager.cc:7077] The number of live tablet servers is not enough to re-replicate a tablet replica of the newly created table test-workload in case of a server failure: 4 tablet servers would be needed, 3 are available. Consider bringing up more tablet servers.
I20260630 12:16:11.189153 15416 tablet_service.cc:1511] Processing CreateTablet for tablet c3dfa8e410ce40f1a71b3ac2c7f6e6bd (DEFAULT_TABLE table=test-workload [id=a518b4247c3140639b047b20419ca41d]), partition=RANGE (key) PARTITION VALUES < 1073741823
I20260630 12:16:11.190726 15416 data_dirs.cc:400] Could only allocate 1 dirs of requested 3 for tablet c3dfa8e410ce40f1a71b3ac2c7f6e6bd. 1 dirs total, 0 dirs full, 0 dirs failed
I20260630 12:16:11.189210 15415 tablet_service.cc:1511] Processing CreateTablet for tablet aa8979871ee74655802f4154b8f4da87 (DEFAULT_TABLE table=test-workload [id=a518b4247c3140639b047b20419ca41d]), partition=RANGE (key) PARTITION 1073741823 <= VALUES
I20260630 12:16:11.192160 15415 data_dirs.cc:400] Could only allocate 1 dirs of requested 3 for tablet aa8979871ee74655802f4154b8f4da87. 1 dirs total, 0 dirs full, 0 dirs failed
I20260630 12:16:11.197250 15490 tablet_service.cc:1511] Processing CreateTablet for tablet c3dfa8e410ce40f1a71b3ac2c7f6e6bd (DEFAULT_TABLE table=test-workload [id=a518b4247c3140639b047b20419ca41d]), partition=RANGE (key) PARTITION VALUES < 1073741823
I20260630 12:16:11.198127 15341 tablet_service.cc:1511] Processing CreateTablet for tablet c3dfa8e410ce40f1a71b3ac2c7f6e6bd (DEFAULT_TABLE table=test-workload [id=a518b4247c3140639b047b20419ca41d]), partition=RANGE (key) PARTITION VALUES < 1073741823
I20260630 12:16:11.198668 15490 data_dirs.cc:400] Could only allocate 1 dirs of requested 3 for tablet c3dfa8e410ce40f1a71b3ac2c7f6e6bd. 1 dirs total, 0 dirs full, 0 dirs failed
I20260630 12:16:11.199395 15341 data_dirs.cc:400] Could only allocate 1 dirs of requested 3 for tablet c3dfa8e410ce40f1a71b3ac2c7f6e6bd. 1 dirs total, 0 dirs full, 0 dirs failed
I20260630 12:16:11.202327 15489 tablet_service.cc:1511] Processing CreateTablet for tablet aa8979871ee74655802f4154b8f4da87 (DEFAULT_TABLE table=test-workload [id=a518b4247c3140639b047b20419ca41d]), partition=RANGE (key) PARTITION 1073741823 <= VALUES
I20260630 12:16:11.203699 15489 data_dirs.cc:400] Could only allocate 1 dirs of requested 3 for tablet aa8979871ee74655802f4154b8f4da87. 1 dirs total, 0 dirs full, 0 dirs failed
I20260630 12:16:11.203651 15340 tablet_service.cc:1511] Processing CreateTablet for tablet aa8979871ee74655802f4154b8f4da87 (DEFAULT_TABLE table=test-workload [id=a518b4247c3140639b047b20419ca41d]), partition=RANGE (key) PARTITION 1073741823 <= VALUES
I20260630 12:16:11.205037 15340 data_dirs.cc:400] Could only allocate 1 dirs of requested 3 for tablet aa8979871ee74655802f4154b8f4da87. 1 dirs total, 0 dirs full, 0 dirs failed
I20260630 12:16:11.212818 15545 tablet_bootstrap.cc:492] T c3dfa8e410ce40f1a71b3ac2c7f6e6bd P e4f9ff75bef940a58a009aa3f3bbc11d: Bootstrap starting.
I20260630 12:16:11.220000 15545 tablet_bootstrap.cc:654] T c3dfa8e410ce40f1a71b3ac2c7f6e6bd P e4f9ff75bef940a58a009aa3f3bbc11d: Neither blocks nor log segments found. Creating new log.
I20260630 12:16:11.235527 15547 tablet_bootstrap.cc:492] T c3dfa8e410ce40f1a71b3ac2c7f6e6bd P 4210f83286d84e19b90bd3438b6bd160: Bootstrap starting.
I20260630 12:16:11.236714 15545 tablet_bootstrap.cc:492] T c3dfa8e410ce40f1a71b3ac2c7f6e6bd P e4f9ff75bef940a58a009aa3f3bbc11d: No bootstrap required, opened a new log
I20260630 12:16:11.237290 15545 ts_tablet_manager.cc:1403] T c3dfa8e410ce40f1a71b3ac2c7f6e6bd P e4f9ff75bef940a58a009aa3f3bbc11d: Time spent bootstrapping tablet: real 0.025s	user 0.015s	sys 0.009s
I20260630 12:16:11.238040 15548 tablet_bootstrap.cc:492] T c3dfa8e410ce40f1a71b3ac2c7f6e6bd P 9ef9723bdf56467f9839c37941f47556: Bootstrap starting.
I20260630 12:16:11.240428 15545 raft_consensus.cc:359] T c3dfa8e410ce40f1a71b3ac2c7f6e6bd P e4f9ff75bef940a58a009aa3f3bbc11d [term 0 FOLLOWER]: Replica starting. Triggering 0 pending ops. Active config: opid_index: -1 OBSOLETE_local: false peers { permanent_uuid: "9ef9723bdf56467f9839c37941f47556" member_type: VOTER last_known_addr { host: "127.13.64.1" port: 37107 } } peers { permanent_uuid: "e4f9ff75bef940a58a009aa3f3bbc11d" member_type: VOTER last_known_addr { host: "127.13.64.2" port: 46327 } } peers { permanent_uuid: "4210f83286d84e19b90bd3438b6bd160" member_type: VOTER last_known_addr { host: "127.13.64.3" port: 43283 } }
I20260630 12:16:11.241238 15545 raft_consensus.cc:385] T c3dfa8e410ce40f1a71b3ac2c7f6e6bd P e4f9ff75bef940a58a009aa3f3bbc11d [term 0 FOLLOWER]: Consensus starting up: Expiring failure detector timer to make a prompt election more likely
I20260630 12:16:11.241544 15545 raft_consensus.cc:740] T c3dfa8e410ce40f1a71b3ac2c7f6e6bd P e4f9ff75bef940a58a009aa3f3bbc11d [term 0 FOLLOWER]: Becoming Follower/Learner. State: Replica: e4f9ff75bef940a58a009aa3f3bbc11d, State: Initialized, Role: FOLLOWER
I20260630 12:16:11.242247 15547 tablet_bootstrap.cc:654] T c3dfa8e410ce40f1a71b3ac2c7f6e6bd P 4210f83286d84e19b90bd3438b6bd160: Neither blocks nor log segments found. Creating new log.
I20260630 12:16:11.242282 15545 consensus_queue.cc:260] T c3dfa8e410ce40f1a71b3ac2c7f6e6bd P e4f9ff75bef940a58a009aa3f3bbc11d [NON_LEADER]: Queue going to NON_LEADER mode. State: All replicated index: 0, Majority replicated index: 0, Committed index: 0, Last appended: 0.0, Last appended by leader: 0, Current term: 0, Majority size: -1, State: 0, Mode: NON_LEADER, active raft config: opid_index: -1 OBSOLETE_local: false peers { permanent_uuid: "9ef9723bdf56467f9839c37941f47556" member_type: VOTER last_known_addr { host: "127.13.64.1" port: 37107 } } peers { permanent_uuid: "e4f9ff75bef940a58a009aa3f3bbc11d" member_type: VOTER last_known_addr { host: "127.13.64.2" port: 46327 } } peers { permanent_uuid: "4210f83286d84e19b90bd3438b6bd160" member_type: VOTER last_known_addr { host: "127.13.64.3" port: 43283 } }
I20260630 12:16:11.243790 15548 tablet_bootstrap.cc:654] T c3dfa8e410ce40f1a71b3ac2c7f6e6bd P 9ef9723bdf56467f9839c37941f47556: Neither blocks nor log segments found. Creating new log.
I20260630 12:16:11.245532 15545 ts_tablet_manager.cc:1434] T c3dfa8e410ce40f1a71b3ac2c7f6e6bd P e4f9ff75bef940a58a009aa3f3bbc11d: Time spent starting tablet: real 0.008s	user 0.007s	sys 0.000s
I20260630 12:16:11.246835 15545 tablet_bootstrap.cc:492] T aa8979871ee74655802f4154b8f4da87 P e4f9ff75bef940a58a009aa3f3bbc11d: Bootstrap starting.
I20260630 12:16:11.255023 15545 tablet_bootstrap.cc:654] T aa8979871ee74655802f4154b8f4da87 P e4f9ff75bef940a58a009aa3f3bbc11d: Neither blocks nor log segments found. Creating new log.
I20260630 12:16:11.255568 15548 tablet_bootstrap.cc:492] T c3dfa8e410ce40f1a71b3ac2c7f6e6bd P 9ef9723bdf56467f9839c37941f47556: No bootstrap required, opened a new log
I20260630 12:16:11.256093 15548 ts_tablet_manager.cc:1403] T c3dfa8e410ce40f1a71b3ac2c7f6e6bd P 9ef9723bdf56467f9839c37941f47556: Time spent bootstrapping tablet: real 0.019s	user 0.004s	sys 0.013s
I20260630 12:16:11.259130 15548 raft_consensus.cc:359] T c3dfa8e410ce40f1a71b3ac2c7f6e6bd P 9ef9723bdf56467f9839c37941f47556 [term 0 FOLLOWER]: Replica starting. Triggering 0 pending ops. Active config: opid_index: -1 OBSOLETE_local: false peers { permanent_uuid: "9ef9723bdf56467f9839c37941f47556" member_type: VOTER last_known_addr { host: "127.13.64.1" port: 37107 } } peers { permanent_uuid: "e4f9ff75bef940a58a009aa3f3bbc11d" member_type: VOTER last_known_addr { host: "127.13.64.2" port: 46327 } } peers { permanent_uuid: "4210f83286d84e19b90bd3438b6bd160" member_type: VOTER last_known_addr { host: "127.13.64.3" port: 43283 } }
I20260630 12:16:11.260030 15548 raft_consensus.cc:385] T c3dfa8e410ce40f1a71b3ac2c7f6e6bd P 9ef9723bdf56467f9839c37941f47556 [term 0 FOLLOWER]: Consensus starting up: Expiring failure detector timer to make a prompt election more likely
I20260630 12:16:11.260392 15548 raft_consensus.cc:740] T c3dfa8e410ce40f1a71b3ac2c7f6e6bd P 9ef9723bdf56467f9839c37941f47556 [term 0 FOLLOWER]: Becoming Follower/Learner. State: Replica: 9ef9723bdf56467f9839c37941f47556, State: Initialized, Role: FOLLOWER
I20260630 12:16:11.261322 15548 consensus_queue.cc:260] T c3dfa8e410ce40f1a71b3ac2c7f6e6bd P 9ef9723bdf56467f9839c37941f47556 [NON_LEADER]: Queue going to NON_LEADER mode. State: All replicated index: 0, Majority replicated index: 0, Committed index: 0, Last appended: 0.0, Last appended by leader: 0, Current term: 0, Majority size: -1, State: 0, Mode: NON_LEADER, active raft config: opid_index: -1 OBSOLETE_local: false peers { permanent_uuid: "9ef9723bdf56467f9839c37941f47556" member_type: VOTER last_known_addr { host: "127.13.64.1" port: 37107 } } peers { permanent_uuid: "e4f9ff75bef940a58a009aa3f3bbc11d" member_type: VOTER last_known_addr { host: "127.13.64.2" port: 46327 } } peers { permanent_uuid: "4210f83286d84e19b90bd3438b6bd160" member_type: VOTER last_known_addr { host: "127.13.64.3" port: 43283 } }
I20260630 12:16:11.265298 15548 ts_tablet_manager.cc:1434] T c3dfa8e410ce40f1a71b3ac2c7f6e6bd P 9ef9723bdf56467f9839c37941f47556: Time spent starting tablet: real 0.009s	user 0.007s	sys 0.001s
I20260630 12:16:11.265607 15547 tablet_bootstrap.cc:492] T c3dfa8e410ce40f1a71b3ac2c7f6e6bd P 4210f83286d84e19b90bd3438b6bd160: No bootstrap required, opened a new log
I20260630 12:16:11.266149 15547 ts_tablet_manager.cc:1403] T c3dfa8e410ce40f1a71b3ac2c7f6e6bd P 4210f83286d84e19b90bd3438b6bd160: Time spent bootstrapping tablet: real 0.031s	user 0.018s	sys 0.012s
I20260630 12:16:11.266479 15545 tablet_bootstrap.cc:492] T aa8979871ee74655802f4154b8f4da87 P e4f9ff75bef940a58a009aa3f3bbc11d: No bootstrap required, opened a new log
I20260630 12:16:11.266753 15548 tablet_bootstrap.cc:492] T aa8979871ee74655802f4154b8f4da87 P 9ef9723bdf56467f9839c37941f47556: Bootstrap starting.
I20260630 12:16:11.267000 15545 ts_tablet_manager.cc:1403] T aa8979871ee74655802f4154b8f4da87 P e4f9ff75bef940a58a009aa3f3bbc11d: Time spent bootstrapping tablet: real 0.020s	user 0.009s	sys 0.010s
I20260630 12:16:11.269207 15547 raft_consensus.cc:359] T c3dfa8e410ce40f1a71b3ac2c7f6e6bd P 4210f83286d84e19b90bd3438b6bd160 [term 0 FOLLOWER]: Replica starting. Triggering 0 pending ops. Active config: opid_index: -1 OBSOLETE_local: false peers { permanent_uuid: "9ef9723bdf56467f9839c37941f47556" member_type: VOTER last_known_addr { host: "127.13.64.1" port: 37107 } } peers { permanent_uuid: "e4f9ff75bef940a58a009aa3f3bbc11d" member_type: VOTER last_known_addr { host: "127.13.64.2" port: 46327 } } peers { permanent_uuid: "4210f83286d84e19b90bd3438b6bd160" member_type: VOTER last_known_addr { host: "127.13.64.3" port: 43283 } }
I20260630 12:16:11.270023 15547 raft_consensus.cc:385] T c3dfa8e410ce40f1a71b3ac2c7f6e6bd P 4210f83286d84e19b90bd3438b6bd160 [term 0 FOLLOWER]: Consensus starting up: Expiring failure detector timer to make a prompt election more likely
