I20260630 12:12:25.211503  3627 raft_consensus.cc:515] T 21e520ddc8534fccad7cb903b124fc30 P 8797f6c00d094826a806ebbbc6ae7445 [term 1 FOLLOWER]: Starting leader election with config: opid_index: -1 OBSOLETE_local: false peers { permanent_uuid: "e4657ae0f25849a6940d2b03bbeb0a85" member_type: VOTER last_known_addr { host: "127.0.107.193" port: 35701 } } peers { permanent_uuid: "470b64078424489fa13f5dd405c5471a" member_type: VOTER last_known_addr { host: "127.0.107.194" port: 37009 } } peers { permanent_uuid: "8797f6c00d094826a806ebbbc6ae7445" member_type: VOTER last_known_addr { host: "127.0.107.195" port: 46107 } }
I20260630 12:12:25.213770  3622 tablet_bootstrap.cc:654] T 6a5454c1263e4b36b20264d029240f4d P e4657ae0f25849a6940d2b03bbeb0a85: Neither blocks nor log segments found. Creating new log.
I20260630 12:12:25.219092  3621 tablet_bootstrap.cc:492] T da9f74dabcaf4ce69aeb9fd2c48199fb P 8797f6c00d094826a806ebbbc6ae7445: No bootstrap required, opened a new log
I20260630 12:12:25.219645  3621 ts_tablet_manager.cc:1403] T da9f74dabcaf4ce69aeb9fd2c48199fb P 8797f6c00d094826a806ebbbc6ae7445: Time spent bootstrapping tablet: real 0.114s	user 0.005s	sys 0.008s
I20260630 12:12:25.222635  3621 raft_consensus.cc:359] T da9f74dabcaf4ce69aeb9fd2c48199fb P 8797f6c00d094826a806ebbbc6ae7445 [term 0 FOLLOWER]: Replica starting. Triggering 0 pending ops. Active config: opid_index: -1 OBSOLETE_local: false peers { permanent_uuid: "e4657ae0f25849a6940d2b03bbeb0a85" member_type: VOTER last_known_addr { host: "127.0.107.193" port: 35701 } } peers { permanent_uuid: "470b64078424489fa13f5dd405c5471a" member_type: VOTER last_known_addr { host: "127.0.107.194" port: 37009 } } peers { permanent_uuid: "8797f6c00d094826a806ebbbc6ae7445" member_type: VOTER last_known_addr { host: "127.0.107.195" port: 46107 } }
I20260630 12:12:25.223773  3616 tablet_bootstrap.cc:654] T 7315503efad04c729a9e59161ea0cf71 P 470b64078424489fa13f5dd405c5471a: Neither blocks nor log segments found. Creating new log.
I20260630 12:12:25.224067  3621 raft_consensus.cc:385] T da9f74dabcaf4ce69aeb9fd2c48199fb P 8797f6c00d094826a806ebbbc6ae7445 [term 0 FOLLOWER]: Consensus starting up: Expiring failure detector timer to make a prompt election more likely
I20260630 12:12:25.224431  3621 raft_consensus.cc:740] T da9f74dabcaf4ce69aeb9fd2c48199fb P 8797f6c00d094826a806ebbbc6ae7445 [term 0 FOLLOWER]: Becoming Follower/Learner. State: Replica: 8797f6c00d094826a806ebbbc6ae7445, State: Initialized, Role: FOLLOWER
I20260630 12:12:25.225265  3621 consensus_queue.cc:260] T da9f74dabcaf4ce69aeb9fd2c48199fb P 8797f6c00d094826a806ebbbc6ae7445 [NON_LEADER]: Queue going to NON_LEADER mode. State: All replicated index: 0, Majority replicated index: 0, Committed index: 0, Last appended: 0.0, Last appended by leader: 0, Current term: 0, Majority size: -1, State: 0, Mode: NON_LEADER, active raft config: opid_index: -1 OBSOLETE_local: false peers { permanent_uuid: "e4657ae0f25849a6940d2b03bbeb0a85" member_type: VOTER last_known_addr { host: "127.0.107.193" port: 35701 } } peers { permanent_uuid: "470b64078424489fa13f5dd405c5471a" member_type: VOTER last_known_addr { host: "127.0.107.194" port: 37009 } } peers { permanent_uuid: "8797f6c00d094826a806ebbbc6ae7445" member_type: VOTER last_known_addr { host: "127.0.107.195" port: 46107 } }
I20260630 12:12:25.227736  3621 ts_tablet_manager.cc:1434] T da9f74dabcaf4ce69aeb9fd2c48199fb P 8797f6c00d094826a806ebbbc6ae7445: Time spent starting tablet: real 0.008s	user 0.005s	sys 0.000s
I20260630 12:12:25.228727  3621 tablet_bootstrap.cc:492] T f36a1a8bbd364531829edc10eba7dc93 P 8797f6c00d094826a806ebbbc6ae7445: Bootstrap starting.
I20260630 12:12:25.219655  3627 leader_election.cc:290] T 21e520ddc8534fccad7cb903b124fc30 P 8797f6c00d094826a806ebbbc6ae7445 [CANDIDATE]: Term 1 election: Requested vote from peers e4657ae0f25849a6940d2b03bbeb0a85 (127.0.107.193:35701), 470b64078424489fa13f5dd405c5471a (127.0.107.194:37009)
I20260630 12:12:25.162035  3422 raft_consensus.cc:2468] T 21e520ddc8534fccad7cb903b124fc30 P e4657ae0f25849a6940d2b03bbeb0a85 [term 0 FOLLOWER]: Leader pre-election vote request: Granting yes vote for candidate 8797f6c00d094826a806ebbbc6ae7445 in term 0.
I20260630 12:12:25.222530  3499 tablet_service.cc:1917] Received RequestConsensusVote() RPC: tablet_id: "21e520ddc8534fccad7cb903b124fc30" candidate_uuid: "8797f6c00d094826a806ebbbc6ae7445" candidate_term: 1 candidate_status { last_received { term: 0 index: 0 } } ignore_live_leader: false dest_uuid: "470b64078424489fa13f5dd405c5471a"
I20260630 12:12:25.235371  3499 raft_consensus.cc:3060] T 21e520ddc8534fccad7cb903b124fc30 P 470b64078424489fa13f5dd405c5471a [term 0 FOLLOWER]: Advancing to term 1
I20260630 12:12:25.241053  3621 tablet_bootstrap.cc:654] T f36a1a8bbd364531829edc10eba7dc93 P 8797f6c00d094826a806ebbbc6ae7445: Neither blocks nor log segments found. Creating new log.
I20260630 12:12:25.242708  3499 raft_consensus.cc:2468] T 21e520ddc8534fccad7cb903b124fc30 P 470b64078424489fa13f5dd405c5471a [term 1 FOLLOWER]: Leader election vote request: Granting yes vote for candidate 8797f6c00d094826a806ebbbc6ae7445 in term 1.
I20260630 12:12:25.244156  3536 leader_election.cc:304] T 21e520ddc8534fccad7cb903b124fc30 P 8797f6c00d094826a806ebbbc6ae7445 [CANDIDATE]: Term 1 election: Election decided. Result: candidate won. Election summary: received 2 responses out of 3 voters: 2 yes votes; 0 no votes. yes voters: 470b64078424489fa13f5dd405c5471a, 8797f6c00d094826a806ebbbc6ae7445; no voters: 
I20260630 12:12:25.244987  3627 raft_consensus.cc:2804] T 21e520ddc8534fccad7cb903b124fc30 P 8797f6c00d094826a806ebbbc6ae7445 [term 1 FOLLOWER]: Leader election won for term 1
I20260630 12:12:25.245638  3627 raft_consensus.cc:697] T 21e520ddc8534fccad7cb903b124fc30 P 8797f6c00d094826a806ebbbc6ae7445 [term 1 LEADER]: Becoming Leader. State: Replica: 8797f6c00d094826a806ebbbc6ae7445, State: Running, Role: LEADER
I20260630 12:12:25.246608  3622 tablet_bootstrap.cc:492] T 6a5454c1263e4b36b20264d029240f4d P e4657ae0f25849a6940d2b03bbeb0a85: No bootstrap required, opened a new log
I20260630 12:12:25.246476  3627 consensus_queue.cc:237] T 21e520ddc8534fccad7cb903b124fc30 P 8797f6c00d094826a806ebbbc6ae7445 [LEADER]: Queue going to LEADER mode. State: All replicated index: 0, Majority replicated index: 0, Committed index: 0, Last appended: 0.0, Last appended by leader: 0, Current term: 1, Majority size: 2, State: 0, Mode: LEADER, active raft config: opid_index: -1 OBSOLETE_local: false peers { permanent_uuid: "e4657ae0f25849a6940d2b03bbeb0a85" member_type: VOTER last_known_addr { host: "127.0.107.193" port: 35701 } } peers { permanent_uuid: "470b64078424489fa13f5dd405c5471a" member_type: VOTER last_known_addr { host: "127.0.107.194" port: 37009 } } peers { permanent_uuid: "8797f6c00d094826a806ebbbc6ae7445" member_type: VOTER last_known_addr { host: "127.0.107.195" port: 46107 } }
I20260630 12:12:25.247117  3622 ts_tablet_manager.cc:1403] T 6a5454c1263e4b36b20264d029240f4d P e4657ae0f25849a6940d2b03bbeb0a85: Time spent bootstrapping tablet: real 0.068s	user 0.019s	sys 0.008s
I20260630 12:12:25.250622  3622 raft_consensus.cc:359] T 6a5454c1263e4b36b20264d029240f4d P e4657ae0f25849a6940d2b03bbeb0a85 [term 0 FOLLOWER]: Replica starting. Triggering 0 pending ops. Active config: opid_index: -1 OBSOLETE_local: false peers { permanent_uuid: "e4657ae0f25849a6940d2b03bbeb0a85" member_type: VOTER last_known_addr { host: "127.0.107.193" port: 35701 } } peers { permanent_uuid: "470b64078424489fa13f5dd405c5471a" member_type: VOTER last_known_addr { host: "127.0.107.194" port: 37009 } } peers { permanent_uuid: "8797f6c00d094826a806ebbbc6ae7445" member_type: VOTER last_known_addr { host: "127.0.107.195" port: 46107 } }
I20260630 12:12:25.251560  3622 raft_consensus.cc:385] T 6a5454c1263e4b36b20264d029240f4d P e4657ae0f25849a6940d2b03bbeb0a85 [term 0 FOLLOWER]: Consensus starting up: Expiring failure detector timer to make a prompt election more likely
I20260630 12:12:25.251966  3622 raft_consensus.cc:740] T 6a5454c1263e4b36b20264d029240f4d P e4657ae0f25849a6940d2b03bbeb0a85 [term 0 FOLLOWER]: Becoming Follower/Learner. State: Replica: e4657ae0f25849a6940d2b03bbeb0a85, State: Initialized, Role: FOLLOWER
I20260630 12:12:25.252887  3622 consensus_queue.cc:260] T 6a5454c1263e4b36b20264d029240f4d P e4657ae0f25849a6940d2b03bbeb0a85 [NON_LEADER]: Queue going to NON_LEADER mode. State: All replicated index: 0, Majority replicated index: 0, Committed index: 0, Last appended: 0.0, Last appended by leader: 0, Current term: 0, Majority size: -1, State: 0, Mode: NON_LEADER, active raft config: opid_index: -1 OBSOLETE_local: false peers { permanent_uuid: "e4657ae0f25849a6940d2b03bbeb0a85" member_type: VOTER last_known_addr { host: "127.0.107.193" port: 35701 } } peers { permanent_uuid: "470b64078424489fa13f5dd405c5471a" member_type: VOTER last_known_addr { host: "127.0.107.194" port: 37009 } } peers { permanent_uuid: "8797f6c00d094826a806ebbbc6ae7445" member_type: VOTER last_known_addr { host: "127.0.107.195" port: 46107 } }
I20260630 12:12:25.256340  3422 tablet_service.cc:1917] Received RequestConsensusVote() RPC: tablet_id: "21e520ddc8534fccad7cb903b124fc30" candidate_uuid: "8797f6c00d094826a806ebbbc6ae7445" candidate_term: 1 candidate_status { last_received { term: 0 index: 0 } } ignore_live_leader: false dest_uuid: "e4657ae0f25849a6940d2b03bbeb0a85"
I20260630 12:12:25.256942  3422 raft_consensus.cc:3060] T 21e520ddc8534fccad7cb903b124fc30 P e4657ae0f25849a6940d2b03bbeb0a85 [term 0 FOLLOWER]: Advancing to term 1
I20260630 12:12:25.258284  3622 ts_tablet_manager.cc:1434] T 6a5454c1263e4b36b20264d029240f4d P e4657ae0f25849a6940d2b03bbeb0a85: Time spent starting tablet: real 0.011s	user 0.006s	sys 0.003s
I20260630 12:12:25.259341  3622 tablet_bootstrap.cc:492] T 7315503efad04c729a9e59161ea0cf71 P e4657ae0f25849a6940d2b03bbeb0a85: Bootstrap starting.
I20260630 12:12:25.260215  3621 tablet_bootstrap.cc:492] T f36a1a8bbd364531829edc10eba7dc93 P 8797f6c00d094826a806ebbbc6ae7445: No bootstrap required, opened a new log
I20260630 12:12:25.260715  3621 ts_tablet_manager.cc:1403] T f36a1a8bbd364531829edc10eba7dc93 P 8797f6c00d094826a806ebbbc6ae7445: Time spent bootstrapping tablet: real 0.032s	user 0.012s	sys 0.008s
I20260630 12:12:25.263690  3621 raft_consensus.cc:359] T f36a1a8bbd364531829edc10eba7dc93 P 8797f6c00d094826a806ebbbc6ae7445 [term 0 FOLLOWER]: Replica starting. Triggering 0 pending ops. Active config: opid_index: -1 OBSOLETE_local: false peers { permanent_uuid: "470b64078424489fa13f5dd405c5471a" member_type: VOTER last_known_addr { host: "127.0.107.194" port: 37009 } } peers { permanent_uuid: "8797f6c00d094826a806ebbbc6ae7445" member_type: VOTER last_known_addr { host: "127.0.107.195" port: 46107 } } peers { permanent_uuid: "e4657ae0f25849a6940d2b03bbeb0a85" member_type: VOTER last_known_addr { host: "127.0.107.193" port: 35701 } }
I20260630 12:12:25.264374  3621 raft_consensus.cc:385] T f36a1a8bbd364531829edc10eba7dc93 P 8797f6c00d094826a806ebbbc6ae7445 [term 0 FOLLOWER]: Consensus starting up: Expiring failure detector timer to make a prompt election more likely
I20260630 12:12:25.264662  3621 raft_consensus.cc:740] T f36a1a8bbd364531829edc10eba7dc93 P 8797f6c00d094826a806ebbbc6ae7445 [term 0 FOLLOWER]: Becoming Follower/Learner. State: Replica: 8797f6c00d094826a806ebbbc6ae7445, State: Initialized, Role: FOLLOWER
I20260630 12:12:25.265733  3622 tablet_bootstrap.cc:654] T 7315503efad04c729a9e59161ea0cf71 P e4657ae0f25849a6940d2b03bbeb0a85: Neither blocks nor log segments found. Creating new log.
I20260630 12:12:25.265431  3621 consensus_queue.cc:260] T f36a1a8bbd364531829edc10eba7dc93 P 8797f6c00d094826a806ebbbc6ae7445 [NON_LEADER]: Queue going to NON_LEADER mode. State: All replicated index: 0, Majority replicated index: 0, Committed index: 0, Last appended: 0.0, Last appended by leader: 0, Current term: 0, Majority size: -1, State: 0, Mode: NON_LEADER, active raft config: opid_index: -1 OBSOLETE_local: false peers { permanent_uuid: "470b64078424489fa13f5dd405c5471a" member_type: VOTER last_known_addr { host: "127.0.107.194" port: 37009 } } peers { permanent_uuid: "8797f6c00d094826a806ebbbc6ae7445" member_type: VOTER last_known_addr { host: "127.0.107.195" port: 46107 } } peers { permanent_uuid: "e4657ae0f25849a6940d2b03bbeb0a85" member_type: VOTER last_known_addr { host: "127.0.107.193" port: 35701 } }
I20260630 12:12:25.267753  3621 ts_tablet_manager.cc:1434] T f36a1a8bbd364531829edc10eba7dc93 P 8797f6c00d094826a806ebbbc6ae7445: Time spent starting tablet: real 0.007s	user 0.006s	sys 0.000s
I20260630 12:12:25.268725  3621 tablet_bootstrap.cc:492] T 706818f9aee04291917d665a6bc86a71 P 8797f6c00d094826a806ebbbc6ae7445: Bootstrap starting.
I20260630 12:12:25.273494  3622 tablet_bootstrap.cc:492] T 7315503efad04c729a9e59161ea0cf71 P e4657ae0f25849a6940d2b03bbeb0a85: No bootstrap required, opened a new log
I20260630 12:12:25.273993  3622 ts_tablet_manager.cc:1403] T 7315503efad04c729a9e59161ea0cf71 P e4657ae0f25849a6940d2b03bbeb0a85: Time spent bootstrapping tablet: real 0.015s	user 0.013s	sys 0.000s
I20260630 12:12:25.275059  3621 tablet_bootstrap.cc:654] T 706818f9aee04291917d665a6bc86a71 P 8797f6c00d094826a806ebbbc6ae7445: Neither blocks nor log segments found. Creating new log.
I20260630 12:12:25.278008  3422 raft_consensus.cc:2468] T 21e520ddc8534fccad7cb903b124fc30 P e4657ae0f25849a6940d2b03bbeb0a85 [term 1 FOLLOWER]: Leader election vote request: Granting yes vote for candidate 8797f6c00d094826a806ebbbc6ae7445 in term 1.
I20260630 12:12:25.278272  3622 raft_consensus.cc:359] T 7315503efad04c729a9e59161ea0cf71 P e4657ae0f25849a6940d2b03bbeb0a85 [term 0 FOLLOWER]: Replica starting. Triggering 0 pending ops. Active config: opid_index: -1 OBSOLETE_local: false peers { permanent_uuid: "470b64078424489fa13f5dd405c5471a" member_type: VOTER last_known_addr { host: "127.0.107.194" port: 37009 } } peers { permanent_uuid: "e4657ae0f25849a6940d2b03bbeb0a85" member_type: VOTER last_known_addr { host: "127.0.107.193" port: 35701 } } peers { permanent_uuid: "8797f6c00d094826a806ebbbc6ae7445" member_type: VOTER last_known_addr { host: "127.0.107.195" port: 46107 } }
I20260630 12:12:25.278924  3622 raft_consensus.cc:385] T 7315503efad04c729a9e59161ea0cf71 P e4657ae0f25849a6940d2b03bbeb0a85 [term 0 FOLLOWER]: Consensus starting up: Expiring failure detector timer to make a prompt election more likely
I20260630 12:12:25.279215  3622 raft_consensus.cc:740] T 7315503efad04c729a9e59161ea0cf71 P e4657ae0f25849a6940d2b03bbeb0a85 [term 0 FOLLOWER]: Becoming Follower/Learner. State: Replica: e4657ae0f25849a6940d2b03bbeb0a85, State: Initialized, Role: FOLLOWER
I20260630 12:12:25.279100  3318 catalog_manager.cc:5697] T 706818f9aee04291917d665a6bc86a71 P 470b64078424489fa13f5dd405c5471a reported cstate change: term changed from 0 to 1, leader changed from <none> to 470b64078424489fa13f5dd405c5471a (127.0.107.194). New cstate: current_term: 1 leader_uuid: "470b64078424489fa13f5dd405c5471a" committed_config { opid_index: -1 OBSOLETE_local: false peers { permanent_uuid: "e4657ae0f25849a6940d2b03bbeb0a85" member_type: VOTER last_known_addr { host: "127.0.107.193" port: 35701 } health_report { overall_health: UNKNOWN } } peers { permanent_uuid: "470b64078424489fa13f5dd405c5471a" member_type: VOTER last_known_addr { host: "127.0.107.194" port: 37009 } health_report { overall_health: HEALTHY } } peers { permanent_uuid: "8797f6c00d094826a806ebbbc6ae7445" member_type: VOTER last_known_addr { host: "127.0.107.195" port: 46107 } health_report { overall_health: UNKNOWN } } }
I20260630 12:12:25.279938  3622 consensus_queue.cc:260] T 7315503efad04c729a9e59161ea0cf71 P e4657ae0f25849a6940d2b03bbeb0a85 [NON_LEADER]: Queue going to NON_LEADER mode. State: All replicated index: 0, Majority replicated index: 0, Committed index: 0, Last appended: 0.0, Last appended by leader: 0, Current term: 0, Majority size: -1, State: 0, Mode: NON_LEADER, active raft config: opid_index: -1 OBSOLETE_local: false peers { permanent_uuid: "470b64078424489fa13f5dd405c5471a" member_type: VOTER last_known_addr { host: "127.0.107.194" port: 37009 } } peers { permanent_uuid: "e4657ae0f25849a6940d2b03bbeb0a85" member_type: VOTER last_known_addr { host: "127.0.107.193" port: 35701 } } peers { permanent_uuid: "8797f6c00d094826a806ebbbc6ae7445" member_type: VOTER last_known_addr { host: "127.0.107.195" port: 46107 } }
I20260630 12:12:25.280786  3616 tablet_bootstrap.cc:492] T 7315503efad04c729a9e59161ea0cf71 P 470b64078424489fa13f5dd405c5471a: No bootstrap required, opened a new log
I20260630 12:12:25.281292  3616 ts_tablet_manager.cc:1403] T 7315503efad04c729a9e59161ea0cf71 P 470b64078424489fa13f5dd405c5471a: Time spent bootstrapping tablet: real 0.073s	user 0.020s	sys 0.008s
I20260630 12:12:25.282020  3622 ts_tablet_manager.cc:1434] T 7315503efad04c729a9e59161ea0cf71 P e4657ae0f25849a6940d2b03bbeb0a85: Time spent starting tablet: real 0.008s	user 0.006s	sys 0.001s
I20260630 12:12:25.283970  3616 raft_consensus.cc:359] T 7315503efad04c729a9e59161ea0cf71 P 470b64078424489fa13f5dd405c5471a [term 0 FOLLOWER]: Replica starting. Triggering 0 pending ops. Active config: opid_index: -1 OBSOLETE_local: false peers { permanent_uuid: "470b64078424489fa13f5dd405c5471a" member_type: VOTER last_known_addr { host: "127.0.107.194" port: 37009 } } peers { permanent_uuid: "e4657ae0f25849a6940d2b03bbeb0a85" member_type: VOTER last_known_addr { host: "127.0.107.193" port: 35701 } } peers { permanent_uuid: "8797f6c00d094826a806ebbbc6ae7445" member_type: VOTER last_known_addr { host: "127.0.107.195" port: 46107 } }
I20260630 12:12:25.284638  3616 raft_consensus.cc:385] T 7315503efad04c729a9e59161ea0cf71 P 470b64078424489fa13f5dd405c5471a [term 0 FOLLOWER]: Consensus starting up: Expiring failure detector timer to make a prompt election more likely
I20260630 12:12:25.284888  3616 raft_consensus.cc:740] T 7315503efad04c729a9e59161ea0cf71 P 470b64078424489fa13f5dd405c5471a [term 0 FOLLOWER]: Becoming Follower/Learner. State: Replica: 470b64078424489fa13f5dd405c5471a, State: Initialized, Role: FOLLOWER
I20260630 12:12:25.285589  3616 consensus_queue.cc:260] T 7315503efad04c729a9e59161ea0cf71 P 470b64078424489fa13f5dd405c5471a [NON_LEADER]: Queue going to NON_LEADER mode. State: All replicated index: 0, Majority replicated index: 0, Committed index: 0, Last appended: 0.0, Last appended by leader: 0, Current term: 0, Majority size: -1, State: 0, Mode: NON_LEADER, active raft config: opid_index: -1 OBSOLETE_local: false peers { permanent_uuid: "470b64078424489fa13f5dd405c5471a" member_type: VOTER last_known_addr { host: "127.0.107.194" port: 37009 } } peers { permanent_uuid: "e4657ae0f25849a6940d2b03bbeb0a85" member_type: VOTER last_known_addr { host: "127.0.107.193" port: 35701 } } peers { permanent_uuid: "8797f6c00d094826a806ebbbc6ae7445" member_type: VOTER last_known_addr { host: "127.0.107.195" port: 46107 } }
I20260630 12:12:25.287866  3616 ts_tablet_manager.cc:1434] T 7315503efad04c729a9e59161ea0cf71 P 470b64078424489fa13f5dd405c5471a: Time spent starting tablet: real 0.006s	user 0.005s	sys 0.000s
I20260630 12:12:25.307485  3625 raft_consensus.cc:493] T 9cbc560459074aba81760e6fe1f6ee37 P e4657ae0f25849a6940d2b03bbeb0a85 [term 0 FOLLOWER]: Starting pre-election (no leader contacted us within the election timeout)
I20260630 12:12:25.308228  3625 raft_consensus.cc:515] T 9cbc560459074aba81760e6fe1f6ee37 P e4657ae0f25849a6940d2b03bbeb0a85 [term 0 FOLLOWER]: Starting pre-election with config: opid_index: -1 OBSOLETE_local: false peers { permanent_uuid: "470b64078424489fa13f5dd405c5471a" member_type: VOTER last_known_addr { host: "127.0.107.194" port: 37009 } } peers { permanent_uuid: "e4657ae0f25849a6940d2b03bbeb0a85" member_type: VOTER last_known_addr { host: "127.0.107.193" port: 35701 } } peers { permanent_uuid: "8797f6c00d094826a806ebbbc6ae7445" member_type: VOTER last_known_addr { host: "127.0.107.195" port: 46107 } }
I20260630 12:12:25.313664  3625 leader_election.cc:290] T 9cbc560459074aba81760e6fe1f6ee37 P e4657ae0f25849a6940d2b03bbeb0a85 [CANDIDATE]: Term 1 pre-election: Requested pre-vote from peers 470b64078424489fa13f5dd405c5471a (127.0.107.194:37009), 8797f6c00d094826a806ebbbc6ae7445 (127.0.107.195:46107)
I20260630 12:12:25.327787  3625 raft_consensus.cc:493] T da9f74dabcaf4ce69aeb9fd2c48199fb P e4657ae0f25849a6940d2b03bbeb0a85 [term 0 FOLLOWER]: Starting pre-election (no leader contacted us within the election timeout)
I20260630 12:12:25.328461  3625 raft_consensus.cc:515] T da9f74dabcaf4ce69aeb9fd2c48199fb P e4657ae0f25849a6940d2b03bbeb0a85 [term 0 FOLLOWER]: Starting pre-election with config: opid_index: -1 OBSOLETE_local: false peers { permanent_uuid: "e4657ae0f25849a6940d2b03bbeb0a85" member_type: VOTER last_known_addr { host: "127.0.107.193" port: 35701 } } peers { permanent_uuid: "470b64078424489fa13f5dd405c5471a" member_type: VOTER last_known_addr { host: "127.0.107.194" port: 37009 } } peers { permanent_uuid: "8797f6c00d094826a806ebbbc6ae7445" member_type: VOTER last_known_addr { host: "127.0.107.195" port: 46107 } }
I20260630 12:12:25.331183  3625 leader_election.cc:290] T da9f74dabcaf4ce69aeb9fd2c48199fb P e4657ae0f25849a6940d2b03bbeb0a85 [CANDIDATE]: Term 1 pre-election: Requested pre-vote from peers 470b64078424489fa13f5dd405c5471a (127.0.107.194:37009), 8797f6c00d094826a806ebbbc6ae7445 (127.0.107.195:46107)
I20260630 12:12:25.355599  3387 leader_election.cc:304] T 8ef1869ec5c44aeaa0c897484f0339ca P e4657ae0f25849a6940d2b03bbeb0a85 [CANDIDATE]: Term 1 pre-election: Election decided. Result: candidate won. Election summary: received 3 responses out of 3 voters: 2 yes votes; 1 no votes. yes voters: 8797f6c00d094826a806ebbbc6ae7445, e4657ae0f25849a6940d2b03bbeb0a85; no voters: 470b64078424489fa13f5dd405c5471a
I20260630 12:12:25.355589  3422 tablet_service.cc:1917] Received RequestConsensusVote() RPC: tablet_id: "9cbc560459074aba81760e6fe1f6ee37" candidate_uuid: "470b64078424489fa13f5dd405c5471a" candidate_term: 1 candidate_status { last_received { term: 0 index: 0 } } ignore_live_leader: false dest_uuid: "e4657ae0f25849a6940d2b03bbeb0a85" is_pre_election: true
I20260630 12:12:25.357834  3422 raft_consensus.cc:2468] T 9cbc560459074aba81760e6fe1f6ee37 P e4657ae0f25849a6940d2b03bbeb0a85 [term 0 FOLLOWER]: Leader pre-election vote request: Granting yes vote for candidate 470b64078424489fa13f5dd405c5471a in term 0.
I20260630 12:12:25.368695  3669 raft_consensus.cc:2764] T 8ef1869ec5c44aeaa0c897484f0339ca P e4657ae0f25849a6940d2b03bbeb0a85 [term 1 FOLLOWER]: Leader pre-election decision vote started in defunct term 0: won
W20260630 12:12:25.368942  3387 leader_election.cc:343] T f36a1a8bbd364531829edc10eba7dc93 P e4657ae0f25849a6940d2b03bbeb0a85 [CANDIDATE]: Term 1 pre-election: Tablet error from VoteRequest() call to peer 8797f6c00d094826a806ebbbc6ae7445 (127.0.107.195:46107): Illegal state: must be running to vote when last-logged opid is not known
I20260630 12:12:25.369609  3387 leader_election.cc:304] T f36a1a8bbd364531829edc10eba7dc93 P e4657ae0f25849a6940d2b03bbeb0a85 [CANDIDATE]: Term 1 pre-election: Election decided. Result: candidate lost. Election summary: received 3 responses out of 3 voters: 1 yes votes; 2 no votes. yes voters: e4657ae0f25849a6940d2b03bbeb0a85; no voters: 470b64078424489fa13f5dd405c5471a, 8797f6c00d094826a806ebbbc6ae7445
I20260630 12:12:25.370460  3669 raft_consensus.cc:2749] T f36a1a8bbd364531829edc10eba7dc93 P e4657ae0f25849a6940d2b03bbeb0a85 [term 0 FOLLOWER]: Leader pre-election lost for term 1. Reason: could not achieve majority
I20260630 12:12:25.370707  3499 tablet_service.cc:1917] Received RequestConsensusVote() RPC: tablet_id: "9cbc560459074aba81760e6fe1f6ee37" candidate_uuid: "e4657ae0f25849a6940d2b03bbeb0a85" candidate_term: 1 candidate_status { last_received { term: 0 index: 0 } } ignore_live_leader: false dest_uuid: "470b64078424489fa13f5dd405c5471a" is_pre_election: true
I20260630 12:12:25.371402  3499 raft_consensus.cc:2468] T 9cbc560459074aba81760e6fe1f6ee37 P 470b64078424489fa13f5dd405c5471a [term 0 FOLLOWER]: Leader pre-election vote request: Granting yes vote for candidate e4657ae0f25849a6940d2b03bbeb0a85 in term 0.
I20260630 12:12:25.372684  3386 leader_election.cc:304] T 9cbc560459074aba81760e6fe1f6ee37 P e4657ae0f25849a6940d2b03bbeb0a85 [CANDIDATE]: Term 1 pre-election: Election decided. Result: candidate won. Election summary: received 2 responses out of 3 voters: 2 yes votes; 0 no votes. yes voters: 470b64078424489fa13f5dd405c5471a, e4657ae0f25849a6940d2b03bbeb0a85; no voters: 
I20260630 12:12:25.373556  3669 raft_consensus.cc:2804] T 9cbc560459074aba81760e6fe1f6ee37 P e4657ae0f25849a6940d2b03bbeb0a85 [term 0 FOLLOWER]: Leader pre-election won for term 1
I20260630 12:12:25.374020  3669 raft_consensus.cc:493] T 9cbc560459074aba81760e6fe1f6ee37 P e4657ae0f25849a6940d2b03bbeb0a85 [term 0 FOLLOWER]: Starting leader election (no leader contacted us within the election timeout)
I20260630 12:12:25.374315  3669 raft_consensus.cc:3060] T 9cbc560459074aba81760e6fe1f6ee37 P e4657ae0f25849a6940d2b03bbeb0a85 [term 0 FOLLOWER]: Advancing to term 1
I20260630 12:12:25.381443  3669 raft_consensus.cc:515] T 9cbc560459074aba81760e6fe1f6ee37 P e4657ae0f25849a6940d2b03bbeb0a85 [term 1 FOLLOWER]: Starting leader election with config: opid_index: -1 OBSOLETE_local: false peers { permanent_uuid: "470b64078424489fa13f5dd405c5471a" member_type: VOTER last_known_addr { host: "127.0.107.194" port: 37009 } } peers { permanent_uuid: "e4657ae0f25849a6940d2b03bbeb0a85" member_type: VOTER last_known_addr { host: "127.0.107.193" port: 35701 } } peers { permanent_uuid: "8797f6c00d094826a806ebbbc6ae7445" member_type: VOTER last_known_addr { host: "127.0.107.195" port: 46107 } }
I20260630 12:12:25.384749  3499 tablet_service.cc:1917] Received RequestConsensusVote() RPC: tablet_id: "9cbc560459074aba81760e6fe1f6ee37" candidate_uuid: "e4657ae0f25849a6940d2b03bbeb0a85" candidate_term: 1 candidate_status { last_received { term: 0 index: 0 } } ignore_live_leader: false dest_uuid: "470b64078424489fa13f5dd405c5471a"
I20260630 12:12:25.385362  3499 raft_consensus.cc:3060] T 9cbc560459074aba81760e6fe1f6ee37 P 470b64078424489fa13f5dd405c5471a [term 0 FOLLOWER]: Advancing to term 1
I20260630 12:12:25.386004  3669 leader_election.cc:290] T 9cbc560459074aba81760e6fe1f6ee37 P e4657ae0f25849a6940d2b03bbeb0a85 [CANDIDATE]: Term 1 election: Requested vote from peers 470b64078424489fa13f5dd405c5471a (127.0.107.194:37009), 8797f6c00d094826a806ebbbc6ae7445 (127.0.107.195:46107)
I20260630 12:12:25.386613  3669 raft_consensus.cc:493] T 6a5454c1263e4b36b20264d029240f4d P e4657ae0f25849a6940d2b03bbeb0a85 [term 0 FOLLOWER]: Starting pre-election (no leader contacted us within the election timeout)
I20260630 12:12:25.387051  3669 raft_consensus.cc:515] T 6a5454c1263e4b36b20264d029240f4d P e4657ae0f25849a6940d2b03bbeb0a85 [term 0 FOLLOWER]: Starting pre-election with config: opid_index: -1 OBSOLETE_local: false peers { permanent_uuid: "e4657ae0f25849a6940d2b03bbeb0a85" member_type: VOTER last_known_addr { host: "127.0.107.193" port: 35701 } } peers { permanent_uuid: "470b64078424489fa13f5dd405c5471a" member_type: VOTER last_known_addr { host: "127.0.107.194" port: 37009 } } peers { permanent_uuid: "8797f6c00d094826a806ebbbc6ae7445" member_type: VOTER last_known_addr { host: "127.0.107.195" port: 46107 } }
I20260630 12:12:25.388841  3627 raft_consensus.cc:493] T da9f74dabcaf4ce69aeb9fd2c48199fb P 8797f6c00d094826a806ebbbc6ae7445 [term 0 FOLLOWER]: Starting pre-election (no leader contacted us within the election timeout)
I20260630 12:12:25.389467  3669 leader_election.cc:290] T 6a5454c1263e4b36b20264d029240f4d P e4657ae0f25849a6940d2b03bbeb0a85 [CANDIDATE]: Term 1 pre-election: Requested pre-vote from peers 470b64078424489fa13f5dd405c5471a (127.0.107.194:37009), 8797f6c00d094826a806ebbbc6ae7445 (127.0.107.195:46107)
I20260630 12:12:25.389328  3627 raft_consensus.cc:515] T da9f74dabcaf4ce69aeb9fd2c48199fb P 8797f6c00d094826a806ebbbc6ae7445 [term 0 FOLLOWER]: Starting pre-election with config: opid_index: -1 OBSOLETE_local: false peers { permanent_uuid: "e4657ae0f25849a6940d2b03bbeb0a85" member_type: VOTER last_known_addr { host: "127.0.107.193" port: 35701 } } peers { permanent_uuid: "470b64078424489fa13f5dd405c5471a" member_type: VOTER last_known_addr { host: "127.0.107.194" port: 37009 } } peers { permanent_uuid: "8797f6c00d094826a806ebbbc6ae7445" member_type: VOTER last_known_addr { host: "127.0.107.195" port: 46107 } }
I20260630 12:12:25.391420  3627 leader_election.cc:290] T da9f74dabcaf4ce69aeb9fd2c48199fb P 8797f6c00d094826a806ebbbc6ae7445 [CANDIDATE]: Term 1 pre-election: Requested pre-vote from peers e4657ae0f25849a6940d2b03bbeb0a85 (127.0.107.193:35701), 470b64078424489fa13f5dd405c5471a (127.0.107.194:37009)
I20260630 12:12:25.392863  3497 tablet_service.cc:1917] Received RequestConsensusVote() RPC: tablet_id: "da9f74dabcaf4ce69aeb9fd2c48199fb" candidate_uuid: "8797f6c00d094826a806ebbbc6ae7445" candidate_term: 1 candidate_status { last_received { term: 0 index: 0 } } ignore_live_leader: false dest_uuid: "470b64078424489fa13f5dd405c5471a" is_pre_election: true
I20260630 12:12:25.393607  3497 raft_consensus.cc:2468] T da9f74dabcaf4ce69aeb9fd2c48199fb P 470b64078424489fa13f5dd405c5471a [term 0 FOLLOWER]: Leader pre-election vote request: Granting yes vote for candidate 8797f6c00d094826a806ebbbc6ae7445 in term 0.
I20260630 12:12:25.394443  3463 leader_election.cc:304] T 9cbc560459074aba81760e6fe1f6ee37 P 470b64078424489fa13f5dd405c5471a [CANDIDATE]: Term 1 pre-election: Election decided. Result: candidate won. Election summary: received 3 responses out of 3 voters: 2 yes votes; 1 no votes. yes voters: 470b64078424489fa13f5dd405c5471a, e4657ae0f25849a6940d2b03bbeb0a85; no voters: 8797f6c00d094826a806ebbbc6ae7445
I20260630 12:12:25.395506  3636 raft_consensus.cc:493] T f36a1a8bbd364531829edc10eba7dc93 P 470b64078424489fa13f5dd405c5471a [term 0 FOLLOWER]: Starting pre-election (no leader contacted us within the election timeout)
I20260630 12:12:25.395540  3536 leader_election.cc:304] T da9f74dabcaf4ce69aeb9fd2c48199fb P 8797f6c00d094826a806ebbbc6ae7445 [CANDIDATE]: Term 1 pre-election: Election decided. Result: candidate won. Election summary: received 2 responses out of 3 voters: 2 yes votes; 0 no votes. yes voters: 470b64078424489fa13f5dd405c5471a, 8797f6c00d094826a806ebbbc6ae7445; no voters: 
I20260630 12:12:25.396209  3499 raft_consensus.cc:2468] T 9cbc560459074aba81760e6fe1f6ee37 P 470b64078424489fa13f5dd405c5471a [term 1 FOLLOWER]: Leader election vote request: Granting yes vote for candidate e4657ae0f25849a6940d2b03bbeb0a85 in term 1.
I20260630 12:12:25.396131  3636 raft_consensus.cc:515] T f36a1a8bbd364531829edc10eba7dc93 P 470b64078424489fa13f5dd405c5471a [term 0 FOLLOWER]: Starting pre-election with config: opid_index: -1 OBSOLETE_local: false peers { permanent_uuid: "470b64078424489fa13f5dd405c5471a" member_type: VOTER last_known_addr { host: "127.0.107.194" port: 37009 } } peers { permanent_uuid: "8797f6c00d094826a806ebbbc6ae7445" member_type: VOTER last_known_addr { host: "127.0.107.195" port: 46107 } } peers { permanent_uuid: "e4657ae0f25849a6940d2b03bbeb0a85" member_type: VOTER last_known_addr { host: "127.0.107.193" port: 35701 } }
I20260630 12:12:25.396559  3627 raft_consensus.cc:2804] T da9f74dabcaf4ce69aeb9fd2c48199fb P 8797f6c00d094826a806ebbbc6ae7445 [term 0 FOLLOWER]: Leader pre-election won for term 1
I20260630 12:12:25.396945  3627 raft_consensus.cc:493] T da9f74dabcaf4ce69aeb9fd2c48199fb P 8797f6c00d094826a806ebbbc6ae7445 [term 0 FOLLOWER]: Starting leader election (no leader contacted us within the election timeout)
I20260630 12:12:25.397315  3627 raft_consensus.cc:3060] T da9f74dabcaf4ce69aeb9fd2c48199fb P 8797f6c00d094826a806ebbbc6ae7445 [term 0 FOLLOWER]: Advancing to term 1
I20260630 12:12:25.398212  3636 leader_election.cc:290] T f36a1a8bbd364531829edc10eba7dc93 P 470b64078424489fa13f5dd405c5471a [CANDIDATE]: Term 1 pre-election: Requested pre-vote from peers 8797f6c00d094826a806ebbbc6ae7445 (127.0.107.195:46107), e4657ae0f25849a6940d2b03bbeb0a85 (127.0.107.193:35701)
I20260630 12:12:25.400094  3636 raft_consensus.cc:2764] T 9cbc560459074aba81760e6fe1f6ee37 P 470b64078424489fa13f5dd405c5471a [term 1 FOLLOWER]: Leader pre-election decision vote started in defunct term 0: won
I20260630 12:12:25.400797  3422 tablet_service.cc:1917] Received RequestConsensusVote() RPC: tablet_id: "f36a1a8bbd364531829edc10eba7dc93" candidate_uuid: "470b64078424489fa13f5dd405c5471a" candidate_term: 1 candidate_status { last_received { term: 0 index: 0 } } ignore_live_leader: false dest_uuid: "e4657ae0f25849a6940d2b03bbeb0a85" is_pre_election: true
I20260630 12:12:25.401463  3422 raft_consensus.cc:2468] T f36a1a8bbd364531829edc10eba7dc93 P e4657ae0f25849a6940d2b03bbeb0a85 [term 0 FOLLOWER]: Leader pre-election vote request: Granting yes vote for candidate 470b64078424489fa13f5dd405c5471a in term 0.
I20260630 12:12:25.402451  3386 leader_election.cc:304] T 9cbc560459074aba81760e6fe1f6ee37 P e4657ae0f25849a6940d2b03bbeb0a85 [CANDIDATE]: Term 1 election: Election decided. Result: candidate won. Election summary: received 2 responses out of 3 voters: 2 yes votes; 0 no votes. yes voters: 470b64078424489fa13f5dd405c5471a, e4657ae0f25849a6940d2b03bbeb0a85; no voters: 
I20260630 12:12:25.402745  3570 tablet_service.cc:1917] Received RequestConsensusVote() RPC: tablet_id: "f36a1a8bbd364531829edc10eba7dc93" candidate_uuid: "470b64078424489fa13f5dd405c5471a" candidate_term: 1 candidate_status { last_received { term: 0 index: 0 } } ignore_live_leader: false dest_uuid: "8797f6c00d094826a806ebbbc6ae7445" is_pre_election: true
I20260630 12:12:25.403249  3625 raft_consensus.cc:2804] T 9cbc560459074aba81760e6fe1f6ee37 P e4657ae0f25849a6940d2b03bbeb0a85 [term 1 FOLLOWER]: Leader election won for term 1
I20260630 12:12:25.403357  3570 raft_consensus.cc:2468] T f36a1a8bbd364531829edc10eba7dc93 P 8797f6c00d094826a806ebbbc6ae7445 [term 0 FOLLOWER]: Leader pre-election vote request: Granting yes vote for candidate 470b64078424489fa13f5dd405c5471a in term 0.
I20260630 12:12:25.403538  3463 leader_election.cc:304] T f36a1a8bbd364531829edc10eba7dc93 P 470b64078424489fa13f5dd405c5471a [CANDIDATE]: Term 1 pre-election: Election decided. Result: candidate won. Election summary: received 2 responses out of 3 voters: 2 yes votes; 0 no votes. yes voters: 470b64078424489fa13f5dd405c5471a, e4657ae0f25849a6940d2b03bbeb0a85; no voters: 
I20260630 12:12:25.403784  3625 raft_consensus.cc:697] T 9cbc560459074aba81760e6fe1f6ee37 P e4657ae0f25849a6940d2b03bbeb0a85 [term 1 LEADER]: Becoming Leader. State: Replica: e4657ae0f25849a6940d2b03bbeb0a85, State: Running, Role: LEADER
I20260630 12:12:25.404348  3619 raft_consensus.cc:2804] T f36a1a8bbd364531829edc10eba7dc93 P 470b64078424489fa13f5dd405c5471a [term 0 FOLLOWER]: Leader pre-election won for term 1
I20260630 12:12:25.404703  3619 raft_consensus.cc:493] T f36a1a8bbd364531829edc10eba7dc93 P 470b64078424489fa13f5dd405c5471a [term 0 FOLLOWER]: Starting leader election (no leader contacted us within the election timeout)
I20260630 12:12:25.404640  3625 consensus_queue.cc:237] T 9cbc560459074aba81760e6fe1f6ee37 P e4657ae0f25849a6940d2b03bbeb0a85 [LEADER]: Queue going to LEADER mode. State: All replicated index: 0, Majority replicated index: 0, Committed index: 0, Last appended: 0.0, Last appended by leader: 0, Current term: 1, Majority size: 2, State: 0, Mode: LEADER, active raft config: opid_index: -1 OBSOLETE_local: false peers { permanent_uuid: "470b64078424489fa13f5dd405c5471a" member_type: VOTER last_known_addr { host: "127.0.107.194" port: 37009 } } peers { permanent_uuid: "e4657ae0f25849a6940d2b03bbeb0a85" member_type: VOTER last_known_addr { host: "127.0.107.193" port: 35701 } } peers { permanent_uuid: "8797f6c00d094826a806ebbbc6ae7445" member_type: VOTER last_known_addr { host: "127.0.107.195" port: 46107 } }
I20260630 12:12:25.405210  3619 raft_consensus.cc:3060] T f36a1a8bbd364531829edc10eba7dc93 P 470b64078424489fa13f5dd405c5471a [term 0 FOLLOWER]: Advancing to term 1
I20260630 12:12:25.410656  3496 tablet_service.cc:1917] Received RequestConsensusVote() RPC: tablet_id: "6a5454c1263e4b36b20264d029240f4d" candidate_uuid: "e4657ae0f25849a6940d2b03bbeb0a85" candidate_term: 1 candidate_status { last_received { term: 0 index: 0 } } ignore_live_leader: false dest_uuid: "470b64078424489fa13f5dd405c5471a" is_pre_election: true
I20260630 12:12:25.412070  3496 raft_consensus.cc:2393] T 6a5454c1263e4b36b20264d029240f4d P 470b64078424489fa13f5dd405c5471a [term 1 FOLLOWER]: Leader pre-election vote request: Denying vote to candidate e4657ae0f25849a6940d2b03bbeb0a85 in current term 1: Already voted for candidate 8797f6c00d094826a806ebbbc6ae7445 in this term.
I20260630 12:12:25.414502  3619 raft_consensus.cc:515] T f36a1a8bbd364531829edc10eba7dc93 P 470b64078424489fa13f5dd405c5471a [term 1 FOLLOWER]: Starting leader election with config: opid_index: -1 OBSOLETE_local: false peers { permanent_uuid: "470b64078424489fa13f5dd405c5471a" member_type: VOTER last_known_addr { host: "127.0.107.194" port: 37009 } } peers { permanent_uuid: "8797f6c00d094826a806ebbbc6ae7445" member_type: VOTER last_known_addr { host: "127.0.107.195" port: 46107 } } peers { permanent_uuid: "e4657ae0f25849a6940d2b03bbeb0a85" member_type: VOTER last_known_addr { host: "127.0.107.193" port: 35701 } }
I20260630 12:12:25.415994  3627 raft_consensus.cc:515] T da9f74dabcaf4ce69aeb9fd2c48199fb P 8797f6c00d094826a806ebbbc6ae7445 [term 1 FOLLOWER]: Starting leader election with config: opid_index: -1 OBSOLETE_local: false peers { permanent_uuid: "e4657ae0f25849a6940d2b03bbeb0a85" member_type: VOTER last_known_addr { host: "127.0.107.193" port: 35701 } } peers { permanent_uuid: "470b64078424489fa13f5dd405c5471a" member_type: VOTER last_known_addr { host: "127.0.107.194" port: 37009 } } peers { permanent_uuid: "8797f6c00d094826a806ebbbc6ae7445" member_type: VOTER last_known_addr { host: "127.0.107.195" port: 46107 } }
I20260630 12:12:25.416642  3619 leader_election.cc:290] T f36a1a8bbd364531829edc10eba7dc93 P 470b64078424489fa13f5dd405c5471a [CANDIDATE]: Term 1 election: Requested vote from peers 8797f6c00d094826a806ebbbc6ae7445 (127.0.107.195:46107), e4657ae0f25849a6940d2b03bbeb0a85 (127.0.107.193:35701)
I20260630 12:12:25.417833  3570 tablet_service.cc:1917] Received RequestConsensusVote() RPC: tablet_id: "f36a1a8bbd364531829edc10eba7dc93" candidate_uuid: "470b64078424489fa13f5dd405c5471a" candidate_term: 1 candidate_status { last_received { term: 0 index: 0 } } ignore_live_leader: false dest_uuid: "8797f6c00d094826a806ebbbc6ae7445"
I20260630 12:12:25.418284  3422 tablet_service.cc:1917] Received RequestConsensusVote() RPC: tablet_id: "f36a1a8bbd364531829edc10eba7dc93" candidate_uuid: "470b64078424489fa13f5dd405c5471a" candidate_term: 1 candidate_status { last_received { term: 0 index: 0 } } ignore_live_leader: false dest_uuid: "e4657ae0f25849a6940d2b03bbeb0a85"
I20260630 12:12:25.418587  3570 raft_consensus.cc:3060] T f36a1a8bbd364531829edc10eba7dc93 P 8797f6c00d094826a806ebbbc6ae7445 [term 0 FOLLOWER]: Advancing to term 1
I20260630 12:12:25.418890  3422 raft_consensus.cc:3060] T f36a1a8bbd364531829edc10eba7dc93 P e4657ae0f25849a6940d2b03bbeb0a85 [term 0 FOLLOWER]: Advancing to term 1
I20260630 12:12:25.424507  3572 tablet_service.cc:1917] Received RequestConsensusVote() RPC: tablet_id: "9cbc560459074aba81760e6fe1f6ee37" candidate_uuid: "e4657ae0f25849a6940d2b03bbeb0a85" candidate_term: 1 candidate_status { last_received { term: 0 index: 0 } } ignore_live_leader: false dest_uuid: "8797f6c00d094826a806ebbbc6ae7445" is_pre_election: true
I20260630 12:12:25.425741  3571 tablet_service.cc:1917] Received RequestConsensusVote() RPC: tablet_id: "da9f74dabcaf4ce69aeb9fd2c48199fb" candidate_uuid: "e4657ae0f25849a6940d2b03bbeb0a85" candidate_term: 1 candidate_status { last_received { term: 0 index: 0 } } ignore_live_leader: false dest_uuid: "8797f6c00d094826a806ebbbc6ae7445" is_pre_election: true
I20260630 12:12:25.426239  3422 raft_consensus.cc:2468] T f36a1a8bbd364531829edc10eba7dc93 P e4657ae0f25849a6940d2b03bbeb0a85 [term 1 FOLLOWER]: Leader election vote request: Granting yes vote for candidate 470b64078424489fa13f5dd405c5471a in term 1.
I20260630 12:12:25.426563  3571 raft_consensus.cc:2393] T da9f74dabcaf4ce69aeb9fd2c48199fb P 8797f6c00d094826a806ebbbc6ae7445 [term 1 FOLLOWER]: Leader pre-election vote request: Denying vote to candidate e4657ae0f25849a6940d2b03bbeb0a85 in current term 1: Already voted for candidate 8797f6c00d094826a806ebbbc6ae7445 in this term.
I20260630 12:12:25.427412  3463 leader_election.cc:304] T f36a1a8bbd364531829edc10eba7dc93 P 470b64078424489fa13f5dd405c5471a [CANDIDATE]: Term 1 election: Election decided. Result: candidate won. Election summary: received 2 responses out of 3 voters: 2 yes votes; 0 no votes. yes voters: 470b64078424489fa13f5dd405c5471a, e4657ae0f25849a6940d2b03bbeb0a85; no voters: 
I20260630 12:12:25.427740  3573 tablet_service.cc:1917] Received RequestConsensusVote() RPC: tablet_id: "6a5454c1263e4b36b20264d029240f4d" candidate_uuid: "e4657ae0f25849a6940d2b03bbeb0a85" candidate_term: 1 candidate_status { last_received { term: 0 index: 0 } } ignore_live_leader: false dest_uuid: "8797f6c00d094826a806ebbbc6ae7445" is_pre_election: true
I20260630 12:12:25.429337  3570 raft_consensus.cc:2468] T f36a1a8bbd364531829edc10eba7dc93 P 8797f6c00d094826a806ebbbc6ae7445 [term 1 FOLLOWER]: Leader election vote request: Granting yes vote for candidate 470b64078424489fa13f5dd405c5471a in term 1.
I20260630 12:12:25.429587  3423 tablet_service.cc:1917] Received RequestConsensusVote() RPC: tablet_id: "da9f74dabcaf4ce69aeb9fd2c48199fb" candidate_uuid: "8797f6c00d094826a806ebbbc6ae7445" candidate_term: 1 candidate_status { last_received { term: 0 index: 0 } } ignore_live_leader: false dest_uuid: "e4657ae0f25849a6940d2b03bbeb0a85" is_pre_election: true
I20260630 12:12:25.430291  3423 raft_consensus.cc:2468] T da9f74dabcaf4ce69aeb9fd2c48199fb P e4657ae0f25849a6940d2b03bbeb0a85 [term 0 FOLLOWER]: Leader pre-election vote request: Granting yes vote for candidate 8797f6c00d094826a806ebbbc6ae7445 in term 0.
I20260630 12:12:25.430450  3619 raft_consensus.cc:2804] T f36a1a8bbd364531829edc10eba7dc93 P 470b64078424489fa13f5dd405c5471a [term 1 FOLLOWER]: Leader election won for term 1
I20260630 12:12:25.431030  3619 raft_consensus.cc:697] T f36a1a8bbd364531829edc10eba7dc93 P 470b64078424489fa13f5dd405c5471a [term 1 LEADER]: Becoming Leader. State: Replica: 470b64078424489fa13f5dd405c5471a, State: Running, Role: LEADER
I20260630 12:12:25.431416  3421 tablet_service.cc:1917] Received RequestConsensusVote() RPC: tablet_id: "da9f74dabcaf4ce69aeb9fd2c48199fb" candidate_uuid: "8797f6c00d094826a806ebbbc6ae7445" candidate_term: 1 candidate_status { last_received { term: 0 index: 0 } } ignore_live_leader: false dest_uuid: "e4657ae0f25849a6940d2b03bbeb0a85"
I20260630 12:12:25.431918  3421 raft_consensus.cc:3060] T da9f74dabcaf4ce69aeb9fd2c48199fb P e4657ae0f25849a6940d2b03bbeb0a85 [term 0 FOLLOWER]: Advancing to term 1
I20260630 12:12:25.431959  3619 consensus_queue.cc:237] T f36a1a8bbd364531829edc10eba7dc93 P 470b64078424489fa13f5dd405c5471a [LEADER]: Queue going to LEADER mode. State: All replicated index: 0, Majority replicated index: 0, Committed index: 0, Last appended: 0.0, Last appended by leader: 0, Current term: 1, Majority size: 2, State: 0, Mode: LEADER, active raft config: opid_index: -1 OBSOLETE_local: false peers { permanent_uuid: "470b64078424489fa13f5dd405c5471a" member_type: VOTER last_known_addr { host: "127.0.107.194" port: 37009 } } peers { permanent_uuid: "8797f6c00d094826a806ebbbc6ae7445" member_type: VOTER last_known_addr { host: "127.0.107.195" port: 46107 } } peers { permanent_uuid: "e4657ae0f25849a6940d2b03bbeb0a85" member_type: VOTER last_known_addr { host: "127.0.107.193" port: 35701 } }
I20260630 12:12:25.427412  3569 tablet_service.cc:1917] Received RequestConsensusVote() RPC: tablet_id: "9cbc560459074aba81760e6fe1f6ee37" candidate_uuid: "e4657ae0f25849a6940d2b03bbeb0a85" candidate_term: 1 candidate_status { last_received { term: 0 index: 0 } } ignore_live_leader: false dest_uuid: "8797f6c00d094826a806ebbbc6ae7445"
I20260630 12:12:25.438277  3498 tablet_service.cc:1917] Received RequestConsensusVote() RPC: tablet_id: "da9f74dabcaf4ce69aeb9fd2c48199fb" candidate_uuid: "e4657ae0f25849a6940d2b03bbeb0a85" candidate_term: 1 candidate_status { last_received { term: 0 index: 0 } } ignore_live_leader: false dest_uuid: "470b64078424489fa13f5dd405c5471a" is_pre_election: true
I20260630 12:12:25.438910  3498 raft_consensus.cc:2468] T da9f74dabcaf4ce69aeb9fd2c48199fb P 470b64078424489fa13f5dd405c5471a [term 0 FOLLOWER]: Leader pre-election vote request: Granting yes vote for candidate e4657ae0f25849a6940d2b03bbeb0a85 in term 0.
W20260630 12:12:25.439198  3387 leader_election.cc:343] T 9cbc560459074aba81760e6fe1f6ee37 P e4657ae0f25849a6940d2b03bbeb0a85 [CANDIDATE]: Term 1 pre-election: Tablet error from VoteRequest() call to peer 8797f6c00d094826a806ebbbc6ae7445 (127.0.107.195:46107): Illegal state: must be running to vote when last-logged opid is not known
I20260630 12:12:25.440546  3387 leader_election.cc:304] T 6a5454c1263e4b36b20264d029240f4d P e4657ae0f25849a6940d2b03bbeb0a85 [CANDIDATE]: Term 1 pre-election: Election decided. Result: candidate lost. Election summary: received 3 responses out of 3 voters: 1 yes votes; 2 no votes. yes voters: e4657ae0f25849a6940d2b03bbeb0a85; no voters: 470b64078424489fa13f5dd405c5471a, 8797f6c00d094826a806ebbbc6ae7445
I20260630 12:12:25.442077  3669 raft_consensus.cc:3060] T 6a5454c1263e4b36b20264d029240f4d P e4657ae0f25849a6940d2b03bbeb0a85 [term 0 FOLLOWER]: Advancing to term 1
W20260630 12:12:25.442394  3387 leader_election.cc:343] T 9cbc560459074aba81760e6fe1f6ee37 P e4657ae0f25849a6940d2b03bbeb0a85 [CANDIDATE]: Term 1 election: Tablet error from VoteRequest() call to peer 8797f6c00d094826a806ebbbc6ae7445 (127.0.107.195:46107): Illegal state: must be running to vote when last-logged opid is not known
I20260630 12:12:25.442590  3627 leader_election.cc:290] T da9f74dabcaf4ce69aeb9fd2c48199fb P 8797f6c00d094826a806ebbbc6ae7445 [CANDIDATE]: Term 1 election: Requested vote from peers e4657ae0f25849a6940d2b03bbeb0a85 (127.0.107.193:35701), 470b64078424489fa13f5dd405c5471a (127.0.107.194:37009)
I20260630 12:12:25.447214  3386 leader_election.cc:304] T da9f74dabcaf4ce69aeb9fd2c48199fb P e4657ae0f25849a6940d2b03bbeb0a85 [CANDIDATE]: Term 1 pre-election: Election decided. Result: candidate won. Election summary: received 3 responses out of 3 voters: 2 yes votes; 1 no votes. yes voters: 470b64078424489fa13f5dd405c5471a, e4657ae0f25849a6940d2b03bbeb0a85; no voters: 8797f6c00d094826a806ebbbc6ae7445
I20260630 12:12:25.447962  3498 tablet_service.cc:1917] Received RequestConsensusVote() RPC: tablet_id: "da9f74dabcaf4ce69aeb9fd2c48199fb" candidate_uuid: "8797f6c00d094826a806ebbbc6ae7445" candidate_term: 1 candidate_status { last_received { term: 0 index: 0 } } ignore_live_leader: false dest_uuid: "470b64078424489fa13f5dd405c5471a"
I20260630 12:12:25.448669  3498 raft_consensus.cc:3060] T da9f74dabcaf4ce69aeb9fd2c48199fb P 470b64078424489fa13f5dd405c5471a [term 0 FOLLOWER]: Advancing to term 1
I20260630 12:12:25.450280  3669 raft_consensus.cc:2749] T 6a5454c1263e4b36b20264d029240f4d P e4657ae0f25849a6940d2b03bbeb0a85 [term 1 FOLLOWER]: Leader pre-election lost for term 1. Reason: could not achieve majority
I20260630 12:12:25.462977  3320 catalog_manager.cc:5697] T 6a5454c1263e4b36b20264d029240f4d P 8797f6c00d094826a806ebbbc6ae7445 reported cstate change: term changed from 0 to 1, leader changed from <none> to 8797f6c00d094826a806ebbbc6ae7445 (127.0.107.195). New cstate: current_term: 1 leader_uuid: "8797f6c00d094826a806ebbbc6ae7445" committed_config { opid_index: -1 OBSOLETE_local: false peers { permanent_uuid: "e4657ae0f25849a6940d2b03bbeb0a85" member_type: VOTER last_known_addr { host: "127.0.107.193" port: 35701 } health_report { overall_health: UNKNOWN } } peers { permanent_uuid: "470b64078424489fa13f5dd405c5471a" member_type: VOTER last_known_addr { host: "127.0.107.194" port: 37009 } health_report { overall_health: UNKNOWN } } peers { permanent_uuid: "8797f6c00d094826a806ebbbc6ae7445" member_type: VOTER last_known_addr { host: "127.0.107.195" port: 46107 } health_report { overall_health: HEALTHY } } }
I20260630 12:12:25.464646  3421 raft_consensus.cc:2468] T da9f74dabcaf4ce69aeb9fd2c48199fb P e4657ae0f25849a6940d2b03bbeb0a85 [term 1 FOLLOWER]: Leader election vote request: Granting yes vote for candidate 8797f6c00d094826a806ebbbc6ae7445 in term 1.
I20260630 12:12:25.477384  3669 raft_consensus.cc:2764] T da9f74dabcaf4ce69aeb9fd2c48199fb P e4657ae0f25849a6940d2b03bbeb0a85 [term 1 FOLLOWER]: Leader pre-election decision vote started in defunct term 0: won
I20260630 12:12:25.479828  3537 leader_election.cc:304] T da9f74dabcaf4ce69aeb9fd2c48199fb P 8797f6c00d094826a806ebbbc6ae7445 [CANDIDATE]: Term 1 election: Election decided. Result: candidate won. Election summary: received 2 responses out of 3 voters: 2 yes votes; 0 no votes. yes voters: 8797f6c00d094826a806ebbbc6ae7445, e4657ae0f25849a6940d2b03bbeb0a85; no voters: 
I20260630 12:12:25.480572  3498 raft_consensus.cc:2468] T da9f74dabcaf4ce69aeb9fd2c48199fb P 470b64078424489fa13f5dd405c5471a [term 1 FOLLOWER]: Leader election vote request: Granting yes vote for candidate 8797f6c00d094826a806ebbbc6ae7445 in term 1.
I20260630 12:12:25.480799  3627 raft_consensus.cc:2804] T da9f74dabcaf4ce69aeb9fd2c48199fb P 8797f6c00d094826a806ebbbc6ae7445 [term 1 FOLLOWER]: Leader election won for term 1
