I20260630 12:15:45.390623 13656 hybrid_clock.cc:648] HybridClock initialized: now 1782821745390604 us; error 0 us; skew 500 ppm
I20260630 12:15:45.391185 13656 server_base.cc:861] Flag tcmalloc_max_total_thread_cache_bytes is not working since tcmalloc is not enabled.
I20260630 12:15:45.397296 13656 webserver.cc:533] Webserver started at http://127.13.86.62:40893/ using document root <none> and password file <none>
I20260630 12:15:45.397789 13656 fs_manager.cc:362] Metadata directory not provided
I20260630 12:15:45.397979 13656 fs_manager.cc:368] Using write-ahead log directory (fs_wal_dir) as metadata directory
I20260630 12:15:45.398255 13656 server_base.cc:909] This appears to be a new deployment of Kudu; creating new FS layout
I20260630 12:15:45.399267 13656 fs_manager.cc:1068] Generated new instance metadata in path /tmp/dist-test-taskQsV07g/test-tmp/auto_rebalancer-test.0.AutoRebalancerTest.AutoRebalancingTurnOffAndOn.1782821738123502-13656-0/minicluster-data/master-0-root/instance:
uuid: "462ddd3ffc2b41f990dbc87af3a67877"
format_stamp: "Formatted at 2026-06-30 12:15:45 on dist-test-slave-fklz"
I20260630 12:15:45.403399 13656 fs_manager.cc:696] Time spent creating directory manager: real 0.004s	user 0.006s	sys 0.000s
I20260630 12:15:45.406713 14206 log_block_manager.cc:4031] Time spent loading block containers with low live blocks: real 0.000s	user 0.000s	sys 0.000s
I20260630 12:15:45.407502 13656 fs_manager.cc:730] Time spent opening block manager: real 0.002s	user 0.002s	sys 0.000s
I20260630 12:15:45.407775 13656 fs_manager.cc:647] Opened local filesystem: /tmp/dist-test-taskQsV07g/test-tmp/auto_rebalancer-test.0.AutoRebalancerTest.AutoRebalancingTurnOffAndOn.1782821738123502-13656-0/minicluster-data/master-0-root
uuid: "462ddd3ffc2b41f990dbc87af3a67877"
format_stamp: "Formatted at 2026-06-30 12:15:45 on dist-test-slave-fklz"
I20260630 12:15:45.408064 13656 fs_report.cc:389] FS layout report
--------------------
wal directory: /tmp/dist-test-taskQsV07g/test-tmp/auto_rebalancer-test.0.AutoRebalancerTest.AutoRebalancingTurnOffAndOn.1782821738123502-13656-0/minicluster-data/master-0-root
metadata directory: /tmp/dist-test-taskQsV07g/test-tmp/auto_rebalancer-test.0.AutoRebalancerTest.AutoRebalancingTurnOffAndOn.1782821738123502-13656-0/minicluster-data/master-0-root
1 data directories: /tmp/dist-test-taskQsV07g/test-tmp/auto_rebalancer-test.0.AutoRebalancerTest.AutoRebalancingTurnOffAndOn.1782821738123502-13656-0/minicluster-data/master-0-root/data
Total live blocks: 0
Total live bytes: 0
Total live bytes (after alignment): 0
Total number of LBM containers: 0 (0 full)
Did not check for missing blocks
Did not check for orphaned blocks
Total full LBM containers with extra space: 0 (0 repaired)
Total full LBM container extra space in bytes: 0 (0 repaired)
Total incomplete LBM containers: 0 (0 repaired)
Total LBM partial records: 0 (0 repaired)
Total corrupted LBM metadata records in RocksDB: 0 (0 repaired)
I20260630 12:15:45.417210 13656 rpc_server.cc:225] running with OpenSSL 1.1.1  11 Sep 2018
I20260630 12:15:45.418155 13656 kserver.cc:163] Server-wide thread pool size limit: 3276
I20260630 12:15:45.453703 13656 rpc_server.cc:307] RPC server started. Bound to: 127.13.86.62:38263
I20260630 12:15:45.453799 14257 acceptor_pool.cc:272] collecting diagnostics on the listening RPC socket 127.13.86.62:38263 every 8 connection(s)
I20260630 12:15:45.457617 14258 data_dirs.cc:400] Could only allocate 1 dirs of requested 3 for tablet 00000000000000000000000000000000. 1 dirs total, 0 dirs full, 0 dirs failed
I20260630 12:15:45.466308 14258 tablet_bootstrap.cc:492] T 00000000000000000000000000000000 P 462ddd3ffc2b41f990dbc87af3a67877: Bootstrap starting.
I20260630 12:15:45.470203 14258 tablet_bootstrap.cc:654] T 00000000000000000000000000000000 P 462ddd3ffc2b41f990dbc87af3a67877: Neither blocks nor log segments found. Creating new log.
I20260630 12:15:45.473842 14258 tablet_bootstrap.cc:492] T 00000000000000000000000000000000 P 462ddd3ffc2b41f990dbc87af3a67877: No bootstrap required, opened a new log
I20260630 12:15:45.475653 14258 raft_consensus.cc:359] T 00000000000000000000000000000000 P 462ddd3ffc2b41f990dbc87af3a67877 [term 0 FOLLOWER]: Replica starting. Triggering 0 pending ops. Active config: opid_index: -1 OBSOLETE_local: true peers { permanent_uuid: "462ddd3ffc2b41f990dbc87af3a67877" member_type: VOTER }
I20260630 12:15:45.476015 14258 raft_consensus.cc:385] T 00000000000000000000000000000000 P 462ddd3ffc2b41f990dbc87af3a67877 [term 0 FOLLOWER]: Consensus starting up: Expiring failure detector timer to make a prompt election more likely
I20260630 12:15:45.476190 14258 raft_consensus.cc:740] T 00000000000000000000000000000000 P 462ddd3ffc2b41f990dbc87af3a67877 [term 0 FOLLOWER]: Becoming Follower/Learner. State: Replica: 462ddd3ffc2b41f990dbc87af3a67877, State: Initialized, Role: FOLLOWER
I20260630 12:15:45.476789 14258 consensus_queue.cc:260] T 00000000000000000000000000000000 P 462ddd3ffc2b41f990dbc87af3a67877 [NON_LEADER]: Queue going to NON_LEADER mode. State: All replicated index: 0, Majority replicated index: 0, Committed index: 0, Last appended: 0.0, Last appended by leader: 0, Current term: 0, Majority size: -1, State: 0, Mode: NON_LEADER, active raft config: opid_index: -1 OBSOLETE_local: true peers { permanent_uuid: "462ddd3ffc2b41f990dbc87af3a67877" member_type: VOTER }
I20260630 12:15:45.477223 14258 raft_consensus.cc:399] T 00000000000000000000000000000000 P 462ddd3ffc2b41f990dbc87af3a67877 [term 0 FOLLOWER]: Only one voter in the Raft config. Triggering election immediately
I20260630 12:15:45.477530 14258 raft_consensus.cc:493] T 00000000000000000000000000000000 P 462ddd3ffc2b41f990dbc87af3a67877 [term 0 FOLLOWER]: Starting leader election (initial election of a single-replica configuration)
I20260630 12:15:45.478087 14258 raft_consensus.cc:3060] T 00000000000000000000000000000000 P 462ddd3ffc2b41f990dbc87af3a67877 [term 0 FOLLOWER]: Advancing to term 1
I20260630 12:15:45.482160 14258 raft_consensus.cc:515] T 00000000000000000000000000000000 P 462ddd3ffc2b41f990dbc87af3a67877 [term 1 FOLLOWER]: Starting leader election with config: opid_index: -1 OBSOLETE_local: true peers { permanent_uuid: "462ddd3ffc2b41f990dbc87af3a67877" member_type: VOTER }
I20260630 12:15:45.482681 14258 leader_election.cc:304] T 00000000000000000000000000000000 P 462ddd3ffc2b41f990dbc87af3a67877 [CANDIDATE]: Term 1 election: Election decided. Result: candidate won. Election summary: received 1 responses out of 1 voters: 1 yes votes; 0 no votes. yes voters: 462ddd3ffc2b41f990dbc87af3a67877; no voters: 
I20260630 12:15:45.483932 14258 leader_election.cc:290] T 00000000000000000000000000000000 P 462ddd3ffc2b41f990dbc87af3a67877 [CANDIDATE]: Term 1 election: Requested vote from peers 
I20260630 12:15:45.484242 14261 raft_consensus.cc:2804] T 00000000000000000000000000000000 P 462ddd3ffc2b41f990dbc87af3a67877 [term 1 FOLLOWER]: Leader election won for term 1
I20260630 12:15:45.485515 14261 raft_consensus.cc:697] T 00000000000000000000000000000000 P 462ddd3ffc2b41f990dbc87af3a67877 [term 1 LEADER]: Becoming Leader. State: Replica: 462ddd3ffc2b41f990dbc87af3a67877, State: Running, Role: LEADER
I20260630 12:15:45.486177 14261 consensus_queue.cc:237] T 00000000000000000000000000000000 P 462ddd3ffc2b41f990dbc87af3a67877 [LEADER]: Queue going to LEADER mode. State: All replicated index: 0, Majority replicated index: 0, Committed index: 0, Last appended: 0.0, Last appended by leader: 0, Current term: 1, Majority size: 1, State: 0, Mode: LEADER, active raft config: opid_index: -1 OBSOLETE_local: true peers { permanent_uuid: "462ddd3ffc2b41f990dbc87af3a67877" member_type: VOTER }
I20260630 12:15:45.486738 14258 sys_catalog.cc:565] T 00000000000000000000000000000000 P 462ddd3ffc2b41f990dbc87af3a67877 [sys.catalog]: configured and running, proceeding with master startup.
I20260630 12:15:45.490038 14262 sys_catalog.cc:455] T 00000000000000000000000000000000 P 462ddd3ffc2b41f990dbc87af3a67877 [sys.catalog]: SysCatalogTable state changed. Reason: RaftConsensus started. Latest consensus state: current_term: 1 leader_uuid: "462ddd3ffc2b41f990dbc87af3a67877" committed_config { opid_index: -1 OBSOLETE_local: true peers { permanent_uuid: "462ddd3ffc2b41f990dbc87af3a67877" member_type: VOTER } }
I20260630 12:15:45.490696 14262 sys_catalog.cc:458] T 00000000000000000000000000000000 P 462ddd3ffc2b41f990dbc87af3a67877 [sys.catalog]: This master's current role is: LEADER
I20260630 12:15:45.490694 14263 sys_catalog.cc:455] T 00000000000000000000000000000000 P 462ddd3ffc2b41f990dbc87af3a67877 [sys.catalog]: SysCatalogTable state changed. Reason: New leader 462ddd3ffc2b41f990dbc87af3a67877. Latest consensus state: current_term: 1 leader_uuid: "462ddd3ffc2b41f990dbc87af3a67877" committed_config { opid_index: -1 OBSOLETE_local: true peers { permanent_uuid: "462ddd3ffc2b41f990dbc87af3a67877" member_type: VOTER } }
I20260630 12:15:45.491410 14263 sys_catalog.cc:458] T 00000000000000000000000000000000 P 462ddd3ffc2b41f990dbc87af3a67877 [sys.catalog]: This master's current role is: LEADER
I20260630 12:15:45.493330 14268 catalog_manager.cc:1511] Loading table and tablet metadata into memory...
I20260630 12:15:45.501418 14268 catalog_manager.cc:1520] Initializing Kudu cluster ID...
I20260630 12:15:45.502369 13656 internal_mini_cluster.cc:184] Waiting to initialize catalog manager on master 0
I20260630 12:15:45.510303 14268 catalog_manager.cc:1383] Generated new cluster ID: 09e9642e4e0b40f4bdeccb0a06367339
I20260630 12:15:45.510654 14268 catalog_manager.cc:1531] Initializing Kudu internal certificate authority...
I20260630 12:15:45.549721 14268 catalog_manager.cc:1406] Generated new certificate authority record
I20260630 12:15:45.550908 14268 catalog_manager.cc:1540] Loading token signing keys...
I20260630 12:15:45.567812 14268 catalog_manager.cc:6070] T 00000000000000000000000000000000 P 462ddd3ffc2b41f990dbc87af3a67877: Generated new TSK 0
I20260630 12:15:45.568562 14268 catalog_manager.cc:1550] Initializing in-progress tserver states...
I20260630 12:15:45.633103 13656 file_cache.cc:492] Constructed file cache file cache with capacity 419430
W20260630 12:15:45.638960 14279 instance_detector.cc:116] could not retrieve AWS instance metadata: Network error: curl error: HTTP response code said error: The requested URL returned error: 404
W20260630 12:15:45.639966 14280 instance_detector.cc:116] could not retrieve Azure instance metadata: Network error: curl error: HTTP response code said error: The requested URL returned error: 404
I20260630 12:15:45.642817 13656 server_base.cc:1061] running on GCE node
W20260630 12:15:45.642932 14282 instance_detector.cc:116] could not retrieve OpenStack instance metadata: Network error: curl error: HTTP response code said error: The requested URL returned error: 404
I20260630 12:15:45.643822 13656 hybrid_clock.cc:584] initializing the hybrid clock with 'system_unsync' time source
W20260630 12:15:45.644061 13656 system_unsync_time.cc:38] NTP support is disabled. Clock error bounds will not be accurate. This configuration is not suitable for distributed clusters.
I20260630 12:15:45.644243 13656 hybrid_clock.cc:648] HybridClock initialized: now 1782821745644225 us; error 0 us; skew 500 ppm
I20260630 12:15:45.644917 13656 server_base.cc:861] Flag tcmalloc_max_total_thread_cache_bytes is not working since tcmalloc is not enabled.
I20260630 12:15:45.647177 13656 webserver.cc:533] Webserver started at http://127.13.86.1:44437/ using document root <none> and password file <none>
I20260630 12:15:45.647656 13656 fs_manager.cc:362] Metadata directory not provided
I20260630 12:15:45.647866 13656 fs_manager.cc:368] Using write-ahead log directory (fs_wal_dir) as metadata directory
I20260630 12:15:45.648149 13656 server_base.cc:909] This appears to be a new deployment of Kudu; creating new FS layout
I20260630 12:15:45.649271 13656 fs_manager.cc:1068] Generated new instance metadata in path /tmp/dist-test-taskQsV07g/test-tmp/auto_rebalancer-test.0.AutoRebalancerTest.AutoRebalancingTurnOffAndOn.1782821738123502-13656-0/minicluster-data/ts-0-root/instance:
uuid: "efae8ec30c7648189b997406d99fc2f7"
format_stamp: "Formatted at 2026-06-30 12:15:45 on dist-test-slave-fklz"
I20260630 12:15:45.653662 13656 fs_manager.cc:696] Time spent creating directory manager: real 0.004s	user 0.003s	sys 0.001s
I20260630 12:15:45.656968 14287 log_block_manager.cc:4031] Time spent loading block containers with low live blocks: real 0.000s	user 0.000s	sys 0.000s
I20260630 12:15:45.657871 13656 fs_manager.cc:730] Time spent opening block manager: real 0.002s	user 0.002s	sys 0.001s
I20260630 12:15:45.658114 13656 fs_manager.cc:647] Opened local filesystem: /tmp/dist-test-taskQsV07g/test-tmp/auto_rebalancer-test.0.AutoRebalancerTest.AutoRebalancingTurnOffAndOn.1782821738123502-13656-0/minicluster-data/ts-0-root
uuid: "efae8ec30c7648189b997406d99fc2f7"
format_stamp: "Formatted at 2026-06-30 12:15:45 on dist-test-slave-fklz"
I20260630 12:15:45.658349 13656 fs_report.cc:389] FS layout report
--------------------
wal directory: /tmp/dist-test-taskQsV07g/test-tmp/auto_rebalancer-test.0.AutoRebalancerTest.AutoRebalancingTurnOffAndOn.1782821738123502-13656-0/minicluster-data/ts-0-root
metadata directory: /tmp/dist-test-taskQsV07g/test-tmp/auto_rebalancer-test.0.AutoRebalancerTest.AutoRebalancingTurnOffAndOn.1782821738123502-13656-0/minicluster-data/ts-0-root
1 data directories: /tmp/dist-test-taskQsV07g/test-tmp/auto_rebalancer-test.0.AutoRebalancerTest.AutoRebalancingTurnOffAndOn.1782821738123502-13656-0/minicluster-data/ts-0-root/data
Total live blocks: 0
Total live bytes: 0
Total live bytes (after alignment): 0
Total number of LBM containers: 0 (0 full)
Did not check for missing blocks
Did not check for orphaned blocks
Total full LBM containers with extra space: 0 (0 repaired)
Total full LBM container extra space in bytes: 0 (0 repaired)
Total incomplete LBM containers: 0 (0 repaired)
Total LBM partial records: 0 (0 repaired)
Total corrupted LBM metadata records in RocksDB: 0 (0 repaired)
I20260630 12:15:45.674685 13656 rpc_server.cc:225] running with OpenSSL 1.1.1  11 Sep 2018
I20260630 12:15:45.675732 13656 kserver.cc:163] Server-wide thread pool size limit: 3276
I20260630 12:15:45.677083 13656 txn_system_client.cc:432] TxnSystemClient initialization is disabled...
I20260630 12:15:45.679386 13656 ts_tablet_manager.cc:585] Loaded tablet metadata (0 total tablets, 0 live tablets)
I20260630 12:15:45.679644 13656 ts_tablet_manager.cc:531] Time spent load tablet metadata: real 0.000s	user 0.000s	sys 0.000s
I20260630 12:15:45.679891 13656 ts_tablet_manager.cc:616] Registered 0 tablets
I20260630 12:15:45.680058 13656 ts_tablet_manager.cc:595] Time spent register tablets: real 0.000s	user 0.000s	sys 0.000s
I20260630 12:15:45.717260 13656 rpc_server.cc:307] RPC server started. Bound to: 127.13.86.1:36531
I20260630 12:15:45.717350 14349 acceptor_pool.cc:272] collecting diagnostics on the listening RPC socket 127.13.86.1:36531 every 8 connection(s)
I20260630 12:15:45.721846 13656 file_cache.cc:492] Constructed file cache file cache with capacity 419430
W20260630 12:15:45.728637 14354 instance_detector.cc:116] could not retrieve AWS instance metadata: Network error: curl error: HTTP response code said error: The requested URL returned error: 404
W20260630 12:15:45.729559 14355 instance_detector.cc:116] could not retrieve Azure instance metadata: Network error: curl error: HTTP response code said error: The requested URL returned error: 404
I20260630 12:15:45.731567 13656 server_base.cc:1061] running on GCE node
W20260630 12:15:45.733040 14357 instance_detector.cc:116] could not retrieve OpenStack instance metadata: Network error: curl error: HTTP response code said error: The requested URL returned error: 404
I20260630 12:15:45.733904 13656 hybrid_clock.cc:584] initializing the hybrid clock with 'system_unsync' time source
W20260630 12:15:45.734181 13656 system_unsync_time.cc:38] NTP support is disabled. Clock error bounds will not be accurate. This configuration is not suitable for distributed clusters.
I20260630 12:15:45.734313 14350 heartbeater.cc:344] Connected to a master server at 127.13.86.62:38263
I20260630 12:15:45.734421 13656 hybrid_clock.cc:648] HybridClock initialized: now 1782821745734401 us; error 0 us; skew 500 ppm
I20260630 12:15:45.734748 14350 heartbeater.cc:461] Registering TS with master...
I20260630 12:15:45.735198 13656 server_base.cc:861] Flag tcmalloc_max_total_thread_cache_bytes is not working since tcmalloc is not enabled.
I20260630 12:15:45.735622 14350 heartbeater.cc:507] Master 127.13.86.62:38263 requested a full tablet report, sending...
I20260630 12:15:45.737887 13656 webserver.cc:533] Webserver started at http://127.13.86.2:41493/ using document root <none> and password file <none>
I20260630 12:15:45.737946 14223 ts_manager.cc:194] Registered new tserver with Master: efae8ec30c7648189b997406d99fc2f7 (127.13.86.1:36531)
I20260630 12:15:45.738471 13656 fs_manager.cc:362] Metadata directory not provided
I20260630 12:15:45.738698 13656 fs_manager.cc:368] Using write-ahead log directory (fs_wal_dir) as metadata directory
I20260630 12:15:45.738989 13656 server_base.cc:909] This appears to be a new deployment of Kudu; creating new FS layout
I20260630 12:15:45.739818 14223 master_service.cc:502] Signed X509 certificate for tserver {username='slave'} at 127.0.0.1:34456
I20260630 12:15:45.739966 13656 fs_manager.cc:1068] Generated new instance metadata in path /tmp/dist-test-taskQsV07g/test-tmp/auto_rebalancer-test.0.AutoRebalancerTest.AutoRebalancingTurnOffAndOn.1782821738123502-13656-0/minicluster-data/ts-1-root/instance:
uuid: "c3f53422b28047098ee5447ab4ad7013"
format_stamp: "Formatted at 2026-06-30 12:15:45 on dist-test-slave-fklz"
I20260630 12:15:45.744679 13656 fs_manager.cc:696] Time spent creating directory manager: real 0.004s	user 0.006s	sys 0.000s
I20260630 12:15:45.747670 14362 log_block_manager.cc:4031] Time spent loading block containers with low live blocks: real 0.000s	user 0.000s	sys 0.000s
I20260630 12:15:45.748399 13656 fs_manager.cc:730] Time spent opening block manager: real 0.002s	user 0.003s	sys 0.000s
I20260630 12:15:45.748685 13656 fs_manager.cc:647] Opened local filesystem: /tmp/dist-test-taskQsV07g/test-tmp/auto_rebalancer-test.0.AutoRebalancerTest.AutoRebalancingTurnOffAndOn.1782821738123502-13656-0/minicluster-data/ts-1-root
uuid: "c3f53422b28047098ee5447ab4ad7013"
format_stamp: "Formatted at 2026-06-30 12:15:45 on dist-test-slave-fklz"
I20260630 12:15:45.749027 13656 fs_report.cc:389] FS layout report
--------------------
wal directory: /tmp/dist-test-taskQsV07g/test-tmp/auto_rebalancer-test.0.AutoRebalancerTest.AutoRebalancingTurnOffAndOn.1782821738123502-13656-0/minicluster-data/ts-1-root
metadata directory: /tmp/dist-test-taskQsV07g/test-tmp/auto_rebalancer-test.0.AutoRebalancerTest.AutoRebalancingTurnOffAndOn.1782821738123502-13656-0/minicluster-data/ts-1-root
1 data directories: /tmp/dist-test-taskQsV07g/test-tmp/auto_rebalancer-test.0.AutoRebalancerTest.AutoRebalancingTurnOffAndOn.1782821738123502-13656-0/minicluster-data/ts-1-root/data
Total live blocks: 0
Total live bytes: 0
Total live bytes (after alignment): 0
Total number of LBM containers: 0 (0 full)
Did not check for missing blocks
Did not check for orphaned blocks
Total full LBM containers with extra space: 0 (0 repaired)
Total full LBM container extra space in bytes: 0 (0 repaired)
Total incomplete LBM containers: 0 (0 repaired)
Total LBM partial records: 0 (0 repaired)
Total corrupted LBM metadata records in RocksDB: 0 (0 repaired)
I20260630 12:15:45.781102 13656 rpc_server.cc:225] running with OpenSSL 1.1.1  11 Sep 2018
I20260630 12:15:45.782300 13656 kserver.cc:163] Server-wide thread pool size limit: 3276
I20260630 12:15:45.784107 13656 txn_system_client.cc:432] TxnSystemClient initialization is disabled...
I20260630 12:15:45.786628 13656 ts_tablet_manager.cc:585] Loaded tablet metadata (0 total tablets, 0 live tablets)
I20260630 12:15:45.786876 13656 ts_tablet_manager.cc:531] Time spent load tablet metadata: real 0.000s	user 0.000s	sys 0.000s
I20260630 12:15:45.787125 13656 ts_tablet_manager.cc:616] Registered 0 tablets
I20260630 12:15:45.787312 13656 ts_tablet_manager.cc:595] Time spent register tablets: real 0.000s	user 0.000s	sys 0.000s
I20260630 12:15:45.826241 13656 rpc_server.cc:307] RPC server started. Bound to: 127.13.86.2:37329
I20260630 12:15:45.826342 14424 acceptor_pool.cc:272] collecting diagnostics on the listening RPC socket 127.13.86.2:37329 every 8 connection(s)
I20260630 12:15:45.830869 13656 file_cache.cc:492] Constructed file cache file cache with capacity 419430
W20260630 12:15:45.837388 14428 instance_detector.cc:116] could not retrieve AWS instance metadata: Network error: curl error: HTTP response code said error: The requested URL returned error: 404
W20260630 12:15:45.837826 14429 instance_detector.cc:116] could not retrieve Azure instance metadata: Network error: curl error: HTTP response code said error: The requested URL returned error: 404
W20260630 12:15:45.841174 14431 instance_detector.cc:116] could not retrieve OpenStack instance metadata: Network error: curl error: HTTP response code said error: The requested URL returned error: 404
I20260630 12:15:45.841717 13656 server_base.cc:1061] running on GCE node
I20260630 12:15:45.842593 13656 hybrid_clock.cc:584] initializing the hybrid clock with 'system_unsync' time source
W20260630 12:15:45.842775 13656 system_unsync_time.cc:38] NTP support is disabled. Clock error bounds will not be accurate. This configuration is not suitable for distributed clusters.
I20260630 12:15:45.842971 13656 hybrid_clock.cc:648] HybridClock initialized: now 1782821745842957 us; error 0 us; skew 500 ppm
I20260630 12:15:45.843495 13656 server_base.cc:861] Flag tcmalloc_max_total_thread_cache_bytes is not working since tcmalloc is not enabled.
I20260630 12:15:45.846304 13656 webserver.cc:533] Webserver started at http://127.13.86.3:35875/ using document root <none> and password file <none>
I20260630 12:15:45.846823 13656 fs_manager.cc:362] Metadata directory not provided
I20260630 12:15:45.847036 13656 fs_manager.cc:368] Using write-ahead log directory (fs_wal_dir) as metadata directory
I20260630 12:15:45.847344 13656 server_base.cc:909] This appears to be a new deployment of Kudu; creating new FS layout
I20260630 12:15:45.847592 14425 heartbeater.cc:344] Connected to a master server at 127.13.86.62:38263
I20260630 12:15:45.847990 14425 heartbeater.cc:461] Registering TS with master...
I20260630 12:15:45.848701 13656 fs_manager.cc:1068] Generated new instance metadata in path /tmp/dist-test-taskQsV07g/test-tmp/auto_rebalancer-test.0.AutoRebalancerTest.AutoRebalancingTurnOffAndOn.1782821738123502-13656-0/minicluster-data/ts-2-root/instance:
uuid: "502f454622ea413597cb3492f312bf01"
format_stamp: "Formatted at 2026-06-30 12:15:45 on dist-test-slave-fklz"
I20260630 12:15:45.848878 14425 heartbeater.cc:507] Master 127.13.86.62:38263 requested a full tablet report, sending...
I20260630 12:15:45.851430 14223 ts_manager.cc:194] Registered new tserver with Master: c3f53422b28047098ee5447ab4ad7013 (127.13.86.2:37329)
I20260630 12:15:45.852710 14223 master_service.cc:502] Signed X509 certificate for tserver {username='slave'} at 127.0.0.1:34468
I20260630 12:15:45.855490 13656 fs_manager.cc:696] Time spent creating directory manager: real 0.006s	user 0.005s	sys 0.001s
I20260630 12:15:45.859289 14436 log_block_manager.cc:4031] Time spent loading block containers with low live blocks: real 0.000s	user 0.000s	sys 0.000s
I20260630 12:15:45.860983 13656 fs_manager.cc:730] Time spent opening block manager: real 0.003s	user 0.002s	sys 0.000s
I20260630 12:15:45.861308 13656 fs_manager.cc:647] Opened local filesystem: /tmp/dist-test-taskQsV07g/test-tmp/auto_rebalancer-test.0.AutoRebalancerTest.AutoRebalancingTurnOffAndOn.1782821738123502-13656-0/minicluster-data/ts-2-root
uuid: "502f454622ea413597cb3492f312bf01"
format_stamp: "Formatted at 2026-06-30 12:15:45 on dist-test-slave-fklz"
I20260630 12:15:45.861572 13656 fs_report.cc:389] FS layout report
--------------------
wal directory: /tmp/dist-test-taskQsV07g/test-tmp/auto_rebalancer-test.0.AutoRebalancerTest.AutoRebalancingTurnOffAndOn.1782821738123502-13656-0/minicluster-data/ts-2-root
metadata directory: /tmp/dist-test-taskQsV07g/test-tmp/auto_rebalancer-test.0.AutoRebalancerTest.AutoRebalancingTurnOffAndOn.1782821738123502-13656-0/minicluster-data/ts-2-root
1 data directories: /tmp/dist-test-taskQsV07g/test-tmp/auto_rebalancer-test.0.AutoRebalancerTest.AutoRebalancingTurnOffAndOn.1782821738123502-13656-0/minicluster-data/ts-2-root/data
Total live blocks: 0
Total live bytes: 0
Total live bytes (after alignment): 0
Total number of LBM containers: 0 (0 full)
Did not check for missing blocks
Did not check for orphaned blocks
Total full LBM containers with extra space: 0 (0 repaired)
Total full LBM container extra space in bytes: 0 (0 repaired)
Total incomplete LBM containers: 0 (0 repaired)
Total LBM partial records: 0 (0 repaired)
Total corrupted LBM metadata records in RocksDB: 0 (0 repaired)
I20260630 12:15:45.887467 13656 rpc_server.cc:225] running with OpenSSL 1.1.1  11 Sep 2018
I20260630 12:15:45.888643 13656 kserver.cc:163] Server-wide thread pool size limit: 3276
I20260630 12:15:45.890139 13656 txn_system_client.cc:432] TxnSystemClient initialization is disabled...
I20260630 12:15:45.892565 13656 ts_tablet_manager.cc:585] Loaded tablet metadata (0 total tablets, 0 live tablets)
I20260630 12:15:45.892810 13656 ts_tablet_manager.cc:531] Time spent load tablet metadata: real 0.000s	user 0.001s	sys 0.000s
I20260630 12:15:45.893043 13656 ts_tablet_manager.cc:616] Registered 0 tablets
I20260630 12:15:45.893234 13656 ts_tablet_manager.cc:595] Time spent register tablets: real 0.000s	user 0.000s	sys 0.000s
I20260630 12:15:45.934136 13656 rpc_server.cc:307] RPC server started. Bound to: 127.13.86.3:46435
I20260630 12:15:45.934232 14498 acceptor_pool.cc:272] collecting diagnostics on the listening RPC socket 127.13.86.3:46435 every 8 connection(s)
I20260630 12:15:45.948392 14499 heartbeater.cc:344] Connected to a master server at 127.13.86.62:38263
I20260630 12:15:45.948879 14499 heartbeater.cc:461] Registering TS with master...
I20260630 12:15:45.949628 14499 heartbeater.cc:507] Master 127.13.86.62:38263 requested a full tablet report, sending...
I20260630 12:15:45.951632 14223 ts_manager.cc:194] Registered new tserver with Master: 502f454622ea413597cb3492f312bf01 (127.13.86.3:46435)
I20260630 12:15:45.952098 13656 internal_mini_cluster.cc:371] 3 TS(s) registered with all masters after 0.014936845s
I20260630 12:15:45.953208 14223 master_service.cc:502] Signed X509 certificate for tserver {username='slave'} at 127.0.0.1:34482
I20260630 12:15:46.742518 14350 heartbeater.cc:499] Master 127.13.86.62:38263 was elected leader, sending a full tablet report...
I20260630 12:15:46.855705 14425 heartbeater.cc:499] Master 127.13.86.62:38263 was elected leader, sending a full tablet report...
I20260630 12:15:46.955929 14499 heartbeater.cc:499] Master 127.13.86.62:38263 was elected leader, sending a full tablet report...
I20260630 12:15:47.008852 14223 catalog_manager.cc:2283] Servicing CreateTable request from {username='slave'} at 127.0.0.1:34492:
name: "test-workload"
schema {
  columns {
    name: "key"
    type: INT32
    is_key: true
    is_nullable: false
    encoding: AUTO_ENCODING
    compression: DEFAULT_COMPRESSION
    cfile_block_size: 0
    immutable: false
  }
  columns {
    name: "int_val"
    type: INT32
    is_key: false
    is_nullable: false
    encoding: AUTO_ENCODING
    compression: DEFAULT_COMPRESSION
    cfile_block_size: 0
    immutable: false
  }
  columns {
    name: "string_val"
    type: STRING
    is_key: false
    is_nullable: true
    encoding: AUTO_ENCODING
    compression: DEFAULT_COMPRESSION
    cfile_block_size: 0
    immutable: false
  }
}
num_replicas: 3
split_rows_range_bounds {
  rows: "\004\001\000\377\377\377\017\004\001\000\376\377\377\037\004\001\000\375\377\377/\004\001\000\374\377\377?\004\001\000\373\377\377O\004\001\000\372\377\377_\004\001\000\371\377\377o""\004\001\000\377\377\377\017\004\001\000\376\377\377\037\004\001\000\375\377\377/\004\001\000\374\377\377?\004\001\000\373\377\377O\004\001\000\372\377\377_\004\001\000\371\377\377o"
  indirect_data: """"
}
partition_schema {
  range_schema {
    columns {
      name: "key"
    }
  }
}
W20260630 12:15:47.011330 14223 catalog_manager.cc:7077] The number of live tablet servers is not enough to re-replicate a tablet replica of the newly created table test-workload in case of a server failure: 4 tablet servers would be needed, 3 are available. Consider bringing up more tablet servers.
I20260630 12:15:47.074254 14464 tablet_service.cc:1511] Processing CreateTablet for tablet e42fc67434b045d2a2735069030b1b79 (DEFAULT_TABLE table=test-workload [id=31c39340e0224f1d94c7b83681f82ee4]), partition=RANGE (key) PARTITION VALUES < 268435455
I20260630 12:15:47.075657 14464 data_dirs.cc:400] Could only allocate 1 dirs of requested 3 for tablet e42fc67434b045d2a2735069030b1b79. 1 dirs total, 0 dirs full, 0 dirs failed
I20260630 12:15:47.078058 14463 tablet_service.cc:1511] Processing CreateTablet for tablet 5a7ff9f16bd046db9426cf7cd142afd0 (DEFAULT_TABLE table=test-workload [id=31c39340e0224f1d94c7b83681f82ee4]), partition=RANGE (key) PARTITION 268435455 <= VALUES < 536870910
I20260630 12:15:47.079484 14463 data_dirs.cc:400] Could only allocate 1 dirs of requested 3 for tablet 5a7ff9f16bd046db9426cf7cd142afd0. 1 dirs total, 0 dirs full, 0 dirs failed
I20260630 12:15:47.085013 14390 tablet_service.cc:1511] Processing CreateTablet for tablet e42fc67434b045d2a2735069030b1b79 (DEFAULT_TABLE table=test-workload [id=31c39340e0224f1d94c7b83681f82ee4]), partition=RANGE (key) PARTITION VALUES < 268435455
I20260630 12:15:47.086316 14390 data_dirs.cc:400] Could only allocate 1 dirs of requested 3 for tablet e42fc67434b045d2a2735069030b1b79. 1 dirs total, 0 dirs full, 0 dirs failed
I20260630 12:15:47.089636 14389 tablet_service.cc:1511] Processing CreateTablet for tablet 5a7ff9f16bd046db9426cf7cd142afd0 (DEFAULT_TABLE table=test-workload [id=31c39340e0224f1d94c7b83681f82ee4]), partition=RANGE (key) PARTITION 268435455 <= VALUES < 536870910
I20260630 12:15:47.090935 14389 data_dirs.cc:400] Could only allocate 1 dirs of requested 3 for tablet 5a7ff9f16bd046db9426cf7cd142afd0. 1 dirs total, 0 dirs full, 0 dirs failed
I20260630 12:15:47.092118 14462 tablet_service.cc:1511] Processing CreateTablet for tablet 59a95c97e08e447ab3197f6ed0012db2 (DEFAULT_TABLE table=test-workload [id=31c39340e0224f1d94c7b83681f82ee4]), partition=RANGE (key) PARTITION 536870910 <= VALUES < 805306365
I20260630 12:15:47.094017 14462 data_dirs.cc:400] Could only allocate 1 dirs of requested 3 for tablet 59a95c97e08e447ab3197f6ed0012db2. 1 dirs total, 0 dirs full, 0 dirs failed
I20260630 12:15:47.097435 14388 tablet_service.cc:1511] Processing CreateTablet for tablet 59a95c97e08e447ab3197f6ed0012db2 (DEFAULT_TABLE table=test-workload [id=31c39340e0224f1d94c7b83681f82ee4]), partition=RANGE (key) PARTITION 536870910 <= VALUES < 805306365
I20260630 12:15:47.097800 14461 tablet_service.cc:1511] Processing CreateTablet for tablet 8dd2d17bdefc4d8a9410faadd45cae95 (DEFAULT_TABLE table=test-workload [id=31c39340e0224f1d94c7b83681f82ee4]), partition=RANGE (key) PARTITION 805306365 <= VALUES < 1073741820
I20260630 12:15:47.098762 14388 data_dirs.cc:400] Could only allocate 1 dirs of requested 3 for tablet 59a95c97e08e447ab3197f6ed0012db2. 1 dirs total, 0 dirs full, 0 dirs failed
I20260630 12:15:47.099071 14461 data_dirs.cc:400] Could only allocate 1 dirs of requested 3 for tablet 8dd2d17bdefc4d8a9410faadd45cae95. 1 dirs total, 0 dirs full, 0 dirs failed
I20260630 12:15:47.104640 14460 tablet_service.cc:1511] Processing CreateTablet for tablet 1a0a9369485c403eb0d42208979904ae (DEFAULT_TABLE table=test-workload [id=31c39340e0224f1d94c7b83681f82ee4]), partition=RANGE (key) PARTITION 1073741820 <= VALUES < 1342177275
I20260630 12:15:47.106033 14460 data_dirs.cc:400] Could only allocate 1 dirs of requested 3 for tablet 1a0a9369485c403eb0d42208979904ae. 1 dirs total, 0 dirs full, 0 dirs failed
I20260630 12:15:47.106629 14386 tablet_service.cc:1511] Processing CreateTablet for tablet 1a0a9369485c403eb0d42208979904ae (DEFAULT_TABLE table=test-workload [id=31c39340e0224f1d94c7b83681f82ee4]), partition=RANGE (key) PARTITION 1073741820 <= VALUES < 1342177275
I20260630 12:15:47.107908 14386 data_dirs.cc:400] Could only allocate 1 dirs of requested 3 for tablet 1a0a9369485c403eb0d42208979904ae. 1 dirs total, 0 dirs full, 0 dirs failed
I20260630 12:15:47.104640 14387 tablet_service.cc:1511] Processing CreateTablet for tablet 8dd2d17bdefc4d8a9410faadd45cae95 (DEFAULT_TABLE table=test-workload [id=31c39340e0224f1d94c7b83681f82ee4]), partition=RANGE (key) PARTITION 805306365 <= VALUES < 1073741820
I20260630 12:15:47.110142 14387 data_dirs.cc:400] Could only allocate 1 dirs of requested 3 for tablet 8dd2d17bdefc4d8a9410faadd45cae95. 1 dirs total, 0 dirs full, 0 dirs failed
I20260630 12:15:47.114672 14459 tablet_service.cc:1511] Processing CreateTablet for tablet a9ce056b89704fa28a08eba86856ae60 (DEFAULT_TABLE table=test-workload [id=31c39340e0224f1d94c7b83681f82ee4]), partition=RANGE (key) PARTITION 1342177275 <= VALUES < 1610612730
I20260630 12:15:47.116008 14459 data_dirs.cc:400] Could only allocate 1 dirs of requested 3 for tablet a9ce056b89704fa28a08eba86856ae60. 1 dirs total, 0 dirs full, 0 dirs failed
I20260630 12:15:47.117460 14385 tablet_service.cc:1511] Processing CreateTablet for tablet a9ce056b89704fa28a08eba86856ae60 (DEFAULT_TABLE table=test-workload [id=31c39340e0224f1d94c7b83681f82ee4]), partition=RANGE (key) PARTITION 1342177275 <= VALUES < 1610612730
I20260630 12:15:47.118742 14385 data_dirs.cc:400] Could only allocate 1 dirs of requested 3 for tablet a9ce056b89704fa28a08eba86856ae60. 1 dirs total, 0 dirs full, 0 dirs failed
I20260630 12:15:47.120743 14458 tablet_service.cc:1511] Processing CreateTablet for tablet 32915fb0a6b745379226eb70af9e3f5c (DEFAULT_TABLE table=test-workload [id=31c39340e0224f1d94c7b83681f82ee4]), partition=RANGE (key) PARTITION 1610612730 <= VALUES < 1879048185
I20260630 12:15:47.121270 14457 tablet_service.cc:1511] Processing CreateTablet for tablet 4d977321857a4923b132cc7783b25cea (DEFAULT_TABLE table=test-workload [id=31c39340e0224f1d94c7b83681f82ee4]), partition=RANGE (key) PARTITION 1879048185 <= VALUES
I20260630 12:15:47.122097 14458 data_dirs.cc:400] Could only allocate 1 dirs of requested 3 for tablet 32915fb0a6b745379226eb70af9e3f5c. 1 dirs total, 0 dirs full, 0 dirs failed
I20260630 12:15:47.122170 14384 tablet_service.cc:1511] Processing CreateTablet for tablet 32915fb0a6b745379226eb70af9e3f5c (DEFAULT_TABLE table=test-workload [id=31c39340e0224f1d94c7b83681f82ee4]), partition=RANGE (key) PARTITION 1610612730 <= VALUES < 1879048185
I20260630 12:15:47.122833 14457 data_dirs.cc:400] Could only allocate 1 dirs of requested 3 for tablet 4d977321857a4923b132cc7783b25cea. 1 dirs total, 0 dirs full, 0 dirs failed
I20260630 12:15:47.123553 14384 data_dirs.cc:400] Could only allocate 1 dirs of requested 3 for tablet 32915fb0a6b745379226eb70af9e3f5c. 1 dirs total, 0 dirs full, 0 dirs failed
I20260630 12:15:47.126344 14383 tablet_service.cc:1511] Processing CreateTablet for tablet 4d977321857a4923b132cc7783b25cea (DEFAULT_TABLE table=test-workload [id=31c39340e0224f1d94c7b83681f82ee4]), partition=RANGE (key) PARTITION 1879048185 <= VALUES
I20260630 12:15:47.127749 14383 data_dirs.cc:400] Could only allocate 1 dirs of requested 3 for tablet 4d977321857a4923b132cc7783b25cea. 1 dirs total, 0 dirs full, 0 dirs failed
I20260630 12:15:47.162935 14519 tablet_bootstrap.cc:492] T e42fc67434b045d2a2735069030b1b79 P 502f454622ea413597cb3492f312bf01: Bootstrap starting.
I20260630 12:15:47.164137 14520 tablet_bootstrap.cc:492] T 8dd2d17bdefc4d8a9410faadd45cae95 P c3f53422b28047098ee5447ab4ad7013: Bootstrap starting.
I20260630 12:15:47.170380 14520 tablet_bootstrap.cc:654] T 8dd2d17bdefc4d8a9410faadd45cae95 P c3f53422b28047098ee5447ab4ad7013: Neither blocks nor log segments found. Creating new log.
I20260630 12:15:47.171197 14315 tablet_service.cc:1511] Processing CreateTablet for tablet e42fc67434b045d2a2735069030b1b79 (DEFAULT_TABLE table=test-workload [id=31c39340e0224f1d94c7b83681f82ee4]), partition=RANGE (key) PARTITION VALUES < 268435455
I20260630 12:15:47.172605 14315 data_dirs.cc:400] Could only allocate 1 dirs of requested 3 for tablet e42fc67434b045d2a2735069030b1b79. 1 dirs total, 0 dirs full, 0 dirs failed
I20260630 12:15:47.173703 14313 tablet_service.cc:1511] Processing CreateTablet for tablet 59a95c97e08e447ab3197f6ed0012db2 (DEFAULT_TABLE table=test-workload [id=31c39340e0224f1d94c7b83681f82ee4]), partition=RANGE (key) PARTITION 536870910 <= VALUES < 805306365
I20260630 12:15:47.175171 14313 data_dirs.cc:400] Could only allocate 1 dirs of requested 3 for tablet 59a95c97e08e447ab3197f6ed0012db2. 1 dirs total, 0 dirs full, 0 dirs failed
I20260630 12:15:47.178007 14314 tablet_service.cc:1511] Processing CreateTablet for tablet 5a7ff9f16bd046db9426cf7cd142afd0 (DEFAULT_TABLE table=test-workload [id=31c39340e0224f1d94c7b83681f82ee4]), partition=RANGE (key) PARTITION 268435455 <= VALUES < 536870910
I20260630 12:15:47.179153 14309 tablet_service.cc:1511] Processing CreateTablet for tablet 32915fb0a6b745379226eb70af9e3f5c (DEFAULT_TABLE table=test-workload [id=31c39340e0224f1d94c7b83681f82ee4]), partition=RANGE (key) PARTITION 1610612730 <= VALUES < 1879048185
I20260630 12:15:47.179662 14314 data_dirs.cc:400] Could only allocate 1 dirs of requested 3 for tablet 5a7ff9f16bd046db9426cf7cd142afd0. 1 dirs total, 0 dirs full, 0 dirs failed
I20260630 12:15:47.180253 14520 tablet_bootstrap.cc:492] T 8dd2d17bdefc4d8a9410faadd45cae95 P c3f53422b28047098ee5447ab4ad7013: No bootstrap required, opened a new log
I20260630 12:15:47.180536 14309 data_dirs.cc:400] Could only allocate 1 dirs of requested 3 for tablet 32915fb0a6b745379226eb70af9e3f5c. 1 dirs total, 0 dirs full, 0 dirs failed
I20260630 12:15:47.181869 14519 tablet_bootstrap.cc:654] T e42fc67434b045d2a2735069030b1b79 P 502f454622ea413597cb3492f312bf01: Neither blocks nor log segments found. Creating new log.
I20260630 12:15:47.190001 14308 tablet_service.cc:1511] Processing CreateTablet for tablet 4d977321857a4923b132cc7783b25cea (DEFAULT_TABLE table=test-workload [id=31c39340e0224f1d94c7b83681f82ee4]), partition=RANGE (key) PARTITION 1879048185 <= VALUES
I20260630 12:15:47.191695 14308 data_dirs.cc:400] Could only allocate 1 dirs of requested 3 for tablet 4d977321857a4923b132cc7783b25cea. 1 dirs total, 0 dirs full, 0 dirs failed
I20260630 12:15:47.180747 14520 ts_tablet_manager.cc:1403] T 8dd2d17bdefc4d8a9410faadd45cae95 P c3f53422b28047098ee5447ab4ad7013: Time spent bootstrapping tablet: real 0.017s	user 0.006s	sys 0.007s
I20260630 12:15:47.178007 14312 tablet_service.cc:1511] Processing CreateTablet for tablet 8dd2d17bdefc4d8a9410faadd45cae95 (DEFAULT_TABLE table=test-workload [id=31c39340e0224f1d94c7b83681f82ee4]), partition=RANGE (key) PARTITION 805306365 <= VALUES < 1073741820
I20260630 12:15:47.193994 14312 data_dirs.cc:400] Could only allocate 1 dirs of requested 3 for tablet 8dd2d17bdefc4d8a9410faadd45cae95. 1 dirs total, 0 dirs full, 0 dirs failed
I20260630 12:15:47.181895 14310 tablet_service.cc:1511] Processing CreateTablet for tablet a9ce056b89704fa28a08eba86856ae60 (DEFAULT_TABLE table=test-workload [id=31c39340e0224f1d94c7b83681f82ee4]), partition=RANGE (key) PARTITION 1342177275 <= VALUES < 1610612730
I20260630 12:15:47.197701 14310 data_dirs.cc:400] Could only allocate 1 dirs of requested 3 for tablet a9ce056b89704fa28a08eba86856ae60. 1 dirs total, 0 dirs full, 0 dirs failed
I20260630 12:15:47.182036 14311 tablet_service.cc:1511] Processing CreateTablet for tablet 1a0a9369485c403eb0d42208979904ae (DEFAULT_TABLE table=test-workload [id=31c39340e0224f1d94c7b83681f82ee4]), partition=RANGE (key) PARTITION 1073741820 <= VALUES < 1342177275
I20260630 12:15:47.200382 14311 data_dirs.cc:400] Could only allocate 1 dirs of requested 3 for tablet 1a0a9369485c403eb0d42208979904ae. 1 dirs total, 0 dirs full, 0 dirs failed
I20260630 12:15:47.225951 14520 raft_consensus.cc:359] T 8dd2d17bdefc4d8a9410faadd45cae95 P c3f53422b28047098ee5447ab4ad7013 [term 0 FOLLOWER]: Replica starting. Triggering 0 pending ops. Active config: opid_index: -1 OBSOLETE_local: false peers { permanent_uuid: "efae8ec30c7648189b997406d99fc2f7" member_type: VOTER last_known_addr { host: "127.13.86.1" port: 36531 } } peers { permanent_uuid: "c3f53422b28047098ee5447ab4ad7013" member_type: VOTER last_known_addr { host: "127.13.86.2" port: 37329 } } peers { permanent_uuid: "502f454622ea413597cb3492f312bf01" member_type: VOTER last_known_addr { host: "127.13.86.3" port: 46435 } }
I20260630 12:15:47.227005 14520 raft_consensus.cc:385] T 8dd2d17bdefc4d8a9410faadd45cae95 P c3f53422b28047098ee5447ab4ad7013 [term 0 FOLLOWER]: Consensus starting up: Expiring failure detector timer to make a prompt election more likely
I20260630 12:15:47.227411 14520 raft_consensus.cc:740] T 8dd2d17bdefc4d8a9410faadd45cae95 P c3f53422b28047098ee5447ab4ad7013 [term 0 FOLLOWER]: Becoming Follower/Learner. State: Replica: c3f53422b28047098ee5447ab4ad7013, State: Initialized, Role: FOLLOWER
I20260630 12:15:47.241712 14520 consensus_queue.cc:260] T 8dd2d17bdefc4d8a9410faadd45cae95 P c3f53422b28047098ee5447ab4ad7013 [NON_LEADER]: Queue going to NON_LEADER mode. State: All replicated index: 0, Majority replicated index: 0, Committed index: 0, Last appended: 0.0, Last appended by leader: 0, Current term: 0, Majority size: -1, State: 0, Mode: NON_LEADER, active raft config: opid_index: -1 OBSOLETE_local: false peers { permanent_uuid: "efae8ec30c7648189b997406d99fc2f7" member_type: VOTER last_known_addr { host: "127.13.86.1" port: 36531 } } peers { permanent_uuid: "c3f53422b28047098ee5447ab4ad7013" member_type: VOTER last_known_addr { host: "127.13.86.2" port: 37329 } } peers { permanent_uuid: "502f454622ea413597cb3492f312bf01" member_type: VOTER last_known_addr { host: "127.13.86.3" port: 46435 } }
I20260630 12:15:47.273284 14520 ts_tablet_manager.cc:1434] T 8dd2d17bdefc4d8a9410faadd45cae95 P c3f53422b28047098ee5447ab4ad7013: Time spent starting tablet: real 0.051s	user 0.007s	sys 0.002s
I20260630 12:15:47.275274 14519 tablet_bootstrap.cc:492] T e42fc67434b045d2a2735069030b1b79 P 502f454622ea413597cb3492f312bf01: No bootstrap required, opened a new log
I20260630 12:15:47.275741 14519 ts_tablet_manager.cc:1403] T e42fc67434b045d2a2735069030b1b79 P 502f454622ea413597cb3492f312bf01: Time spent bootstrapping tablet: real 0.113s	user 0.050s	sys 0.035s
I20260630 12:15:47.278386 14519 raft_consensus.cc:359] T e42fc67434b045d2a2735069030b1b79 P 502f454622ea413597cb3492f312bf01 [term 0 FOLLOWER]: Replica starting. Triggering 0 pending ops. Active config: opid_index: -1 OBSOLETE_local: false peers { permanent_uuid: "502f454622ea413597cb3492f312bf01" member_type: VOTER last_known_addr { host: "127.13.86.3" port: 46435 } } peers { permanent_uuid: "efae8ec30c7648189b997406d99fc2f7" member_type: VOTER last_known_addr { host: "127.13.86.1" port: 36531 } } peers { permanent_uuid: "c3f53422b28047098ee5447ab4ad7013" member_type: VOTER last_known_addr { host: "127.13.86.2" port: 37329 } }
I20260630 12:15:47.279071 14519 raft_consensus.cc:385] T e42fc67434b045d2a2735069030b1b79 P 502f454622ea413597cb3492f312bf01 [term 0 FOLLOWER]: Consensus starting up: Expiring failure detector timer to make a prompt election more likely
I20260630 12:15:47.279368 14519 raft_consensus.cc:740] T e42fc67434b045d2a2735069030b1b79 P 502f454622ea413597cb3492f312bf01 [term 0 FOLLOWER]: Becoming Follower/Learner. State: Replica: 502f454622ea413597cb3492f312bf01, State: Initialized, Role: FOLLOWER
I20260630 12:15:47.280155 14519 consensus_queue.cc:260] T e42fc67434b045d2a2735069030b1b79 P 502f454622ea413597cb3492f312bf01 [NON_LEADER]: Queue going to NON_LEADER mode. State: All replicated index: 0, Majority replicated index: 0, Committed index: 0, Last appended: 0.0, Last appended by leader: 0, Current term: 0, Majority size: -1, State: 0, Mode: NON_LEADER, active raft config: opid_index: -1 OBSOLETE_local: false peers { permanent_uuid: "502f454622ea413597cb3492f312bf01" member_type: VOTER last_known_addr { host: "127.13.86.3" port: 46435 } } peers { permanent_uuid: "efae8ec30c7648189b997406d99fc2f7" member_type: VOTER last_known_addr { host: "127.13.86.1" port: 36531 } } peers { permanent_uuid: "c3f53422b28047098ee5447ab4ad7013" member_type: VOTER last_known_addr { host: "127.13.86.2" port: 37329 } }
I20260630 12:15:47.289472 14520 tablet_bootstrap.cc:492] T 5a7ff9f16bd046db9426cf7cd142afd0 P c3f53422b28047098ee5447ab4ad7013: Bootstrap starting.
I20260630 12:15:47.295643 14520 tablet_bootstrap.cc:654] T 5a7ff9f16bd046db9426cf7cd142afd0 P c3f53422b28047098ee5447ab4ad7013: Neither blocks nor log segments found. Creating new log.
I20260630 12:15:47.306700 14520 tablet_bootstrap.cc:492] T 5a7ff9f16bd046db9426cf7cd142afd0 P c3f53422b28047098ee5447ab4ad7013: No bootstrap required, opened a new log
I20260630 12:15:47.307209 14520 ts_tablet_manager.cc:1403] T 5a7ff9f16bd046db9426cf7cd142afd0 P c3f53422b28047098ee5447ab4ad7013: Time spent bootstrapping tablet: real 0.018s	user 0.015s	sys 0.000s
I20260630 12:15:47.310079 14520 raft_consensus.cc:359] T 5a7ff9f16bd046db9426cf7cd142afd0 P c3f53422b28047098ee5447ab4ad7013 [term 0 FOLLOWER]: Replica starting. Triggering 0 pending ops. Active config: opid_index: -1 OBSOLETE_local: false peers { permanent_uuid: "efae8ec30c7648189b997406d99fc2f7" member_type: VOTER last_known_addr { host: "127.13.86.1" port: 36531 } } peers { permanent_uuid: "c3f53422b28047098ee5447ab4ad7013" member_type: VOTER last_known_addr { host: "127.13.86.2" port: 37329 } } peers { permanent_uuid: "502f454622ea413597cb3492f312bf01" member_type: VOTER last_known_addr { host: "127.13.86.3" port: 46435 } }
I20260630 12:15:47.310787 14520 raft_consensus.cc:385] T 5a7ff9f16bd046db9426cf7cd142afd0 P c3f53422b28047098ee5447ab4ad7013 [term 0 FOLLOWER]: Consensus starting up: Expiring failure detector timer to make a prompt election more likely
I20260630 12:15:47.311087 14520 raft_consensus.cc:740] T 5a7ff9f16bd046db9426cf7cd142afd0 P c3f53422b28047098ee5447ab4ad7013 [term 0 FOLLOWER]: Becoming Follower/Learner. State: Replica: c3f53422b28047098ee5447ab4ad7013, State: Initialized, Role: FOLLOWER
I20260630 12:15:47.311921 14520 consensus_queue.cc:260] T 5a7ff9f16bd046db9426cf7cd142afd0 P c3f53422b28047098ee5447ab4ad7013 [NON_LEADER]: Queue going to NON_LEADER mode. State: All replicated index: 0, Majority replicated index: 0, Committed index: 0, Last appended: 0.0, Last appended by leader: 0, Current term: 0, Majority size: -1, State: 0, Mode: NON_LEADER, active raft config: opid_index: -1 OBSOLETE_local: false peers { permanent_uuid: "efae8ec30c7648189b997406d99fc2f7" member_type: VOTER last_known_addr { host: "127.13.86.1" port: 36531 } } peers { permanent_uuid: "c3f53422b28047098ee5447ab4ad7013" member_type: VOTER last_known_addr { host: "127.13.86.2" port: 37329 } } peers { permanent_uuid: "502f454622ea413597cb3492f312bf01" member_type: VOTER last_known_addr { host: "127.13.86.3" port: 46435 } }
I20260630 12:15:47.322530 14520 ts_tablet_manager.cc:1434] T 5a7ff9f16bd046db9426cf7cd142afd0 P c3f53422b28047098ee5447ab4ad7013: Time spent starting tablet: real 0.015s	user 0.007s	sys 0.000s
I20260630 12:15:47.324867 14523 tablet_bootstrap.cc:492] T e42fc67434b045d2a2735069030b1b79 P efae8ec30c7648189b997406d99fc2f7: Bootstrap starting.
I20260630 12:15:47.347815 14520 tablet_bootstrap.cc:492] T 59a95c97e08e447ab3197f6ed0012db2 P c3f53422b28047098ee5447ab4ad7013: Bootstrap starting.
I20260630 12:15:47.348989 14519 ts_tablet_manager.cc:1434] T e42fc67434b045d2a2735069030b1b79 P 502f454622ea413597cb3492f312bf01: Time spent starting tablet: real 0.073s	user 0.017s	sys 0.052s
I20260630 12:15:47.354252 14520 tablet_bootstrap.cc:654] T 59a95c97e08e447ab3197f6ed0012db2 P c3f53422b28047098ee5447ab4ad7013: Neither blocks nor log segments found. Creating new log.
I20260630 12:15:47.355120 14519 tablet_bootstrap.cc:492] T 32915fb0a6b745379226eb70af9e3f5c P 502f454622ea413597cb3492f312bf01: Bootstrap starting.
I20260630 12:15:47.355266 14523 tablet_bootstrap.cc:654] T e42fc67434b045d2a2735069030b1b79 P efae8ec30c7648189b997406d99fc2f7: Neither blocks nor log segments found. Creating new log.
I20260630 12:15:47.363030 14519 tablet_bootstrap.cc:654] T 32915fb0a6b745379226eb70af9e3f5c P 502f454622ea413597cb3492f312bf01: Neither blocks nor log segments found. Creating new log.
I20260630 12:15:47.363575 14520 tablet_bootstrap.cc:492] T 59a95c97e08e447ab3197f6ed0012db2 P c3f53422b28047098ee5447ab4ad7013: No bootstrap required, opened a new log
I20260630 12:15:47.364181 14520 ts_tablet_manager.cc:1403] T 59a95c97e08e447ab3197f6ed0012db2 P c3f53422b28047098ee5447ab4ad7013: Time spent bootstrapping tablet: real 0.017s	user 0.011s	sys 0.004s
I20260630 12:15:47.367070 14520 raft_consensus.cc:359] T 59a95c97e08e447ab3197f6ed0012db2 P c3f53422b28047098ee5447ab4ad7013 [term 0 FOLLOWER]: Replica starting. Triggering 0 pending ops. Active config: opid_index: -1 OBSOLETE_local: false peers { permanent_uuid: "efae8ec30c7648189b997406d99fc2f7" member_type: VOTER last_known_addr { host: "127.13.86.1" port: 36531 } } peers { permanent_uuid: "c3f53422b28047098ee5447ab4ad7013" member_type: VOTER last_known_addr { host: "127.13.86.2" port: 37329 } } peers { permanent_uuid: "502f454622ea413597cb3492f312bf01" member_type: VOTER last_known_addr { host: "127.13.86.3" port: 46435 } }
