[==========] Running 26 tests from 2 test suites.
[----------] Global test environment set-up.
[----------] 24 tests from AutoRebalancerTest
[ RUN      ] AutoRebalancerTest.OnlyLeaderDoesAutoRebalancing
WARNING: Logging before InitGoogleLogging() is written to STDERR
I20260630 12:15:38.303822 13477 internal_mini_cluster.cc:156] Creating distributed mini masters. Addrs: 127.13.41.126:35607,127.13.41.125:36371,127.13.41.124:39891
I20260630 12:15:38.305694 13477 env_posix.cc:2267] Not raising this process' open files per process limit of 1048576; it is already as high as it can go
I20260630 12:15:38.306700 13477 file_cache.cc:492] Constructed file cache file cache with capacity 419430
W20260630 12:15:38.324432 13483 instance_detector.cc:116] could not retrieve AWS instance metadata: Network error: curl error: HTTP response code said error: The requested URL returned error: 404
W20260630 12:15:38.324571 13484 instance_detector.cc:116] could not retrieve Azure instance metadata: Network error: curl error: HTTP response code said error: The requested URL returned error: 404
W20260630 12:15:38.324970 13486 instance_detector.cc:116] could not retrieve OpenStack instance metadata: Network error: curl error: HTTP response code said error: The requested URL returned error: 404
W20260630 12:15:39.551198 13485 instance_detector.cc:116] could not retrieve GCE instance metadata: Timed out: curl timeout: Timeout was reached: Connection time-out
I20260630 12:15:39.551321 13477 server_base.cc:1056] Not found: could not retrieve instance metadata: unable to detect cloud type of this node, probably running in non-cloud environment
I20260630 12:15:39.555047 13477 hybrid_clock.cc:584] initializing the hybrid clock with 'system_unsync' time source
W20260630 12:15:39.555320 13477 system_unsync_time.cc:38] NTP support is disabled. Clock error bounds will not be accurate. This configuration is not suitable for distributed clusters.
I20260630 12:15:39.555517 13477 hybrid_clock.cc:648] HybridClock initialized: now 1782821739555497 us; error 0 us; skew 500 ppm
I20260630 12:15:39.556416 13477 server_base.cc:861] Flag tcmalloc_max_total_thread_cache_bytes is not working since tcmalloc is not enabled.
I20260630 12:15:39.562709 13477 webserver.cc:533] Webserver started at http://127.13.41.126:40277/ using document root <none> and password file <none>
I20260630 12:15:39.563568 13477 fs_manager.cc:362] Metadata directory not provided
I20260630 12:15:39.563807 13477 fs_manager.cc:368] Using write-ahead log directory (fs_wal_dir) as metadata directory
I20260630 12:15:39.564302 13477 server_base.cc:909] This appears to be a new deployment of Kudu; creating new FS layout
I20260630 12:15:39.570209 13477 fs_manager.cc:1068] Generated new instance metadata in path /tmp/dist-test-taskyYJraN/test-tmp/auto_rebalancer-test.0.AutoRebalancerTest.OnlyLeaderDoesAutoRebalancing.1782821738137168-13477-0/minicluster-data/master-0-root/instance:
uuid: "155d5edef21d4e66887057ae822e145c"
format_stamp: "Formatted at 2026-06-30 12:15:39 on dist-test-slave-w3p3"
I20260630 12:15:39.578132 13477 fs_manager.cc:696] Time spent creating directory manager: real 0.007s	user 0.008s	sys 0.000s
I20260630 12:15:39.583469 13492 log_block_manager.cc:4031] Time spent loading block containers with low live blocks: real 0.000s	user 0.000s	sys 0.000s
I20260630 12:15:39.584797 13477 fs_manager.cc:730] Time spent opening block manager: real 0.004s	user 0.003s	sys 0.000s
I20260630 12:15:39.585171 13477 fs_manager.cc:647] Opened local filesystem: /tmp/dist-test-taskyYJraN/test-tmp/auto_rebalancer-test.0.AutoRebalancerTest.OnlyLeaderDoesAutoRebalancing.1782821738137168-13477-0/minicluster-data/master-0-root
uuid: "155d5edef21d4e66887057ae822e145c"
format_stamp: "Formatted at 2026-06-30 12:15:39 on dist-test-slave-w3p3"
I20260630 12:15:39.585530 13477 fs_report.cc:389] FS layout report
--------------------
wal directory: /tmp/dist-test-taskyYJraN/test-tmp/auto_rebalancer-test.0.AutoRebalancerTest.OnlyLeaderDoesAutoRebalancing.1782821738137168-13477-0/minicluster-data/master-0-root
metadata directory: /tmp/dist-test-taskyYJraN/test-tmp/auto_rebalancer-test.0.AutoRebalancerTest.OnlyLeaderDoesAutoRebalancing.1782821738137168-13477-0/minicluster-data/master-0-root
1 data directories: /tmp/dist-test-taskyYJraN/test-tmp/auto_rebalancer-test.0.AutoRebalancerTest.OnlyLeaderDoesAutoRebalancing.1782821738137168-13477-0/minicluster-data/master-0-root/data
Total live blocks: 0
Total live bytes: 0
Total live bytes (after alignment): 0
Total number of LBM containers: 0 (0 full)
Did not check for missing blocks
Did not check for orphaned blocks
Total full LBM containers with extra space: 0 (0 repaired)
Total full LBM container extra space in bytes: 0 (0 repaired)
Total incomplete LBM containers: 0 (0 repaired)
Total LBM partial records: 0 (0 repaired)
Total corrupted LBM metadata records in RocksDB: 0 (0 repaired)
I20260630 12:15:39.640045 13477 rpc_server.cc:225] running with OpenSSL 1.1.1  11 Sep 2018
I20260630 12:15:39.641635 13477 env_posix.cc:2267] Not raising this process' running threads per effective uid limit of 18446744073709551615; it is already as high as it can go
I20260630 12:15:39.642202 13477 kserver.cc:163] Server-wide thread pool size limit: 3276
I20260630 12:15:39.714622 13477 rpc_server.cc:307] RPC server started. Bound to: 127.13.41.126:35607
I20260630 12:15:39.714797 13543 acceptor_pool.cc:272] collecting diagnostics on the listening RPC socket 127.13.41.126:35607 every 8 connection(s)
I20260630 12:15:39.721320 13477 file_cache.cc:492] Constructed file cache file cache with capacity 419430
I20260630 12:15:39.723294 13544 data_dirs.cc:400] Could only allocate 1 dirs of requested 3 for tablet 00000000000000000000000000000000. 1 dirs total, 0 dirs full, 0 dirs failed
W20260630 12:15:39.728179 13546 instance_detector.cc:116] could not retrieve AWS instance metadata: Network error: curl error: HTTP response code said error: The requested URL returned error: 404
W20260630 12:15:39.729173 13547 instance_detector.cc:116] could not retrieve Azure instance metadata: Network error: curl error: HTTP response code said error: The requested URL returned error: 404
I20260630 12:15:39.734263 13477 server_base.cc:1061] running on GCE node
W20260630 12:15:39.734659 13549 instance_detector.cc:116] could not retrieve OpenStack instance metadata: Network error: curl error: HTTP response code said error: The requested URL returned error: 404
I20260630 12:15:39.735621 13477 hybrid_clock.cc:584] initializing the hybrid clock with 'system_unsync' time source
W20260630 12:15:39.735903 13477 system_unsync_time.cc:38] NTP support is disabled. Clock error bounds will not be accurate. This configuration is not suitable for distributed clusters.
I20260630 12:15:39.736127 13477 hybrid_clock.cc:648] HybridClock initialized: now 1782821739736097 us; error 0 us; skew 500 ppm
I20260630 12:15:39.736904 13477 server_base.cc:861] Flag tcmalloc_max_total_thread_cache_bytes is not working since tcmalloc is not enabled.
I20260630 12:15:39.741149 13477 webserver.cc:533] Webserver started at http://127.13.41.125:36343/ using document root <none> and password file <none>
I20260630 12:15:39.741843 13477 fs_manager.cc:362] Metadata directory not provided
I20260630 12:15:39.742125 13477 fs_manager.cc:368] Using write-ahead log directory (fs_wal_dir) as metadata directory
I20260630 12:15:39.742691 13477 server_base.cc:909] This appears to be a new deployment of Kudu; creating new FS layout
I20260630 12:15:39.744196 13477 fs_manager.cc:1068] Generated new instance metadata in path /tmp/dist-test-taskyYJraN/test-tmp/auto_rebalancer-test.0.AutoRebalancerTest.OnlyLeaderDoesAutoRebalancing.1782821738137168-13477-0/minicluster-data/master-1-root/instance:
uuid: "50e2cf176094444baf1f397f3f52f0fd"
format_stamp: "Formatted at 2026-06-30 12:15:39 on dist-test-slave-w3p3"
I20260630 12:15:39.750909 13477 fs_manager.cc:696] Time spent creating directory manager: real 0.006s	user 0.005s	sys 0.001s
I20260630 12:15:39.749459 13544 sys_catalog.cc:422] member_type: VOTER last_known_addr { host: "127.13.41.126" port: 35607 } has no permanent_uuid. Determining permanent_uuid...
I20260630 12:15:39.756466 13554 log_block_manager.cc:4031] Time spent loading block containers with low live blocks: real 0.000s	user 0.000s	sys 0.000s
I20260630 12:15:39.757616 13477 fs_manager.cc:730] Time spent opening block manager: real 0.004s	user 0.003s	sys 0.000s
I20260630 12:15:39.758010 13477 fs_manager.cc:647] Opened local filesystem: /tmp/dist-test-taskyYJraN/test-tmp/auto_rebalancer-test.0.AutoRebalancerTest.OnlyLeaderDoesAutoRebalancing.1782821738137168-13477-0/minicluster-data/master-1-root
uuid: "50e2cf176094444baf1f397f3f52f0fd"
format_stamp: "Formatted at 2026-06-30 12:15:39 on dist-test-slave-w3p3"
I20260630 12:15:39.758420 13477 fs_report.cc:389] FS layout report
--------------------
wal directory: /tmp/dist-test-taskyYJraN/test-tmp/auto_rebalancer-test.0.AutoRebalancerTest.OnlyLeaderDoesAutoRebalancing.1782821738137168-13477-0/minicluster-data/master-1-root
metadata directory: /tmp/dist-test-taskyYJraN/test-tmp/auto_rebalancer-test.0.AutoRebalancerTest.OnlyLeaderDoesAutoRebalancing.1782821738137168-13477-0/minicluster-data/master-1-root
1 data directories: /tmp/dist-test-taskyYJraN/test-tmp/auto_rebalancer-test.0.AutoRebalancerTest.OnlyLeaderDoesAutoRebalancing.1782821738137168-13477-0/minicluster-data/master-1-root/data
Total live blocks: 0
Total live bytes: 0
Total live bytes (after alignment): 0
Total number of LBM containers: 0 (0 full)
Did not check for missing blocks
Did not check for orphaned blocks
Total full LBM containers with extra space: 0 (0 repaired)
Total full LBM container extra space in bytes: 0 (0 repaired)
Total incomplete LBM containers: 0 (0 repaired)
Total LBM partial records: 0 (0 repaired)
Total corrupted LBM metadata records in RocksDB: 0 (0 repaired)
I20260630 12:15:39.780308 13544 sys_catalog.cc:422] member_type: VOTER last_known_addr { host: "127.13.41.125" port: 36371 } has no permanent_uuid. Determining permanent_uuid...
W20260630 12:15:39.782929 13493 proxy.cc:239] Call had error, refreshing address and retrying: Network error: Client connection negotiation failed: client connection to 127.13.41.125:36371: connect: Connection refused (error 111)
I20260630 12:15:39.785631 13477 rpc_server.cc:225] running with OpenSSL 1.1.1  11 Sep 2018
I20260630 12:15:39.787146 13477 kserver.cc:163] Server-wide thread pool size limit: 3276
W20260630 12:15:39.787725 13544 consensus_peers.cc:760] Error getting permanent uuid from config peer 127.13.41.125:36371: Network error: Client connection negotiation failed: client connection to 127.13.41.125:36371: connect: Connection refused (error 111)
I20260630 12:15:39.837319 13544 consensus_peers.cc:770] Retrying to get permanent uuid for remote peer: member_type: VOTER last_known_addr { host: "127.13.41.125" port: 36371 } attempt: 1
W20260630 12:15:39.843128 13544 consensus_peers.cc:760] Error getting permanent uuid from config peer 127.13.41.125:36371: Network error: Client connection negotiation failed: client connection to 127.13.41.125:36371: connect: Connection refused (error 111)
I20260630 12:15:39.858031 13477 rpc_server.cc:307] RPC server started. Bound to: 127.13.41.125:36371
I20260630 12:15:39.858186 13608 acceptor_pool.cc:272] collecting diagnostics on the listening RPC socket 127.13.41.125:36371 every 8 connection(s)
I20260630 12:15:39.863615 13609 data_dirs.cc:400] Could only allocate 1 dirs of requested 3 for tablet 00000000000000000000000000000000. 1 dirs total, 0 dirs full, 0 dirs failed
I20260630 12:15:39.863626 13477 file_cache.cc:492] Constructed file cache file cache with capacity 419430
I20260630 12:15:39.869994 13609 sys_catalog.cc:422] member_type: VOTER last_known_addr { host: "127.13.41.126" port: 35607 } has no permanent_uuid. Determining permanent_uuid...
W20260630 12:15:39.871737 13611 instance_detector.cc:116] could not retrieve AWS instance metadata: Network error: curl error: HTTP response code said error: The requested URL returned error: 404
W20260630 12:15:39.873101 13612 instance_detector.cc:116] could not retrieve Azure instance metadata: Network error: curl error: HTTP response code said error: The requested URL returned error: 404
W20260630 12:15:39.877023 13614 instance_detector.cc:116] could not retrieve OpenStack instance metadata: Network error: curl error: HTTP response code said error: The requested URL returned error: 404
I20260630 12:15:39.877807 13477 server_base.cc:1061] running on GCE node
I20260630 12:15:39.878584 13477 hybrid_clock.cc:584] initializing the hybrid clock with 'system_unsync' time source
W20260630 12:15:39.878799 13477 system_unsync_time.cc:38] NTP support is disabled. Clock error bounds will not be accurate. This configuration is not suitable for distributed clusters.
I20260630 12:15:39.878983 13477 hybrid_clock.cc:648] HybridClock initialized: now 1782821739878967 us; error 0 us; skew 500 ppm
I20260630 12:15:39.879520 13477 server_base.cc:861] Flag tcmalloc_max_total_thread_cache_bytes is not working since tcmalloc is not enabled.
I20260630 12:15:39.882992 13477 webserver.cc:533] Webserver started at http://127.13.41.124:33907/ using document root <none> and password file <none>
I20260630 12:15:39.883687 13477 fs_manager.cc:362] Metadata directory not provided
I20260630 12:15:39.883945 13477 fs_manager.cc:368] Using write-ahead log directory (fs_wal_dir) as metadata directory
I20260630 12:15:39.884294 13477 server_base.cc:909] This appears to be a new deployment of Kudu; creating new FS layout
I20260630 12:15:39.885805 13477 fs_manager.cc:1068] Generated new instance metadata in path /tmp/dist-test-taskyYJraN/test-tmp/auto_rebalancer-test.0.AutoRebalancerTest.OnlyLeaderDoesAutoRebalancing.1782821738137168-13477-0/minicluster-data/master-2-root/instance:
uuid: "0d39fa43d7ab4605923e111f71b4a8eb"
format_stamp: "Formatted at 2026-06-30 12:15:39 on dist-test-slave-w3p3"
I20260630 12:15:39.887383 13609 sys_catalog.cc:422] member_type: VOTER last_known_addr { host: "127.13.41.125" port: 36371 } has no permanent_uuid. Determining permanent_uuid...
I20260630 12:15:39.892261 13477 fs_manager.cc:696] Time spent creating directory manager: real 0.006s	user 0.006s	sys 0.001s
I20260630 12:15:39.897583 13621 log_block_manager.cc:4031] Time spent loading block containers with low live blocks: real 0.000s	user 0.000s	sys 0.000s
I20260630 12:15:39.898552 13477 fs_manager.cc:730] Time spent opening block manager: real 0.004s	user 0.004s	sys 0.000s
I20260630 12:15:39.898900 13477 fs_manager.cc:647] Opened local filesystem: /tmp/dist-test-taskyYJraN/test-tmp/auto_rebalancer-test.0.AutoRebalancerTest.OnlyLeaderDoesAutoRebalancing.1782821738137168-13477-0/minicluster-data/master-2-root
uuid: "0d39fa43d7ab4605923e111f71b4a8eb"
format_stamp: "Formatted at 2026-06-30 12:15:39 on dist-test-slave-w3p3"
I20260630 12:15:39.899276 13477 fs_report.cc:389] FS layout report
--------------------
wal directory: /tmp/dist-test-taskyYJraN/test-tmp/auto_rebalancer-test.0.AutoRebalancerTest.OnlyLeaderDoesAutoRebalancing.1782821738137168-13477-0/minicluster-data/master-2-root
metadata directory: /tmp/dist-test-taskyYJraN/test-tmp/auto_rebalancer-test.0.AutoRebalancerTest.OnlyLeaderDoesAutoRebalancing.1782821738137168-13477-0/minicluster-data/master-2-root
1 data directories: /tmp/dist-test-taskyYJraN/test-tmp/auto_rebalancer-test.0.AutoRebalancerTest.OnlyLeaderDoesAutoRebalancing.1782821738137168-13477-0/minicluster-data/master-2-root/data
Total live blocks: 0
Total live bytes: 0
Total live bytes (after alignment): 0
Total number of LBM containers: 0 (0 full)
Did not check for missing blocks
Did not check for orphaned blocks
Total full LBM containers with extra space: 0 (0 repaired)
Total full LBM container extra space in bytes: 0 (0 repaired)
Total incomplete LBM containers: 0 (0 repaired)
Total LBM partial records: 0 (0 repaired)
Total corrupted LBM metadata records in RocksDB: 0 (0 repaired)
I20260630 12:15:39.901799 13609 sys_catalog.cc:422] member_type: VOTER last_known_addr { host: "127.13.41.124" port: 39891 } has no permanent_uuid. Determining permanent_uuid...
I20260630 12:15:39.911684 13544 consensus_peers.cc:770] Retrying to get permanent uuid for remote peer: member_type: VOTER last_known_addr { host: "127.13.41.125" port: 36371 } attempt: 2
W20260630 12:15:39.915059 13609 consensus_peers.cc:760] Error getting permanent uuid from config peer 127.13.41.124:39891: Network error: Client connection negotiation failed: client connection to 127.13.41.124:39891: connect: Connection refused (error 111)
I20260630 12:15:39.922849 13544 sys_catalog.cc:422] member_type: VOTER last_known_addr { host: "127.13.41.124" port: 39891 } has no permanent_uuid. Determining permanent_uuid...
I20260630 12:15:39.926589 13477 rpc_server.cc:225] running with OpenSSL 1.1.1  11 Sep 2018
W20260630 12:15:39.927506 13544 consensus_peers.cc:760] Error getting permanent uuid from config peer 127.13.41.124:39891: Network error: Client connection negotiation failed: client connection to 127.13.41.124:39891: connect: Connection refused (error 111)
I20260630 12:15:39.927932 13477 kserver.cc:163] Server-wide thread pool size limit: 3276
I20260630 12:15:39.958622 13609 consensus_peers.cc:770] Retrying to get permanent uuid for remote peer: member_type: VOTER last_known_addr { host: "127.13.41.124" port: 39891 } attempt: 1
I20260630 12:15:39.959662 13544 consensus_peers.cc:770] Retrying to get permanent uuid for remote peer: member_type: VOTER last_known_addr { host: "127.13.41.124" port: 39891 } attempt: 1
W20260630 12:15:39.964916 13609 consensus_peers.cc:760] Error getting permanent uuid from config peer 127.13.41.124:39891: Network error: Client connection negotiation failed: client connection to 127.13.41.124:39891: connect: Connection refused (error 111)
W20260630 12:15:39.966210 13544 consensus_peers.cc:760] Error getting permanent uuid from config peer 127.13.41.124:39891: Network error: Client connection negotiation failed: client connection to 127.13.41.124:39891: connect: Connection refused (error 111)
I20260630 12:15:39.996577 13477 rpc_server.cc:307] RPC server started. Bound to: 127.13.41.124:39891
I20260630 12:15:39.996711 13673 acceptor_pool.cc:272] collecting diagnostics on the listening RPC socket 127.13.41.124:39891 every 8 connection(s)
I20260630 12:15:40.001083 13674 data_dirs.cc:400] Could only allocate 1 dirs of requested 3 for tablet 00000000000000000000000000000000. 1 dirs total, 0 dirs full, 0 dirs failed
I20260630 12:15:40.001133 13477 internal_mini_cluster.cc:184] Waiting to initialize catalog manager on master 0
I20260630 12:15:40.006588 13674 sys_catalog.cc:422] member_type: VOTER last_known_addr { host: "127.13.41.126" port: 35607 } has no permanent_uuid. Determining permanent_uuid...
I20260630 12:15:40.018603 13674 sys_catalog.cc:422] member_type: VOTER last_known_addr { host: "127.13.41.125" port: 36371 } has no permanent_uuid. Determining permanent_uuid...
I20260630 12:15:40.027905 13674 sys_catalog.cc:422] member_type: VOTER last_known_addr { host: "127.13.41.124" port: 39891 } has no permanent_uuid. Determining permanent_uuid...
I20260630 12:15:40.033695 13544 consensus_peers.cc:770] Retrying to get permanent uuid for remote peer: member_type: VOTER last_known_addr { host: "127.13.41.124" port: 39891 } attempt: 2
I20260630 12:15:40.040409 13609 consensus_peers.cc:770] Retrying to get permanent uuid for remote peer: member_type: VOTER last_known_addr { host: "127.13.41.124" port: 39891 } attempt: 2
I20260630 12:15:40.048990 13674 tablet_bootstrap.cc:492] T 00000000000000000000000000000000 P 0d39fa43d7ab4605923e111f71b4a8eb: Bootstrap starting.
I20260630 12:15:40.054881 13544 tablet_bootstrap.cc:492] T 00000000000000000000000000000000 P 155d5edef21d4e66887057ae822e145c: Bootstrap starting.
I20260630 12:15:40.055555 13609 tablet_bootstrap.cc:492] T 00000000000000000000000000000000 P 50e2cf176094444baf1f397f3f52f0fd: Bootstrap starting.
I20260630 12:15:40.057288 13674 tablet_bootstrap.cc:654] T 00000000000000000000000000000000 P 0d39fa43d7ab4605923e111f71b4a8eb: Neither blocks nor log segments found. Creating new log.
I20260630 12:15:40.060063 13674 log.cc:826] T 00000000000000000000000000000000 P 0d39fa43d7ab4605923e111f71b4a8eb: Log is configured to *not* fsync() on all Append() calls
I20260630 12:15:40.061030 13609 tablet_bootstrap.cc:654] T 00000000000000000000000000000000 P 50e2cf176094444baf1f397f3f52f0fd: Neither blocks nor log segments found. Creating new log.
I20260630 12:15:40.061929 13544 tablet_bootstrap.cc:654] T 00000000000000000000000000000000 P 155d5edef21d4e66887057ae822e145c: Neither blocks nor log segments found. Creating new log.
I20260630 12:15:40.067525 13674 tablet_bootstrap.cc:492] T 00000000000000000000000000000000 P 0d39fa43d7ab4605923e111f71b4a8eb: No bootstrap required, opened a new log
I20260630 12:15:40.068221 13609 tablet_bootstrap.cc:492] T 00000000000000000000000000000000 P 50e2cf176094444baf1f397f3f52f0fd: No bootstrap required, opened a new log
I20260630 12:15:40.068866 13544 tablet_bootstrap.cc:492] T 00000000000000000000000000000000 P 155d5edef21d4e66887057ae822e145c: No bootstrap required, opened a new log
I20260630 12:15:40.086977 13544 raft_consensus.cc:359] T 00000000000000000000000000000000 P 155d5edef21d4e66887057ae822e145c [term 0 FOLLOWER]: Replica starting. Triggering 0 pending ops. Active config: opid_index: -1 OBSOLETE_local: false peers { permanent_uuid: "155d5edef21d4e66887057ae822e145c" member_type: VOTER last_known_addr { host: "127.13.41.126" port: 35607 } } peers { permanent_uuid: "50e2cf176094444baf1f397f3f52f0fd" member_type: VOTER last_known_addr { host: "127.13.41.125" port: 36371 } } peers { permanent_uuid: "0d39fa43d7ab4605923e111f71b4a8eb" member_type: VOTER last_known_addr { host: "127.13.41.124" port: 39891 } }
I20260630 12:15:40.086993 13609 raft_consensus.cc:359] T 00000000000000000000000000000000 P 50e2cf176094444baf1f397f3f52f0fd [term 0 FOLLOWER]: Replica starting. Triggering 0 pending ops. Active config: opid_index: -1 OBSOLETE_local: false peers { permanent_uuid: "155d5edef21d4e66887057ae822e145c" member_type: VOTER last_known_addr { host: "127.13.41.126" port: 35607 } } peers { permanent_uuid: "50e2cf176094444baf1f397f3f52f0fd" member_type: VOTER last_known_addr { host: "127.13.41.125" port: 36371 } } peers { permanent_uuid: "0d39fa43d7ab4605923e111f71b4a8eb" member_type: VOTER last_known_addr { host: "127.13.41.124" port: 39891 } }
I20260630 12:15:40.086993 13674 raft_consensus.cc:359] T 00000000000000000000000000000000 P 0d39fa43d7ab4605923e111f71b4a8eb [term 0 FOLLOWER]: Replica starting. Triggering 0 pending ops. Active config: opid_index: -1 OBSOLETE_local: false peers { permanent_uuid: "155d5edef21d4e66887057ae822e145c" member_type: VOTER last_known_addr { host: "127.13.41.126" port: 35607 } } peers { permanent_uuid: "50e2cf176094444baf1f397f3f52f0fd" member_type: VOTER last_known_addr { host: "127.13.41.125" port: 36371 } } peers { permanent_uuid: "0d39fa43d7ab4605923e111f71b4a8eb" member_type: VOTER last_known_addr { host: "127.13.41.124" port: 39891 } }
I20260630 12:15:40.087719 13544 raft_consensus.cc:385] T 00000000000000000000000000000000 P 155d5edef21d4e66887057ae822e145c [term 0 FOLLOWER]: Consensus starting up: Expiring failure detector timer to make a prompt election more likely
I20260630 12:15:40.088084 13674 raft_consensus.cc:385] T 00000000000000000000000000000000 P 0d39fa43d7ab4605923e111f71b4a8eb [term 0 FOLLOWER]: Consensus starting up: Expiring failure detector timer to make a prompt election more likely
I20260630 12:15:40.088027 13609 raft_consensus.cc:385] T 00000000000000000000000000000000 P 50e2cf176094444baf1f397f3f52f0fd [term 0 FOLLOWER]: Consensus starting up: Expiring failure detector timer to make a prompt election more likely
I20260630 12:15:40.088151 13544 raft_consensus.cc:740] T 00000000000000000000000000000000 P 155d5edef21d4e66887057ae822e145c [term 0 FOLLOWER]: Becoming Follower/Learner. State: Replica: 155d5edef21d4e66887057ae822e145c, State: Initialized, Role: FOLLOWER
I20260630 12:15:40.088442 13674 raft_consensus.cc:740] T 00000000000000000000000000000000 P 0d39fa43d7ab4605923e111f71b4a8eb [term 0 FOLLOWER]: Becoming Follower/Learner. State: Replica: 0d39fa43d7ab4605923e111f71b4a8eb, State: Initialized, Role: FOLLOWER
I20260630 12:15:40.088485 13609 raft_consensus.cc:740] T 00000000000000000000000000000000 P 50e2cf176094444baf1f397f3f52f0fd [term 0 FOLLOWER]: Becoming Follower/Learner. State: Replica: 50e2cf176094444baf1f397f3f52f0fd, State: Initialized, Role: FOLLOWER
I20260630 12:15:40.089408 13544 consensus_queue.cc:260] T 00000000000000000000000000000000 P 155d5edef21d4e66887057ae822e145c [NON_LEADER]: Queue going to NON_LEADER mode. State: All replicated index: 0, Majority replicated index: 0, Committed index: 0, Last appended: 0.0, Last appended by leader: 0, Current term: 0, Majority size: -1, State: 0, Mode: NON_LEADER, active raft config: opid_index: -1 OBSOLETE_local: false peers { permanent_uuid: "155d5edef21d4e66887057ae822e145c" member_type: VOTER last_known_addr { host: "127.13.41.126" port: 35607 } } peers { permanent_uuid: "50e2cf176094444baf1f397f3f52f0fd" member_type: VOTER last_known_addr { host: "127.13.41.125" port: 36371 } } peers { permanent_uuid: "0d39fa43d7ab4605923e111f71b4a8eb" member_type: VOTER last_known_addr { host: "127.13.41.124" port: 39891 } }
I20260630 12:15:40.089421 13609 consensus_queue.cc:260] T 00000000000000000000000000000000 P 50e2cf176094444baf1f397f3f52f0fd [NON_LEADER]: Queue going to NON_LEADER mode. State: All replicated index: 0, Majority replicated index: 0, Committed index: 0, Last appended: 0.0, Last appended by leader: 0, Current term: 0, Majority size: -1, State: 0, Mode: NON_LEADER, active raft config: opid_index: -1 OBSOLETE_local: false peers { permanent_uuid: "155d5edef21d4e66887057ae822e145c" member_type: VOTER last_known_addr { host: "127.13.41.126" port: 35607 } } peers { permanent_uuid: "50e2cf176094444baf1f397f3f52f0fd" member_type: VOTER last_known_addr { host: "127.13.41.125" port: 36371 } } peers { permanent_uuid: "0d39fa43d7ab4605923e111f71b4a8eb" member_type: VOTER last_known_addr { host: "127.13.41.124" port: 39891 } }
I20260630 12:15:40.089417 13674 consensus_queue.cc:260] T 00000000000000000000000000000000 P 0d39fa43d7ab4605923e111f71b4a8eb [NON_LEADER]: Queue going to NON_LEADER mode. State: All replicated index: 0, Majority replicated index: 0, Committed index: 0, Last appended: 0.0, Last appended by leader: 0, Current term: 0, Majority size: -1, State: 0, Mode: NON_LEADER, active raft config: opid_index: -1 OBSOLETE_local: false peers { permanent_uuid: "155d5edef21d4e66887057ae822e145c" member_type: VOTER last_known_addr { host: "127.13.41.126" port: 35607 } } peers { permanent_uuid: "50e2cf176094444baf1f397f3f52f0fd" member_type: VOTER last_known_addr { host: "127.13.41.125" port: 36371 } } peers { permanent_uuid: "0d39fa43d7ab4605923e111f71b4a8eb" member_type: VOTER last_known_addr { host: "127.13.41.124" port: 39891 } }
I20260630 12:15:40.092965 13682 sys_catalog.cc:455] T 00000000000000000000000000000000 P 155d5edef21d4e66887057ae822e145c [sys.catalog]: SysCatalogTable state changed. Reason: RaftConsensus started. Latest consensus state: current_term: 0 committed_config { opid_index: -1 OBSOLETE_local: false peers { permanent_uuid: "155d5edef21d4e66887057ae822e145c" member_type: VOTER last_known_addr { host: "127.13.41.126" port: 35607 } } peers { permanent_uuid: "50e2cf176094444baf1f397f3f52f0fd" member_type: VOTER last_known_addr { host: "127.13.41.125" port: 36371 } } peers { permanent_uuid: "0d39fa43d7ab4605923e111f71b4a8eb" member_type: VOTER last_known_addr { host: "127.13.41.124" port: 39891 } } }
I20260630 12:15:40.093688 13544 sys_catalog.cc:565] T 00000000000000000000000000000000 P 155d5edef21d4e66887057ae822e145c [sys.catalog]: configured and running, proceeding with master startup.
I20260630 12:15:40.093742 13682 sys_catalog.cc:458] T 00000000000000000000000000000000 P 155d5edef21d4e66887057ae822e145c [sys.catalog]: This master's current role is: FOLLOWER
I20260630 12:15:40.094998 13683 sys_catalog.cc:455] T 00000000000000000000000000000000 P 50e2cf176094444baf1f397f3f52f0fd [sys.catalog]: SysCatalogTable state changed. Reason: RaftConsensus started. Latest consensus state: current_term: 0 committed_config { opid_index: -1 OBSOLETE_local: false peers { permanent_uuid: "155d5edef21d4e66887057ae822e145c" member_type: VOTER last_known_addr { host: "127.13.41.126" port: 35607 } } peers { permanent_uuid: "50e2cf176094444baf1f397f3f52f0fd" member_type: VOTER last_known_addr { host: "127.13.41.125" port: 36371 } } peers { permanent_uuid: "0d39fa43d7ab4605923e111f71b4a8eb" member_type: VOTER last_known_addr { host: "127.13.41.124" port: 39891 } } }
I20260630 12:15:40.095955 13683 sys_catalog.cc:458] T 00000000000000000000000000000000 P 50e2cf176094444baf1f397f3f52f0fd [sys.catalog]: This master's current role is: FOLLOWER
I20260630 12:15:40.097091 13609 sys_catalog.cc:565] T 00000000000000000000000000000000 P 50e2cf176094444baf1f397f3f52f0fd [sys.catalog]: configured and running, proceeding with master startup.
I20260630 12:15:40.104112 13684 sys_catalog.cc:455] T 00000000000000000000000000000000 P 0d39fa43d7ab4605923e111f71b4a8eb [sys.catalog]: SysCatalogTable state changed. Reason: RaftConsensus started. Latest consensus state: current_term: 0 committed_config { opid_index: -1 OBSOLETE_local: false peers { permanent_uuid: "155d5edef21d4e66887057ae822e145c" member_type: VOTER last_known_addr { host: "127.13.41.126" port: 35607 } } peers { permanent_uuid: "50e2cf176094444baf1f397f3f52f0fd" member_type: VOTER last_known_addr { host: "127.13.41.125" port: 36371 } } peers { permanent_uuid: "0d39fa43d7ab4605923e111f71b4a8eb" member_type: VOTER last_known_addr { host: "127.13.41.124" port: 39891 } } }
I20260630 12:15:40.105006 13684 sys_catalog.cc:458] T 00000000000000000000000000000000 P 0d39fa43d7ab4605923e111f71b4a8eb [sys.catalog]: This master's current role is: FOLLOWER
I20260630 12:15:40.105669 13674 sys_catalog.cc:565] T 00000000000000000000000000000000 P 0d39fa43d7ab4605923e111f71b4a8eb [sys.catalog]: configured and running, proceeding with master startup.
I20260630 12:15:40.132894 13477 internal_mini_cluster.cc:184] Waiting to initialize catalog manager on master 1
W20260630 12:15:40.144282 13705 catalog_manager.cc:1594] T 00000000000000000000000000000000 P 155d5edef21d4e66887057ae822e145c: loading cluster ID for follower catalog manager: Not found: cluster ID entry not found
W20260630 12:15:40.144774 13705 catalog_manager.cc:883] Not found: cluster ID entry not found: failed to prepare follower catalog manager, will retry
I20260630 12:15:40.147586 13477 internal_mini_cluster.cc:184] Waiting to initialize catalog manager on master 2
W20260630 12:15:40.147640 13498 tablet.cc:2406] T 00000000000000000000000000000000 P 155d5edef21d4e66887057ae822e145c: Can't schedule compaction. Clean time has not been advanced past its initial value.
W20260630 12:15:40.153333 13713 catalog_manager.cc:1594] T 00000000000000000000000000000000 P 50e2cf176094444baf1f397f3f52f0fd: loading cluster ID for follower catalog manager: Not found: cluster ID entry not found
W20260630 12:15:40.153753 13713 catalog_manager.cc:883] Not found: cluster ID entry not found: failed to prepare follower catalog manager, will retry
I20260630 12:15:40.159260 13477 file_cache.cc:492] Constructed file cache file cache with capacity 419430
W20260630 12:15:40.163054 13718 catalog_manager.cc:1594] T 00000000000000000000000000000000 P 0d39fa43d7ab4605923e111f71b4a8eb: loading cluster ID for follower catalog manager: Not found: cluster ID entry not found
W20260630 12:15:40.163432 13718 catalog_manager.cc:883] Not found: cluster ID entry not found: failed to prepare follower catalog manager, will retry
W20260630 12:15:40.170083 13719 instance_detector.cc:116] could not retrieve AWS instance metadata: Network error: curl error: HTTP response code said error: The requested URL returned error: 404
W20260630 12:15:40.171108 13720 instance_detector.cc:116] could not retrieve Azure instance metadata: Network error: curl error: HTTP response code said error: The requested URL returned error: 404
W20260630 12:15:40.176009 13722 instance_detector.cc:116] could not retrieve OpenStack instance metadata: Network error: curl error: HTTP response code said error: The requested URL returned error: 404
I20260630 12:15:40.178120 13477 server_base.cc:1061] running on GCE node
I20260630 12:15:40.179059 13477 hybrid_clock.cc:584] initializing the hybrid clock with 'system_unsync' time source
W20260630 12:15:40.179234 13477 system_unsync_time.cc:38] NTP support is disabled. Clock error bounds will not be accurate. This configuration is not suitable for distributed clusters.
I20260630 12:15:40.179466 13477 hybrid_clock.cc:648] HybridClock initialized: now 1782821740179429 us; error 0 us; skew 500 ppm
I20260630 12:15:40.179986 13477 server_base.cc:861] Flag tcmalloc_max_total_thread_cache_bytes is not working since tcmalloc is not enabled.
I20260630 12:15:40.183005 13477 webserver.cc:533] Webserver started at http://127.13.41.65:40481/ using document root <none> and password file <none>
I20260630 12:15:40.183488 13477 fs_manager.cc:362] Metadata directory not provided
I20260630 12:15:40.183678 13477 fs_manager.cc:368] Using write-ahead log directory (fs_wal_dir) as metadata directory
I20260630 12:15:40.183964 13477 server_base.cc:909] This appears to be a new deployment of Kudu; creating new FS layout
I20260630 12:15:40.185070 13477 fs_manager.cc:1068] Generated new instance metadata in path /tmp/dist-test-taskyYJraN/test-tmp/auto_rebalancer-test.0.AutoRebalancerTest.OnlyLeaderDoesAutoRebalancing.1782821738137168-13477-0/minicluster-data/ts-0-root/instance:
uuid: "ade925d421c745f99f085901a2651bd6"
format_stamp: "Formatted at 2026-06-30 12:15:40 on dist-test-slave-w3p3"
I20260630 12:15:40.189810 13477 fs_manager.cc:696] Time spent creating directory manager: real 0.004s	user 0.004s	sys 0.000s
I20260630 12:15:40.193279 13727 log_block_manager.cc:4031] Time spent loading block containers with low live blocks: real 0.000s	user 0.000s	sys 0.000s
I20260630 12:15:40.194106 13477 fs_manager.cc:730] Time spent opening block manager: real 0.003s	user 0.002s	sys 0.001s
I20260630 12:15:40.194392 13477 fs_manager.cc:647] Opened local filesystem: /tmp/dist-test-taskyYJraN/test-tmp/auto_rebalancer-test.0.AutoRebalancerTest.OnlyLeaderDoesAutoRebalancing.1782821738137168-13477-0/minicluster-data/ts-0-root
uuid: "ade925d421c745f99f085901a2651bd6"
format_stamp: "Formatted at 2026-06-30 12:15:40 on dist-test-slave-w3p3"
I20260630 12:15:40.194691 13477 fs_report.cc:389] FS layout report
--------------------
wal directory: /tmp/dist-test-taskyYJraN/test-tmp/auto_rebalancer-test.0.AutoRebalancerTest.OnlyLeaderDoesAutoRebalancing.1782821738137168-13477-0/minicluster-data/ts-0-root
metadata directory: /tmp/dist-test-taskyYJraN/test-tmp/auto_rebalancer-test.0.AutoRebalancerTest.OnlyLeaderDoesAutoRebalancing.1782821738137168-13477-0/minicluster-data/ts-0-root
1 data directories: /tmp/dist-test-taskyYJraN/test-tmp/auto_rebalancer-test.0.AutoRebalancerTest.OnlyLeaderDoesAutoRebalancing.1782821738137168-13477-0/minicluster-data/ts-0-root/data
Total live blocks: 0
Total live bytes: 0
Total live bytes (after alignment): 0
Total number of LBM containers: 0 (0 full)
Did not check for missing blocks
Did not check for orphaned blocks
Total full LBM containers with extra space: 0 (0 repaired)
Total full LBM container extra space in bytes: 0 (0 repaired)
Total incomplete LBM containers: 0 (0 repaired)
Total LBM partial records: 0 (0 repaired)
Total corrupted LBM metadata records in RocksDB: 0 (0 repaired)
I20260630 12:15:40.219116 13477 rpc_server.cc:225] running with OpenSSL 1.1.1  11 Sep 2018
I20260630 12:15:40.220402 13477 kserver.cc:163] Server-wide thread pool size limit: 3276
I20260630 12:15:40.223146 13477 txn_system_client.cc:432] TxnSystemClient initialization is disabled...
I20260630 12:15:40.223964 13682 raft_consensus.cc:493] T 00000000000000000000000000000000 P 155d5edef21d4e66887057ae822e145c [term 0 FOLLOWER]: Starting pre-election (no leader contacted us within the election timeout)
I20260630 12:15:40.224570 13682 raft_consensus.cc:515] T 00000000000000000000000000000000 P 155d5edef21d4e66887057ae822e145c [term 0 FOLLOWER]: Starting pre-election with config: opid_index: -1 OBSOLETE_local: false peers { permanent_uuid: "155d5edef21d4e66887057ae822e145c" member_type: VOTER last_known_addr { host: "127.13.41.126" port: 35607 } } peers { permanent_uuid: "50e2cf176094444baf1f397f3f52f0fd" member_type: VOTER last_known_addr { host: "127.13.41.125" port: 36371 } } peers { permanent_uuid: "0d39fa43d7ab4605923e111f71b4a8eb" member_type: VOTER last_known_addr { host: "127.13.41.124" port: 39891 } }
I20260630 12:15:40.227913 13477 ts_tablet_manager.cc:585] Loaded tablet metadata (0 total tablets, 0 live tablets)
I20260630 12:15:40.228209 13477 ts_tablet_manager.cc:531] Time spent load tablet metadata: real 0.000s	user 0.000s	sys 0.000s
I20260630 12:15:40.228482 13477 ts_tablet_manager.cc:616] Registered 0 tablets
I20260630 12:15:40.228806 13477 ts_tablet_manager.cc:595] Time spent register tablets: real 0.000s	user 0.001s	sys 0.000s
I20260630 12:15:40.228422 13584 tablet_service.cc:1917] Received RequestConsensusVote() RPC: tablet_id: "00000000000000000000000000000000" candidate_uuid: "155d5edef21d4e66887057ae822e145c" candidate_term: 1 candidate_status { last_received { term: 0 index: 0 } } ignore_live_leader: false dest_uuid: "50e2cf176094444baf1f397f3f52f0fd" is_pre_election: true
I20260630 12:15:40.229096 13682 leader_election.cc:290] T 00000000000000000000000000000000 P 155d5edef21d4e66887057ae822e145c [CANDIDATE]: Term 1 pre-election: Requested pre-vote from peers 50e2cf176094444baf1f397f3f52f0fd (127.13.41.125:36371), 0d39fa43d7ab4605923e111f71b4a8eb (127.13.41.124:39891)
I20260630 12:15:40.229388 13584 raft_consensus.cc:2468] T 00000000000000000000000000000000 P 50e2cf176094444baf1f397f3f52f0fd [term 0 FOLLOWER]: Leader pre-election vote request: Granting yes vote for candidate 155d5edef21d4e66887057ae822e145c in term 0.
I20260630 12:15:40.231000 13493 leader_election.cc:304] T 00000000000000000000000000000000 P 155d5edef21d4e66887057ae822e145c [CANDIDATE]: Term 1 pre-election: Election decided. Result: candidate won. Election summary: received 2 responses out of 3 voters: 2 yes votes; 0 no votes. yes voters: 155d5edef21d4e66887057ae822e145c, 50e2cf176094444baf1f397f3f52f0fd; no voters: 
I20260630 12:15:40.230947 13649 tablet_service.cc:1917] Received RequestConsensusVote() RPC: tablet_id: "00000000000000000000000000000000" candidate_uuid: "155d5edef21d4e66887057ae822e145c" candidate_term: 1 candidate_status { last_received { term: 0 index: 0 } } ignore_live_leader: false dest_uuid: "0d39fa43d7ab4605923e111f71b4a8eb" is_pre_election: true
I20260630 12:15:40.231766 13649 raft_consensus.cc:2468] T 00000000000000000000000000000000 P 0d39fa43d7ab4605923e111f71b4a8eb [term 0 FOLLOWER]: Leader pre-election vote request: Granting yes vote for candidate 155d5edef21d4e66887057ae822e145c in term 0.
I20260630 12:15:40.232018 13682 raft_consensus.cc:2804] T 00000000000000000000000000000000 P 155d5edef21d4e66887057ae822e145c [term 0 FOLLOWER]: Leader pre-election won for term 1
I20260630 12:15:40.232375 13682 raft_consensus.cc:493] T 00000000000000000000000000000000 P 155d5edef21d4e66887057ae822e145c [term 0 FOLLOWER]: Starting leader election (no leader contacted us within the election timeout)
I20260630 12:15:40.232842 13682 raft_consensus.cc:3060] T 00000000000000000000000000000000 P 155d5edef21d4e66887057ae822e145c [term 0 FOLLOWER]: Advancing to term 1
I20260630 12:15:40.237586 13682 raft_consensus.cc:515] T 00000000000000000000000000000000 P 155d5edef21d4e66887057ae822e145c [term 1 FOLLOWER]: Starting leader election with config: opid_index: -1 OBSOLETE_local: false peers { permanent_uuid: "155d5edef21d4e66887057ae822e145c" member_type: VOTER last_known_addr { host: "127.13.41.126" port: 35607 } } peers { permanent_uuid: "50e2cf176094444baf1f397f3f52f0fd" member_type: VOTER last_known_addr { host: "127.13.41.125" port: 36371 } } peers { permanent_uuid: "0d39fa43d7ab4605923e111f71b4a8eb" member_type: VOTER last_known_addr { host: "127.13.41.124" port: 39891 } }
I20260630 12:15:40.240021 13584 tablet_service.cc:1917] Received RequestConsensusVote() RPC: tablet_id: "00000000000000000000000000000000" candidate_uuid: "155d5edef21d4e66887057ae822e145c" candidate_term: 1 candidate_status { last_received { term: 0 index: 0 } } ignore_live_leader: false dest_uuid: "50e2cf176094444baf1f397f3f52f0fd"
I20260630 12:15:40.240275 13649 tablet_service.cc:1917] Received RequestConsensusVote() RPC: tablet_id: "00000000000000000000000000000000" candidate_uuid: "155d5edef21d4e66887057ae822e145c" candidate_term: 1 candidate_status { last_received { term: 0 index: 0 } } ignore_live_leader: false dest_uuid: "0d39fa43d7ab4605923e111f71b4a8eb"
I20260630 12:15:40.240574 13584 raft_consensus.cc:3060] T 00000000000000000000000000000000 P 50e2cf176094444baf1f397f3f52f0fd [term 0 FOLLOWER]: Advancing to term 1
I20260630 12:15:40.240779 13649 raft_consensus.cc:3060] T 00000000000000000000000000000000 P 0d39fa43d7ab4605923e111f71b4a8eb [term 0 FOLLOWER]: Advancing to term 1
I20260630 12:15:40.247830 13682 leader_election.cc:290] T 00000000000000000000000000000000 P 155d5edef21d4e66887057ae822e145c [CANDIDATE]: Term 1 election: Requested vote from peers 50e2cf176094444baf1f397f3f52f0fd (127.13.41.125:36371), 0d39fa43d7ab4605923e111f71b4a8eb (127.13.41.124:39891)
I20260630 12:15:40.247722 13584 raft_consensus.cc:2468] T 00000000000000000000000000000000 P 50e2cf176094444baf1f397f3f52f0fd [term 1 FOLLOWER]: Leader election vote request: Granting yes vote for candidate 155d5edef21d4e66887057ae822e145c in term 1.
I20260630 12:15:40.247722 13649 raft_consensus.cc:2468] T 00000000000000000000000000000000 P 0d39fa43d7ab4605923e111f71b4a8eb [term 1 FOLLOWER]: Leader election vote request: Granting yes vote for candidate 155d5edef21d4e66887057ae822e145c in term 1.
I20260630 12:15:40.249172 13493 leader_election.cc:304] T 00000000000000000000000000000000 P 155d5edef21d4e66887057ae822e145c [CANDIDATE]: Term 1 election: Election decided. Result: candidate won. Election summary: received 2 responses out of 3 voters: 2 yes votes; 0 no votes. yes voters: 155d5edef21d4e66887057ae822e145c, 50e2cf176094444baf1f397f3f52f0fd; no voters: 
I20260630 12:15:40.250202 13682 raft_consensus.cc:2804] T 00000000000000000000000000000000 P 155d5edef21d4e66887057ae822e145c [term 1 FOLLOWER]: Leader election won for term 1
I20260630 12:15:40.252979 13682 raft_consensus.cc:697] T 00000000000000000000000000000000 P 155d5edef21d4e66887057ae822e145c [term 1 LEADER]: Becoming Leader. State: Replica: 155d5edef21d4e66887057ae822e145c, State: Running, Role: LEADER
I20260630 12:15:40.254200 13682 consensus_queue.cc:237] T 00000000000000000000000000000000 P 155d5edef21d4e66887057ae822e145c [LEADER]: Queue going to LEADER mode. State: All replicated index: 0, Majority replicated index: 0, Committed index: 0, Last appended: 0.0, Last appended by leader: 0, Current term: 1, Majority size: 2, State: 0, Mode: LEADER, active raft config: opid_index: -1 OBSOLETE_local: false peers { permanent_uuid: "155d5edef21d4e66887057ae822e145c" member_type: VOTER last_known_addr { host: "127.13.41.126" port: 35607 } } peers { permanent_uuid: "50e2cf176094444baf1f397f3f52f0fd" member_type: VOTER last_known_addr { host: "127.13.41.125" port: 36371 } } peers { permanent_uuid: "0d39fa43d7ab4605923e111f71b4a8eb" member_type: VOTER last_known_addr { host: "127.13.41.124" port: 39891 } }
I20260630 12:15:40.271106 13736 sys_catalog.cc:455] T 00000000000000000000000000000000 P 155d5edef21d4e66887057ae822e145c [sys.catalog]: SysCatalogTable state changed. Reason: New leader 155d5edef21d4e66887057ae822e145c. Latest consensus state: current_term: 1 leader_uuid: "155d5edef21d4e66887057ae822e145c" committed_config { opid_index: -1 OBSOLETE_local: false peers { permanent_uuid: "155d5edef21d4e66887057ae822e145c" member_type: VOTER last_known_addr { host: "127.13.41.126" port: 35607 } } peers { permanent_uuid: "50e2cf176094444baf1f397f3f52f0fd" member_type: VOTER last_known_addr { host: "127.13.41.125" port: 36371 } } peers { permanent_uuid: "0d39fa43d7ab4605923e111f71b4a8eb" member_type: VOTER last_known_addr { host: "127.13.41.124" port: 39891 } } }
I20260630 12:15:40.272117 13736 sys_catalog.cc:458] T 00000000000000000000000000000000 P 155d5edef21d4e66887057ae822e145c [sys.catalog]: This master's current role is: LEADER
I20260630 12:15:40.276821 13749 catalog_manager.cc:1511] Loading table and tablet metadata into memory...
I20260630 12:15:40.285107 13749 catalog_manager.cc:1520] Initializing Kudu cluster ID...
I20260630 12:15:40.306047 13649 raft_consensus.cc:1275] T 00000000000000000000000000000000 P 0d39fa43d7ab4605923e111f71b4a8eb [term 1 FOLLOWER]: Refusing update from remote peer 155d5edef21d4e66887057ae822e145c: Log matching property violated. Preceding OpId in replica: term: 0 index: 0. Preceding OpId from leader: term: 1 index: 2. (index mismatch)
I20260630 12:15:40.307060 13584 raft_consensus.cc:1275] T 00000000000000000000000000000000 P 50e2cf176094444baf1f397f3f52f0fd [term 1 FOLLOWER]: Refusing update from remote peer 155d5edef21d4e66887057ae822e145c: Log matching property violated. Preceding OpId in replica: term: 0 index: 0. Preceding OpId from leader: term: 1 index: 2. (index mismatch)
I20260630 12:15:40.308043 13736 consensus_queue.cc:1048] T 00000000000000000000000000000000 P 155d5edef21d4e66887057ae822e145c [LEADER]: Connected to new peer: Peer: permanent_uuid: "0d39fa43d7ab4605923e111f71b4a8eb" member_type: VOTER last_known_addr { host: "127.13.41.124" port: 39891 }, Status: LMP_MISMATCH, Last received: 0.0, Next index: 1, Last known committed idx: 0, Time since last communication: 0.000s
I20260630 12:15:40.309618 13682 consensus_queue.cc:1048] T 00000000000000000000000000000000 P 155d5edef21d4e66887057ae822e145c [LEADER]: Connected to new peer: Peer: permanent_uuid: "50e2cf176094444baf1f397f3f52f0fd" member_type: VOTER last_known_addr { host: "127.13.41.125" port: 36371 }, Status: LMP_MISMATCH, Last received: 0.0, Next index: 1, Last known committed idx: 0, Time since last communication: 0.001s
I20260630 12:15:40.336023 13684 sys_catalog.cc:455] T 00000000000000000000000000000000 P 0d39fa43d7ab4605923e111f71b4a8eb [sys.catalog]: SysCatalogTable state changed. Reason: New leader 155d5edef21d4e66887057ae822e145c. Latest consensus state: current_term: 1 leader_uuid: "155d5edef21d4e66887057ae822e145c" committed_config { opid_index: -1 OBSOLETE_local: false peers { permanent_uuid: "155d5edef21d4e66887057ae822e145c" member_type: VOTER last_known_addr { host: "127.13.41.126" port: 35607 } } peers { permanent_uuid: "50e2cf176094444baf1f397f3f52f0fd" member_type: VOTER last_known_addr { host: "127.13.41.125" port: 36371 } } peers { permanent_uuid: "0d39fa43d7ab4605923e111f71b4a8eb" member_type: VOTER last_known_addr { host: "127.13.41.124" port: 39891 } } }
I20260630 12:15:40.337014 13684 sys_catalog.cc:458] T 00000000000000000000000000000000 P 0d39fa43d7ab4605923e111f71b4a8eb [sys.catalog]: This master's current role is: FOLLOWER
I20260630 12:15:40.351451 13683 sys_catalog.cc:455] T 00000000000000000000000000000000 P 50e2cf176094444baf1f397f3f52f0fd [sys.catalog]: SysCatalogTable state changed. Reason: New leader 155d5edef21d4e66887057ae822e145c. Latest consensus state: current_term: 1 leader_uuid: "155d5edef21d4e66887057ae822e145c" committed_config { opid_index: -1 OBSOLETE_local: false peers { permanent_uuid: "155d5edef21d4e66887057ae822e145c" member_type: VOTER last_known_addr { host: "127.13.41.126" port: 35607 } } peers { permanent_uuid: "50e2cf176094444baf1f397f3f52f0fd" member_type: VOTER last_known_addr { host: "127.13.41.125" port: 36371 } } peers { permanent_uuid: "0d39fa43d7ab4605923e111f71b4a8eb" member_type: VOTER last_known_addr { host: "127.13.41.124" port: 39891 } } }
I20260630 12:15:40.352478 13683 sys_catalog.cc:458] T 00000000000000000000000000000000 P 50e2cf176094444baf1f397f3f52f0fd [sys.catalog]: This master's current role is: FOLLOWER
I20260630 12:15:40.357502 13760 mvcc.cc:204] Tried to move back new op lower bound from 7302437848272891904 to 7302437848096514048. Current Snapshot: MvccSnapshot[applied={T|T < 7302437848272891904}]
I20260630 12:15:40.362726 13683 sys_catalog.cc:455] T 00000000000000000000000000000000 P 50e2cf176094444baf1f397f3f52f0fd [sys.catalog]: SysCatalogTable state changed. Reason: Replicated consensus-only round. Latest consensus state: current_term: 1 leader_uuid: "155d5edef21d4e66887057ae822e145c" committed_config { opid_index: -1 OBSOLETE_local: false peers { permanent_uuid: "155d5edef21d4e66887057ae822e145c" member_type: VOTER last_known_addr { host: "127.13.41.126" port: 35607 } } peers { permanent_uuid: "50e2cf176094444baf1f397f3f52f0fd" member_type: VOTER last_known_addr { host: "127.13.41.125" port: 36371 } } peers { permanent_uuid: "0d39fa43d7ab4605923e111f71b4a8eb" member_type: VOTER last_known_addr { host: "127.13.41.124" port: 39891 } } }
I20260630 12:15:40.363745 13683 sys_catalog.cc:458] T 00000000000000000000000000000000 P 50e2cf176094444baf1f397f3f52f0fd [sys.catalog]: This master's current role is: FOLLOWER
