I20260630 12:15:55.066627 14577 consensus_queue.cc:237] T 5e06e009999f44f79f2b7d46b781ef56 P 65aa3a16b3c640919a98ad1980a5db03 [LEADER]: Queue going to LEADER mode. State: All replicated index: 0, Majority replicated index: 2, Committed index: 2, Last appended: 1.2, Last appended by leader: 0, Current term: 1, Majority size: 3, State: 0, Mode: LEADER, active raft config: opid_index: 3 OBSOLETE_local: false peers { permanent_uuid: "c85a2b3b48ec43cc9451e178d7299a21" member_type: VOTER last_known_addr { host: "127.13.41.65" port: 44601 } } peers { permanent_uuid: "0e0f22ba800c4a25a594682b547dab0c" member_type: VOTER last_known_addr { host: "127.13.41.66" port: 34075 } attrs { replace: true } } peers { permanent_uuid: "65aa3a16b3c640919a98ad1980a5db03" member_type: VOTER last_known_addr { host: "127.13.41.67" port: 39693 } } peers { permanent_uuid: "59605ab4c0324610803df05afe1037e1" member_type: VOTER last_known_addr { host: "127.13.41.68" port: 36443 } attrs { promote: false } }
I20260630 12:15:55.079862 14437 raft_consensus.cc:1275] T 5e06e009999f44f79f2b7d46b781ef56 P 59605ab4c0324610803df05afe1037e1 [term 1 LEARNER]: Refusing update from remote peer 65aa3a16b3c640919a98ad1980a5db03: Log matching property violated. Preceding OpId in replica: term: 1 index: 2. Preceding OpId from leader: term: 1 index: 3. (index mismatch)
I20260630 12:15:55.081591 14576 consensus_queue.cc:1048] T 5e06e009999f44f79f2b7d46b781ef56 P 65aa3a16b3c640919a98ad1980a5db03 [LEADER]: Connected to new peer: Peer: permanent_uuid: "59605ab4c0324610803df05afe1037e1" member_type: VOTER last_known_addr { host: "127.13.41.68" port: 36443 } attrs { promote: false }, Status: LMP_MISMATCH, Last received: 0.0, Next index: 3, Last known committed idx: 2, Time since last communication: 0.000s
W20260630 12:15:55.089143 14255 consensus_peers.cc:597] T 5e06e009999f44f79f2b7d46b781ef56 P 65aa3a16b3c640919a98ad1980a5db03 -> Peer 0e0f22ba800c4a25a594682b547dab0c (127.13.41.66:34075): Couldn't send request to peer 0e0f22ba800c4a25a594682b547dab0c. Status: Network error: Client connection negotiation failed: client connection to 127.13.41.66:34075: connect: Connection refused (error 111). This is attempt 1: this message will repeat every 5th retry.
W20260630 12:15:55.099167 14254 consensus_peers.cc:597] T 5e06e009999f44f79f2b7d46b781ef56 P 65aa3a16b3c640919a98ad1980a5db03 -> Peer c85a2b3b48ec43cc9451e178d7299a21 (127.13.41.65:44601): Couldn't send request to peer c85a2b3b48ec43cc9451e178d7299a21. Status: Network error: Client connection negotiation failed: client connection to 127.13.41.65:44601: connect: Connection refused (error 111). This is attempt 1: this message will repeat every 5th retry.
I20260630 12:15:55.193413 14576 raft_consensus.cc:1064] T cbeaaec442134a55a6975808ec1f7f1b P 65aa3a16b3c640919a98ad1980a5db03: attempting to promote NON_VOTER 59605ab4c0324610803df05afe1037e1 to VOTER
I20260630 12:15:55.196071 14576 consensus_queue.cc:237] T cbeaaec442134a55a6975808ec1f7f1b P 65aa3a16b3c640919a98ad1980a5db03 [LEADER]: Queue going to LEADER mode. State: All replicated index: 0, Majority replicated index: 2, Committed index: 2, Last appended: 1.2, Last appended by leader: 0, Current term: 1, Majority size: 3, State: 0, Mode: LEADER, active raft config: opid_index: 3 OBSOLETE_local: false peers { permanent_uuid: "c85a2b3b48ec43cc9451e178d7299a21" member_type: VOTER last_known_addr { host: "127.13.41.65" port: 44601 } attrs { replace: true } } peers { permanent_uuid: "0e0f22ba800c4a25a594682b547dab0c" member_type: VOTER last_known_addr { host: "127.13.41.66" port: 34075 } } peers { permanent_uuid: "65aa3a16b3c640919a98ad1980a5db03" member_type: VOTER last_known_addr { host: "127.13.41.67" port: 39693 } } peers { permanent_uuid: "59605ab4c0324610803df05afe1037e1" member_type: VOTER last_known_addr { host: "127.13.41.68" port: 36443 } attrs { promote: false } }
I20260630 12:15:55.206022 14437 raft_consensus.cc:1275] T cbeaaec442134a55a6975808ec1f7f1b P 59605ab4c0324610803df05afe1037e1 [term 1 LEARNER]: Refusing update from remote peer 65aa3a16b3c640919a98ad1980a5db03: Log matching property violated. Preceding OpId in replica: term: 1 index: 2. Preceding OpId from leader: term: 1 index: 3. (index mismatch)
I20260630 12:15:55.207787 14581 consensus_queue.cc:1048] T cbeaaec442134a55a6975808ec1f7f1b P 65aa3a16b3c640919a98ad1980a5db03 [LEADER]: Connected to new peer: Peer: permanent_uuid: "59605ab4c0324610803df05afe1037e1" member_type: VOTER last_known_addr { host: "127.13.41.68" port: 36443 } attrs { promote: false }, Status: LMP_MISMATCH, Last received: 0.0, Next index: 3, Last known committed idx: 2, Time since last communication: 0.000s
W20260630 12:15:55.212641 14254 consensus_peers.cc:597] T cbeaaec442134a55a6975808ec1f7f1b P 65aa3a16b3c640919a98ad1980a5db03 -> Peer c85a2b3b48ec43cc9451e178d7299a21 (127.13.41.65:44601): Couldn't send request to peer c85a2b3b48ec43cc9451e178d7299a21. Status: Network error: Client connection negotiation failed: client connection to 127.13.41.65:44601: connect: Connection refused (error 111). This is attempt 1: this message will repeat every 5th retry.
W20260630 12:15:55.213371 14255 consensus_peers.cc:597] T cbeaaec442134a55a6975808ec1f7f1b P 65aa3a16b3c640919a98ad1980a5db03 -> Peer 0e0f22ba800c4a25a594682b547dab0c (127.13.41.66:34075): Couldn't send request to peer 0e0f22ba800c4a25a594682b547dab0c. Status: Network error: Client connection negotiation failed: client connection to 127.13.41.66:34075: connect: Connection refused (error 111). This is attempt 1: this message will repeat every 5th retry.
I20260630 12:15:55.252579 14551 raft_consensus.cc:493] T db6fee4573e94be5801477b3bd227f07 P 65aa3a16b3c640919a98ad1980a5db03 [term 2 FOLLOWER]: Starting pre-election (detected failure of leader c85a2b3b48ec43cc9451e178d7299a21)
I20260630 12:15:55.253199 14551 raft_consensus.cc:515] T db6fee4573e94be5801477b3bd227f07 P 65aa3a16b3c640919a98ad1980a5db03 [term 2 FOLLOWER]: Starting pre-election with config: opid_index: -1 OBSOLETE_local: false peers { permanent_uuid: "c85a2b3b48ec43cc9451e178d7299a21" member_type: VOTER last_known_addr { host: "127.13.41.65" port: 44601 } } peers { permanent_uuid: "0e0f22ba800c4a25a594682b547dab0c" member_type: VOTER last_known_addr { host: "127.13.41.66" port: 34075 } } peers { permanent_uuid: "65aa3a16b3c640919a98ad1980a5db03" member_type: VOTER last_known_addr { host: "127.13.41.67" port: 39693 } }
I20260630 12:15:55.258162 14551 leader_election.cc:290] T db6fee4573e94be5801477b3bd227f07 P 65aa3a16b3c640919a98ad1980a5db03 [CANDIDATE]: Term 3 pre-election: Requested pre-vote from peers c85a2b3b48ec43cc9451e178d7299a21 (127.13.41.65:44601), 0e0f22ba800c4a25a594682b547dab0c (127.13.41.66:34075)
W20260630 12:15:55.260915 14254 leader_election.cc:336] T db6fee4573e94be5801477b3bd227f07 P 65aa3a16b3c640919a98ad1980a5db03 [CANDIDATE]: Term 3 pre-election: RPC error from VoteRequest() call to peer c85a2b3b48ec43cc9451e178d7299a21 (127.13.41.65:44601): Network error: Client connection negotiation failed: client connection to 127.13.41.65:44601: connect: Connection refused (error 111)
W20260630 12:15:55.261564 14255 leader_election.cc:336] T db6fee4573e94be5801477b3bd227f07 P 65aa3a16b3c640919a98ad1980a5db03 [CANDIDATE]: Term 3 pre-election: RPC error from VoteRequest() call to peer 0e0f22ba800c4a25a594682b547dab0c (127.13.41.66:34075): Network error: Client connection negotiation failed: client connection to 127.13.41.66:34075: connect: Connection refused (error 111)
I20260630 12:15:55.262060 14255 leader_election.cc:304] T db6fee4573e94be5801477b3bd227f07 P 65aa3a16b3c640919a98ad1980a5db03 [CANDIDATE]: Term 3 pre-election: Election decided. Result: candidate lost. Election summary: received 3 responses out of 3 voters: 1 yes votes; 2 no votes. yes voters: 65aa3a16b3c640919a98ad1980a5db03; no voters: 0e0f22ba800c4a25a594682b547dab0c, c85a2b3b48ec43cc9451e178d7299a21
I20260630 12:15:55.262862 14551 raft_consensus.cc:2749] T db6fee4573e94be5801477b3bd227f07 P 65aa3a16b3c640919a98ad1980a5db03 [term 2 FOLLOWER]: Leader pre-election lost for term 3. Reason: could not achieve majority
I20260630 12:15:55.339160 14551 raft_consensus.cc:493] T 47f140729bb64d7490d79012a472fdb7 P 65aa3a16b3c640919a98ad1980a5db03 [term 2 FOLLOWER]: Starting pre-election (detected failure of leader c85a2b3b48ec43cc9451e178d7299a21)
I20260630 12:15:55.339725 14551 raft_consensus.cc:515] T 47f140729bb64d7490d79012a472fdb7 P 65aa3a16b3c640919a98ad1980a5db03 [term 2 FOLLOWER]: Starting pre-election with config: opid_index: -1 OBSOLETE_local: false peers { permanent_uuid: "c85a2b3b48ec43cc9451e178d7299a21" member_type: VOTER last_known_addr { host: "127.13.41.65" port: 44601 } } peers { permanent_uuid: "0e0f22ba800c4a25a594682b547dab0c" member_type: VOTER last_known_addr { host: "127.13.41.66" port: 34075 } } peers { permanent_uuid: "65aa3a16b3c640919a98ad1980a5db03" member_type: VOTER last_known_addr { host: "127.13.41.67" port: 39693 } }
I20260630 12:15:55.342909 14551 leader_election.cc:290] T 47f140729bb64d7490d79012a472fdb7 P 65aa3a16b3c640919a98ad1980a5db03 [CANDIDATE]: Term 3 pre-election: Requested pre-vote from peers c85a2b3b48ec43cc9451e178d7299a21 (127.13.41.65:44601), 0e0f22ba800c4a25a594682b547dab0c (127.13.41.66:34075)
W20260630 12:15:55.347317 14254 leader_election.cc:336] T 47f140729bb64d7490d79012a472fdb7 P 65aa3a16b3c640919a98ad1980a5db03 [CANDIDATE]: Term 3 pre-election: RPC error from VoteRequest() call to peer c85a2b3b48ec43cc9451e178d7299a21 (127.13.41.65:44601): Network error: Client connection negotiation failed: client connection to 127.13.41.65:44601: connect: Connection refused (error 111)
W20260630 12:15:55.347856 14255 leader_election.cc:336] T 47f140729bb64d7490d79012a472fdb7 P 65aa3a16b3c640919a98ad1980a5db03 [CANDIDATE]: Term 3 pre-election: RPC error from VoteRequest() call to peer 0e0f22ba800c4a25a594682b547dab0c (127.13.41.66:34075): Network error: Client connection negotiation failed: client connection to 127.13.41.66:34075: connect: Connection refused (error 111)
I20260630 12:15:55.348278 14255 leader_election.cc:304] T 47f140729bb64d7490d79012a472fdb7 P 65aa3a16b3c640919a98ad1980a5db03 [CANDIDATE]: Term 3 pre-election: Election decided. Result: candidate lost. Election summary: received 3 responses out of 3 voters: 1 yes votes; 2 no votes. yes voters: 65aa3a16b3c640919a98ad1980a5db03; no voters: 0e0f22ba800c4a25a594682b547dab0c, c85a2b3b48ec43cc9451e178d7299a21
I20260630 12:15:55.349406 14551 raft_consensus.cc:2749] T 47f140729bb64d7490d79012a472fdb7 P 65aa3a16b3c640919a98ad1980a5db03 [term 2 FOLLOWER]: Leader pre-election lost for term 3. Reason: could not achieve majority
I20260630 12:15:55.400820 14551 raft_consensus.cc:493] T ac910403acb64eb294a11353bf73db5b P 65aa3a16b3c640919a98ad1980a5db03 [term 2 FOLLOWER]: Starting pre-election (detected failure of leader c85a2b3b48ec43cc9451e178d7299a21)
I20260630 12:15:55.401311 14551 raft_consensus.cc:515] T ac910403acb64eb294a11353bf73db5b P 65aa3a16b3c640919a98ad1980a5db03 [term 2 FOLLOWER]: Starting pre-election with config: opid_index: -1 OBSOLETE_local: false peers { permanent_uuid: "c85a2b3b48ec43cc9451e178d7299a21" member_type: VOTER last_known_addr { host: "127.13.41.65" port: 44601 } } peers { permanent_uuid: "0e0f22ba800c4a25a594682b547dab0c" member_type: VOTER last_known_addr { host: "127.13.41.66" port: 34075 } } peers { permanent_uuid: "65aa3a16b3c640919a98ad1980a5db03" member_type: VOTER last_known_addr { host: "127.13.41.67" port: 39693 } }
I20260630 12:15:55.403057 14551 leader_election.cc:290] T ac910403acb64eb294a11353bf73db5b P 65aa3a16b3c640919a98ad1980a5db03 [CANDIDATE]: Term 3 pre-election: Requested pre-vote from peers c85a2b3b48ec43cc9451e178d7299a21 (127.13.41.65:44601), 0e0f22ba800c4a25a594682b547dab0c (127.13.41.66:34075)
W20260630 12:15:55.408546 14255 leader_election.cc:336] T ac910403acb64eb294a11353bf73db5b P 65aa3a16b3c640919a98ad1980a5db03 [CANDIDATE]: Term 3 pre-election: RPC error from VoteRequest() call to peer 0e0f22ba800c4a25a594682b547dab0c (127.13.41.66:34075): Network error: Client connection negotiation failed: client connection to 127.13.41.66:34075: connect: Connection refused (error 111)
W20260630 12:15:55.409375 14254 leader_election.cc:336] T ac910403acb64eb294a11353bf73db5b P 65aa3a16b3c640919a98ad1980a5db03 [CANDIDATE]: Term 3 pre-election: RPC error from VoteRequest() call to peer c85a2b3b48ec43cc9451e178d7299a21 (127.13.41.65:44601): Network error: Client connection negotiation failed: client connection to 127.13.41.65:44601: connect: Connection refused (error 111)
I20260630 12:15:55.409749 14254 leader_election.cc:304] T ac910403acb64eb294a11353bf73db5b P 65aa3a16b3c640919a98ad1980a5db03 [CANDIDATE]: Term 3 pre-election: Election decided. Result: candidate lost. Election summary: received 3 responses out of 3 voters: 1 yes votes; 2 no votes. yes voters: 65aa3a16b3c640919a98ad1980a5db03; no voters: 0e0f22ba800c4a25a594682b547dab0c, c85a2b3b48ec43cc9451e178d7299a21
I20260630 12:15:55.410379 14551 raft_consensus.cc:2749] T ac910403acb64eb294a11353bf73db5b P 65aa3a16b3c640919a98ad1980a5db03 [term 2 FOLLOWER]: Leader pre-election lost for term 3. Reason: could not achieve majority
W20260630 12:15:55.416693 13477 thread.cc:527] Waited for 1000ms trying to join with diag-logger (tid 14238)
I20260630 12:15:55.441320 14551 raft_consensus.cc:493] T 893be85c5fbf464d9845be9a5740d2d9 P 65aa3a16b3c640919a98ad1980a5db03 [term 2 FOLLOWER]: Starting pre-election (detected failure of leader 0e0f22ba800c4a25a594682b547dab0c)
I20260630 12:15:55.441798 14551 raft_consensus.cc:515] T 893be85c5fbf464d9845be9a5740d2d9 P 65aa3a16b3c640919a98ad1980a5db03 [term 2 FOLLOWER]: Starting pre-election with config: opid_index: 3 OBSOLETE_local: false peers { permanent_uuid: "c85a2b3b48ec43cc9451e178d7299a21" member_type: VOTER last_known_addr { host: "127.13.41.65" port: 44601 } } peers { permanent_uuid: "0e0f22ba800c4a25a594682b547dab0c" member_type: VOTER last_known_addr { host: "127.13.41.66" port: 34075 } } peers { permanent_uuid: "65aa3a16b3c640919a98ad1980a5db03" member_type: VOTER last_known_addr { host: "127.13.41.67" port: 39693 } attrs { replace: true } } peers { permanent_uuid: "59605ab4c0324610803df05afe1037e1" member_type: NON_VOTER last_known_addr { host: "127.13.41.68" port: 36443 } attrs { promote: true } }
I20260630 12:15:55.443535 14551 leader_election.cc:290] T 893be85c5fbf464d9845be9a5740d2d9 P 65aa3a16b3c640919a98ad1980a5db03 [CANDIDATE]: Term 3 pre-election: Requested pre-vote from peers c85a2b3b48ec43cc9451e178d7299a21 (127.13.41.65:44601), 0e0f22ba800c4a25a594682b547dab0c (127.13.41.66:34075)
W20260630 12:15:55.448303 14254 leader_election.cc:336] T 893be85c5fbf464d9845be9a5740d2d9 P 65aa3a16b3c640919a98ad1980a5db03 [CANDIDATE]: Term 3 pre-election: RPC error from VoteRequest() call to peer c85a2b3b48ec43cc9451e178d7299a21 (127.13.41.65:44601): Network error: Client connection negotiation failed: client connection to 127.13.41.65:44601: connect: Connection refused (error 111)
W20260630 12:15:55.449455 14255 leader_election.cc:336] T 893be85c5fbf464d9845be9a5740d2d9 P 65aa3a16b3c640919a98ad1980a5db03 [CANDIDATE]: Term 3 pre-election: RPC error from VoteRequest() call to peer 0e0f22ba800c4a25a594682b547dab0c (127.13.41.66:34075): Network error: Client connection negotiation failed: client connection to 127.13.41.66:34075: connect: Connection refused (error 111)
I20260630 12:15:55.449836 14255 leader_election.cc:304] T 893be85c5fbf464d9845be9a5740d2d9 P 65aa3a16b3c640919a98ad1980a5db03 [CANDIDATE]: Term 3 pre-election: Election decided. Result: candidate lost. Election summary: received 3 responses out of 3 voters: 1 yes votes; 2 no votes. yes voters: 65aa3a16b3c640919a98ad1980a5db03; no voters: 0e0f22ba800c4a25a594682b547dab0c, c85a2b3b48ec43cc9451e178d7299a21
I20260630 12:15:55.450469 14551 raft_consensus.cc:2749] T 893be85c5fbf464d9845be9a5740d2d9 P 65aa3a16b3c640919a98ad1980a5db03 [term 2 FOLLOWER]: Leader pre-election lost for term 3. Reason: could not achieve majority
I20260630 12:15:55.621075 14093 auto_leader_rebalancer.cc:141] leader rebalance for table test-workload
I20260630 12:15:55.627069 14093 auto_leader_rebalancer.cc:440] table: test-workload, leader rebalance finish, leader transfer count: 0
I20260630 12:15:55.627555 14093 auto_leader_rebalancer.cc:515] All tables' leader rebalancing finished this round
I20260630 12:15:55.766362 14581 raft_consensus.cc:493] T 96737e57023c4329a8bd2c73420694ae P 65aa3a16b3c640919a98ad1980a5db03 [term 1 FOLLOWER]: Starting pre-election (detected failure of leader 0e0f22ba800c4a25a594682b547dab0c)
I20260630 12:15:55.766984 14581 raft_consensus.cc:515] T 96737e57023c4329a8bd2c73420694ae P 65aa3a16b3c640919a98ad1980a5db03 [term 1 FOLLOWER]: Starting pre-election with config: opid_index: 2 OBSOLETE_local: false peers { permanent_uuid: "c85a2b3b48ec43cc9451e178d7299a21" member_type: VOTER last_known_addr { host: "127.13.41.65" port: 44601 } attrs { replace: true } } peers { permanent_uuid: "0e0f22ba800c4a25a594682b547dab0c" member_type: VOTER last_known_addr { host: "127.13.41.66" port: 34075 } } peers { permanent_uuid: "65aa3a16b3c640919a98ad1980a5db03" member_type: VOTER last_known_addr { host: "127.13.41.67" port: 39693 } } peers { permanent_uuid: "59605ab4c0324610803df05afe1037e1" member_type: NON_VOTER last_known_addr { host: "127.13.41.68" port: 36443 } attrs { promote: true } }
I20260630 12:15:55.769438 14581 leader_election.cc:290] T 96737e57023c4329a8bd2c73420694ae P 65aa3a16b3c640919a98ad1980a5db03 [CANDIDATE]: Term 2 pre-election: Requested pre-vote from peers c85a2b3b48ec43cc9451e178d7299a21 (127.13.41.65:44601), 0e0f22ba800c4a25a594682b547dab0c (127.13.41.66:34075)
W20260630 12:15:55.774891 14254 leader_election.cc:336] T 96737e57023c4329a8bd2c73420694ae P 65aa3a16b3c640919a98ad1980a5db03 [CANDIDATE]: Term 2 pre-election: RPC error from VoteRequest() call to peer c85a2b3b48ec43cc9451e178d7299a21 (127.13.41.65:44601): Network error: Client connection negotiation failed: client connection to 127.13.41.65:44601: connect: Connection refused (error 111)
W20260630 12:15:55.775463 14255 leader_election.cc:336] T 96737e57023c4329a8bd2c73420694ae P 65aa3a16b3c640919a98ad1980a5db03 [CANDIDATE]: Term 2 pre-election: RPC error from VoteRequest() call to peer 0e0f22ba800c4a25a594682b547dab0c (127.13.41.66:34075): Network error: Client connection negotiation failed: client connection to 127.13.41.66:34075: connect: Connection refused (error 111)
I20260630 12:15:55.775918 14255 leader_election.cc:304] T 96737e57023c4329a8bd2c73420694ae P 65aa3a16b3c640919a98ad1980a5db03 [CANDIDATE]: Term 2 pre-election: Election decided. Result: candidate lost. Election summary: received 3 responses out of 3 voters: 1 yes votes; 2 no votes. yes voters: 65aa3a16b3c640919a98ad1980a5db03; no voters: 0e0f22ba800c4a25a594682b547dab0c, c85a2b3b48ec43cc9451e178d7299a21
I20260630 12:15:55.776681 14581 raft_consensus.cc:2749] T 96737e57023c4329a8bd2c73420694ae P 65aa3a16b3c640919a98ad1980a5db03 [term 1 FOLLOWER]: Leader pre-election lost for term 2. Reason: could not achieve majority
I20260630 12:15:56.086001 13477 tablet_server.cc:196] TabletServer@127.13.41.66:0 shutdown complete.
I20260630 12:15:56.104151 13477 tablet_server.cc:179] TabletServer@127.13.41.67:0 shutting down...
I20260630 12:15:56.132870 13477 ts_tablet_manager.cc:1507] Shutting down tablet manager...
I20260630 12:15:56.133651 13477 tablet_replica.cc:333] T 96737e57023c4329a8bd2c73420694ae P 65aa3a16b3c640919a98ad1980a5db03: stopping tablet replica
I20260630 12:15:56.134295 13477 raft_consensus.cc:2243] T 96737e57023c4329a8bd2c73420694ae P 65aa3a16b3c640919a98ad1980a5db03 [term 1 FOLLOWER]: Raft consensus shutting down.
I20260630 12:15:56.134760 13477 raft_consensus.cc:2272] T 96737e57023c4329a8bd2c73420694ae P 65aa3a16b3c640919a98ad1980a5db03 [term 1 FOLLOWER]: Raft consensus is shut down!
I20260630 12:15:56.136551 13477 tablet_replica.cc:333] T 9e6cf82749a14d91b63167a0a0c871e7 P 65aa3a16b3c640919a98ad1980a5db03: stopping tablet replica
I20260630 12:15:56.137120 13477 raft_consensus.cc:2243] T 9e6cf82749a14d91b63167a0a0c871e7 P 65aa3a16b3c640919a98ad1980a5db03 [term 1 LEADER]: Raft consensus shutting down.
I20260630 12:15:56.137787 13477 raft_consensus.cc:2272] T 9e6cf82749a14d91b63167a0a0c871e7 P 65aa3a16b3c640919a98ad1980a5db03 [term 1 FOLLOWER]: Raft consensus is shut down!
I20260630 12:15:56.139616 13477 tablet_replica.cc:333] T 47f140729bb64d7490d79012a472fdb7 P 65aa3a16b3c640919a98ad1980a5db03: stopping tablet replica
I20260630 12:15:56.140105 13477 raft_consensus.cc:2243] T 47f140729bb64d7490d79012a472fdb7 P 65aa3a16b3c640919a98ad1980a5db03 [term 2 FOLLOWER]: Raft consensus shutting down.
I20260630 12:15:56.140481 13477 raft_consensus.cc:2272] T 47f140729bb64d7490d79012a472fdb7 P 65aa3a16b3c640919a98ad1980a5db03 [term 2 FOLLOWER]: Raft consensus is shut down!
I20260630 12:15:56.142100 13477 tablet_replica.cc:333] T cbeaaec442134a55a6975808ec1f7f1b P 65aa3a16b3c640919a98ad1980a5db03: stopping tablet replica
I20260630 12:15:56.142577 13477 raft_consensus.cc:2243] T cbeaaec442134a55a6975808ec1f7f1b P 65aa3a16b3c640919a98ad1980a5db03 [term 1 LEADER]: Raft consensus shutting down.
I20260630 12:15:56.143407 13477 pending_rounds.cc:70] T cbeaaec442134a55a6975808ec1f7f1b P 65aa3a16b3c640919a98ad1980a5db03: Trying to abort 1 pending ops.
I20260630 12:15:56.143668 13477 pending_rounds.cc:77] T cbeaaec442134a55a6975808ec1f7f1b P 65aa3a16b3c640919a98ad1980a5db03: Aborting op as it isn't in flight: id { term: 1 index: 3 } timestamp: 7302437909276909568 op_type: CHANGE_CONFIG_OP change_config_record { tablet_id: "cbeaaec442134a55a6975808ec1f7f1b" old_config { opid_index: 2 OBSOLETE_local: false peers { permanent_uuid: "c85a2b3b48ec43cc9451e178d7299a21" member_type: VOTER last_known_addr { host: "127.13.41.65" port: 44601 } attrs { replace: true } } peers { permanent_uuid: "0e0f22ba800c4a25a594682b547dab0c" member_type: VOTER last_known_addr { host: "127.13.41.66" port: 34075 } } peers { permanent_uuid: "65aa3a16b3c640919a98ad1980a5db03" member_type: VOTER last_known_addr { host: "127.13.41.67" port: 39693 } } peers { permanent_uuid: "59605ab4c0324610803df05afe1037e1" member_type: NON_VOTER last_known_addr { host: "127.13.41.68" port: 36443 } attrs { promote: true } } } new_config { opid_index: 3 OBSOLETE_local: false peers { permanent_uuid: "c85a2b3b48ec43cc9451e178d7299a21" member_type: VOTER last_known_addr { host: "127.13.41.65" port: 44601 } attrs { replace: true } } peers { permanent_uuid: "0e0f22ba800c4a25a594682b547dab0c" member_type: VOTER last_known_addr { host: "127.13.41.66" port: 34075 } } peers { permanent_uuid: "65aa3a16b3c640919a98ad1980a5db03" member_type: VOTER last_known_addr { host: "127.13.41.67" port: 39693 } } peers { permanent_uuid: "59605ab4c0324610803df05afe1037e1" member_type: VOTER last_known_addr { host: "127.13.41.68" port: 36443 } attrs { promote: false } } } }
I20260630 12:15:56.144382 13477 raft_consensus.cc:2917] T cbeaaec442134a55a6975808ec1f7f1b P 65aa3a16b3c640919a98ad1980a5db03 [term 1 LEADER]: Aborting config change with OpId 1.3: Aborted: Op aborted
I20260630 12:15:56.144696 13477 raft_consensus.cc:2889] T cbeaaec442134a55a6975808ec1f7f1b P 65aa3a16b3c640919a98ad1980a5db03 [term 1 LEADER]: CHANGE_CONFIG_OP replication failed: Aborted: Op aborted
I20260630 12:15:56.144953 13477 raft_consensus.cc:2272] T cbeaaec442134a55a6975808ec1f7f1b P 65aa3a16b3c640919a98ad1980a5db03 [term 1 FOLLOWER]: Raft consensus is shut down!
I20260630 12:15:56.147389 13477 tablet_replica.cc:333] T ac910403acb64eb294a11353bf73db5b P 65aa3a16b3c640919a98ad1980a5db03: stopping tablet replica
I20260630 12:15:56.148003 13477 raft_consensus.cc:2243] T ac910403acb64eb294a11353bf73db5b P 65aa3a16b3c640919a98ad1980a5db03 [term 2 FOLLOWER]: Raft consensus shutting down.
I20260630 12:15:56.148501 13477 raft_consensus.cc:2272] T ac910403acb64eb294a11353bf73db5b P 65aa3a16b3c640919a98ad1980a5db03 [term 2 FOLLOWER]: Raft consensus is shut down!
I20260630 12:15:56.150528 13477 tablet_replica.cc:333] T db6fee4573e94be5801477b3bd227f07 P 65aa3a16b3c640919a98ad1980a5db03: stopping tablet replica
I20260630 12:15:56.150995 13477 raft_consensus.cc:2243] T db6fee4573e94be5801477b3bd227f07 P 65aa3a16b3c640919a98ad1980a5db03 [term 2 FOLLOWER]: Raft consensus shutting down.
I20260630 12:15:56.151396 13477 raft_consensus.cc:2272] T db6fee4573e94be5801477b3bd227f07 P 65aa3a16b3c640919a98ad1980a5db03 [term 2 FOLLOWER]: Raft consensus is shut down!
I20260630 12:15:56.153095 13477 tablet_replica.cc:333] T 893be85c5fbf464d9845be9a5740d2d9 P 65aa3a16b3c640919a98ad1980a5db03: stopping tablet replica
I20260630 12:15:56.153533 13477 raft_consensus.cc:2243] T 893be85c5fbf464d9845be9a5740d2d9 P 65aa3a16b3c640919a98ad1980a5db03 [term 2 FOLLOWER]: Raft consensus shutting down.
I20260630 12:15:56.153941 13477 raft_consensus.cc:2272] T 893be85c5fbf464d9845be9a5740d2d9 P 65aa3a16b3c640919a98ad1980a5db03 [term 2 FOLLOWER]: Raft consensus is shut down!
I20260630 12:15:56.155419 13477 tablet_replica.cc:333] T 5e06e009999f44f79f2b7d46b781ef56 P 65aa3a16b3c640919a98ad1980a5db03: stopping tablet replica
I20260630 12:15:56.155844 13477 raft_consensus.cc:2243] T 5e06e009999f44f79f2b7d46b781ef56 P 65aa3a16b3c640919a98ad1980a5db03 [term 1 LEADER]: Raft consensus shutting down.
I20260630 12:15:56.156889 13477 pending_rounds.cc:70] T 5e06e009999f44f79f2b7d46b781ef56 P 65aa3a16b3c640919a98ad1980a5db03: Trying to abort 1 pending ops.
I20260630 12:15:56.157099 13477 pending_rounds.cc:77] T 5e06e009999f44f79f2b7d46b781ef56 P 65aa3a16b3c640919a98ad1980a5db03: Aborting op as it isn't in flight: id { term: 1 index: 3 } timestamp: 7302437908747386880 op_type: CHANGE_CONFIG_OP change_config_record { tablet_id: "5e06e009999f44f79f2b7d46b781ef56" old_config { opid_index: 2 OBSOLETE_local: false peers { permanent_uuid: "c85a2b3b48ec43cc9451e178d7299a21" member_type: VOTER last_known_addr { host: "127.13.41.65" port: 44601 } } peers { permanent_uuid: "0e0f22ba800c4a25a594682b547dab0c" member_type: VOTER last_known_addr { host: "127.13.41.66" port: 34075 } attrs { replace: true } } peers { permanent_uuid: "65aa3a16b3c640919a98ad1980a5db03" member_type: VOTER last_known_addr { host: "127.13.41.67" port: 39693 } } peers { permanent_uuid: "59605ab4c0324610803df05afe1037e1" member_type: NON_VOTER last_known_addr { host: "127.13.41.68" port: 36443 } attrs { promote: true } } } new_config { opid_index: 3 OBSOLETE_local: false peers { permanent_uuid: "c85a2b3b48ec43cc9451e178d7299a21" member_type: VOTER last_known_addr { host: "127.13.41.65" port: 44601 } } peers { permanent_uuid: "0e0f22ba800c4a25a594682b547dab0c" member_type: VOTER last_known_addr { host: "127.13.41.66" port: 34075 } attrs { replace: true } } peers { permanent_uuid: "65aa3a16b3c640919a98ad1980a5db03" member_type: VOTER last_known_addr { host: "127.13.41.67" port: 39693 } } peers { permanent_uuid: "59605ab4c0324610803df05afe1037e1" member_type: VOTER last_known_addr { host: "127.13.41.68" port: 36443 } attrs { promote: false } } } }
I20260630 12:15:56.157730 13477 raft_consensus.cc:2917] T 5e06e009999f44f79f2b7d46b781ef56 P 65aa3a16b3c640919a98ad1980a5db03 [term 1 LEADER]: Aborting config change with OpId 1.3: Aborted: Op aborted
I20260630 12:15:56.158013 13477 raft_consensus.cc:2889] T 5e06e009999f44f79f2b7d46b781ef56 P 65aa3a16b3c640919a98ad1980a5db03 [term 1 LEADER]: CHANGE_CONFIG_OP replication failed: Aborted: Op aborted
I20260630 12:15:56.158257 13477 raft_consensus.cc:2272] T 5e06e009999f44f79f2b7d46b781ef56 P 65aa3a16b3c640919a98ad1980a5db03 [term 1 FOLLOWER]: Raft consensus is shut down!
I20260630 12:15:56.177597 13477 tablet_server.cc:196] TabletServer@127.13.41.67:0 shutdown complete.
I20260630 12:15:56.196702 13477 tablet_server.cc:179] TabletServer@127.13.41.68:0 shutting down...
I20260630 12:15:56.226518 13477 ts_tablet_manager.cc:1507] Shutting down tablet manager...
I20260630 12:15:56.227268 13477 tablet_replica.cc:333] T cbeaaec442134a55a6975808ec1f7f1b P 59605ab4c0324610803df05afe1037e1: stopping tablet replica
I20260630 12:15:56.227934 13477 raft_consensus.cc:2243] T cbeaaec442134a55a6975808ec1f7f1b P 59605ab4c0324610803df05afe1037e1 [term 1 FOLLOWER]: Raft consensus shutting down.
I20260630 12:15:56.228369 13477 pending_rounds.cc:70] T cbeaaec442134a55a6975808ec1f7f1b P 59605ab4c0324610803df05afe1037e1: Trying to abort 1 pending ops.
I20260630 12:15:56.228615 13477 pending_rounds.cc:77] T cbeaaec442134a55a6975808ec1f7f1b P 59605ab4c0324610803df05afe1037e1: Aborting op as it isn't in flight: id { term: 1 index: 3 } timestamp: 7302437909276909568 op_type: CHANGE_CONFIG_OP change_config_record { tablet_id: "cbeaaec442134a55a6975808ec1f7f1b" old_config { opid_index: 2 OBSOLETE_local: false peers { permanent_uuid: "c85a2b3b48ec43cc9451e178d7299a21" member_type: VOTER last_known_addr { host: "127.13.41.65" port: 44601 } attrs { replace: true } } peers { permanent_uuid: "0e0f22ba800c4a25a594682b547dab0c" member_type: VOTER last_known_addr { host: "127.13.41.66" port: 34075 } } peers { permanent_uuid: "65aa3a16b3c640919a98ad1980a5db03" member_type: VOTER last_known_addr { host: "127.13.41.67" port: 39693 } } peers { permanent_uuid: "59605ab4c0324610803df05afe1037e1" member_type: NON_VOTER last_known_addr { host: "127.13.41.68" port: 36443 } attrs { promote: true } } } new_config { opid_index: 3 OBSOLETE_local: false peers { permanent_uuid: "c85a2b3b48ec43cc9451e178d7299a21" member_type: VOTER last_known_addr { host: "127.13.41.65" port: 44601 } attrs { replace: true } } peers { permanent_uuid: "0e0f22ba800c4a25a594682b547dab0c" member_type: VOTER last_known_addr { host: "127.13.41.66" port: 34075 } } peers { permanent_uuid: "65aa3a16b3c640919a98ad1980a5db03" member_type: VOTER last_known_addr { host: "127.13.41.67" port: 39693 } } peers { permanent_uuid: "59605ab4c0324610803df05afe1037e1" member_type: VOTER last_known_addr { host: "127.13.41.68" port: 36443 } attrs { promote: false } } } }
I20260630 12:15:56.229607 13477 raft_consensus.cc:2917] T cbeaaec442134a55a6975808ec1f7f1b P 59605ab4c0324610803df05afe1037e1 [term 1 FOLLOWER]: Aborting config change with OpId 1.3: Aborted: Op aborted
I20260630 12:15:56.229969 13477 raft_consensus.cc:2889] T cbeaaec442134a55a6975808ec1f7f1b P 59605ab4c0324610803df05afe1037e1 [term 1 LEARNER]: CHANGE_CONFIG_OP replication failed: Aborted: Op aborted
I20260630 12:15:56.230293 13477 raft_consensus.cc:2272] T cbeaaec442134a55a6975808ec1f7f1b P 59605ab4c0324610803df05afe1037e1 [term 1 LEARNER]: Raft consensus is shut down!
I20260630 12:15:56.232448 13477 tablet_replica.cc:333] T 5e06e009999f44f79f2b7d46b781ef56 P 59605ab4c0324610803df05afe1037e1: stopping tablet replica
I20260630 12:15:56.233080 13477 raft_consensus.cc:2243] T 5e06e009999f44f79f2b7d46b781ef56 P 59605ab4c0324610803df05afe1037e1 [term 1 FOLLOWER]: Raft consensus shutting down.
I20260630 12:15:56.233475 13477 pending_rounds.cc:70] T 5e06e009999f44f79f2b7d46b781ef56 P 59605ab4c0324610803df05afe1037e1: Trying to abort 1 pending ops.
I20260630 12:15:56.233678 13477 pending_rounds.cc:77] T 5e06e009999f44f79f2b7d46b781ef56 P 59605ab4c0324610803df05afe1037e1: Aborting op as it isn't in flight: id { term: 1 index: 3 } timestamp: 7302437908747386880 op_type: CHANGE_CONFIG_OP change_config_record { tablet_id: "5e06e009999f44f79f2b7d46b781ef56" old_config { opid_index: 2 OBSOLETE_local: false peers { permanent_uuid: "c85a2b3b48ec43cc9451e178d7299a21" member_type: VOTER last_known_addr { host: "127.13.41.65" port: 44601 } } peers { permanent_uuid: "0e0f22ba800c4a25a594682b547dab0c" member_type: VOTER last_known_addr { host: "127.13.41.66" port: 34075 } attrs { replace: true } } peers { permanent_uuid: "65aa3a16b3c640919a98ad1980a5db03" member_type: VOTER last_known_addr { host: "127.13.41.67" port: 39693 } } peers { permanent_uuid: "59605ab4c0324610803df05afe1037e1" member_type: NON_VOTER last_known_addr { host: "127.13.41.68" port: 36443 } attrs { promote: true } } } new_config { opid_index: 3 OBSOLETE_local: false peers { permanent_uuid: "c85a2b3b48ec43cc9451e178d7299a21" member_type: VOTER last_known_addr { host: "127.13.41.65" port: 44601 } } peers { permanent_uuid: "0e0f22ba800c4a25a594682b547dab0c" member_type: VOTER last_known_addr { host: "127.13.41.66" port: 34075 } attrs { replace: true } } peers { permanent_uuid: "65aa3a16b3c640919a98ad1980a5db03" member_type: VOTER last_known_addr { host: "127.13.41.67" port: 39693 } } peers { permanent_uuid: "59605ab4c0324610803df05afe1037e1" member_type: VOTER last_known_addr { host: "127.13.41.68" port: 36443 } attrs { promote: false } } } }
I20260630 12:15:56.234632 13477 raft_consensus.cc:2917] T 5e06e009999f44f79f2b7d46b781ef56 P 59605ab4c0324610803df05afe1037e1 [term 1 FOLLOWER]: Aborting config change with OpId 1.3: Aborted: Op aborted
I20260630 12:15:56.234987 13477 raft_consensus.cc:2889] T 5e06e009999f44f79f2b7d46b781ef56 P 59605ab4c0324610803df05afe1037e1 [term 1 LEARNER]: CHANGE_CONFIG_OP replication failed: Aborted: Op aborted
I20260630 12:15:56.235333 13477 raft_consensus.cc:2272] T 5e06e009999f44f79f2b7d46b781ef56 P 59605ab4c0324610803df05afe1037e1 [term 1 LEARNER]: Raft consensus is shut down!
I20260630 12:15:56.237498 13477 tablet_replica.cc:333] T 893be85c5fbf464d9845be9a5740d2d9 P 59605ab4c0324610803df05afe1037e1: stopping tablet replica
I20260630 12:15:56.238085 13477 raft_consensus.cc:2243] T 893be85c5fbf464d9845be9a5740d2d9 P 59605ab4c0324610803df05afe1037e1 [term 2 LEARNER]: Raft consensus shutting down.
I20260630 12:15:56.238513 13477 raft_consensus.cc:2272] T 893be85c5fbf464d9845be9a5740d2d9 P 59605ab4c0324610803df05afe1037e1 [term 2 LEARNER]: Raft consensus is shut down!
I20260630 12:15:56.263543 13477 tablet_server.cc:196] TabletServer@127.13.41.68:0 shutdown complete.
I20260630 12:15:56.277779 13477 master.cc:562] Master@127.13.41.126:42903 shutting down...
W20260630 12:15:56.300806 14088 auto_rebalancer.cc:340] scheduled replica move failed to complete: Service unavailable: Catalog manager is not initialized. State: Closing
I20260630 12:15:56.301870 13477 raft_consensus.cc:2243] T 00000000000000000000000000000000 P 842bf29ba52a49a7916f98c331bce1a4 [term 1 LEADER]: Raft consensus shutting down.
I20260630 12:15:56.302345 13477 raft_consensus.cc:2272] T 00000000000000000000000000000000 P 842bf29ba52a49a7916f98c331bce1a4 [term 1 FOLLOWER]: Raft consensus is shut down!
I20260630 12:15:56.302645 13477 tablet_replica.cc:333] T 00000000000000000000000000000000 P 842bf29ba52a49a7916f98c331bce1a4: stopping tablet replica
I20260630 12:15:56.321033 13477 master.cc:584] Master@127.13.41.126:42903 shutdown complete.
[       OK ] AutoRebalancerTest.AutoRebalancingTurnOffAndOn (11022 ms)
[ RUN      ] AutoRebalancerTest.NextLeaderResumesAutoRebalancing
I20260630 12:15:56.360303 13477 internal_mini_cluster.cc:156] Creating distributed mini masters. Addrs: 127.13.41.126:35857,127.13.41.125:40447,127.13.41.124:40333
I20260630 12:15:56.361671 13477 file_cache.cc:492] Constructed file cache file cache with capacity 419430
W20260630 12:15:56.367282 14584 instance_detector.cc:116] could not retrieve AWS instance metadata: Network error: curl error: HTTP response code said error: The requested URL returned error: 404
W20260630 12:15:56.367988 14585 instance_detector.cc:116] could not retrieve Azure instance metadata: Network error: curl error: HTTP response code said error: The requested URL returned error: 404
W20260630 12:15:56.368556 14587 instance_detector.cc:116] could not retrieve OpenStack instance metadata: Network error: curl error: HTTP response code said error: The requested URL returned error: 404
I20260630 12:15:56.369077 13477 server_base.cc:1061] running on GCE node
I20260630 12:15:56.369997 13477 hybrid_clock.cc:584] initializing the hybrid clock with 'system_unsync' time source
W20260630 12:15:56.370194 13477 system_unsync_time.cc:38] NTP support is disabled. Clock error bounds will not be accurate. This configuration is not suitable for distributed clusters.
I20260630 12:15:56.370316 13477 hybrid_clock.cc:648] HybridClock initialized: now 1782821756370304 us; error 0 us; skew 500 ppm
I20260630 12:15:56.370775 13477 server_base.cc:861] Flag tcmalloc_max_total_thread_cache_bytes is not working since tcmalloc is not enabled.
I20260630 12:15:56.373245 13477 webserver.cc:533] Webserver started at http://127.13.41.126:38357/ using document root <none> and password file <none>
I20260630 12:15:56.373724 13477 fs_manager.cc:362] Metadata directory not provided
I20260630 12:15:56.373880 13477 fs_manager.cc:368] Using write-ahead log directory (fs_wal_dir) as metadata directory
I20260630 12:15:56.374126 13477 server_base.cc:909] This appears to be a new deployment of Kudu; creating new FS layout
I20260630 12:15:56.375229 13477 fs_manager.cc:1068] Generated new instance metadata in path /tmp/dist-test-taskyYJraN/test-tmp/auto_rebalancer-test.0.AutoRebalancerTest.NextLeaderResumesAutoRebalancing.1782821738137168-13477-0/minicluster-data/master-0-root/instance:
uuid: "b0ed0cd30fd242f5b7dbd4414452c301"
format_stamp: "Formatted at 2026-06-30 12:15:56 on dist-test-slave-w3p3"
I20260630 12:15:56.380147 13477 fs_manager.cc:696] Time spent creating directory manager: real 0.004s	user 0.006s	sys 0.000s
I20260630 12:15:56.383456 14592 log_block_manager.cc:4031] Time spent loading block containers with low live blocks: real 0.000s	user 0.000s	sys 0.000s
I20260630 12:15:56.384222 13477 fs_manager.cc:730] Time spent opening block manager: real 0.002s	user 0.002s	sys 0.000s
I20260630 12:15:56.384457 13477 fs_manager.cc:647] Opened local filesystem: /tmp/dist-test-taskyYJraN/test-tmp/auto_rebalancer-test.0.AutoRebalancerTest.NextLeaderResumesAutoRebalancing.1782821738137168-13477-0/minicluster-data/master-0-root
uuid: "b0ed0cd30fd242f5b7dbd4414452c301"
format_stamp: "Formatted at 2026-06-30 12:15:56 on dist-test-slave-w3p3"
I20260630 12:15:56.384766 13477 fs_report.cc:389] FS layout report
--------------------
wal directory: /tmp/dist-test-taskyYJraN/test-tmp/auto_rebalancer-test.0.AutoRebalancerTest.NextLeaderResumesAutoRebalancing.1782821738137168-13477-0/minicluster-data/master-0-root
metadata directory: /tmp/dist-test-taskyYJraN/test-tmp/auto_rebalancer-test.0.AutoRebalancerTest.NextLeaderResumesAutoRebalancing.1782821738137168-13477-0/minicluster-data/master-0-root
1 data directories: /tmp/dist-test-taskyYJraN/test-tmp/auto_rebalancer-test.0.AutoRebalancerTest.NextLeaderResumesAutoRebalancing.1782821738137168-13477-0/minicluster-data/master-0-root/data
Total live blocks: 0
Total live bytes: 0
Total live bytes (after alignment): 0
Total number of LBM containers: 0 (0 full)
Did not check for missing blocks
Did not check for orphaned blocks
Total full LBM containers with extra space: 0 (0 repaired)
Total full LBM container extra space in bytes: 0 (0 repaired)
Total incomplete LBM containers: 0 (0 repaired)
Total LBM partial records: 0 (0 repaired)
Total corrupted LBM metadata records in RocksDB: 0 (0 repaired)
I20260630 12:15:56.415088 13477 rpc_server.cc:225] running with OpenSSL 1.1.1  11 Sep 2018
I20260630 12:15:56.416337 13477 kserver.cc:163] Server-wide thread pool size limit: 3276
I20260630 12:15:56.455749 13477 rpc_server.cc:307] RPC server started. Bound to: 127.13.41.126:35857
I20260630 12:15:56.455886 14643 acceptor_pool.cc:272] collecting diagnostics on the listening RPC socket 127.13.41.126:35857 every 8 connection(s)
I20260630 12:15:56.459969 14644 data_dirs.cc:400] Could only allocate 1 dirs of requested 3 for tablet 00000000000000000000000000000000. 1 dirs total, 0 dirs full, 0 dirs failed
I20260630 12:15:56.460219 13477 file_cache.cc:492] Constructed file cache file cache with capacity 419430
W20260630 12:15:56.465562 14646 instance_detector.cc:116] could not retrieve AWS instance metadata: Network error: curl error: HTTP response code said error: The requested URL returned error: 404
W20260630 12:15:56.466692 14647 instance_detector.cc:116] could not retrieve Azure instance metadata: Network error: curl error: HTTP response code said error: The requested URL returned error: 404
I20260630 12:15:56.470017 14644 sys_catalog.cc:422] member_type: VOTER last_known_addr { host: "127.13.41.126" port: 35857 } has no permanent_uuid. Determining permanent_uuid...
W20260630 12:15:56.470363 14649 instance_detector.cc:116] could not retrieve OpenStack instance metadata: Network error: curl error: HTTP response code said error: The requested URL returned error: 404
I20260630 12:15:56.470450 13477 server_base.cc:1061] running on GCE node
I20260630 12:15:56.471730 13477 hybrid_clock.cc:584] initializing the hybrid clock with 'system_unsync' time source
W20260630 12:15:56.472002 13477 system_unsync_time.cc:38] NTP support is disabled. Clock error bounds will not be accurate. This configuration is not suitable for distributed clusters.
I20260630 12:15:56.472226 13477 hybrid_clock.cc:648] HybridClock initialized: now 1782821756472201 us; error 0 us; skew 500 ppm
I20260630 12:15:56.473031 13477 server_base.cc:861] Flag tcmalloc_max_total_thread_cache_bytes is not working since tcmalloc is not enabled.
I20260630 12:15:56.476199 13477 webserver.cc:533] Webserver started at http://127.13.41.125:34999/ using document root <none> and password file <none>
I20260630 12:15:56.476902 13477 fs_manager.cc:362] Metadata directory not provided
I20260630 12:15:56.477180 13477 fs_manager.cc:368] Using write-ahead log directory (fs_wal_dir) as metadata directory
I20260630 12:15:56.477479 13477 server_base.cc:909] This appears to be a new deployment of Kudu; creating new FS layout
I20260630 12:15:56.478459 13477 fs_manager.cc:1068] Generated new instance metadata in path /tmp/dist-test-taskyYJraN/test-tmp/auto_rebalancer-test.0.AutoRebalancerTest.NextLeaderResumesAutoRebalancing.1782821738137168-13477-0/minicluster-data/master-1-root/instance:
uuid: "45d7da1bf3d141dba820c17cc9034eb1"
format_stamp: "Formatted at 2026-06-30 12:15:56 on dist-test-slave-w3p3"
I20260630 12:15:56.484493 13477 fs_manager.cc:696] Time spent creating directory manager: real 0.005s	user 0.007s	sys 0.000s
I20260630 12:15:56.484762 14644 sys_catalog.cc:422] member_type: VOTER last_known_addr { host: "127.13.41.125" port: 40447 } has no permanent_uuid. Determining permanent_uuid...
I20260630 12:15:56.490152 14657 log_block_manager.cc:4031] Time spent loading block containers with low live blocks: real 0.000s	user 0.000s	sys 0.000s
I20260630 12:15:56.491065 13477 fs_manager.cc:730] Time spent opening block manager: real 0.004s	user 0.000s	sys 0.002s
I20260630 12:15:56.491360 13477 fs_manager.cc:647] Opened local filesystem: /tmp/dist-test-taskyYJraN/test-tmp/auto_rebalancer-test.0.AutoRebalancerTest.NextLeaderResumesAutoRebalancing.1782821738137168-13477-0/minicluster-data/master-1-root
uuid: "45d7da1bf3d141dba820c17cc9034eb1"
format_stamp: "Formatted at 2026-06-30 12:15:56 on dist-test-slave-w3p3"
W20260630 12:15:56.491847 14644 consensus_peers.cc:760] Error getting permanent uuid from config peer 127.13.41.125:40447: Network error: Client connection negotiation failed: client connection to 127.13.41.125:40447: connect: Connection refused (error 111)
I20260630 12:15:56.491597 13477 fs_report.cc:389] FS layout report
--------------------
wal directory: /tmp/dist-test-taskyYJraN/test-tmp/auto_rebalancer-test.0.AutoRebalancerTest.NextLeaderResumesAutoRebalancing.1782821738137168-13477-0/minicluster-data/master-1-root
metadata directory: /tmp/dist-test-taskyYJraN/test-tmp/auto_rebalancer-test.0.AutoRebalancerTest.NextLeaderResumesAutoRebalancing.1782821738137168-13477-0/minicluster-data/master-1-root
1 data directories: /tmp/dist-test-taskyYJraN/test-tmp/auto_rebalancer-test.0.AutoRebalancerTest.NextLeaderResumesAutoRebalancing.1782821738137168-13477-0/minicluster-data/master-1-root/data
Total live blocks: 0
Total live bytes: 0
Total live bytes (after alignment): 0
Total number of LBM containers: 0 (0 full)
Did not check for missing blocks
Did not check for orphaned blocks
Total full LBM containers with extra space: 0 (0 repaired)
Total full LBM container extra space in bytes: 0 (0 repaired)
Total incomplete LBM containers: 0 (0 repaired)
Total LBM partial records: 0 (0 repaired)
Total corrupted LBM metadata records in RocksDB: 0 (0 repaired)
I20260630 12:15:56.518460 13477 rpc_server.cc:225] running with OpenSSL 1.1.1  11 Sep 2018
I20260630 12:15:56.519659 13477 kserver.cc:163] Server-wide thread pool size limit: 3276
I20260630 12:15:56.545344 14644 consensus_peers.cc:770] Retrying to get permanent uuid for remote peer: member_type: VOTER last_known_addr { host: "127.13.41.125" port: 40447 } attempt: 1
W20260630 12:15:56.551250 14644 consensus_peers.cc:760] Error getting permanent uuid from config peer 127.13.41.125:40447: Network error: Client connection negotiation failed: client connection to 127.13.41.125:40447: connect: Connection refused (error 111)
I20260630 12:15:56.561340 13477 rpc_server.cc:307] RPC server started. Bound to: 127.13.41.125:40447
I20260630 12:15:56.561444 14708 acceptor_pool.cc:272] collecting diagnostics on the listening RPC socket 127.13.41.125:40447 every 8 connection(s)
I20260630 12:15:56.565282 14709 data_dirs.cc:400] Could only allocate 1 dirs of requested 3 for tablet 00000000000000000000000000000000. 1 dirs total, 0 dirs full, 0 dirs failed
I20260630 12:15:56.565594 13477 file_cache.cc:492] Constructed file cache file cache with capacity 419430
W20260630 12:15:56.571449 14711 instance_detector.cc:116] could not retrieve AWS instance metadata: Network error: curl error: HTTP response code said error: The requested URL returned error: 404
W20260630 12:15:56.571870 14712 instance_detector.cc:116] could not retrieve Azure instance metadata: Network error: curl error: HTTP response code said error: The requested URL returned error: 404
I20260630 12:15:56.573442 14709 sys_catalog.cc:422] member_type: VOTER last_known_addr { host: "127.13.41.126" port: 35857 } has no permanent_uuid. Determining permanent_uuid...
W20260630 12:15:56.574851 14714 instance_detector.cc:116] could not retrieve OpenStack instance metadata: Network error: curl error: HTTP response code said error: The requested URL returned error: 404
I20260630 12:15:56.576457 13477 server_base.cc:1061] running on GCE node
I20260630 12:15:56.577549 13477 hybrid_clock.cc:584] initializing the hybrid clock with 'system_unsync' time source
W20260630 12:15:56.577778 13477 system_unsync_time.cc:38] NTP support is disabled. Clock error bounds will not be accurate. This configuration is not suitable for distributed clusters.
I20260630 12:15:56.577955 13477 hybrid_clock.cc:648] HybridClock initialized: now 1782821756577933 us; error 0 us; skew 500 ppm
I20260630 12:15:56.578627 13477 server_base.cc:861] Flag tcmalloc_max_total_thread_cache_bytes is not working since tcmalloc is not enabled.
I20260630 12:15:56.581334 13477 webserver.cc:533] Webserver started at http://127.13.41.124:45369/ using document root <none> and password file <none>
I20260630 12:15:56.581941 13477 fs_manager.cc:362] Metadata directory not provided
I20260630 12:15:56.582166 13477 fs_manager.cc:368] Using write-ahead log directory (fs_wal_dir) as metadata directory
I20260630 12:15:56.582486 13477 server_base.cc:909] This appears to be a new deployment of Kudu; creating new FS layout
I20260630 12:15:56.583884 13477 fs_manager.cc:1068] Generated new instance metadata in path /tmp/dist-test-taskyYJraN/test-tmp/auto_rebalancer-test.0.AutoRebalancerTest.NextLeaderResumesAutoRebalancing.1782821738137168-13477-0/minicluster-data/master-2-root/instance:
uuid: "e92759de5b3d4627ba667041e278f23c"
format_stamp: "Formatted at 2026-06-30 12:15:56 on dist-test-slave-w3p3"
I20260630 12:15:56.586798 14709 sys_catalog.cc:422] member_type: VOTER last_known_addr { host: "127.13.41.125" port: 40447 } has no permanent_uuid. Determining permanent_uuid...
I20260630 12:15:56.589318 13477 fs_manager.cc:696] Time spent creating directory manager: real 0.005s	user 0.007s	sys 0.000s
I20260630 12:15:56.593840 14721 log_block_manager.cc:4031] Time spent loading block containers with low live blocks: real 0.000s	user 0.000s	sys 0.000s
I20260630 12:15:56.594913 13477 fs_manager.cc:730] Time spent opening block manager: real 0.003s	user 0.000s	sys 0.004s
I20260630 12:15:56.595233 13477 fs_manager.cc:647] Opened local filesystem: /tmp/dist-test-taskyYJraN/test-tmp/auto_rebalancer-test.0.AutoRebalancerTest.NextLeaderResumesAutoRebalancing.1782821738137168-13477-0/minicluster-data/master-2-root
uuid: "e92759de5b3d4627ba667041e278f23c"
format_stamp: "Formatted at 2026-06-30 12:15:56 on dist-test-slave-w3p3"
I20260630 12:15:56.595549 13477 fs_report.cc:389] FS layout report
--------------------
wal directory: /tmp/dist-test-taskyYJraN/test-tmp/auto_rebalancer-test.0.AutoRebalancerTest.NextLeaderResumesAutoRebalancing.1782821738137168-13477-0/minicluster-data/master-2-root
metadata directory: /tmp/dist-test-taskyYJraN/test-tmp/auto_rebalancer-test.0.AutoRebalancerTest.NextLeaderResumesAutoRebalancing.1782821738137168-13477-0/minicluster-data/master-2-root
1 data directories: /tmp/dist-test-taskyYJraN/test-tmp/auto_rebalancer-test.0.AutoRebalancerTest.NextLeaderResumesAutoRebalancing.1782821738137168-13477-0/minicluster-data/master-2-root/data
Total live blocks: 0
Total live bytes: 0
Total live bytes (after alignment): 0
Total number of LBM containers: 0 (0 full)
Did not check for missing blocks
Did not check for orphaned blocks
Total full LBM containers with extra space: 0 (0 repaired)
Total full LBM container extra space in bytes: 0 (0 repaired)
Total incomplete LBM containers: 0 (0 repaired)
Total LBM partial records: 0 (0 repaired)
Total corrupted LBM metadata records in RocksDB: 0 (0 repaired)
