dest_uuid: "cab90c16f3ac4861b6a90a5d29a024db"
mode: GRACEFUL
new_leader_uuid: "0801d9e91d17404695b7dfbc40a127e1"
 from {username='slave'} at 127.0.0.1:46848
I20260630 12:15:45.640305 14403 raft_consensus.cc:606] T 079ace86de5843b8a8ecab6d6eadfe84 P cab90c16f3ac4861b6a90a5d29a024db [term 1 LEADER]: Received request to transfer leadership to TS 0801d9e91d17404695b7dfbc40a127e1
I20260630 12:15:45.642980 14403 tablet_service.cc:2072] Received LeaderStepDown RPC: tablet_id: "5426c4cd907b4f3c940f3b38eca1b1cb"
dest_uuid: "cab90c16f3ac4861b6a90a5d29a024db"
mode: GRACEFUL
new_leader_uuid: "0801d9e91d17404695b7dfbc40a127e1"
 from {username='slave'} at 127.0.0.1:46848
I20260630 12:15:45.643474 14403 raft_consensus.cc:606] T 5426c4cd907b4f3c940f3b38eca1b1cb P cab90c16f3ac4861b6a90a5d29a024db [term 1 LEADER]: Received request to transfer leadership to TS 0801d9e91d17404695b7dfbc40a127e1
I20260630 12:15:45.644605 14205 auto_leader_rebalancer.cc:440] table: test-workload, leader rebalance finish, leader transfer count: 2
I20260630 12:15:45.645102 14205 auto_leader_rebalancer.cc:515] All tables' leader rebalancing finished this round
I20260630 12:15:45.790102 14454 raft_consensus.cc:993] T 5426c4cd907b4f3c940f3b38eca1b1cb P cab90c16f3ac4861b6a90a5d29a024db: : Instructing follower 0801d9e91d17404695b7dfbc40a127e1 to start an election
I20260630 12:15:45.790669 14454 raft_consensus.cc:1081] T 5426c4cd907b4f3c940f3b38eca1b1cb P cab90c16f3ac4861b6a90a5d29a024db [term 1 LEADER]: Signalling peer 0801d9e91d17404695b7dfbc40a127e1 to start an election
I20260630 12:15:45.792479 14253 tablet_service.cc:2044] Received Run Leader Election RPC: tablet_id: "5426c4cd907b4f3c940f3b38eca1b1cb"
dest_uuid: "0801d9e91d17404695b7dfbc40a127e1"
 from {username='slave'} at 127.0.0.1:35198
I20260630 12:15:45.793051 14253 raft_consensus.cc:493] T 5426c4cd907b4f3c940f3b38eca1b1cb P 0801d9e91d17404695b7dfbc40a127e1 [term 1 FOLLOWER]: Starting forced leader election (received explicit request)
I20260630 12:15:45.793398 14253 raft_consensus.cc:3060] T 5426c4cd907b4f3c940f3b38eca1b1cb P 0801d9e91d17404695b7dfbc40a127e1 [term 1 FOLLOWER]: Advancing to term 2
I20260630 12:15:45.799147 14253 raft_consensus.cc:515] T 5426c4cd907b4f3c940f3b38eca1b1cb P 0801d9e91d17404695b7dfbc40a127e1 [term 2 FOLLOWER]: Starting forced leader election with config: opid_index: -1 OBSOLETE_local: false peers { permanent_uuid: "0801d9e91d17404695b7dfbc40a127e1" member_type: VOTER last_known_addr { host: "127.13.69.1" port: 35095 } } peers { permanent_uuid: "6ebee6d10fe54e7a90836cac43136072" member_type: VOTER last_known_addr { host: "127.13.69.2" port: 33273 } } peers { permanent_uuid: "cab90c16f3ac4861b6a90a5d29a024db" member_type: VOTER last_known_addr { host: "127.13.69.3" port: 36763 } }
I20260630 12:15:45.800997 14253 leader_election.cc:290] T 5426c4cd907b4f3c940f3b38eca1b1cb P 0801d9e91d17404695b7dfbc40a127e1 [CANDIDATE]: Term 2 election: Requested vote from peers 6ebee6d10fe54e7a90836cac43136072 (127.13.69.2:33273), cab90c16f3ac4861b6a90a5d29a024db (127.13.69.3:36763)
I20260630 12:15:45.802211 14328 tablet_service.cc:1917] Received RequestConsensusVote() RPC: tablet_id: "5426c4cd907b4f3c940f3b38eca1b1cb" candidate_uuid: "0801d9e91d17404695b7dfbc40a127e1" candidate_term: 2 candidate_status { last_received { term: 1 index: 1 } } ignore_live_leader: true dest_uuid: "6ebee6d10fe54e7a90836cac43136072"
I20260630 12:15:45.802531 14403 tablet_service.cc:1917] Received RequestConsensusVote() RPC: tablet_id: "5426c4cd907b4f3c940f3b38eca1b1cb" candidate_uuid: "0801d9e91d17404695b7dfbc40a127e1" candidate_term: 2 candidate_status { last_received { term: 1 index: 1 } } ignore_live_leader: true dest_uuid: "cab90c16f3ac4861b6a90a5d29a024db"
I20260630 12:15:45.803125 14328 raft_consensus.cc:3060] T 5426c4cd907b4f3c940f3b38eca1b1cb P 6ebee6d10fe54e7a90836cac43136072 [term 1 FOLLOWER]: Advancing to term 2
I20260630 12:15:45.803207 14403 raft_consensus.cc:3055] T 5426c4cd907b4f3c940f3b38eca1b1cb P cab90c16f3ac4861b6a90a5d29a024db [term 1 LEADER]: Stepping down as leader of term 1
I20260630 12:15:45.803645 14403 raft_consensus.cc:740] T 5426c4cd907b4f3c940f3b38eca1b1cb P cab90c16f3ac4861b6a90a5d29a024db [term 1 LEADER]: Becoming Follower/Learner. State: Replica: cab90c16f3ac4861b6a90a5d29a024db, State: Running, Role: LEADER
I20260630 12:15:45.804423 14403 consensus_queue.cc:260] T 5426c4cd907b4f3c940f3b38eca1b1cb P cab90c16f3ac4861b6a90a5d29a024db [NON_LEADER]: Queue going to NON_LEADER mode. State: All replicated index: 0, Majority replicated index: 1, Committed index: 1, Last appended: 1.1, Last appended by leader: 1, Current term: 1, Majority size: -1, State: 0, Mode: NON_LEADER, active raft config: opid_index: -1 OBSOLETE_local: false peers { permanent_uuid: "0801d9e91d17404695b7dfbc40a127e1" member_type: VOTER last_known_addr { host: "127.13.69.1" port: 35095 } } peers { permanent_uuid: "6ebee6d10fe54e7a90836cac43136072" member_type: VOTER last_known_addr { host: "127.13.69.2" port: 33273 } } peers { permanent_uuid: "cab90c16f3ac4861b6a90a5d29a024db" member_type: VOTER last_known_addr { host: "127.13.69.3" port: 36763 } }
I20260630 12:15:45.805743 14403 raft_consensus.cc:3060] T 5426c4cd907b4f3c940f3b38eca1b1cb P cab90c16f3ac4861b6a90a5d29a024db [term 1 FOLLOWER]: Advancing to term 2
I20260630 12:15:45.808802 14328 raft_consensus.cc:2468] T 5426c4cd907b4f3c940f3b38eca1b1cb P 6ebee6d10fe54e7a90836cac43136072 [term 2 FOLLOWER]: Leader election vote request: Granting yes vote for candidate 0801d9e91d17404695b7dfbc40a127e1 in term 2.
I20260630 12:15:45.810166 14219 leader_election.cc:304] T 5426c4cd907b4f3c940f3b38eca1b1cb P 0801d9e91d17404695b7dfbc40a127e1 [CANDIDATE]: Term 2 election: Election decided. Result: candidate won. Election summary: received 2 responses out of 3 voters: 2 yes votes; 0 no votes. yes voters: 0801d9e91d17404695b7dfbc40a127e1, 6ebee6d10fe54e7a90836cac43136072; no voters: 
I20260630 12:15:45.811139 14601 raft_consensus.cc:2804] T 5426c4cd907b4f3c940f3b38eca1b1cb P 0801d9e91d17404695b7dfbc40a127e1 [term 2 FOLLOWER]: Leader election won for term 2
I20260630 12:15:45.812263 14601 raft_consensus.cc:697] T 5426c4cd907b4f3c940f3b38eca1b1cb P 0801d9e91d17404695b7dfbc40a127e1 [term 2 LEADER]: Becoming Leader. State: Replica: 0801d9e91d17404695b7dfbc40a127e1, State: Running, Role: LEADER
I20260630 12:15:45.812407 14403 raft_consensus.cc:2468] T 5426c4cd907b4f3c940f3b38eca1b1cb P cab90c16f3ac4861b6a90a5d29a024db [term 2 FOLLOWER]: Leader election vote request: Granting yes vote for candidate 0801d9e91d17404695b7dfbc40a127e1 in term 2.
I20260630 12:15:45.813333 14601 consensus_queue.cc:237] T 5426c4cd907b4f3c940f3b38eca1b1cb P 0801d9e91d17404695b7dfbc40a127e1 [LEADER]: Queue going to LEADER mode. State: All replicated index: 0, Majority replicated index: 1, Committed index: 1, Last appended: 1.1, Last appended by leader: 1, Current term: 2, Majority size: 2, State: 0, Mode: LEADER, active raft config: opid_index: -1 OBSOLETE_local: false peers { permanent_uuid: "0801d9e91d17404695b7dfbc40a127e1" member_type: VOTER last_known_addr { host: "127.13.69.1" port: 35095 } } peers { permanent_uuid: "6ebee6d10fe54e7a90836cac43136072" member_type: VOTER last_known_addr { host: "127.13.69.2" port: 33273 } } peers { permanent_uuid: "cab90c16f3ac4861b6a90a5d29a024db" member_type: VOTER last_known_addr { host: "127.13.69.3" port: 36763 } }
I20260630 12:15:45.820677 14150 catalog_manager.cc:5697] T 5426c4cd907b4f3c940f3b38eca1b1cb P 0801d9e91d17404695b7dfbc40a127e1 reported cstate change: term changed from 1 to 2, leader changed from cab90c16f3ac4861b6a90a5d29a024db (127.13.69.3) to 0801d9e91d17404695b7dfbc40a127e1 (127.13.69.1). New cstate: current_term: 2 leader_uuid: "0801d9e91d17404695b7dfbc40a127e1" committed_config { opid_index: -1 OBSOLETE_local: false peers { permanent_uuid: "0801d9e91d17404695b7dfbc40a127e1" member_type: VOTER last_known_addr { host: "127.13.69.1" port: 35095 } health_report { overall_health: HEALTHY } } peers { permanent_uuid: "6ebee6d10fe54e7a90836cac43136072" member_type: VOTER last_known_addr { host: "127.13.69.2" port: 33273 } health_report { overall_health: UNKNOWN } } peers { permanent_uuid: "cab90c16f3ac4861b6a90a5d29a024db" member_type: VOTER last_known_addr { host: "127.13.69.3" port: 36763 } health_report { overall_health: UNKNOWN } } }
I20260630 12:15:45.857894 14604 raft_consensus.cc:993] T 079ace86de5843b8a8ecab6d6eadfe84 P cab90c16f3ac4861b6a90a5d29a024db: : Instructing follower 0801d9e91d17404695b7dfbc40a127e1 to start an election
I20260630 12:15:45.858395 14454 raft_consensus.cc:1081] T 079ace86de5843b8a8ecab6d6eadfe84 P cab90c16f3ac4861b6a90a5d29a024db [term 1 LEADER]: Signalling peer 0801d9e91d17404695b7dfbc40a127e1 to start an election
I20260630 12:15:45.859910 14253 tablet_service.cc:2044] Received Run Leader Election RPC: tablet_id: "079ace86de5843b8a8ecab6d6eadfe84"
dest_uuid: "0801d9e91d17404695b7dfbc40a127e1"
 from {username='slave'} at 127.0.0.1:35198
I20260630 12:15:45.860430 14253 raft_consensus.cc:493] T 079ace86de5843b8a8ecab6d6eadfe84 P 0801d9e91d17404695b7dfbc40a127e1 [term 1 FOLLOWER]: Starting forced leader election (received explicit request)
I20260630 12:15:45.860680 14253 raft_consensus.cc:3060] T 079ace86de5843b8a8ecab6d6eadfe84 P 0801d9e91d17404695b7dfbc40a127e1 [term 1 FOLLOWER]: Advancing to term 2
I20260630 12:15:45.864990 14253 raft_consensus.cc:515] T 079ace86de5843b8a8ecab6d6eadfe84 P 0801d9e91d17404695b7dfbc40a127e1 [term 2 FOLLOWER]: Starting forced leader election with config: opid_index: -1 OBSOLETE_local: false peers { permanent_uuid: "0801d9e91d17404695b7dfbc40a127e1" member_type: VOTER last_known_addr { host: "127.13.69.1" port: 35095 } } peers { permanent_uuid: "6ebee6d10fe54e7a90836cac43136072" member_type: VOTER last_known_addr { host: "127.13.69.2" port: 33273 } } peers { permanent_uuid: "cab90c16f3ac4861b6a90a5d29a024db" member_type: VOTER last_known_addr { host: "127.13.69.3" port: 36763 } }
I20260630 12:15:45.866600 14253 leader_election.cc:290] T 079ace86de5843b8a8ecab6d6eadfe84 P 0801d9e91d17404695b7dfbc40a127e1 [CANDIDATE]: Term 2 election: Requested vote from peers 6ebee6d10fe54e7a90836cac43136072 (127.13.69.2:33273), cab90c16f3ac4861b6a90a5d29a024db (127.13.69.3:36763)
I20260630 12:15:45.867524 14328 tablet_service.cc:1917] Received RequestConsensusVote() RPC: tablet_id: "079ace86de5843b8a8ecab6d6eadfe84" candidate_uuid: "0801d9e91d17404695b7dfbc40a127e1" candidate_term: 2 candidate_status { last_received { term: 1 index: 1 } } ignore_live_leader: true dest_uuid: "6ebee6d10fe54e7a90836cac43136072"
I20260630 12:15:45.867821 14403 tablet_service.cc:1917] Received RequestConsensusVote() RPC: tablet_id: "079ace86de5843b8a8ecab6d6eadfe84" candidate_uuid: "0801d9e91d17404695b7dfbc40a127e1" candidate_term: 2 candidate_status { last_received { term: 1 index: 1 } } ignore_live_leader: true dest_uuid: "cab90c16f3ac4861b6a90a5d29a024db"
I20260630 12:15:45.868028 14328 raft_consensus.cc:3060] T 079ace86de5843b8a8ecab6d6eadfe84 P 6ebee6d10fe54e7a90836cac43136072 [term 1 FOLLOWER]: Advancing to term 2
I20260630 12:15:45.868484 14403 raft_consensus.cc:3055] T 079ace86de5843b8a8ecab6d6eadfe84 P cab90c16f3ac4861b6a90a5d29a024db [term 1 LEADER]: Stepping down as leader of term 1
I20260630 12:15:45.868809 14403 raft_consensus.cc:740] T 079ace86de5843b8a8ecab6d6eadfe84 P cab90c16f3ac4861b6a90a5d29a024db [term 1 LEADER]: Becoming Follower/Learner. State: Replica: cab90c16f3ac4861b6a90a5d29a024db, State: Running, Role: LEADER
I20260630 12:15:45.869594 14403 consensus_queue.cc:260] T 079ace86de5843b8a8ecab6d6eadfe84 P cab90c16f3ac4861b6a90a5d29a024db [NON_LEADER]: Queue going to NON_LEADER mode. State: All replicated index: 0, Majority replicated index: 1, Committed index: 1, Last appended: 1.1, Last appended by leader: 1, Current term: 1, Majority size: -1, State: 0, Mode: NON_LEADER, active raft config: opid_index: -1 OBSOLETE_local: false peers { permanent_uuid: "0801d9e91d17404695b7dfbc40a127e1" member_type: VOTER last_known_addr { host: "127.13.69.1" port: 35095 } } peers { permanent_uuid: "6ebee6d10fe54e7a90836cac43136072" member_type: VOTER last_known_addr { host: "127.13.69.2" port: 33273 } } peers { permanent_uuid: "cab90c16f3ac4861b6a90a5d29a024db" member_type: VOTER last_known_addr { host: "127.13.69.3" port: 36763 } }
I20260630 12:15:45.870667 14403 raft_consensus.cc:3060] T 079ace86de5843b8a8ecab6d6eadfe84 P cab90c16f3ac4861b6a90a5d29a024db [term 1 FOLLOWER]: Advancing to term 2
I20260630 12:15:45.873145 14328 raft_consensus.cc:2468] T 079ace86de5843b8a8ecab6d6eadfe84 P 6ebee6d10fe54e7a90836cac43136072 [term 2 FOLLOWER]: Leader election vote request: Granting yes vote for candidate 0801d9e91d17404695b7dfbc40a127e1 in term 2.
I20260630 12:15:45.874240 14219 leader_election.cc:304] T 079ace86de5843b8a8ecab6d6eadfe84 P 0801d9e91d17404695b7dfbc40a127e1 [CANDIDATE]: Term 2 election: Election decided. Result: candidate won. Election summary: received 2 responses out of 3 voters: 2 yes votes; 0 no votes. yes voters: 0801d9e91d17404695b7dfbc40a127e1, 6ebee6d10fe54e7a90836cac43136072; no voters: 
I20260630 12:15:45.875118 14601 raft_consensus.cc:2804] T 079ace86de5843b8a8ecab6d6eadfe84 P 0801d9e91d17404695b7dfbc40a127e1 [term 2 FOLLOWER]: Leader election won for term 2
I20260630 12:15:45.875538 14601 raft_consensus.cc:697] T 079ace86de5843b8a8ecab6d6eadfe84 P 0801d9e91d17404695b7dfbc40a127e1 [term 2 LEADER]: Becoming Leader. State: Replica: 0801d9e91d17404695b7dfbc40a127e1, State: Running, Role: LEADER
I20260630 12:15:45.876111 14403 raft_consensus.cc:2468] T 079ace86de5843b8a8ecab6d6eadfe84 P cab90c16f3ac4861b6a90a5d29a024db [term 2 FOLLOWER]: Leader election vote request: Granting yes vote for candidate 0801d9e91d17404695b7dfbc40a127e1 in term 2.
I20260630 12:15:45.876292 14601 consensus_queue.cc:237] T 079ace86de5843b8a8ecab6d6eadfe84 P 0801d9e91d17404695b7dfbc40a127e1 [LEADER]: Queue going to LEADER mode. State: All replicated index: 0, Majority replicated index: 1, Committed index: 1, Last appended: 1.1, Last appended by leader: 1, Current term: 2, Majority size: 2, State: 0, Mode: LEADER, active raft config: opid_index: -1 OBSOLETE_local: false peers { permanent_uuid: "0801d9e91d17404695b7dfbc40a127e1" member_type: VOTER last_known_addr { host: "127.13.69.1" port: 35095 } } peers { permanent_uuid: "6ebee6d10fe54e7a90836cac43136072" member_type: VOTER last_known_addr { host: "127.13.69.2" port: 33273 } } peers { permanent_uuid: "cab90c16f3ac4861b6a90a5d29a024db" member_type: VOTER last_known_addr { host: "127.13.69.3" port: 36763 } }
I20260630 12:15:45.884428 14150 catalog_manager.cc:5697] T 079ace86de5843b8a8ecab6d6eadfe84 P 0801d9e91d17404695b7dfbc40a127e1 reported cstate change: term changed from 1 to 2, leader changed from cab90c16f3ac4861b6a90a5d29a024db (127.13.69.3) to 0801d9e91d17404695b7dfbc40a127e1 (127.13.69.1). New cstate: current_term: 2 leader_uuid: "0801d9e91d17404695b7dfbc40a127e1" committed_config { opid_index: -1 OBSOLETE_local: false peers { permanent_uuid: "0801d9e91d17404695b7dfbc40a127e1" member_type: VOTER last_known_addr { host: "127.13.69.1" port: 35095 } health_report { overall_health: HEALTHY } } peers { permanent_uuid: "6ebee6d10fe54e7a90836cac43136072" member_type: VOTER last_known_addr { host: "127.13.69.2" port: 33273 } health_report { overall_health: UNKNOWN } } peers { permanent_uuid: "cab90c16f3ac4861b6a90a5d29a024db" member_type: VOTER last_known_addr { host: "127.13.69.3" port: 36763 } health_report { overall_health: UNKNOWN } } }
I20260630 12:15:46.208885 14328 raft_consensus.cc:1275] T 5426c4cd907b4f3c940f3b38eca1b1cb P 6ebee6d10fe54e7a90836cac43136072 [term 2 FOLLOWER]: Refusing update from remote peer 0801d9e91d17404695b7dfbc40a127e1: Log matching property violated. Preceding OpId in replica: term: 1 index: 1. Preceding OpId from leader: term: 2 index: 2. (index mismatch)
I20260630 12:15:46.210263 14601 consensus_queue.cc:1048] T 5426c4cd907b4f3c940f3b38eca1b1cb P 0801d9e91d17404695b7dfbc40a127e1 [LEADER]: Connected to new peer: Peer: permanent_uuid: "6ebee6d10fe54e7a90836cac43136072" member_type: VOTER last_known_addr { host: "127.13.69.2" port: 33273 }, Status: LMP_MISMATCH, Last received: 0.0, Next index: 2, Last known committed idx: 1, Time since last communication: 0.000s
I20260630 12:15:46.221163 14403 raft_consensus.cc:1275] T 5426c4cd907b4f3c940f3b38eca1b1cb P cab90c16f3ac4861b6a90a5d29a024db [term 2 FOLLOWER]: Refusing update from remote peer 0801d9e91d17404695b7dfbc40a127e1: Log matching property violated. Preceding OpId in replica: term: 1 index: 1. Preceding OpId from leader: term: 2 index: 2. (index mismatch)
I20260630 12:15:46.223054 14614 consensus_queue.cc:1048] T 5426c4cd907b4f3c940f3b38eca1b1cb P 0801d9e91d17404695b7dfbc40a127e1 [LEADER]: Connected to new peer: Peer: permanent_uuid: "cab90c16f3ac4861b6a90a5d29a024db" member_type: VOTER last_known_addr { host: "127.13.69.3" port: 36763 }, Status: LMP_MISMATCH, Last received: 0.0, Next index: 2, Last known committed idx: 1, Time since last communication: 0.001s
I20260630 12:15:46.327570 14328 raft_consensus.cc:1275] T 079ace86de5843b8a8ecab6d6eadfe84 P 6ebee6d10fe54e7a90836cac43136072 [term 2 FOLLOWER]: Refusing update from remote peer 0801d9e91d17404695b7dfbc40a127e1: Log matching property violated. Preceding OpId in replica: term: 1 index: 1. Preceding OpId from leader: term: 2 index: 2. (index mismatch)
I20260630 12:15:46.328816 14614 consensus_queue.cc:1048] T 079ace86de5843b8a8ecab6d6eadfe84 P 0801d9e91d17404695b7dfbc40a127e1 [LEADER]: Connected to new peer: Peer: permanent_uuid: "6ebee6d10fe54e7a90836cac43136072" member_type: VOTER last_known_addr { host: "127.13.69.2" port: 33273 }, Status: LMP_MISMATCH, Last received: 0.0, Next index: 2, Last known committed idx: 1, Time since last communication: 0.000s
I20260630 12:15:46.340435 14403 raft_consensus.cc:1275] T 079ace86de5843b8a8ecab6d6eadfe84 P cab90c16f3ac4861b6a90a5d29a024db [term 2 FOLLOWER]: Refusing update from remote peer 0801d9e91d17404695b7dfbc40a127e1: Log matching property violated. Preceding OpId in replica: term: 1 index: 1. Preceding OpId from leader: term: 2 index: 2. (index mismatch)
I20260630 12:15:46.343287 14601 consensus_queue.cc:1048] T 079ace86de5843b8a8ecab6d6eadfe84 P 0801d9e91d17404695b7dfbc40a127e1 [LEADER]: Connected to new peer: Peer: permanent_uuid: "cab90c16f3ac4861b6a90a5d29a024db" member_type: VOTER last_known_addr { host: "127.13.69.3" port: 36763 }, Status: LMP_MISMATCH, Last received: 0.0, Next index: 2, Last known committed idx: 1, Time since last communication: 0.000s
I20260630 12:15:47.646152 14205 auto_leader_rebalancer.cc:141] leader rebalance for table test-workload
I20260630 12:15:47.651268 14205 auto_leader_rebalancer.cc:440] table: test-workload, leader rebalance finish, leader transfer count: 0
I20260630 12:15:47.651717 14205 auto_leader_rebalancer.cc:515] All tables' leader rebalancing finished this round
I20260630 12:15:49.650326 14254 consensus_queue.cc:237] T 079ace86de5843b8a8ecab6d6eadfe84 P 0801d9e91d17404695b7dfbc40a127e1 [LEADER]: Queue going to LEADER mode. State: All replicated index: 0, Majority replicated index: 2, Committed index: 2, Last appended: 2.2, Last appended by leader: 1, Current term: 2, Majority size: 2, State: 0, Mode: LEADER, active raft config: opid_index: 3 OBSOLETE_local: false peers { permanent_uuid: "0801d9e91d17404695b7dfbc40a127e1" member_type: VOTER last_known_addr { host: "127.13.69.1" port: 35095 } } peers { permanent_uuid: "6ebee6d10fe54e7a90836cac43136072" member_type: VOTER last_known_addr { host: "127.13.69.2" port: 33273 } attrs { replace: true } } peers { permanent_uuid: "cab90c16f3ac4861b6a90a5d29a024db" member_type: VOTER last_known_addr { host: "127.13.69.3" port: 36763 } } peers { permanent_uuid: "8372a855bc184a21aca0e712653168ae" member_type: NON_VOTER last_known_addr { host: "127.13.69.4" port: 42077 } attrs { promote: true } }
I20260630 12:15:49.652594 14205 auto_leader_rebalancer.cc:141] leader rebalance for table test-workload
I20260630 12:15:49.658124 14403 raft_consensus.cc:1275] T 079ace86de5843b8a8ecab6d6eadfe84 P cab90c16f3ac4861b6a90a5d29a024db [term 2 FOLLOWER]: Refusing update from remote peer 0801d9e91d17404695b7dfbc40a127e1: Log matching property violated. Preceding OpId in replica: term: 2 index: 2. Preceding OpId from leader: term: 2 index: 3. (index mismatch)
I20260630 12:15:49.660122 14601 consensus_queue.cc:1048] T 079ace86de5843b8a8ecab6d6eadfe84 P 0801d9e91d17404695b7dfbc40a127e1 [LEADER]: Connected to new peer: Peer: permanent_uuid: "cab90c16f3ac4861b6a90a5d29a024db" member_type: VOTER last_known_addr { host: "127.13.69.3" port: 36763 }, Status: LMP_MISMATCH, Last received: 0.0, Next index: 3, Last known committed idx: 2, Time since last communication: 0.000s
I20260630 12:15:49.662627 14205 auto_leader_rebalancer.cc:440] table: test-workload, leader rebalance finish, leader transfer count: 0
I20260630 12:15:49.663179 14205 auto_leader_rebalancer.cc:515] All tables' leader rebalancing finished this round
I20260630 12:15:49.667713 14328 raft_consensus.cc:1275] T 079ace86de5843b8a8ecab6d6eadfe84 P 6ebee6d10fe54e7a90836cac43136072 [term 2 FOLLOWER]: Refusing update from remote peer 0801d9e91d17404695b7dfbc40a127e1: Log matching property violated. Preceding OpId in replica: term: 2 index: 2. Preceding OpId from leader: term: 2 index: 3. (index mismatch)
I20260630 12:15:49.669265 14628 consensus_queue.cc:1048] T 079ace86de5843b8a8ecab6d6eadfe84 P 0801d9e91d17404695b7dfbc40a127e1 [LEADER]: Connected to new peer: Peer: permanent_uuid: "6ebee6d10fe54e7a90836cac43136072" member_type: VOTER last_known_addr { host: "127.13.69.2" port: 33273 } attrs { replace: true }, Status: LMP_MISMATCH, Last received: 0.0, Next index: 3, Last known committed idx: 2, Time since last communication: 0.000s
I20260630 12:15:49.671684 14628 raft_consensus.cc:2955] T 079ace86de5843b8a8ecab6d6eadfe84 P 0801d9e91d17404695b7dfbc40a127e1 [term 2 LEADER]: Committing config change with OpId 2.3: config changed from index -1 to 3, NON_VOTER 8372a855bc184a21aca0e712653168ae (127.13.69.4) added. New config: { opid_index: 3 OBSOLETE_local: false peers { permanent_uuid: "0801d9e91d17404695b7dfbc40a127e1" member_type: VOTER last_known_addr { host: "127.13.69.1" port: 35095 } } peers { permanent_uuid: "6ebee6d10fe54e7a90836cac43136072" member_type: VOTER last_known_addr { host: "127.13.69.2" port: 33273 } attrs { replace: true } } peers { permanent_uuid: "cab90c16f3ac4861b6a90a5d29a024db" member_type: VOTER last_known_addr { host: "127.13.69.3" port: 36763 } } peers { permanent_uuid: "8372a855bc184a21aca0e712653168ae" member_type: NON_VOTER last_known_addr { host: "127.13.69.4" port: 42077 } attrs { promote: true } } }
I20260630 12:15:49.677537 14403 raft_consensus.cc:2955] T 079ace86de5843b8a8ecab6d6eadfe84 P cab90c16f3ac4861b6a90a5d29a024db [term 2 FOLLOWER]: Committing config change with OpId 2.3: config changed from index -1 to 3, NON_VOTER 8372a855bc184a21aca0e712653168ae (127.13.69.4) added. New config: { opid_index: 3 OBSOLETE_local: false peers { permanent_uuid: "0801d9e91d17404695b7dfbc40a127e1" member_type: VOTER last_known_addr { host: "127.13.69.1" port: 35095 } } peers { permanent_uuid: "6ebee6d10fe54e7a90836cac43136072" member_type: VOTER last_known_addr { host: "127.13.69.2" port: 33273 } attrs { replace: true } } peers { permanent_uuid: "cab90c16f3ac4861b6a90a5d29a024db" member_type: VOTER last_known_addr { host: "127.13.69.3" port: 36763 } } peers { permanent_uuid: "8372a855bc184a21aca0e712653168ae" member_type: NON_VOTER last_known_addr { host: "127.13.69.4" port: 42077 } attrs { promote: true } } }
I20260630 12:15:49.678280 14328 raft_consensus.cc:2955] T 079ace86de5843b8a8ecab6d6eadfe84 P 6ebee6d10fe54e7a90836cac43136072 [term 2 FOLLOWER]: Committing config change with OpId 2.3: config changed from index -1 to 3, NON_VOTER 8372a855bc184a21aca0e712653168ae (127.13.69.4) added. New config: { opid_index: 3 OBSOLETE_local: false peers { permanent_uuid: "0801d9e91d17404695b7dfbc40a127e1" member_type: VOTER last_known_addr { host: "127.13.69.1" port: 35095 } } peers { permanent_uuid: "6ebee6d10fe54e7a90836cac43136072" member_type: VOTER last_known_addr { host: "127.13.69.2" port: 33273 } attrs { replace: true } } peers { permanent_uuid: "cab90c16f3ac4861b6a90a5d29a024db" member_type: VOTER last_known_addr { host: "127.13.69.3" port: 36763 } } peers { permanent_uuid: "8372a855bc184a21aca0e712653168ae" member_type: NON_VOTER last_known_addr { host: "127.13.69.4" port: 42077 } attrs { promote: true } } }
W20260630 12:15:49.680202 14217 consensus_peers.cc:597] T 079ace86de5843b8a8ecab6d6eadfe84 P 0801d9e91d17404695b7dfbc40a127e1 -> Peer 8372a855bc184a21aca0e712653168ae (127.13.69.4:42077): Couldn't send request to peer 8372a855bc184a21aca0e712653168ae. Error code: TABLET_NOT_FOUND (6). Status: Not found: Tablet not found: 079ace86de5843b8a8ecab6d6eadfe84. This is attempt 1: this message will repeat every 5th retry.
I20260630 12:15:49.687567 14150 catalog_manager.cc:5697] T 079ace86de5843b8a8ecab6d6eadfe84 P 0801d9e91d17404695b7dfbc40a127e1 reported cstate change: config changed from index -1 to 3, NON_VOTER 8372a855bc184a21aca0e712653168ae (127.13.69.4) added. New cstate: current_term: 2 leader_uuid: "0801d9e91d17404695b7dfbc40a127e1" committed_config { opid_index: 3 OBSOLETE_local: false peers { permanent_uuid: "0801d9e91d17404695b7dfbc40a127e1" member_type: VOTER last_known_addr { host: "127.13.69.1" port: 35095 } health_report { overall_health: HEALTHY } } peers { permanent_uuid: "6ebee6d10fe54e7a90836cac43136072" member_type: VOTER last_known_addr { host: "127.13.69.2" port: 33273 } attrs { replace: true } health_report { overall_health: UNKNOWN } } peers { permanent_uuid: "cab90c16f3ac4861b6a90a5d29a024db" member_type: VOTER last_known_addr { host: "127.13.69.3" port: 36763 } health_report { overall_health: HEALTHY } } peers { permanent_uuid: "8372a855bc184a21aca0e712653168ae" member_type: NON_VOTER last_known_addr { host: "127.13.69.4" port: 42077 } attrs { promote: true } health_report { overall_health: UNKNOWN } } }
I20260630 12:15:49.701573 14328 consensus_queue.cc:237] T e66ff797e0c441c5840ce29b4fc1f148 P 6ebee6d10fe54e7a90836cac43136072 [LEADER]: Queue going to LEADER mode. State: All replicated index: 0, Majority replicated index: 1, Committed index: 1, Last appended: 1.1, Last appended by leader: 0, Current term: 1, Majority size: 2, State: 0, Mode: LEADER, active raft config: opid_index: 2 OBSOLETE_local: false peers { permanent_uuid: "0801d9e91d17404695b7dfbc40a127e1" member_type: VOTER last_known_addr { host: "127.13.69.1" port: 35095 } } peers { permanent_uuid: "6ebee6d10fe54e7a90836cac43136072" member_type: VOTER last_known_addr { host: "127.13.69.2" port: 33273 } } peers { permanent_uuid: "cab90c16f3ac4861b6a90a5d29a024db" member_type: VOTER last_known_addr { host: "127.13.69.3" port: 36763 } attrs { replace: true } } peers { permanent_uuid: "8372a855bc184a21aca0e712653168ae" member_type: NON_VOTER last_known_addr { host: "127.13.69.4" port: 42077 } attrs { promote: true } }
I20260630 12:15:49.714808 14254 raft_consensus.cc:1275] T e66ff797e0c441c5840ce29b4fc1f148 P 0801d9e91d17404695b7dfbc40a127e1 [term 1 FOLLOWER]: Refusing update from remote peer 6ebee6d10fe54e7a90836cac43136072: Log matching property violated. Preceding OpId in replica: term: 1 index: 1. Preceding OpId from leader: term: 1 index: 2. (index mismatch)
I20260630 12:15:49.716845 14403 raft_consensus.cc:1275] T e66ff797e0c441c5840ce29b4fc1f148 P cab90c16f3ac4861b6a90a5d29a024db [term 1 FOLLOWER]: Refusing update from remote peer 6ebee6d10fe54e7a90836cac43136072: Log matching property violated. Preceding OpId in replica: term: 1 index: 1. Preceding OpId from leader: term: 1 index: 2. (index mismatch)
I20260630 12:15:49.716691 14455 consensus_queue.cc:1048] T e66ff797e0c441c5840ce29b4fc1f148 P 6ebee6d10fe54e7a90836cac43136072 [LEADER]: Connected to new peer: Peer: permanent_uuid: "0801d9e91d17404695b7dfbc40a127e1" member_type: VOTER last_known_addr { host: "127.13.69.1" port: 35095 }, Status: LMP_MISMATCH, Last received: 0.0, Next index: 2, Last known committed idx: 1, Time since last communication: 0.001s
I20260630 12:15:49.719535 14641 consensus_queue.cc:1048] T e66ff797e0c441c5840ce29b4fc1f148 P 6ebee6d10fe54e7a90836cac43136072 [LEADER]: Connected to new peer: Peer: permanent_uuid: "cab90c16f3ac4861b6a90a5d29a024db" member_type: VOTER last_known_addr { host: "127.13.69.3" port: 36763 } attrs { replace: true }, Status: LMP_MISMATCH, Last received: 0.0, Next index: 2, Last known committed idx: 1, Time since last communication: 0.000s
I20260630 12:15:49.726090 14455 raft_consensus.cc:2955] T e66ff797e0c441c5840ce29b4fc1f148 P 6ebee6d10fe54e7a90836cac43136072 [term 1 LEADER]: Committing config change with OpId 1.2: config changed from index -1 to 2, NON_VOTER 8372a855bc184a21aca0e712653168ae (127.13.69.4) added. New config: { opid_index: 2 OBSOLETE_local: false peers { permanent_uuid: "0801d9e91d17404695b7dfbc40a127e1" member_type: VOTER last_known_addr { host: "127.13.69.1" port: 35095 } } peers { permanent_uuid: "6ebee6d10fe54e7a90836cac43136072" member_type: VOTER last_known_addr { host: "127.13.69.2" port: 33273 } } peers { permanent_uuid: "cab90c16f3ac4861b6a90a5d29a024db" member_type: VOTER last_known_addr { host: "127.13.69.3" port: 36763 } attrs { replace: true } } peers { permanent_uuid: "8372a855bc184a21aca0e712653168ae" member_type: NON_VOTER last_known_addr { host: "127.13.69.4" port: 42077 } attrs { promote: true } } }
W20260630 12:15:49.727771 14292 consensus_peers.cc:597] T e66ff797e0c441c5840ce29b4fc1f148 P 6ebee6d10fe54e7a90836cac43136072 -> Peer 8372a855bc184a21aca0e712653168ae (127.13.69.4:42077): Couldn't send request to peer 8372a855bc184a21aca0e712653168ae. Error code: TABLET_NOT_FOUND (6). Status: Not found: Tablet not found: e66ff797e0c441c5840ce29b4fc1f148. This is attempt 1: this message will repeat every 5th retry.
I20260630 12:15:49.727867 14253 raft_consensus.cc:2955] T e66ff797e0c441c5840ce29b4fc1f148 P 0801d9e91d17404695b7dfbc40a127e1 [term 1 FOLLOWER]: Committing config change with OpId 1.2: config changed from index -1 to 2, NON_VOTER 8372a855bc184a21aca0e712653168ae (127.13.69.4) added. New config: { opid_index: 2 OBSOLETE_local: false peers { permanent_uuid: "0801d9e91d17404695b7dfbc40a127e1" member_type: VOTER last_known_addr { host: "127.13.69.1" port: 35095 } } peers { permanent_uuid: "6ebee6d10fe54e7a90836cac43136072" member_type: VOTER last_known_addr { host: "127.13.69.2" port: 33273 } } peers { permanent_uuid: "cab90c16f3ac4861b6a90a5d29a024db" member_type: VOTER last_known_addr { host: "127.13.69.3" port: 36763 } attrs { replace: true } } peers { permanent_uuid: "8372a855bc184a21aca0e712653168ae" member_type: NON_VOTER last_known_addr { host: "127.13.69.4" port: 42077 } attrs { promote: true } } }
I20260630 12:15:49.739794 14151 catalog_manager.cc:5697] T e66ff797e0c441c5840ce29b4fc1f148 P 6ebee6d10fe54e7a90836cac43136072 reported cstate change: config changed from index -1 to 2, NON_VOTER 8372a855bc184a21aca0e712653168ae (127.13.69.4) added. New cstate: current_term: 1 leader_uuid: "6ebee6d10fe54e7a90836cac43136072" committed_config { opid_index: 2 OBSOLETE_local: false peers { permanent_uuid: "0801d9e91d17404695b7dfbc40a127e1" member_type: VOTER last_known_addr { host: "127.13.69.1" port: 35095 } health_report { overall_health: HEALTHY } } peers { permanent_uuid: "6ebee6d10fe54e7a90836cac43136072" member_type: VOTER last_known_addr { host: "127.13.69.2" port: 33273 } health_report { overall_health: HEALTHY } } peers { permanent_uuid: "cab90c16f3ac4861b6a90a5d29a024db" member_type: VOTER last_known_addr { host: "127.13.69.3" port: 36763 } attrs { replace: true } health_report { overall_health: UNKNOWN } } peers { permanent_uuid: "8372a855bc184a21aca0e712653168ae" member_type: NON_VOTER last_known_addr { host: "127.13.69.4" port: 42077 } attrs { promote: true } health_report { overall_health: UNKNOWN } } }
I20260630 12:15:49.743536 14403 raft_consensus.cc:2955] T e66ff797e0c441c5840ce29b4fc1f148 P cab90c16f3ac4861b6a90a5d29a024db [term 1 FOLLOWER]: Committing config change with OpId 1.2: config changed from index -1 to 2, NON_VOTER 8372a855bc184a21aca0e712653168ae (127.13.69.4) added. New config: { opid_index: 2 OBSOLETE_local: false peers { permanent_uuid: "0801d9e91d17404695b7dfbc40a127e1" member_type: VOTER last_known_addr { host: "127.13.69.1" port: 35095 } } peers { permanent_uuid: "6ebee6d10fe54e7a90836cac43136072" member_type: VOTER last_known_addr { host: "127.13.69.2" port: 33273 } } peers { permanent_uuid: "cab90c16f3ac4861b6a90a5d29a024db" member_type: VOTER last_known_addr { host: "127.13.69.3" port: 36763 } attrs { replace: true } } peers { permanent_uuid: "8372a855bc184a21aca0e712653168ae" member_type: NON_VOTER last_known_addr { host: "127.13.69.4" port: 42077 } attrs { promote: true } } }
I20260630 12:15:49.758414 14403 consensus_queue.cc:237] T 82d33f0a52284f439172ee1f3acd832e P cab90c16f3ac4861b6a90a5d29a024db [LEADER]: Queue going to LEADER mode. State: All replicated index: 0, Majority replicated index: 1, Committed index: 1, Last appended: 1.1, Last appended by leader: 0, Current term: 1, Majority size: 2, State: 0, Mode: LEADER, active raft config: opid_index: 2 OBSOLETE_local: false peers { permanent_uuid: "0801d9e91d17404695b7dfbc40a127e1" member_type: VOTER last_known_addr { host: "127.13.69.1" port: 35095 } attrs { replace: true } } peers { permanent_uuid: "6ebee6d10fe54e7a90836cac43136072" member_type: VOTER last_known_addr { host: "127.13.69.2" port: 33273 } } peers { permanent_uuid: "cab90c16f3ac4861b6a90a5d29a024db" member_type: VOTER last_known_addr { host: "127.13.69.3" port: 36763 } } peers { permanent_uuid: "8372a855bc184a21aca0e712653168ae" member_type: NON_VOTER last_known_addr { host: "127.13.69.4" port: 42077 } attrs { promote: true } }
I20260630 12:15:49.766366 14328 raft_consensus.cc:1275] T 82d33f0a52284f439172ee1f3acd832e P 6ebee6d10fe54e7a90836cac43136072 [term 1 FOLLOWER]: Refusing update from remote peer cab90c16f3ac4861b6a90a5d29a024db: Log matching property violated. Preceding OpId in replica: term: 1 index: 1. Preceding OpId from leader: term: 1 index: 2. (index mismatch)
I20260630 12:15:49.768280 14623 consensus_queue.cc:1048] T 82d33f0a52284f439172ee1f3acd832e P cab90c16f3ac4861b6a90a5d29a024db [LEADER]: Connected to new peer: Peer: permanent_uuid: "6ebee6d10fe54e7a90836cac43136072" member_type: VOTER last_known_addr { host: "127.13.69.2" port: 33273 }, Status: LMP_MISMATCH, Last received: 0.0, Next index: 2, Last known committed idx: 1, Time since last communication: 0.001s
I20260630 12:15:49.768828 14253 raft_consensus.cc:1275] T 82d33f0a52284f439172ee1f3acd832e P 0801d9e91d17404695b7dfbc40a127e1 [term 1 FOLLOWER]: Refusing update from remote peer cab90c16f3ac4861b6a90a5d29a024db: Log matching property violated. Preceding OpId in replica: term: 1 index: 1. Preceding OpId from leader: term: 1 index: 2. (index mismatch)
I20260630 12:15:49.770298 14623 consensus_queue.cc:1048] T 82d33f0a52284f439172ee1f3acd832e P cab90c16f3ac4861b6a90a5d29a024db [LEADER]: Connected to new peer: Peer: permanent_uuid: "0801d9e91d17404695b7dfbc40a127e1" member_type: VOTER last_known_addr { host: "127.13.69.1" port: 35095 } attrs { replace: true }, Status: LMP_MISMATCH, Last received: 0.0, Next index: 2, Last known committed idx: 1, Time since last communication: 0.000s
W20260630 12:15:49.778815 14366 consensus_peers.cc:597] T 82d33f0a52284f439172ee1f3acd832e P cab90c16f3ac4861b6a90a5d29a024db -> Peer 8372a855bc184a21aca0e712653168ae (127.13.69.4:42077): Couldn't send request to peer 8372a855bc184a21aca0e712653168ae. Error code: TABLET_NOT_FOUND (6). Status: Not found: Tablet not found: 82d33f0a52284f439172ee1f3acd832e. This is attempt 1: this message will repeat every 5th retry.
I20260630 12:15:49.779189 14623 raft_consensus.cc:2955] T 82d33f0a52284f439172ee1f3acd832e P cab90c16f3ac4861b6a90a5d29a024db [term 1 LEADER]: Committing config change with OpId 1.2: config changed from index -1 to 2, NON_VOTER 8372a855bc184a21aca0e712653168ae (127.13.69.4) added. New config: { opid_index: 2 OBSOLETE_local: false peers { permanent_uuid: "0801d9e91d17404695b7dfbc40a127e1" member_type: VOTER last_known_addr { host: "127.13.69.1" port: 35095 } attrs { replace: true } } peers { permanent_uuid: "6ebee6d10fe54e7a90836cac43136072" member_type: VOTER last_known_addr { host: "127.13.69.2" port: 33273 } } peers { permanent_uuid: "cab90c16f3ac4861b6a90a5d29a024db" member_type: VOTER last_known_addr { host: "127.13.69.3" port: 36763 } } peers { permanent_uuid: "8372a855bc184a21aca0e712653168ae" member_type: NON_VOTER last_known_addr { host: "127.13.69.4" port: 42077 } attrs { promote: true } } }
I20260630 12:15:49.780778 14328 raft_consensus.cc:2955] T 82d33f0a52284f439172ee1f3acd832e P 6ebee6d10fe54e7a90836cac43136072 [term 1 FOLLOWER]: Committing config change with OpId 1.2: config changed from index -1 to 2, NON_VOTER 8372a855bc184a21aca0e712653168ae (127.13.69.4) added. New config: { opid_index: 2 OBSOLETE_local: false peers { permanent_uuid: "0801d9e91d17404695b7dfbc40a127e1" member_type: VOTER last_known_addr { host: "127.13.69.1" port: 35095 } attrs { replace: true } } peers { permanent_uuid: "6ebee6d10fe54e7a90836cac43136072" member_type: VOTER last_known_addr { host: "127.13.69.2" port: 33273 } } peers { permanent_uuid: "cab90c16f3ac4861b6a90a5d29a024db" member_type: VOTER last_known_addr { host: "127.13.69.3" port: 36763 } } peers { permanent_uuid: "8372a855bc184a21aca0e712653168ae" member_type: NON_VOTER last_known_addr { host: "127.13.69.4" port: 42077 } attrs { promote: true } } }
I20260630 12:15:49.781275 14253 raft_consensus.cc:2955] T 82d33f0a52284f439172ee1f3acd832e P 0801d9e91d17404695b7dfbc40a127e1 [term 1 FOLLOWER]: Committing config change with OpId 1.2: config changed from index -1 to 2, NON_VOTER 8372a855bc184a21aca0e712653168ae (127.13.69.4) added. New config: { opid_index: 2 OBSOLETE_local: false peers { permanent_uuid: "0801d9e91d17404695b7dfbc40a127e1" member_type: VOTER last_known_addr { host: "127.13.69.1" port: 35095 } attrs { replace: true } } peers { permanent_uuid: "6ebee6d10fe54e7a90836cac43136072" member_type: VOTER last_known_addr { host: "127.13.69.2" port: 33273 } } peers { permanent_uuid: "cab90c16f3ac4861b6a90a5d29a024db" member_type: VOTER last_known_addr { host: "127.13.69.3" port: 36763 } } peers { permanent_uuid: "8372a855bc184a21aca0e712653168ae" member_type: NON_VOTER last_known_addr { host: "127.13.69.4" port: 42077 } attrs { promote: true } } }
I20260630 12:15:49.791584 14149 catalog_manager.cc:5697] T 82d33f0a52284f439172ee1f3acd832e P 6ebee6d10fe54e7a90836cac43136072 reported cstate change: config changed from index -1 to 2, NON_VOTER 8372a855bc184a21aca0e712653168ae (127.13.69.4) added. New cstate: current_term: 1 leader_uuid: "cab90c16f3ac4861b6a90a5d29a024db" committed_config { opid_index: 2 OBSOLETE_local: false peers { permanent_uuid: "0801d9e91d17404695b7dfbc40a127e1" member_type: VOTER last_known_addr { host: "127.13.69.1" port: 35095 } attrs { replace: true } } peers { permanent_uuid: "6ebee6d10fe54e7a90836cac43136072" member_type: VOTER last_known_addr { host: "127.13.69.2" port: 33273 } } peers { permanent_uuid: "cab90c16f3ac4861b6a90a5d29a024db" member_type: VOTER last_known_addr { host: "127.13.69.3" port: 36763 } } peers { permanent_uuid: "8372a855bc184a21aca0e712653168ae" member_type: NON_VOTER last_known_addr { host: "127.13.69.4" port: 42077 } attrs { promote: true } } }
I20260630 12:15:49.794806 14403 consensus_queue.cc:237] T 0973e29731d044bc9691a91188a5b68a P cab90c16f3ac4861b6a90a5d29a024db [LEADER]: Queue going to LEADER mode. State: All replicated index: 0, Majority replicated index: 1, Committed index: 1, Last appended: 1.1, Last appended by leader: 0, Current term: 1, Majority size: 2, State: 0, Mode: LEADER, active raft config: opid_index: 2 OBSOLETE_local: false peers { permanent_uuid: "cab90c16f3ac4861b6a90a5d29a024db" member_type: VOTER last_known_addr { host: "127.13.69.3" port: 36763 } } peers { permanent_uuid: "6ebee6d10fe54e7a90836cac43136072" member_type: VOTER last_known_addr { host: "127.13.69.2" port: 33273 } attrs { replace: true } } peers { permanent_uuid: "0801d9e91d17404695b7dfbc40a127e1" member_type: VOTER last_known_addr { host: "127.13.69.1" port: 35095 } } peers { permanent_uuid: "8372a855bc184a21aca0e712653168ae" member_type: NON_VOTER last_known_addr { host: "127.13.69.4" port: 42077 } attrs { promote: true } }
W20260630 12:15:49.802445 14366 consensus_peers.cc:597] T 0973e29731d044bc9691a91188a5b68a P cab90c16f3ac4861b6a90a5d29a024db -> Peer 8372a855bc184a21aca0e712653168ae (127.13.69.4:42077): Couldn't send request to peer 8372a855bc184a21aca0e712653168ae. Error code: TABLET_NOT_FOUND (6). Status: Not found: Tablet not found: 0973e29731d044bc9691a91188a5b68a. This is attempt 1: this message will repeat every 5th retry.
I20260630 12:15:49.803627 14253 raft_consensus.cc:1275] T 0973e29731d044bc9691a91188a5b68a P 0801d9e91d17404695b7dfbc40a127e1 [term 1 FOLLOWER]: Refusing update from remote peer cab90c16f3ac4861b6a90a5d29a024db: Log matching property violated. Preceding OpId in replica: term: 1 index: 1. Preceding OpId from leader: term: 1 index: 2. (index mismatch)
I20260630 12:15:49.805167 14623 consensus_queue.cc:1048] T 0973e29731d044bc9691a91188a5b68a P cab90c16f3ac4861b6a90a5d29a024db [LEADER]: Connected to new peer: Peer: permanent_uuid: "0801d9e91d17404695b7dfbc40a127e1" member_type: VOTER last_known_addr { host: "127.13.69.1" port: 35095 }, Status: LMP_MISMATCH, Last received: 0.0, Next index: 2, Last known committed idx: 1, Time since last communication: 0.000s
I20260630 12:15:49.805958 14328 raft_consensus.cc:1275] T 0973e29731d044bc9691a91188a5b68a P 6ebee6d10fe54e7a90836cac43136072 [term 1 FOLLOWER]: Refusing update from remote peer cab90c16f3ac4861b6a90a5d29a024db: Log matching property violated. Preceding OpId in replica: term: 1 index: 1. Preceding OpId from leader: term: 1 index: 2. (index mismatch)
I20260630 12:15:49.807179 14623 consensus_queue.cc:1048] T 0973e29731d044bc9691a91188a5b68a P cab90c16f3ac4861b6a90a5d29a024db [LEADER]: Connected to new peer: Peer: permanent_uuid: "6ebee6d10fe54e7a90836cac43136072" member_type: VOTER last_known_addr { host: "127.13.69.2" port: 33273 } attrs { replace: true }, Status: LMP_MISMATCH, Last received: 0.0, Next index: 2, Last known committed idx: 1, Time since last communication: 0.000s
I20260630 12:15:49.815821 14650 raft_consensus.cc:2955] T 0973e29731d044bc9691a91188a5b68a P cab90c16f3ac4861b6a90a5d29a024db [term 1 LEADER]: Committing config change with OpId 1.2: config changed from index -1 to 2, NON_VOTER 8372a855bc184a21aca0e712653168ae (127.13.69.4) added. New config: { opid_index: 2 OBSOLETE_local: false peers { permanent_uuid: "cab90c16f3ac4861b6a90a5d29a024db" member_type: VOTER last_known_addr { host: "127.13.69.3" port: 36763 } } peers { permanent_uuid: "6ebee6d10fe54e7a90836cac43136072" member_type: VOTER last_known_addr { host: "127.13.69.2" port: 33273 } attrs { replace: true } } peers { permanent_uuid: "0801d9e91d17404695b7dfbc40a127e1" member_type: VOTER last_known_addr { host: "127.13.69.1" port: 35095 } } peers { permanent_uuid: "8372a855bc184a21aca0e712653168ae" member_type: NON_VOTER last_known_addr { host: "127.13.69.4" port: 42077 } attrs { promote: true } } }
I20260630 12:15:49.817451 14328 raft_consensus.cc:2955] T 0973e29731d044bc9691a91188a5b68a P 6ebee6d10fe54e7a90836cac43136072 [term 1 FOLLOWER]: Committing config change with OpId 1.2: config changed from index -1 to 2, NON_VOTER 8372a855bc184a21aca0e712653168ae (127.13.69.4) added. New config: { opid_index: 2 OBSOLETE_local: false peers { permanent_uuid: "cab90c16f3ac4861b6a90a5d29a024db" member_type: VOTER last_known_addr { host: "127.13.69.3" port: 36763 } } peers { permanent_uuid: "6ebee6d10fe54e7a90836cac43136072" member_type: VOTER last_known_addr { host: "127.13.69.2" port: 33273 } attrs { replace: true } } peers { permanent_uuid: "0801d9e91d17404695b7dfbc40a127e1" member_type: VOTER last_known_addr { host: "127.13.69.1" port: 35095 } } peers { permanent_uuid: "8372a855bc184a21aca0e712653168ae" member_type: NON_VOTER last_known_addr { host: "127.13.69.4" port: 42077 } attrs { promote: true } } }
I20260630 12:15:49.817934 14253 raft_consensus.cc:2955] T 0973e29731d044bc9691a91188a5b68a P 0801d9e91d17404695b7dfbc40a127e1 [term 1 FOLLOWER]: Committing config change with OpId 1.2: config changed from index -1 to 2, NON_VOTER 8372a855bc184a21aca0e712653168ae (127.13.69.4) added. New config: { opid_index: 2 OBSOLETE_local: false peers { permanent_uuid: "cab90c16f3ac4861b6a90a5d29a024db" member_type: VOTER last_known_addr { host: "127.13.69.3" port: 36763 } } peers { permanent_uuid: "6ebee6d10fe54e7a90836cac43136072" member_type: VOTER last_known_addr { host: "127.13.69.2" port: 33273 } attrs { replace: true } } peers { permanent_uuid: "0801d9e91d17404695b7dfbc40a127e1" member_type: VOTER last_known_addr { host: "127.13.69.1" port: 35095 } } peers { permanent_uuid: "8372a855bc184a21aca0e712653168ae" member_type: NON_VOTER last_known_addr { host: "127.13.69.4" port: 42077 } attrs { promote: true } } }
I20260630 12:15:49.827558 14149 catalog_manager.cc:5697] T 0973e29731d044bc9691a91188a5b68a P cab90c16f3ac4861b6a90a5d29a024db reported cstate change: config changed from index -1 to 2, NON_VOTER 8372a855bc184a21aca0e712653168ae (127.13.69.4) added. New cstate: current_term: 1 leader_uuid: "cab90c16f3ac4861b6a90a5d29a024db" committed_config { opid_index: 2 OBSOLETE_local: false peers { permanent_uuid: "cab90c16f3ac4861b6a90a5d29a024db" member_type: VOTER last_known_addr { host: "127.13.69.3" port: 36763 } health_report { overall_health: HEALTHY } } peers { permanent_uuid: "6ebee6d10fe54e7a90836cac43136072" member_type: VOTER last_known_addr { host: "127.13.69.2" port: 33273 } attrs { replace: true } health_report { overall_health: HEALTHY } } peers { permanent_uuid: "0801d9e91d17404695b7dfbc40a127e1" member_type: VOTER last_known_addr { host: "127.13.69.1" port: 35095 } health_report { overall_health: HEALTHY } } peers { permanent_uuid: "8372a855bc184a21aca0e712653168ae" member_type: NON_VOTER last_known_addr { host: "127.13.69.4" port: 42077 } attrs { promote: true } health_report { overall_health: UNKNOWN } } }
I20260630 12:15:49.861492 13588 tablet_server.cc:179] TabletServer@127.13.69.1:0 shutting down...
I20260630 12:15:49.895057 13588 ts_tablet_manager.cc:1507] Shutting down tablet manager...
I20260630 12:15:49.896011 13588 tablet_replica.cc:333] T e66ff797e0c441c5840ce29b4fc1f148 P 0801d9e91d17404695b7dfbc40a127e1: stopping tablet replica
I20260630 12:15:49.896957 13588 raft_consensus.cc:2243] T e66ff797e0c441c5840ce29b4fc1f148 P 0801d9e91d17404695b7dfbc40a127e1 [term 1 FOLLOWER]: Raft consensus shutting down.
I20260630 12:15:49.897727 13588 raft_consensus.cc:2272] T e66ff797e0c441c5840ce29b4fc1f148 P 0801d9e91d17404695b7dfbc40a127e1 [term 1 FOLLOWER]: Raft consensus is shut down!
I20260630 12:15:49.901260 13588 tablet_replica.cc:333] T 079ace86de5843b8a8ecab6d6eadfe84 P 0801d9e91d17404695b7dfbc40a127e1: stopping tablet replica
I20260630 12:15:49.902140 13588 raft_consensus.cc:2243] T 079ace86de5843b8a8ecab6d6eadfe84 P 0801d9e91d17404695b7dfbc40a127e1 [term 2 LEADER]: Raft consensus shutting down.
I20260630 12:15:49.903024 13588 raft_consensus.cc:2272] T 079ace86de5843b8a8ecab6d6eadfe84 P 0801d9e91d17404695b7dfbc40a127e1 [term 2 FOLLOWER]: Raft consensus is shut down!
I20260630 12:15:49.905563 13588 tablet_replica.cc:333] T 0973e29731d044bc9691a91188a5b68a P 0801d9e91d17404695b7dfbc40a127e1: stopping tablet replica
I20260630 12:15:49.906169 13588 raft_consensus.cc:2243] T 0973e29731d044bc9691a91188a5b68a P 0801d9e91d17404695b7dfbc40a127e1 [term 1 FOLLOWER]: Raft consensus shutting down.
I20260630 12:15:49.906602 13588 raft_consensus.cc:2272] T 0973e29731d044bc9691a91188a5b68a P 0801d9e91d17404695b7dfbc40a127e1 [term 1 FOLLOWER]: Raft consensus is shut down!
I20260630 12:15:49.908969 13588 tablet_replica.cc:333] T 82d33f0a52284f439172ee1f3acd832e P 0801d9e91d17404695b7dfbc40a127e1: stopping tablet replica
I20260630 12:15:49.909514 13588 raft_consensus.cc:2243] T 82d33f0a52284f439172ee1f3acd832e P 0801d9e91d17404695b7dfbc40a127e1 [term 1 FOLLOWER]: Raft consensus shutting down.
I20260630 12:15:49.910009 13588 raft_consensus.cc:2272] T 82d33f0a52284f439172ee1f3acd832e P 0801d9e91d17404695b7dfbc40a127e1 [term 1 FOLLOWER]: Raft consensus is shut down!
I20260630 12:15:49.912352 13588 tablet_replica.cc:333] T 5426c4cd907b4f3c940f3b38eca1b1cb P 0801d9e91d17404695b7dfbc40a127e1: stopping tablet replica
I20260630 12:15:49.912873 13588 raft_consensus.cc:2243] T 5426c4cd907b4f3c940f3b38eca1b1cb P 0801d9e91d17404695b7dfbc40a127e1 [term 2 LEADER]: Raft consensus shutting down.
I20260630 12:15:49.913545 13588 raft_consensus.cc:2272] T 5426c4cd907b4f3c940f3b38eca1b1cb P 0801d9e91d17404695b7dfbc40a127e1 [term 2 FOLLOWER]: Raft consensus is shut down!
I20260630 12:15:49.915262 13588 tablet_replica.cc:333] T bca785869c2543879202cdbb1e1d85ce P 0801d9e91d17404695b7dfbc40a127e1: stopping tablet replica
I20260630 12:15:49.915781 13588 raft_consensus.cc:2243] T bca785869c2543879202cdbb1e1d85ce P 0801d9e91d17404695b7dfbc40a127e1 [term 1 FOLLOWER]: Raft consensus shutting down.
I20260630 12:15:49.916178 13588 raft_consensus.cc:2272] T bca785869c2543879202cdbb1e1d85ce P 0801d9e91d17404695b7dfbc40a127e1 [term 1 FOLLOWER]: Raft consensus is shut down!
I20260630 12:15:49.918212 13588 tablet_replica.cc:333] T 692ea6f0bb35424da3b9919870eab0e9 P 0801d9e91d17404695b7dfbc40a127e1: stopping tablet replica
