I20260630 12:17:21.998807 13588 hybrid_clock.cc:584] initializing the hybrid clock with 'system_unsync' time source
I20260630 12:17:21.998986 17703 heartbeater.cc:344] Connected to a master server at 127.13.69.62:33973
W20260630 12:17:21.999135 13588 system_unsync_time.cc:38] NTP support is disabled. Clock error bounds will not be accurate. This configuration is not suitable for distributed clusters.
I20260630 12:17:21.999418 13588 hybrid_clock.cc:648] HybridClock initialized: now 1782821841999403 us; error 0 us; skew 500 ppm
I20260630 12:17:21.999493 17703 heartbeater.cc:461] Registering TS with master...
I20260630 12:17:22.000046 13588 server_base.cc:861] Flag tcmalloc_max_total_thread_cache_bytes is not working since tcmalloc is not enabled.
I20260630 12:17:22.000378 17703 heartbeater.cc:507] Master 127.13.69.62:33973 requested a full tablet report, sending...
I20260630 12:17:22.002439 17576 ts_manager.cc:194] Registered new tserver with Master: 6642b18cfd2d4aafb8427333abb28ea2 (127.13.69.1:46589)
I20260630 12:17:22.003144 13588 webserver.cc:533] Webserver started at http://127.13.69.2:44285/ using document root <none> and password file <none>
I20260630 12:17:22.003682 13588 fs_manager.cc:362] Metadata directory not provided
I20260630 12:17:22.003906 13588 fs_manager.cc:368] Using write-ahead log directory (fs_wal_dir) as metadata directory
I20260630 12:17:22.004189 13588 server_base.cc:909] This appears to be a new deployment of Kudu; creating new FS layout
I20260630 12:17:22.004350 17576 master_service.cc:502] Signed X509 certificate for tserver {username='slave'} at 127.0.0.1:50302
I20260630 12:17:22.005673 13588 fs_manager.cc:1068] Generated new instance metadata in path /tmp/dist-test-tasknzzx47/test-tmp/auto_rebalancer-test.0.AutoRebalancerTest.NoReplicaMovesIfCannotFixPlacementPolicy.1782821734410874-13588-0/minicluster-data/ts-1-root/instance:
uuid: "0565a0e6e9184936adadaedcde6826e7"
format_stamp: "Formatted at 2026-06-30 12:17:21 on dist-test-slave-mnsm"
I20260630 12:17:22.010646 13588 fs_manager.cc:696] Time spent creating directory manager: real 0.004s	user 0.004s	sys 0.000s
I20260630 12:17:22.013962 17715 log_block_manager.cc:4031] Time spent loading block containers with low live blocks: real 0.000s	user 0.000s	sys 0.000s
I20260630 12:17:22.014707 13588 fs_manager.cc:730] Time spent opening block manager: real 0.002s	user 0.002s	sys 0.001s
I20260630 12:17:22.014946 13588 fs_manager.cc:647] Opened local filesystem: /tmp/dist-test-tasknzzx47/test-tmp/auto_rebalancer-test.0.AutoRebalancerTest.NoReplicaMovesIfCannotFixPlacementPolicy.1782821734410874-13588-0/minicluster-data/ts-1-root
uuid: "0565a0e6e9184936adadaedcde6826e7"
format_stamp: "Formatted at 2026-06-30 12:17:21 on dist-test-slave-mnsm"
I20260630 12:17:22.015168 13588 fs_report.cc:389] FS layout report
--------------------
wal directory: /tmp/dist-test-tasknzzx47/test-tmp/auto_rebalancer-test.0.AutoRebalancerTest.NoReplicaMovesIfCannotFixPlacementPolicy.1782821734410874-13588-0/minicluster-data/ts-1-root
metadata directory: /tmp/dist-test-tasknzzx47/test-tmp/auto_rebalancer-test.0.AutoRebalancerTest.NoReplicaMovesIfCannotFixPlacementPolicy.1782821734410874-13588-0/minicluster-data/ts-1-root
1 data directories: /tmp/dist-test-tasknzzx47/test-tmp/auto_rebalancer-test.0.AutoRebalancerTest.NoReplicaMovesIfCannotFixPlacementPolicy.1782821734410874-13588-0/minicluster-data/ts-1-root/data
Total live blocks: 0
Total live bytes: 0
Total live bytes (after alignment): 0
Total number of LBM containers: 0 (0 full)
Did not check for missing blocks
Did not check for orphaned blocks
Total full LBM containers with extra space: 0 (0 repaired)
Total full LBM container extra space in bytes: 0 (0 repaired)
Total incomplete LBM containers: 0 (0 repaired)
Total LBM partial records: 0 (0 repaired)
Total corrupted LBM metadata records in RocksDB: 0 (0 repaired)
I20260630 12:17:22.026960 13588 rpc_server.cc:225] running with OpenSSL 1.1.1  11 Sep 2018
I20260630 12:17:22.028025 13588 kserver.cc:163] Server-wide thread pool size limit: 3276
I20260630 12:17:22.029402 13588 txn_system_client.cc:432] TxnSystemClient initialization is disabled...
I20260630 12:17:22.031632 13588 ts_tablet_manager.cc:585] Loaded tablet metadata (0 total tablets, 0 live tablets)
I20260630 12:17:22.031814 13588 ts_tablet_manager.cc:531] Time spent load tablet metadata: real 0.000s	user 0.000s	sys 0.000s
I20260630 12:17:22.032121 13588 ts_tablet_manager.cc:616] Registered 0 tablets
I20260630 12:17:22.032259 13588 ts_tablet_manager.cc:595] Time spent register tablets: real 0.000s	user 0.000s	sys 0.000s
I20260630 12:17:22.073252 13588 rpc_server.cc:307] RPC server started. Bound to: 127.13.69.2:37101
I20260630 12:17:22.073343 17777 acceptor_pool.cc:272] collecting diagnostics on the listening RPC socket 127.13.69.2:37101 every 8 connection(s)
I20260630 12:17:22.077824 13588 file_cache.cc:492] Constructed file cache file cache with capacity 419430
W20260630 12:17:22.084164 17781 instance_detector.cc:116] could not retrieve AWS instance metadata: Network error: curl error: HTTP response code said error: The requested URL returned error: 404
W20260630 12:17:22.087270 17782 instance_detector.cc:116] could not retrieve Azure instance metadata: Network error: curl error: HTTP response code said error: The requested URL returned error: 404
I20260630 12:17:22.088240 13588 server_base.cc:1061] running on GCE node
W20260630 12:17:22.088153 17784 instance_detector.cc:116] could not retrieve OpenStack instance metadata: Network error: curl error: HTTP response code said error: The requested URL returned error: 404
I20260630 12:17:22.089329 13588 hybrid_clock.cc:584] initializing the hybrid clock with 'system_unsync' time source
W20260630 12:17:22.089561 13588 system_unsync_time.cc:38] NTP support is disabled. Clock error bounds will not be accurate. This configuration is not suitable for distributed clusters.
I20260630 12:17:22.089828 13588 hybrid_clock.cc:648] HybridClock initialized: now 1782821842089802 us; error 0 us; skew 500 ppm
I20260630 12:17:22.090494 13588 server_base.cc:861] Flag tcmalloc_max_total_thread_cache_bytes is not working since tcmalloc is not enabled.
I20260630 12:17:22.092730 17778 heartbeater.cc:344] Connected to a master server at 127.13.69.62:33973
I20260630 12:17:22.093266 17778 heartbeater.cc:461] Registering TS with master...
I20260630 12:17:22.094084 13588 webserver.cc:533] Webserver started at http://127.13.69.3:34173/ using document root <none> and password file <none>
I20260630 12:17:22.094202 17778 heartbeater.cc:507] Master 127.13.69.62:33973 requested a full tablet report, sending...
I20260630 12:17:22.094668 13588 fs_manager.cc:362] Metadata directory not provided
I20260630 12:17:22.094919 13588 fs_manager.cc:368] Using write-ahead log directory (fs_wal_dir) as metadata directory
I20260630 12:17:22.095206 13588 server_base.cc:909] This appears to be a new deployment of Kudu; creating new FS layout
I20260630 12:17:22.096547 17576 ts_manager.cc:194] Registered new tserver with Master: 0565a0e6e9184936adadaedcde6826e7 (127.13.69.2:37101)
I20260630 12:17:22.096693 13588 fs_manager.cc:1068] Generated new instance metadata in path /tmp/dist-test-tasknzzx47/test-tmp/auto_rebalancer-test.0.AutoRebalancerTest.NoReplicaMovesIfCannotFixPlacementPolicy.1782821734410874-13588-0/minicluster-data/ts-2-root/instance:
uuid: "4ca07bd31b3643bc955b4a947d20d517"
format_stamp: "Formatted at 2026-06-30 12:17:22 on dist-test-slave-mnsm"
I20260630 12:17:22.098459 17576 master_service.cc:502] Signed X509 certificate for tserver {username='slave'} at 127.0.0.1:50304
I20260630 12:17:22.102005 13588 fs_manager.cc:696] Time spent creating directory manager: real 0.005s	user 0.005s	sys 0.002s
I20260630 12:17:22.105335 17789 log_block_manager.cc:4031] Time spent loading block containers with low live blocks: real 0.000s	user 0.000s	sys 0.000s
I20260630 12:17:22.106117 13588 fs_manager.cc:730] Time spent opening block manager: real 0.002s	user 0.003s	sys 0.000s
I20260630 12:17:22.106402 13588 fs_manager.cc:647] Opened local filesystem: /tmp/dist-test-tasknzzx47/test-tmp/auto_rebalancer-test.0.AutoRebalancerTest.NoReplicaMovesIfCannotFixPlacementPolicy.1782821734410874-13588-0/minicluster-data/ts-2-root
uuid: "4ca07bd31b3643bc955b4a947d20d517"
format_stamp: "Formatted at 2026-06-30 12:17:22 on dist-test-slave-mnsm"
I20260630 12:17:22.106660 13588 fs_report.cc:389] FS layout report
--------------------
wal directory: /tmp/dist-test-tasknzzx47/test-tmp/auto_rebalancer-test.0.AutoRebalancerTest.NoReplicaMovesIfCannotFixPlacementPolicy.1782821734410874-13588-0/minicluster-data/ts-2-root
metadata directory: /tmp/dist-test-tasknzzx47/test-tmp/auto_rebalancer-test.0.AutoRebalancerTest.NoReplicaMovesIfCannotFixPlacementPolicy.1782821734410874-13588-0/minicluster-data/ts-2-root
1 data directories: /tmp/dist-test-tasknzzx47/test-tmp/auto_rebalancer-test.0.AutoRebalancerTest.NoReplicaMovesIfCannotFixPlacementPolicy.1782821734410874-13588-0/minicluster-data/ts-2-root/data
Total live blocks: 0
Total live bytes: 0
Total live bytes (after alignment): 0
Total number of LBM containers: 0 (0 full)
Did not check for missing blocks
Did not check for orphaned blocks
Total full LBM containers with extra space: 0 (0 repaired)
Total full LBM container extra space in bytes: 0 (0 repaired)
Total incomplete LBM containers: 0 (0 repaired)
Total LBM partial records: 0 (0 repaired)
Total corrupted LBM metadata records in RocksDB: 0 (0 repaired)
I20260630 12:17:22.130098 13588 rpc_server.cc:225] running with OpenSSL 1.1.1  11 Sep 2018
I20260630 12:17:22.131222 13588 kserver.cc:163] Server-wide thread pool size limit: 3276
I20260630 12:17:22.132665 13588 txn_system_client.cc:432] TxnSystemClient initialization is disabled...
I20260630 12:17:22.134843 13588 ts_tablet_manager.cc:585] Loaded tablet metadata (0 total tablets, 0 live tablets)
I20260630 12:17:22.135039 13588 ts_tablet_manager.cc:531] Time spent load tablet metadata: real 0.000s	user 0.000s	sys 0.000s
I20260630 12:17:22.135295 13588 ts_tablet_manager.cc:616] Registered 0 tablets
I20260630 12:17:22.135454 13588 ts_tablet_manager.cc:595] Time spent register tablets: real 0.000s	user 0.000s	sys 0.000s
I20260630 12:17:22.175838 13588 rpc_server.cc:307] RPC server started. Bound to: 127.13.69.3:38253
I20260630 12:17:22.175952 17851 acceptor_pool.cc:272] collecting diagnostics on the listening RPC socket 127.13.69.3:38253 every 8 connection(s)
I20260630 12:17:22.189710 17852 heartbeater.cc:344] Connected to a master server at 127.13.69.62:33973
I20260630 12:17:22.190171 17852 heartbeater.cc:461] Registering TS with master...
I20260630 12:17:22.190886 17852 heartbeater.cc:507] Master 127.13.69.62:33973 requested a full tablet report, sending...
I20260630 12:17:22.192698 17576 ts_manager.cc:194] Registered new tserver with Master: 4ca07bd31b3643bc955b4a947d20d517 (127.13.69.3:38253)
I20260630 12:17:22.193856 13588 internal_mini_cluster.cc:371] 3 TS(s) registered with all masters after 0.014855993s
I20260630 12:17:22.194094 17576 master_service.cc:502] Signed X509 certificate for tserver {username='slave'} at 127.0.0.1:50310
I20260630 12:17:23.007268 17703 heartbeater.cc:499] Master 127.13.69.62:33973 was elected leader, sending a full tablet report...
I20260630 12:17:23.101105 17778 heartbeater.cc:499] Master 127.13.69.62:33973 was elected leader, sending a full tablet report...
I20260630 12:17:23.196579 17852 heartbeater.cc:499] Master 127.13.69.62:33973 was elected leader, sending a full tablet report...
I20260630 12:17:23.260948 17576 catalog_manager.cc:2283] Servicing CreateTable request from {username='slave'} at 127.0.0.1:50328:
name: "test-workload"
schema {
  columns {
    name: "key"
    type: INT32
    is_key: true
    is_nullable: false
    encoding: AUTO_ENCODING
    compression: DEFAULT_COMPRESSION
    cfile_block_size: 0
    immutable: false
  }
  columns {
    name: "int_val"
    type: INT32
    is_key: false
    is_nullable: false
    encoding: AUTO_ENCODING
    compression: DEFAULT_COMPRESSION
    cfile_block_size: 0
    immutable: false
  }
  columns {
    name: "string_val"
    type: STRING
    is_key: false
    is_nullable: true
    encoding: AUTO_ENCODING
    compression: DEFAULT_COMPRESSION
    cfile_block_size: 0
    immutable: false
  }
}
num_replicas: 3
split_rows_range_bounds {
}
partition_schema {
  range_schema {
    columns {
      name: "key"
    }
  }
}
W20260630 12:17:23.262809 17576 catalog_manager.cc:7077] The number of live tablet servers is not enough to re-replicate a tablet replica of the newly created table test-workload in case of a server failure: 4 tablet servers would be needed, 3 are available. Consider bringing up more tablet servers.
I20260630 12:17:23.304970 17743 tablet_service.cc:1511] Processing CreateTablet for tablet da251336ad7b42f89e5db1f687b6bfe2 (DEFAULT_TABLE table=test-workload [id=b1ec54cb229347329d435735cd21fcba]), partition=RANGE (key) PARTITION UNBOUNDED
I20260630 12:17:23.306450 17743 data_dirs.cc:400] Could only allocate 1 dirs of requested 3 for tablet da251336ad7b42f89e5db1f687b6bfe2. 1 dirs total, 0 dirs full, 0 dirs failed
I20260630 12:17:23.312788 17668 tablet_service.cc:1511] Processing CreateTablet for tablet da251336ad7b42f89e5db1f687b6bfe2 (DEFAULT_TABLE table=test-workload [id=b1ec54cb229347329d435735cd21fcba]), partition=RANGE (key) PARTITION UNBOUNDED
I20260630 12:17:23.314077 17668 data_dirs.cc:400] Could only allocate 1 dirs of requested 3 for tablet da251336ad7b42f89e5db1f687b6bfe2. 1 dirs total, 0 dirs full, 0 dirs failed
I20260630 12:17:23.314514 17817 tablet_service.cc:1511] Processing CreateTablet for tablet da251336ad7b42f89e5db1f687b6bfe2 (DEFAULT_TABLE table=test-workload [id=b1ec54cb229347329d435735cd21fcba]), partition=RANGE (key) PARTITION UNBOUNDED
I20260630 12:17:23.315850 17817 data_dirs.cc:400] Could only allocate 1 dirs of requested 3 for tablet da251336ad7b42f89e5db1f687b6bfe2. 1 dirs total, 0 dirs full, 0 dirs failed
I20260630 12:17:23.326759 17873 tablet_bootstrap.cc:492] T da251336ad7b42f89e5db1f687b6bfe2 P 6642b18cfd2d4aafb8427333abb28ea2: Bootstrap starting.
I20260630 12:17:23.332650 17873 tablet_bootstrap.cc:654] T da251336ad7b42f89e5db1f687b6bfe2 P 6642b18cfd2d4aafb8427333abb28ea2: Neither blocks nor log segments found. Creating new log.
I20260630 12:17:23.334031 17874 tablet_bootstrap.cc:492] T da251336ad7b42f89e5db1f687b6bfe2 P 0565a0e6e9184936adadaedcde6826e7: Bootstrap starting.
I20260630 12:17:23.338831 17873 tablet_bootstrap.cc:492] T da251336ad7b42f89e5db1f687b6bfe2 P 6642b18cfd2d4aafb8427333abb28ea2: No bootstrap required, opened a new log
I20260630 12:17:23.339171 17876 tablet_bootstrap.cc:492] T da251336ad7b42f89e5db1f687b6bfe2 P 4ca07bd31b3643bc955b4a947d20d517: Bootstrap starting.
I20260630 12:17:23.339497 17873 ts_tablet_manager.cc:1403] T da251336ad7b42f89e5db1f687b6bfe2 P 6642b18cfd2d4aafb8427333abb28ea2: Time spent bootstrapping tablet: real 0.013s	user 0.005s	sys 0.006s
I20260630 12:17:23.342150 17874 tablet_bootstrap.cc:654] T da251336ad7b42f89e5db1f687b6bfe2 P 0565a0e6e9184936adadaedcde6826e7: Neither blocks nor log segments found. Creating new log.
I20260630 12:17:23.343545 17873 raft_consensus.cc:359] T da251336ad7b42f89e5db1f687b6bfe2 P 6642b18cfd2d4aafb8427333abb28ea2 [term 0 FOLLOWER]: Replica starting. Triggering 0 pending ops. Active config: opid_index: -1 OBSOLETE_local: false peers { permanent_uuid: "0565a0e6e9184936adadaedcde6826e7" member_type: VOTER last_known_addr { host: "127.13.69.2" port: 37101 } } peers { permanent_uuid: "6642b18cfd2d4aafb8427333abb28ea2" member_type: VOTER last_known_addr { host: "127.13.69.1" port: 46589 } } peers { permanent_uuid: "4ca07bd31b3643bc955b4a947d20d517" member_type: VOTER last_known_addr { host: "127.13.69.3" port: 38253 } }
I20260630 12:17:23.344444 17873 raft_consensus.cc:385] T da251336ad7b42f89e5db1f687b6bfe2 P 6642b18cfd2d4aafb8427333abb28ea2 [term 0 FOLLOWER]: Consensus starting up: Expiring failure detector timer to make a prompt election more likely
I20260630 12:17:23.344769 17873 raft_consensus.cc:740] T da251336ad7b42f89e5db1f687b6bfe2 P 6642b18cfd2d4aafb8427333abb28ea2 [term 0 FOLLOWER]: Becoming Follower/Learner. State: Replica: 6642b18cfd2d4aafb8427333abb28ea2, State: Initialized, Role: FOLLOWER
I20260630 12:17:23.345611 17873 consensus_queue.cc:260] T da251336ad7b42f89e5db1f687b6bfe2 P 6642b18cfd2d4aafb8427333abb28ea2 [NON_LEADER]: Queue going to NON_LEADER mode. State: All replicated index: 0, Majority replicated index: 0, Committed index: 0, Last appended: 0.0, Last appended by leader: 0, Current term: 0, Majority size: -1, State: 0, Mode: NON_LEADER, active raft config: opid_index: -1 OBSOLETE_local: false peers { permanent_uuid: "0565a0e6e9184936adadaedcde6826e7" member_type: VOTER last_known_addr { host: "127.13.69.2" port: 37101 } } peers { permanent_uuid: "6642b18cfd2d4aafb8427333abb28ea2" member_type: VOTER last_known_addr { host: "127.13.69.1" port: 46589 } } peers { permanent_uuid: "4ca07bd31b3643bc955b4a947d20d517" member_type: VOTER last_known_addr { host: "127.13.69.3" port: 38253 } }
I20260630 12:17:23.346453 17876 tablet_bootstrap.cc:654] T da251336ad7b42f89e5db1f687b6bfe2 P 4ca07bd31b3643bc955b4a947d20d517: Neither blocks nor log segments found. Creating new log.
I20260630 12:17:23.352048 17873 ts_tablet_manager.cc:1434] T da251336ad7b42f89e5db1f687b6bfe2 P 6642b18cfd2d4aafb8427333abb28ea2: Time spent starting tablet: real 0.011s	user 0.007s	sys 0.003s
I20260630 12:17:23.355441 17874 tablet_bootstrap.cc:492] T da251336ad7b42f89e5db1f687b6bfe2 P 0565a0e6e9184936adadaedcde6826e7: No bootstrap required, opened a new log
I20260630 12:17:23.356071 17874 ts_tablet_manager.cc:1403] T da251336ad7b42f89e5db1f687b6bfe2 P 0565a0e6e9184936adadaedcde6826e7: Time spent bootstrapping tablet: real 0.022s	user 0.008s	sys 0.008s
I20260630 12:17:23.359236 17874 raft_consensus.cc:359] T da251336ad7b42f89e5db1f687b6bfe2 P 0565a0e6e9184936adadaedcde6826e7 [term 0 FOLLOWER]: Replica starting. Triggering 0 pending ops. Active config: opid_index: -1 OBSOLETE_local: false peers { permanent_uuid: "0565a0e6e9184936adadaedcde6826e7" member_type: VOTER last_known_addr { host: "127.13.69.2" port: 37101 } } peers { permanent_uuid: "6642b18cfd2d4aafb8427333abb28ea2" member_type: VOTER last_known_addr { host: "127.13.69.1" port: 46589 } } peers { permanent_uuid: "4ca07bd31b3643bc955b4a947d20d517" member_type: VOTER last_known_addr { host: "127.13.69.3" port: 38253 } }
I20260630 12:17:23.359691 17876 tablet_bootstrap.cc:492] T da251336ad7b42f89e5db1f687b6bfe2 P 4ca07bd31b3643bc955b4a947d20d517: No bootstrap required, opened a new log
I20260630 12:17:23.359956 17874 raft_consensus.cc:385] T da251336ad7b42f89e5db1f687b6bfe2 P 0565a0e6e9184936adadaedcde6826e7 [term 0 FOLLOWER]: Consensus starting up: Expiring failure detector timer to make a prompt election more likely
I20260630 12:17:23.360178 17876 ts_tablet_manager.cc:1403] T da251336ad7b42f89e5db1f687b6bfe2 P 4ca07bd31b3643bc955b4a947d20d517: Time spent bootstrapping tablet: real 0.021s	user 0.015s	sys 0.004s
I20260630 12:17:23.360309 17874 raft_consensus.cc:740] T da251336ad7b42f89e5db1f687b6bfe2 P 0565a0e6e9184936adadaedcde6826e7 [term 0 FOLLOWER]: Becoming Follower/Learner. State: Replica: 0565a0e6e9184936adadaedcde6826e7, State: Initialized, Role: FOLLOWER
I20260630 12:17:23.361197 17874 consensus_queue.cc:260] T da251336ad7b42f89e5db1f687b6bfe2 P 0565a0e6e9184936adadaedcde6826e7 [NON_LEADER]: Queue going to NON_LEADER mode. State: All replicated index: 0, Majority replicated index: 0, Committed index: 0, Last appended: 0.0, Last appended by leader: 0, Current term: 0, Majority size: -1, State: 0, Mode: NON_LEADER, active raft config: opid_index: -1 OBSOLETE_local: false peers { permanent_uuid: "0565a0e6e9184936adadaedcde6826e7" member_type: VOTER last_known_addr { host: "127.13.69.2" port: 37101 } } peers { permanent_uuid: "6642b18cfd2d4aafb8427333abb28ea2" member_type: VOTER last_known_addr { host: "127.13.69.1" port: 46589 } } peers { permanent_uuid: "4ca07bd31b3643bc955b4a947d20d517" member_type: VOTER last_known_addr { host: "127.13.69.3" port: 38253 } }
I20260630 12:17:23.363688 17874 ts_tablet_manager.cc:1434] T da251336ad7b42f89e5db1f687b6bfe2 P 0565a0e6e9184936adadaedcde6826e7: Time spent starting tablet: real 0.007s	user 0.009s	sys 0.000s
I20260630 12:17:23.363385 17876 raft_consensus.cc:359] T da251336ad7b42f89e5db1f687b6bfe2 P 4ca07bd31b3643bc955b4a947d20d517 [term 0 FOLLOWER]: Replica starting. Triggering 0 pending ops. Active config: opid_index: -1 OBSOLETE_local: false peers { permanent_uuid: "0565a0e6e9184936adadaedcde6826e7" member_type: VOTER last_known_addr { host: "127.13.69.2" port: 37101 } } peers { permanent_uuid: "6642b18cfd2d4aafb8427333abb28ea2" member_type: VOTER last_known_addr { host: "127.13.69.1" port: 46589 } } peers { permanent_uuid: "4ca07bd31b3643bc955b4a947d20d517" member_type: VOTER last_known_addr { host: "127.13.69.3" port: 38253 } }
I20260630 12:17:23.364007 17878 raft_consensus.cc:493] T da251336ad7b42f89e5db1f687b6bfe2 P 6642b18cfd2d4aafb8427333abb28ea2 [term 0 FOLLOWER]: Starting pre-election (no leader contacted us within the election timeout)
I20260630 12:17:23.364199 17876 raft_consensus.cc:385] T da251336ad7b42f89e5db1f687b6bfe2 P 4ca07bd31b3643bc955b4a947d20d517 [term 0 FOLLOWER]: Consensus starting up: Expiring failure detector timer to make a prompt election more likely
I20260630 12:17:23.364769 17876 raft_consensus.cc:740] T da251336ad7b42f89e5db1f687b6bfe2 P 4ca07bd31b3643bc955b4a947d20d517 [term 0 FOLLOWER]: Becoming Follower/Learner. State: Replica: 4ca07bd31b3643bc955b4a947d20d517, State: Initialized, Role: FOLLOWER
I20260630 12:17:23.364691 17878 raft_consensus.cc:515] T da251336ad7b42f89e5db1f687b6bfe2 P 6642b18cfd2d4aafb8427333abb28ea2 [term 0 FOLLOWER]: Starting pre-election with config: opid_index: -1 OBSOLETE_local: false peers { permanent_uuid: "0565a0e6e9184936adadaedcde6826e7" member_type: VOTER last_known_addr { host: "127.13.69.2" port: 37101 } } peers { permanent_uuid: "6642b18cfd2d4aafb8427333abb28ea2" member_type: VOTER last_known_addr { host: "127.13.69.1" port: 46589 } } peers { permanent_uuid: "4ca07bd31b3643bc955b4a947d20d517" member_type: VOTER last_known_addr { host: "127.13.69.3" port: 38253 } }
I20260630 12:17:23.366391 17876 consensus_queue.cc:260] T da251336ad7b42f89e5db1f687b6bfe2 P 4ca07bd31b3643bc955b4a947d20d517 [NON_LEADER]: Queue going to NON_LEADER mode. State: All replicated index: 0, Majority replicated index: 0, Committed index: 0, Last appended: 0.0, Last appended by leader: 0, Current term: 0, Majority size: -1, State: 0, Mode: NON_LEADER, active raft config: opid_index: -1 OBSOLETE_local: false peers { permanent_uuid: "0565a0e6e9184936adadaedcde6826e7" member_type: VOTER last_known_addr { host: "127.13.69.2" port: 37101 } } peers { permanent_uuid: "6642b18cfd2d4aafb8427333abb28ea2" member_type: VOTER last_known_addr { host: "127.13.69.1" port: 46589 } } peers { permanent_uuid: "4ca07bd31b3643bc955b4a947d20d517" member_type: VOTER last_known_addr { host: "127.13.69.3" port: 38253 } }
I20260630 12:17:23.368314 17878 leader_election.cc:290] T da251336ad7b42f89e5db1f687b6bfe2 P 6642b18cfd2d4aafb8427333abb28ea2 [CANDIDATE]: Term 1 pre-election: Requested pre-vote from peers 0565a0e6e9184936adadaedcde6826e7 (127.13.69.2:37101), 4ca07bd31b3643bc955b4a947d20d517 (127.13.69.3:38253)
I20260630 12:17:23.371178 17876 ts_tablet_manager.cc:1434] T da251336ad7b42f89e5db1f687b6bfe2 P 4ca07bd31b3643bc955b4a947d20d517: Time spent starting tablet: real 0.011s	user 0.007s	sys 0.001s
I20260630 12:17:23.385479 17753 tablet_service.cc:1917] Received RequestConsensusVote() RPC: tablet_id: "da251336ad7b42f89e5db1f687b6bfe2" candidate_uuid: "6642b18cfd2d4aafb8427333abb28ea2" candidate_term: 1 candidate_status { last_received { term: 0 index: 0 } } ignore_live_leader: false dest_uuid: "0565a0e6e9184936adadaedcde6826e7" is_pre_election: true
I20260630 12:17:23.386261 17753 raft_consensus.cc:2468] T da251336ad7b42f89e5db1f687b6bfe2 P 0565a0e6e9184936adadaedcde6826e7 [term 0 FOLLOWER]: Leader pre-election vote request: Granting yes vote for candidate 6642b18cfd2d4aafb8427333abb28ea2 in term 0.
I20260630 12:17:23.386605 17827 tablet_service.cc:1917] Received RequestConsensusVote() RPC: tablet_id: "da251336ad7b42f89e5db1f687b6bfe2" candidate_uuid: "6642b18cfd2d4aafb8427333abb28ea2" candidate_term: 1 candidate_status { last_received { term: 0 index: 0 } } ignore_live_leader: false dest_uuid: "4ca07bd31b3643bc955b4a947d20d517" is_pre_election: true
I20260630 12:17:23.387355 17827 raft_consensus.cc:2468] T da251336ad7b42f89e5db1f687b6bfe2 P 4ca07bd31b3643bc955b4a947d20d517 [term 0 FOLLOWER]: Leader pre-election vote request: Granting yes vote for candidate 6642b18cfd2d4aafb8427333abb28ea2 in term 0.
I20260630 12:17:23.387956 17642 leader_election.cc:304] T da251336ad7b42f89e5db1f687b6bfe2 P 6642b18cfd2d4aafb8427333abb28ea2 [CANDIDATE]: Term 1 pre-election: Election decided. Result: candidate won. Election summary: received 2 responses out of 3 voters: 2 yes votes; 0 no votes. yes voters: 0565a0e6e9184936adadaedcde6826e7, 6642b18cfd2d4aafb8427333abb28ea2; no voters: 
I20260630 12:17:23.389222 17878 raft_consensus.cc:2804] T da251336ad7b42f89e5db1f687b6bfe2 P 6642b18cfd2d4aafb8427333abb28ea2 [term 0 FOLLOWER]: Leader pre-election won for term 1
I20260630 12:17:23.389503 17878 raft_consensus.cc:493] T da251336ad7b42f89e5db1f687b6bfe2 P 6642b18cfd2d4aafb8427333abb28ea2 [term 0 FOLLOWER]: Starting leader election (no leader contacted us within the election timeout)
I20260630 12:17:23.389734 17878 raft_consensus.cc:3060] T da251336ad7b42f89e5db1f687b6bfe2 P 6642b18cfd2d4aafb8427333abb28ea2 [term 0 FOLLOWER]: Advancing to term 1
I20260630 12:17:23.395366 17878 raft_consensus.cc:515] T da251336ad7b42f89e5db1f687b6bfe2 P 6642b18cfd2d4aafb8427333abb28ea2 [term 1 FOLLOWER]: Starting leader election with config: opid_index: -1 OBSOLETE_local: false peers { permanent_uuid: "0565a0e6e9184936adadaedcde6826e7" member_type: VOTER last_known_addr { host: "127.13.69.2" port: 37101 } } peers { permanent_uuid: "6642b18cfd2d4aafb8427333abb28ea2" member_type: VOTER last_known_addr { host: "127.13.69.1" port: 46589 } } peers { permanent_uuid: "4ca07bd31b3643bc955b4a947d20d517" member_type: VOTER last_known_addr { host: "127.13.69.3" port: 38253 } }
I20260630 12:17:23.397038 17878 leader_election.cc:290] T da251336ad7b42f89e5db1f687b6bfe2 P 6642b18cfd2d4aafb8427333abb28ea2 [CANDIDATE]: Term 1 election: Requested vote from peers 0565a0e6e9184936adadaedcde6826e7 (127.13.69.2:37101), 4ca07bd31b3643bc955b4a947d20d517 (127.13.69.3:38253)
I20260630 12:17:23.397886 17753 tablet_service.cc:1917] Received RequestConsensusVote() RPC: tablet_id: "da251336ad7b42f89e5db1f687b6bfe2" candidate_uuid: "6642b18cfd2d4aafb8427333abb28ea2" candidate_term: 1 candidate_status { last_received { term: 0 index: 0 } } ignore_live_leader: false dest_uuid: "0565a0e6e9184936adadaedcde6826e7"
I20260630 12:17:23.398020 17827 tablet_service.cc:1917] Received RequestConsensusVote() RPC: tablet_id: "da251336ad7b42f89e5db1f687b6bfe2" candidate_uuid: "6642b18cfd2d4aafb8427333abb28ea2" candidate_term: 1 candidate_status { last_received { term: 0 index: 0 } } ignore_live_leader: false dest_uuid: "4ca07bd31b3643bc955b4a947d20d517"
I20260630 12:17:23.398442 17753 raft_consensus.cc:3060] T da251336ad7b42f89e5db1f687b6bfe2 P 0565a0e6e9184936adadaedcde6826e7 [term 0 FOLLOWER]: Advancing to term 1
I20260630 12:17:23.398573 17827 raft_consensus.cc:3060] T da251336ad7b42f89e5db1f687b6bfe2 P 4ca07bd31b3643bc955b4a947d20d517 [term 0 FOLLOWER]: Advancing to term 1
I20260630 12:17:23.403602 17827 raft_consensus.cc:2468] T da251336ad7b42f89e5db1f687b6bfe2 P 4ca07bd31b3643bc955b4a947d20d517 [term 1 FOLLOWER]: Leader election vote request: Granting yes vote for candidate 6642b18cfd2d4aafb8427333abb28ea2 in term 1.
I20260630 12:17:23.403817 17753 raft_consensus.cc:2468] T da251336ad7b42f89e5db1f687b6bfe2 P 0565a0e6e9184936adadaedcde6826e7 [term 1 FOLLOWER]: Leader election vote request: Granting yes vote for candidate 6642b18cfd2d4aafb8427333abb28ea2 in term 1.
I20260630 12:17:23.404685 17641 leader_election.cc:304] T da251336ad7b42f89e5db1f687b6bfe2 P 6642b18cfd2d4aafb8427333abb28ea2 [CANDIDATE]: Term 1 election: Election decided. Result: candidate won. Election summary: received 2 responses out of 3 voters: 2 yes votes; 0 no votes. yes voters: 4ca07bd31b3643bc955b4a947d20d517, 6642b18cfd2d4aafb8427333abb28ea2; no voters: 
I20260630 12:17:23.405472 17878 raft_consensus.cc:2804] T da251336ad7b42f89e5db1f687b6bfe2 P 6642b18cfd2d4aafb8427333abb28ea2 [term 1 FOLLOWER]: Leader election won for term 1
I20260630 12:17:23.406572 17878 raft_consensus.cc:697] T da251336ad7b42f89e5db1f687b6bfe2 P 6642b18cfd2d4aafb8427333abb28ea2 [term 1 LEADER]: Becoming Leader. State: Replica: 6642b18cfd2d4aafb8427333abb28ea2, State: Running, Role: LEADER
I20260630 12:17:23.407291 17878 consensus_queue.cc:237] T da251336ad7b42f89e5db1f687b6bfe2 P 6642b18cfd2d4aafb8427333abb28ea2 [LEADER]: Queue going to LEADER mode. State: All replicated index: 0, Majority replicated index: 0, Committed index: 0, Last appended: 0.0, Last appended by leader: 0, Current term: 1, Majority size: 2, State: 0, Mode: LEADER, active raft config: opid_index: -1 OBSOLETE_local: false peers { permanent_uuid: "0565a0e6e9184936adadaedcde6826e7" member_type: VOTER last_known_addr { host: "127.13.69.2" port: 37101 } } peers { permanent_uuid: "6642b18cfd2d4aafb8427333abb28ea2" member_type: VOTER last_known_addr { host: "127.13.69.1" port: 46589 } } peers { permanent_uuid: "4ca07bd31b3643bc955b4a947d20d517" member_type: VOTER last_known_addr { host: "127.13.69.3" port: 38253 } }
I20260630 12:17:23.415887 17576 catalog_manager.cc:5697] T da251336ad7b42f89e5db1f687b6bfe2 P 6642b18cfd2d4aafb8427333abb28ea2 reported cstate change: term changed from 0 to 1, leader changed from <none> to 6642b18cfd2d4aafb8427333abb28ea2 (127.13.69.1). New cstate: current_term: 1 leader_uuid: "6642b18cfd2d4aafb8427333abb28ea2" committed_config { opid_index: -1 OBSOLETE_local: false peers { permanent_uuid: "0565a0e6e9184936adadaedcde6826e7" member_type: VOTER last_known_addr { host: "127.13.69.2" port: 37101 } health_report { overall_health: UNKNOWN } } peers { permanent_uuid: "6642b18cfd2d4aafb8427333abb28ea2" member_type: VOTER last_known_addr { host: "127.13.69.1" port: 46589 } health_report { overall_health: HEALTHY } } peers { permanent_uuid: "4ca07bd31b3643bc955b4a947d20d517" member_type: VOTER last_known_addr { host: "127.13.69.3" port: 38253 } health_report { overall_health: UNKNOWN } } }
W20260630 12:17:23.430861 17853 tablet.cc:2406] T da251336ad7b42f89e5db1f687b6bfe2 P 4ca07bd31b3643bc955b4a947d20d517: Can't schedule compaction. Clean time has not been advanced past its initial value.
I20260630 12:17:23.747246 17624 placement_policy_util.cc:411] tablet da251336ad7b42f89e5db1f687b6bfe2: detected majority of replicas (2 of 3) at location L0
I20260630 12:17:23.749430 17629 auto_leader_rebalancer.cc:141] leader rebalance for table test-workload
I20260630 12:17:23.751206 17629 auto_leader_rebalancer.cc:440] table: test-workload, leader rebalance finish, leader transfer count: 0
I20260630 12:17:23.751597 17629 auto_leader_rebalancer.cc:515] All tables' leader rebalancing finished this round
I20260630 12:17:23.862891 17878 consensus_queue.cc:1048] T da251336ad7b42f89e5db1f687b6bfe2 P 6642b18cfd2d4aafb8427333abb28ea2 [LEADER]: Connected to new peer: Peer: permanent_uuid: "0565a0e6e9184936adadaedcde6826e7" member_type: VOTER last_known_addr { host: "127.13.69.2" port: 37101 }, Status: LMP_MISMATCH, Last received: 0.0, Next index: 1, Last known committed idx: 0, Time since last communication: 0.000s
I20260630 12:17:23.875535 17878 consensus_queue.cc:1048] T da251336ad7b42f89e5db1f687b6bfe2 P 6642b18cfd2d4aafb8427333abb28ea2 [LEADER]: Connected to new peer: Peer: permanent_uuid: "4ca07bd31b3643bc955b4a947d20d517" member_type: VOTER last_known_addr { host: "127.13.69.3" port: 38253 }, Status: LMP_MISMATCH, Last received: 0.0, Next index: 1, Last known committed idx: 0, Time since last communication: 0.000s
I20260630 12:17:24.756865 17624 placement_policy_util.cc:411] tablet da251336ad7b42f89e5db1f687b6bfe2: detected majority of replicas (2 of 3) at location L0
I20260630 12:17:25.752887 17629 auto_leader_rebalancer.cc:141] leader rebalance for table test-workload
I20260630 12:17:25.754557 17629 auto_leader_rebalancer.cc:440] table: test-workload, leader rebalance finish, leader transfer count: 0
I20260630 12:17:25.754858 17629 auto_leader_rebalancer.cc:515] All tables' leader rebalancing finished this round
I20260630 12:17:25.765210 17624 placement_policy_util.cc:411] tablet da251336ad7b42f89e5db1f687b6bfe2: detected majority of replicas (2 of 3) at location L0
I20260630 12:17:26.773212 17624 placement_policy_util.cc:411] tablet da251336ad7b42f89e5db1f687b6bfe2: detected majority of replicas (2 of 3) at location L0
I20260630 12:17:27.755797 17629 auto_leader_rebalancer.cc:141] leader rebalance for table test-workload
I20260630 12:17:27.757033 17629 auto_leader_rebalancer.cc:440] table: test-workload, leader rebalance finish, leader transfer count: 0
I20260630 12:17:27.757288 17629 auto_leader_rebalancer.cc:515] All tables' leader rebalancing finished this round
I20260630 12:17:27.781181 17624 placement_policy_util.cc:411] tablet da251336ad7b42f89e5db1f687b6bfe2: detected majority of replicas (2 of 3) at location L0
I20260630 12:17:28.788914 17624 placement_policy_util.cc:411] tablet da251336ad7b42f89e5db1f687b6bfe2: detected majority of replicas (2 of 3) at location L0
I20260630 12:17:29.758255 17629 auto_leader_rebalancer.cc:141] leader rebalance for table test-workload
I20260630 12:17:29.759610 17629 auto_leader_rebalancer.cc:440] table: test-workload, leader rebalance finish, leader transfer count: 0
I20260630 12:17:29.759904 17629 auto_leader_rebalancer.cc:515] All tables' leader rebalancing finished this round
I20260630 12:17:29.796849 17624 placement_policy_util.cc:411] tablet da251336ad7b42f89e5db1f687b6bfe2: detected majority of replicas (2 of 3) at location L0
I20260630 12:17:30.804791 17624 placement_policy_util.cc:411] tablet da251336ad7b42f89e5db1f687b6bfe2: detected majority of replicas (2 of 3) at location L0
I20260630 12:17:31.760758 17629 auto_leader_rebalancer.cc:141] leader rebalance for table test-workload
I20260630 12:17:31.761960 17629 auto_leader_rebalancer.cc:440] table: test-workload, leader rebalance finish, leader transfer count: 0
I20260630 12:17:31.762200 17629 auto_leader_rebalancer.cc:515] All tables' leader rebalancing finished this round
I20260630 12:17:31.812642 17624 placement_policy_util.cc:411] tablet da251336ad7b42f89e5db1f687b6bfe2: detected majority of replicas (2 of 3) at location L0
I20260630 12:17:32.818981 17624 placement_policy_util.cc:411] tablet da251336ad7b42f89e5db1f687b6bfe2: detected majority of replicas (2 of 3) at location L0
I20260630 12:17:33.763010 17629 auto_leader_rebalancer.cc:141] leader rebalance for table test-workload
I20260630 12:17:33.764194 17629 auto_leader_rebalancer.cc:440] table: test-workload, leader rebalance finish, leader transfer count: 0
I20260630 12:17:33.764436 17629 auto_leader_rebalancer.cc:515] All tables' leader rebalancing finished this round
I20260630 12:17:33.825599 17624 placement_policy_util.cc:411] tablet da251336ad7b42f89e5db1f687b6bfe2: detected majority of replicas (2 of 3) at location L0
I20260630 12:17:34.498319 13588 tablet_server.cc:179] TabletServer@127.13.69.1:0 shutting down...
I20260630 12:17:34.525723 13588 ts_tablet_manager.cc:1507] Shutting down tablet manager...
I20260630 12:17:34.526556 13588 tablet_replica.cc:333] T da251336ad7b42f89e5db1f687b6bfe2 P 6642b18cfd2d4aafb8427333abb28ea2: stopping tablet replica
I20260630 12:17:34.527172 13588 raft_consensus.cc:2243] T da251336ad7b42f89e5db1f687b6bfe2 P 6642b18cfd2d4aafb8427333abb28ea2 [term 1 LEADER]: Raft consensus shutting down.
I20260630 12:17:34.528090 13588 raft_consensus.cc:2272] T da251336ad7b42f89e5db1f687b6bfe2 P 6642b18cfd2d4aafb8427333abb28ea2 [term 1 FOLLOWER]: Raft consensus is shut down!
I20260630 12:17:34.548122 13588 tablet_server.cc:196] TabletServer@127.13.69.1:0 shutdown complete.
I20260630 12:17:34.559696 13588 tablet_server.cc:179] TabletServer@127.13.69.2:0 shutting down...
I20260630 12:17:34.579185 13588 ts_tablet_manager.cc:1507] Shutting down tablet manager...
I20260630 12:17:34.579860 13588 tablet_replica.cc:333] T da251336ad7b42f89e5db1f687b6bfe2 P 0565a0e6e9184936adadaedcde6826e7: stopping tablet replica
I20260630 12:17:34.580420 13588 raft_consensus.cc:2243] T da251336ad7b42f89e5db1f687b6bfe2 P 0565a0e6e9184936adadaedcde6826e7 [term 1 FOLLOWER]: Raft consensus shutting down.
I20260630 12:17:34.580931 13588 raft_consensus.cc:2272] T da251336ad7b42f89e5db1f687b6bfe2 P 0565a0e6e9184936adadaedcde6826e7 [term 1 FOLLOWER]: Raft consensus is shut down!
I20260630 12:17:34.600023 13588 tablet_server.cc:196] TabletServer@127.13.69.2:0 shutdown complete.
I20260630 12:17:34.611308 13588 tablet_server.cc:179] TabletServer@127.13.69.3:0 shutting down...
I20260630 12:17:34.632639 13588 ts_tablet_manager.cc:1507] Shutting down tablet manager...
I20260630 12:17:34.633339 13588 tablet_replica.cc:333] T da251336ad7b42f89e5db1f687b6bfe2 P 4ca07bd31b3643bc955b4a947d20d517: stopping tablet replica
I20260630 12:17:34.633965 13588 raft_consensus.cc:2243] T da251336ad7b42f89e5db1f687b6bfe2 P 4ca07bd31b3643bc955b4a947d20d517 [term 1 FOLLOWER]: Raft consensus shutting down.
I20260630 12:17:34.634428 13588 raft_consensus.cc:2272] T da251336ad7b42f89e5db1f687b6bfe2 P 4ca07bd31b3643bc955b4a947d20d517 [term 1 FOLLOWER]: Raft consensus is shut down!
I20260630 12:17:34.653899 13588 tablet_server.cc:196] TabletServer@127.13.69.3:0 shutdown complete.
I20260630 12:17:34.663938 13588 master.cc:562] Master@127.13.69.62:33973 shutting down...
I20260630 12:17:34.682231 13588 raft_consensus.cc:2243] T 00000000000000000000000000000000 P 8e4591fcc0c14de59c8eca631c24c60a [term 1 LEADER]: Raft consensus shutting down.
I20260630 12:17:34.682932 13588 raft_consensus.cc:2272] T 00000000000000000000000000000000 P 8e4591fcc0c14de59c8eca631c24c60a [term 1 FOLLOWER]: Raft consensus is shut down!
I20260630 12:17:34.683259 13588 tablet_replica.cc:333] T 00000000000000000000000000000000 P 8e4591fcc0c14de59c8eca631c24c60a: stopping tablet replica
I20260630 12:17:34.701638 13588 master.cc:584] Master@127.13.69.62:33973 shutdown complete.
[       OK ] AutoRebalancerTest.NoReplicaMovesIfCannotFixPlacementPolicy (13122 ms)
[ RUN      ] AutoRebalancerTest.TestMaxMovesPerServer
I20260630 12:17:34.737152 13588 internal_mini_cluster.cc:156] Creating distributed mini masters. Addrs: 127.13.69.62:40503
I20260630 12:17:34.738334 13588 file_cache.cc:492] Constructed file cache file cache with capacity 419430
W20260630 12:17:34.743652 17895 instance_detector.cc:116] could not retrieve AWS instance metadata: Network error: curl error: HTTP response code said error: The requested URL returned error: 404
W20260630 12:17:34.744397 17896 instance_detector.cc:116] could not retrieve Azure instance metadata: Network error: curl error: HTTP response code said error: The requested URL returned error: 404
W20260630 12:17:34.745271 17898 instance_detector.cc:116] could not retrieve OpenStack instance metadata: Network error: curl error: HTTP response code said error: The requested URL returned error: 404
I20260630 12:17:34.746090 13588 server_base.cc:1061] running on GCE node
I20260630 12:17:34.747017 13588 hybrid_clock.cc:584] initializing the hybrid clock with 'system_unsync' time source
W20260630 12:17:34.747210 13588 system_unsync_time.cc:38] NTP support is disabled. Clock error bounds will not be accurate. This configuration is not suitable for distributed clusters.
I20260630 12:17:34.747408 13588 hybrid_clock.cc:648] HybridClock initialized: now 1782821854747375 us; error 0 us; skew 500 ppm
I20260630 12:17:34.747921 13588 server_base.cc:861] Flag tcmalloc_max_total_thread_cache_bytes is not working since tcmalloc is not enabled.
I20260630 12:17:34.750725 13588 webserver.cc:533] Webserver started at http://127.13.69.62:40381/ using document root <none> and password file <none>
I20260630 12:17:34.751214 13588 fs_manager.cc:362] Metadata directory not provided
I20260630 12:17:34.751410 13588 fs_manager.cc:368] Using write-ahead log directory (fs_wal_dir) as metadata directory
I20260630 12:17:34.751730 13588 server_base.cc:909] This appears to be a new deployment of Kudu; creating new FS layout
I20260630 12:17:34.752933 13588 fs_manager.cc:1068] Generated new instance metadata in path /tmp/dist-test-tasknzzx47/test-tmp/auto_rebalancer-test.0.AutoRebalancerTest.TestMaxMovesPerServer.1782821734410874-13588-0/minicluster-data/master-0-root/instance:
uuid: "111dd39df36c4f4cb2d156e4138de9df"
format_stamp: "Formatted at 2026-06-30 12:17:34 on dist-test-slave-mnsm"
I20260630 12:17:34.757520 13588 fs_manager.cc:696] Time spent creating directory manager: real 0.004s	user 0.002s	sys 0.004s
I20260630 12:17:34.760926 17903 log_block_manager.cc:4031] Time spent loading block containers with low live blocks: real 0.000s	user 0.000s	sys 0.000s
I20260630 12:17:34.761861 13588 fs_manager.cc:730] Time spent opening block manager: real 0.002s	user 0.003s	sys 0.000s
I20260630 12:17:34.762100 13588 fs_manager.cc:647] Opened local filesystem: /tmp/dist-test-tasknzzx47/test-tmp/auto_rebalancer-test.0.AutoRebalancerTest.TestMaxMovesPerServer.1782821734410874-13588-0/minicluster-data/master-0-root
uuid: "111dd39df36c4f4cb2d156e4138de9df"
format_stamp: "Formatted at 2026-06-30 12:17:34 on dist-test-slave-mnsm"
I20260630 12:17:34.762331 13588 fs_report.cc:389] FS layout report
--------------------
wal directory: /tmp/dist-test-tasknzzx47/test-tmp/auto_rebalancer-test.0.AutoRebalancerTest.TestMaxMovesPerServer.1782821734410874-13588-0/minicluster-data/master-0-root
metadata directory: /tmp/dist-test-tasknzzx47/test-tmp/auto_rebalancer-test.0.AutoRebalancerTest.TestMaxMovesPerServer.1782821734410874-13588-0/minicluster-data/master-0-root
1 data directories: /tmp/dist-test-tasknzzx47/test-tmp/auto_rebalancer-test.0.AutoRebalancerTest.TestMaxMovesPerServer.1782821734410874-13588-0/minicluster-data/master-0-root/data
Total live blocks: 0
Total live bytes: 0
Total live bytes (after alignment): 0
Total number of LBM containers: 0 (0 full)
Did not check for missing blocks
Did not check for orphaned blocks
Total full LBM containers with extra space: 0 (0 repaired)
Total full LBM container extra space in bytes: 0 (0 repaired)
Total incomplete LBM containers: 0 (0 repaired)
Total LBM partial records: 0 (0 repaired)
Total corrupted LBM metadata records in RocksDB: 0 (0 repaired)
I20260630 12:17:34.792666 13588 rpc_server.cc:225] running with OpenSSL 1.1.1  11 Sep 2018
I20260630 12:17:34.793910 13588 kserver.cc:163] Server-wide thread pool size limit: 3276
I20260630 12:17:34.832103 13588 rpc_server.cc:307] RPC server started. Bound to: 127.13.69.62:40503
I20260630 12:17:34.832314 17954 acceptor_pool.cc:272] collecting diagnostics on the listening RPC socket 127.13.69.62:40503 every 8 connection(s)
I20260630 12:17:34.835997 17955 data_dirs.cc:400] Could only allocate 1 dirs of requested 3 for tablet 00000000000000000000000000000000. 1 dirs total, 0 dirs full, 0 dirs failed
I20260630 12:17:34.847087 17955 tablet_bootstrap.cc:492] T 00000000000000000000000000000000 P 111dd39df36c4f4cb2d156e4138de9df: Bootstrap starting.
I20260630 12:17:34.851660 17955 tablet_bootstrap.cc:654] T 00000000000000000000000000000000 P 111dd39df36c4f4cb2d156e4138de9df: Neither blocks nor log segments found. Creating new log.
I20260630 12:17:34.855789 17955 tablet_bootstrap.cc:492] T 00000000000000000000000000000000 P 111dd39df36c4f4cb2d156e4138de9df: No bootstrap required, opened a new log
I20260630 12:17:34.857975 17955 raft_consensus.cc:359] T 00000000000000000000000000000000 P 111dd39df36c4f4cb2d156e4138de9df [term 0 FOLLOWER]: Replica starting. Triggering 0 pending ops. Active config: opid_index: -1 OBSOLETE_local: true peers { permanent_uuid: "111dd39df36c4f4cb2d156e4138de9df" member_type: VOTER }
I20260630 12:17:34.858457 17955 raft_consensus.cc:385] T 00000000000000000000000000000000 P 111dd39df36c4f4cb2d156e4138de9df [term 0 FOLLOWER]: Consensus starting up: Expiring failure detector timer to make a prompt election more likely
I20260630 12:17:34.858675 17955 raft_consensus.cc:740] T 00000000000000000000000000000000 P 111dd39df36c4f4cb2d156e4138de9df [term 0 FOLLOWER]: Becoming Follower/Learner. State: Replica: 111dd39df36c4f4cb2d156e4138de9df, State: Initialized, Role: FOLLOWER
I20260630 12:17:34.859269 17955 consensus_queue.cc:260] T 00000000000000000000000000000000 P 111dd39df36c4f4cb2d156e4138de9df [NON_LEADER]: Queue going to NON_LEADER mode. State: All replicated index: 0, Majority replicated index: 0, Committed index: 0, Last appended: 0.0, Last appended by leader: 0, Current term: 0, Majority size: -1, State: 0, Mode: NON_LEADER, active raft config: opid_index: -1 OBSOLETE_local: true peers { permanent_uuid: "111dd39df36c4f4cb2d156e4138de9df" member_type: VOTER }
I20260630 12:17:34.859763 17955 raft_consensus.cc:399] T 00000000000000000000000000000000 P 111dd39df36c4f4cb2d156e4138de9df [term 0 FOLLOWER]: Only one voter in the Raft config. Triggering election immediately
I20260630 12:17:34.860018 17955 raft_consensus.cc:493] T 00000000000000000000000000000000 P 111dd39df36c4f4cb2d156e4138de9df [term 0 FOLLOWER]: Starting leader election (initial election of a single-replica configuration)
I20260630 12:17:34.860342 17955 raft_consensus.cc:3060] T 00000000000000000000000000000000 P 111dd39df36c4f4cb2d156e4138de9df [term 0 FOLLOWER]: Advancing to term 1
I20260630 12:17:34.865113 17955 raft_consensus.cc:515] T 00000000000000000000000000000000 P 111dd39df36c4f4cb2d156e4138de9df [term 1 FOLLOWER]: Starting leader election with config: opid_index: -1 OBSOLETE_local: true peers { permanent_uuid: "111dd39df36c4f4cb2d156e4138de9df" member_type: VOTER }
I20260630 12:17:34.865654 17955 leader_election.cc:304] T 00000000000000000000000000000000 P 111dd39df36c4f4cb2d156e4138de9df [CANDIDATE]: Term 1 election: Election decided. Result: candidate won. Election summary: received 1 responses out of 1 voters: 1 yes votes; 0 no votes. yes voters: 111dd39df36c4f4cb2d156e4138de9df; no voters: 
I20260630 12:17:34.866778 17955 leader_election.cc:290] T 00000000000000000000000000000000 P 111dd39df36c4f4cb2d156e4138de9df [CANDIDATE]: Term 1 election: Requested vote from peers 
I20260630 12:17:34.867144 17958 raft_consensus.cc:2804] T 00000000000000000000000000000000 P 111dd39df36c4f4cb2d156e4138de9df [term 1 FOLLOWER]: Leader election won for term 1
I20260630 12:17:34.868546 17958 raft_consensus.cc:697] T 00000000000000000000000000000000 P 111dd39df36c4f4cb2d156e4138de9df [term 1 LEADER]: Becoming Leader. State: Replica: 111dd39df36c4f4cb2d156e4138de9df, State: Running, Role: LEADER
I20260630 12:17:34.869294 17958 consensus_queue.cc:237] T 00000000000000000000000000000000 P 111dd39df36c4f4cb2d156e4138de9df [LEADER]: Queue going to LEADER mode. State: All replicated index: 0, Majority replicated index: 0, Committed index: 0, Last appended: 0.0, Last appended by leader: 0, Current term: 1, Majority size: 1, State: 0, Mode: LEADER, active raft config: opid_index: -1 OBSOLETE_local: true peers { permanent_uuid: "111dd39df36c4f4cb2d156e4138de9df" member_type: VOTER }
I20260630 12:17:34.870111 17955 sys_catalog.cc:565] T 00000000000000000000000000000000 P 111dd39df36c4f4cb2d156e4138de9df [sys.catalog]: configured and running, proceeding with master startup.
I20260630 12:17:34.872617 17960 sys_catalog.cc:455] T 00000000000000000000000000000000 P 111dd39df36c4f4cb2d156e4138de9df [sys.catalog]: SysCatalogTable state changed. Reason: New leader 111dd39df36c4f4cb2d156e4138de9df. Latest consensus state: current_term: 1 leader_uuid: "111dd39df36c4f4cb2d156e4138de9df" committed_config { opid_index: -1 OBSOLETE_local: true peers { permanent_uuid: "111dd39df36c4f4cb2d156e4138de9df" member_type: VOTER } }
I20260630 12:17:34.872536 17959 sys_catalog.cc:455] T 00000000000000000000000000000000 P 111dd39df36c4f4cb2d156e4138de9df [sys.catalog]: SysCatalogTable state changed. Reason: RaftConsensus started. Latest consensus state: current_term: 1 leader_uuid: "111dd39df36c4f4cb2d156e4138de9df" committed_config { opid_index: -1 OBSOLETE_local: true peers { permanent_uuid: "111dd39df36c4f4cb2d156e4138de9df" member_type: VOTER } }
I20260630 12:17:34.873256 17960 sys_catalog.cc:458] T 00000000000000000000000000000000 P 111dd39df36c4f4cb2d156e4138de9df [sys.catalog]: This master's current role is: LEADER
I20260630 12:17:34.873397 17959 sys_catalog.cc:458] T 00000000000000000000000000000000 P 111dd39df36c4f4cb2d156e4138de9df [sys.catalog]: This master's current role is: LEADER
I20260630 12:17:34.882414 17963 catalog_manager.cc:1511] Loading table and tablet metadata into memory...
I20260630 12:17:34.888437 17963 catalog_manager.cc:1520] Initializing Kudu cluster ID...
I20260630 12:17:34.889542 13588 internal_mini_cluster.cc:184] Waiting to initialize catalog manager on master 0
I20260630 12:17:34.898578 17963 catalog_manager.cc:1383] Generated new cluster ID: 7c7e95cffc8e4b7bb73c2852f18a14ac
I20260630 12:17:34.898900 17963 catalog_manager.cc:1531] Initializing Kudu internal certificate authority...
I20260630 12:17:34.911826 17963 catalog_manager.cc:1406] Generated new certificate authority record
I20260630 12:17:34.913350 17963 catalog_manager.cc:1540] Loading token signing keys...
I20260630 12:17:34.924718 17963 catalog_manager.cc:6070] T 00000000000000000000000000000000 P 111dd39df36c4f4cb2d156e4138de9df: Generated new TSK 0
