I20260630 12:15:43.719465 14449 tablet_bootstrap.cc:654] T 82d33f0a52284f439172ee1f3acd832e P 6ebee6d10fe54e7a90836cac43136072: Neither blocks nor log segments found. Creating new log.
I20260630 12:15:43.716749 14490 raft_consensus.cc:515] T e66ff797e0c441c5840ce29b4fc1f148 P 6ebee6d10fe54e7a90836cac43136072 [term 0 FOLLOWER]: Starting pre-election with config: opid_index: -1 OBSOLETE_local: false peers { permanent_uuid: "0801d9e91d17404695b7dfbc40a127e1" member_type: VOTER last_known_addr { host: "127.13.69.1" port: 35095 } } peers { permanent_uuid: "6ebee6d10fe54e7a90836cac43136072" member_type: VOTER last_known_addr { host: "127.13.69.2" port: 33273 } } peers { permanent_uuid: "cab90c16f3ac4861b6a90a5d29a024db" member_type: VOTER last_known_addr { host: "127.13.69.3" port: 36763 } }
I20260630 12:15:43.717041 14455 leader_election.cc:290] T bca785869c2543879202cdbb1e1d85ce P 6ebee6d10fe54e7a90836cac43136072 [CANDIDATE]: Term 1 election: Requested vote from peers 0801d9e91d17404695b7dfbc40a127e1 (127.13.69.1:35095), cab90c16f3ac4861b6a90a5d29a024db (127.13.69.3:36763)
I20260630 12:15:43.720083 14254 tablet_service.cc:1917] Received RequestConsensusVote() RPC: tablet_id: "bca785869c2543879202cdbb1e1d85ce" candidate_uuid: "6ebee6d10fe54e7a90836cac43136072" candidate_term: 1 candidate_status { last_received { term: 0 index: 0 } } ignore_live_leader: false dest_uuid: "0801d9e91d17404695b7dfbc40a127e1"
I20260630 12:15:43.722432 14254 raft_consensus.cc:3060] T bca785869c2543879202cdbb1e1d85ce P 0801d9e91d17404695b7dfbc40a127e1 [term 0 FOLLOWER]: Advancing to term 1
I20260630 12:15:43.723366 14402 tablet_service.cc:1917] Received RequestConsensusVote() RPC: tablet_id: "692ea6f0bb35424da3b9919870eab0e9" candidate_uuid: "0801d9e91d17404695b7dfbc40a127e1" candidate_term: 1 candidate_status { last_received { term: 0 index: 0 } } ignore_live_leader: false dest_uuid: "cab90c16f3ac4861b6a90a5d29a024db"
I20260630 12:15:43.723929 14402 raft_consensus.cc:3060] T 692ea6f0bb35424da3b9919870eab0e9 P cab90c16f3ac4861b6a90a5d29a024db [term 0 FOLLOWER]: Advancing to term 1
W20260630 12:15:43.723496 14219 leader_election.cc:343] T 692ea6f0bb35424da3b9919870eab0e9 P 0801d9e91d17404695b7dfbc40a127e1 [CANDIDATE]: Term 1 election: Tablet error from VoteRequest() call to peer 6ebee6d10fe54e7a90836cac43136072 (127.13.69.2:33273): Illegal state: must be running to vote when last-logged opid is not known
I20260630 12:15:43.731855 14403 raft_consensus.cc:2468] T bca785869c2543879202cdbb1e1d85ce P cab90c16f3ac4861b6a90a5d29a024db [term 1 FOLLOWER]: Leader election vote request: Granting yes vote for candidate 6ebee6d10fe54e7a90836cac43136072 in term 1.
I20260630 12:15:43.731841 14480 raft_consensus.cc:515] T 079ace86de5843b8a8ecab6d6eadfe84 P cab90c16f3ac4861b6a90a5d29a024db [term 1 FOLLOWER]: Starting leader election with config: opid_index: -1 OBSOLETE_local: false peers { permanent_uuid: "0801d9e91d17404695b7dfbc40a127e1" member_type: VOTER last_known_addr { host: "127.13.69.1" port: 35095 } } peers { permanent_uuid: "6ebee6d10fe54e7a90836cac43136072" member_type: VOTER last_known_addr { host: "127.13.69.2" port: 33273 } } peers { permanent_uuid: "cab90c16f3ac4861b6a90a5d29a024db" member_type: VOTER last_known_addr { host: "127.13.69.3" port: 36763 } }
I20260630 12:15:43.733143 14402 raft_consensus.cc:2468] T 692ea6f0bb35424da3b9919870eab0e9 P cab90c16f3ac4861b6a90a5d29a024db [term 1 FOLLOWER]: Leader election vote request: Granting yes vote for candidate 0801d9e91d17404695b7dfbc40a127e1 in term 1.
I20260630 12:15:43.733785 14294 leader_election.cc:304] T bca785869c2543879202cdbb1e1d85ce P 6ebee6d10fe54e7a90836cac43136072 [CANDIDATE]: Term 1 election: Election decided. Result: candidate won. Election summary: received 2 responses out of 3 voters: 2 yes votes; 0 no votes. yes voters: 6ebee6d10fe54e7a90836cac43136072, cab90c16f3ac4861b6a90a5d29a024db; no voters: 
I20260630 12:15:43.735237 14455 raft_consensus.cc:2804] T bca785869c2543879202cdbb1e1d85ce P 6ebee6d10fe54e7a90836cac43136072 [term 1 FOLLOWER]: Leader election won for term 1
I20260630 12:15:43.735648 14251 tablet_service.cc:1917] Received RequestConsensusVote() RPC: tablet_id: "e66ff797e0c441c5840ce29b4fc1f148" candidate_uuid: "6ebee6d10fe54e7a90836cac43136072" candidate_term: 1 candidate_status { last_received { term: 0 index: 0 } } ignore_live_leader: false dest_uuid: "0801d9e91d17404695b7dfbc40a127e1" is_pre_election: true
I20260630 12:15:43.737187 14251 raft_consensus.cc:2468] T e66ff797e0c441c5840ce29b4fc1f148 P 0801d9e91d17404695b7dfbc40a127e1 [term 0 FOLLOWER]: Leader pre-election vote request: Granting yes vote for candidate 6ebee6d10fe54e7a90836cac43136072 in term 0.
I20260630 12:15:43.738148 14295 leader_election.cc:304] T e66ff797e0c441c5840ce29b4fc1f148 P 6ebee6d10fe54e7a90836cac43136072 [CANDIDATE]: Term 1 pre-election: Election decided. Result: candidate won. Election summary: received 2 responses out of 3 voters: 2 yes votes; 0 no votes. yes voters: 0801d9e91d17404695b7dfbc40a127e1, 6ebee6d10fe54e7a90836cac43136072; no voters: 
I20260630 12:15:43.738237 14219 leader_election.cc:304] T 692ea6f0bb35424da3b9919870eab0e9 P 0801d9e91d17404695b7dfbc40a127e1 [CANDIDATE]: Term 1 election: Election decided. Result: candidate won. Election summary: received 3 responses out of 3 voters: 2 yes votes; 1 no votes. yes voters: 0801d9e91d17404695b7dfbc40a127e1, cab90c16f3ac4861b6a90a5d29a024db; no voters: 6ebee6d10fe54e7a90836cac43136072
I20260630 12:15:43.744529 14489 raft_consensus.cc:2804] T 692ea6f0bb35424da3b9919870eab0e9 P 0801d9e91d17404695b7dfbc40a127e1 [term 1 FOLLOWER]: Leader election won for term 1
I20260630 12:15:43.744560 14480 leader_election.cc:290] T 079ace86de5843b8a8ecab6d6eadfe84 P cab90c16f3ac4861b6a90a5d29a024db [CANDIDATE]: Term 1 election: Requested vote from peers 0801d9e91d17404695b7dfbc40a127e1 (127.13.69.1:35095), 6ebee6d10fe54e7a90836cac43136072 (127.13.69.2:33273)
I20260630 12:15:43.745149 14489 raft_consensus.cc:697] T 692ea6f0bb35424da3b9919870eab0e9 P 0801d9e91d17404695b7dfbc40a127e1 [term 1 LEADER]: Becoming Leader. State: Replica: 0801d9e91d17404695b7dfbc40a127e1, State: Running, Role: LEADER
I20260630 12:15:43.746011 14489 consensus_queue.cc:237] T 692ea6f0bb35424da3b9919870eab0e9 P 0801d9e91d17404695b7dfbc40a127e1 [LEADER]: Queue going to LEADER mode. State: All replicated index: 0, Majority replicated index: 0, Committed index: 0, Last appended: 0.0, Last appended by leader: 0, Current term: 1, Majority size: 2, State: 0, Mode: LEADER, active raft config: opid_index: -1 OBSOLETE_local: false peers { permanent_uuid: "0801d9e91d17404695b7dfbc40a127e1" member_type: VOTER last_known_addr { host: "127.13.69.1" port: 35095 } } peers { permanent_uuid: "6ebee6d10fe54e7a90836cac43136072" member_type: VOTER last_known_addr { host: "127.13.69.2" port: 33273 } } peers { permanent_uuid: "cab90c16f3ac4861b6a90a5d29a024db" member_type: VOTER last_known_addr { host: "127.13.69.3" port: 36763 } }
I20260630 12:15:43.753433 14326 tablet_service.cc:1917] Received RequestConsensusVote() RPC: tablet_id: "079ace86de5843b8a8ecab6d6eadfe84" candidate_uuid: "cab90c16f3ac4861b6a90a5d29a024db" candidate_term: 1 candidate_status { last_received { term: 0 index: 0 } } ignore_live_leader: false dest_uuid: "6ebee6d10fe54e7a90836cac43136072"
I20260630 12:15:43.754027 14326 raft_consensus.cc:3060] T 079ace86de5843b8a8ecab6d6eadfe84 P 6ebee6d10fe54e7a90836cac43136072 [term 0 FOLLOWER]: Advancing to term 1
I20260630 12:15:43.752094 14253 tablet_service.cc:1917] Received RequestConsensusVote() RPC: tablet_id: "079ace86de5843b8a8ecab6d6eadfe84" candidate_uuid: "cab90c16f3ac4861b6a90a5d29a024db" candidate_term: 1 candidate_status { last_received { term: 0 index: 0 } } ignore_live_leader: false dest_uuid: "0801d9e91d17404695b7dfbc40a127e1"
I20260630 12:15:43.751736 14490 leader_election.cc:290] T e66ff797e0c441c5840ce29b4fc1f148 P 6ebee6d10fe54e7a90836cac43136072 [CANDIDATE]: Term 1 pre-election: Requested pre-vote from peers 0801d9e91d17404695b7dfbc40a127e1 (127.13.69.1:35095), cab90c16f3ac4861b6a90a5d29a024db (127.13.69.3:36763)
I20260630 12:15:43.763878 14254 raft_consensus.cc:2468] T bca785869c2543879202cdbb1e1d85ce P 0801d9e91d17404695b7dfbc40a127e1 [term 1 FOLLOWER]: Leader election vote request: Granting yes vote for candidate 6ebee6d10fe54e7a90836cac43136072 in term 1.
I20260630 12:15:43.766003 14402 tablet_service.cc:1917] Received RequestConsensusVote() RPC: tablet_id: "e66ff797e0c441c5840ce29b4fc1f148" candidate_uuid: "6ebee6d10fe54e7a90836cac43136072" candidate_term: 1 candidate_status { last_received { term: 0 index: 0 } } ignore_live_leader: false dest_uuid: "cab90c16f3ac4861b6a90a5d29a024db" is_pre_election: true
I20260630 12:15:43.767386 14402 raft_consensus.cc:2468] T e66ff797e0c441c5840ce29b4fc1f148 P cab90c16f3ac4861b6a90a5d29a024db [term 0 FOLLOWER]: Leader pre-election vote request: Granting yes vote for candidate 6ebee6d10fe54e7a90836cac43136072 in term 0.
I20260630 12:15:43.766388 14253 raft_consensus.cc:3060] T 079ace86de5843b8a8ecab6d6eadfe84 P 0801d9e91d17404695b7dfbc40a127e1 [term 0 FOLLOWER]: Advancing to term 1
I20260630 12:15:43.769799 14494 raft_consensus.cc:2804] T e66ff797e0c441c5840ce29b4fc1f148 P 6ebee6d10fe54e7a90836cac43136072 [term 0 FOLLOWER]: Leader pre-election won for term 1
I20260630 12:15:43.770236 14494 raft_consensus.cc:493] T e66ff797e0c441c5840ce29b4fc1f148 P 6ebee6d10fe54e7a90836cac43136072 [term 0 FOLLOWER]: Starting leader election (no leader contacted us within the election timeout)
I20260630 12:15:43.770565 14494 raft_consensus.cc:3060] T e66ff797e0c441c5840ce29b4fc1f148 P 6ebee6d10fe54e7a90836cac43136072 [term 0 FOLLOWER]: Advancing to term 1
I20260630 12:15:43.771493 14455 raft_consensus.cc:697] T bca785869c2543879202cdbb1e1d85ce P 6ebee6d10fe54e7a90836cac43136072 [term 1 LEADER]: Becoming Leader. State: Replica: 6ebee6d10fe54e7a90836cac43136072, State: Running, Role: LEADER
I20260630 12:15:43.774036 14455 consensus_queue.cc:237] T bca785869c2543879202cdbb1e1d85ce P 6ebee6d10fe54e7a90836cac43136072 [LEADER]: Queue going to LEADER mode. State: All replicated index: 0, Majority replicated index: 0, Committed index: 0, Last appended: 0.0, Last appended by leader: 0, Current term: 1, Majority size: 2, State: 0, Mode: LEADER, active raft config: opid_index: -1 OBSOLETE_local: false peers { permanent_uuid: "0801d9e91d17404695b7dfbc40a127e1" member_type: VOTER last_known_addr { host: "127.13.69.1" port: 35095 } } peers { permanent_uuid: "6ebee6d10fe54e7a90836cac43136072" member_type: VOTER last_known_addr { host: "127.13.69.2" port: 33273 } } peers { permanent_uuid: "cab90c16f3ac4861b6a90a5d29a024db" member_type: VOTER last_known_addr { host: "127.13.69.3" port: 36763 } }
I20260630 12:15:43.777364 14253 raft_consensus.cc:2468] T 079ace86de5843b8a8ecab6d6eadfe84 P 0801d9e91d17404695b7dfbc40a127e1 [term 1 FOLLOWER]: Leader election vote request: Granting yes vote for candidate cab90c16f3ac4861b6a90a5d29a024db in term 1.
I20260630 12:15:43.780992 14326 raft_consensus.cc:2468] T 079ace86de5843b8a8ecab6d6eadfe84 P 6ebee6d10fe54e7a90836cac43136072 [term 1 FOLLOWER]: Leader election vote request: Granting yes vote for candidate cab90c16f3ac4861b6a90a5d29a024db in term 1.
I20260630 12:15:43.782581 14368 leader_election.cc:304] T 079ace86de5843b8a8ecab6d6eadfe84 P cab90c16f3ac4861b6a90a5d29a024db [CANDIDATE]: Term 1 election: Election decided. Result: candidate won. Election summary: received 2 responses out of 3 voters: 2 yes votes; 0 no votes. yes voters: 6ebee6d10fe54e7a90836cac43136072, cab90c16f3ac4861b6a90a5d29a024db; no voters: 
I20260630 12:15:43.782814 14449 tablet_bootstrap.cc:492] T 82d33f0a52284f439172ee1f3acd832e P 6ebee6d10fe54e7a90836cac43136072: No bootstrap required, opened a new log
I20260630 12:15:43.783934 14480 raft_consensus.cc:2804] T 079ace86de5843b8a8ecab6d6eadfe84 P cab90c16f3ac4861b6a90a5d29a024db [term 1 FOLLOWER]: Leader election won for term 1
I20260630 12:15:43.784519 14480 raft_consensus.cc:697] T 079ace86de5843b8a8ecab6d6eadfe84 P cab90c16f3ac4861b6a90a5d29a024db [term 1 LEADER]: Becoming Leader. State: Replica: cab90c16f3ac4861b6a90a5d29a024db, State: Running, Role: LEADER
I20260630 12:15:43.784019 14151 catalog_manager.cc:5697] T 692ea6f0bb35424da3b9919870eab0e9 P 0801d9e91d17404695b7dfbc40a127e1 reported cstate change: term changed from 0 to 1, leader changed from <none> to 0801d9e91d17404695b7dfbc40a127e1 (127.13.69.1). New cstate: current_term: 1 leader_uuid: "0801d9e91d17404695b7dfbc40a127e1" committed_config { opid_index: -1 OBSOLETE_local: false peers { permanent_uuid: "0801d9e91d17404695b7dfbc40a127e1" member_type: VOTER last_known_addr { host: "127.13.69.1" port: 35095 } health_report { overall_health: HEALTHY } } peers { permanent_uuid: "6ebee6d10fe54e7a90836cac43136072" member_type: VOTER last_known_addr { host: "127.13.69.2" port: 33273 } health_report { overall_health: UNKNOWN } } peers { permanent_uuid: "cab90c16f3ac4861b6a90a5d29a024db" member_type: VOTER last_known_addr { host: "127.13.69.3" port: 36763 } health_report { overall_health: UNKNOWN } } }
I20260630 12:15:43.785832 14480 consensus_queue.cc:237] T 079ace86de5843b8a8ecab6d6eadfe84 P cab90c16f3ac4861b6a90a5d29a024db [LEADER]: Queue going to LEADER mode. State: All replicated index: 0, Majority replicated index: 0, Committed index: 0, Last appended: 0.0, Last appended by leader: 0, Current term: 1, Majority size: 2, State: 0, Mode: LEADER, active raft config: opid_index: -1 OBSOLETE_local: false peers { permanent_uuid: "0801d9e91d17404695b7dfbc40a127e1" member_type: VOTER last_known_addr { host: "127.13.69.1" port: 35095 } } peers { permanent_uuid: "6ebee6d10fe54e7a90836cac43136072" member_type: VOTER last_known_addr { host: "127.13.69.2" port: 33273 } } peers { permanent_uuid: "cab90c16f3ac4861b6a90a5d29a024db" member_type: VOTER last_known_addr { host: "127.13.69.3" port: 36763 } }
I20260630 12:15:43.785142 14449 ts_tablet_manager.cc:1403] T 82d33f0a52284f439172ee1f3acd832e P 6ebee6d10fe54e7a90836cac43136072: Time spent bootstrapping tablet: real 0.098s	user 0.017s	sys 0.003s
I20260630 12:15:43.791186 14494 raft_consensus.cc:515] T e66ff797e0c441c5840ce29b4fc1f148 P 6ebee6d10fe54e7a90836cac43136072 [term 1 FOLLOWER]: Starting leader election with config: opid_index: -1 OBSOLETE_local: false peers { permanent_uuid: "0801d9e91d17404695b7dfbc40a127e1" member_type: VOTER last_known_addr { host: "127.13.69.1" port: 35095 } } peers { permanent_uuid: "6ebee6d10fe54e7a90836cac43136072" member_type: VOTER last_known_addr { host: "127.13.69.2" port: 33273 } } peers { permanent_uuid: "cab90c16f3ac4861b6a90a5d29a024db" member_type: VOTER last_known_addr { host: "127.13.69.3" port: 36763 } }
I20260630 12:15:43.792462 14449 raft_consensus.cc:359] T 82d33f0a52284f439172ee1f3acd832e P 6ebee6d10fe54e7a90836cac43136072 [term 0 FOLLOWER]: Replica starting. Triggering 0 pending ops. Active config: opid_index: -1 OBSOLETE_local: false peers { permanent_uuid: "0801d9e91d17404695b7dfbc40a127e1" member_type: VOTER last_known_addr { host: "127.13.69.1" port: 35095 } } peers { permanent_uuid: "6ebee6d10fe54e7a90836cac43136072" member_type: VOTER last_known_addr { host: "127.13.69.2" port: 33273 } } peers { permanent_uuid: "cab90c16f3ac4861b6a90a5d29a024db" member_type: VOTER last_known_addr { host: "127.13.69.3" port: 36763 } }
I20260630 12:15:43.793327 14494 leader_election.cc:290] T e66ff797e0c441c5840ce29b4fc1f148 P 6ebee6d10fe54e7a90836cac43136072 [CANDIDATE]: Term 1 election: Requested vote from peers 0801d9e91d17404695b7dfbc40a127e1 (127.13.69.1:35095), cab90c16f3ac4861b6a90a5d29a024db (127.13.69.3:36763)
I20260630 12:15:43.793426 14449 raft_consensus.cc:385] T 82d33f0a52284f439172ee1f3acd832e P 6ebee6d10fe54e7a90836cac43136072 [term 0 FOLLOWER]: Consensus starting up: Expiring failure detector timer to make a prompt election more likely
I20260630 12:15:43.793934 14449 raft_consensus.cc:740] T 82d33f0a52284f439172ee1f3acd832e P 6ebee6d10fe54e7a90836cac43136072 [term 0 FOLLOWER]: Becoming Follower/Learner. State: Replica: 6ebee6d10fe54e7a90836cac43136072, State: Initialized, Role: FOLLOWER
I20260630 12:15:43.795272 14402 tablet_service.cc:1917] Received RequestConsensusVote() RPC: tablet_id: "e66ff797e0c441c5840ce29b4fc1f148" candidate_uuid: "6ebee6d10fe54e7a90836cac43136072" candidate_term: 1 candidate_status { last_received { term: 0 index: 0 } } ignore_live_leader: false dest_uuid: "cab90c16f3ac4861b6a90a5d29a024db"
I20260630 12:15:43.794808 14449 consensus_queue.cc:260] T 82d33f0a52284f439172ee1f3acd832e P 6ebee6d10fe54e7a90836cac43136072 [NON_LEADER]: Queue going to NON_LEADER mode. State: All replicated index: 0, Majority replicated index: 0, Committed index: 0, Last appended: 0.0, Last appended by leader: 0, Current term: 0, Majority size: -1, State: 0, Mode: NON_LEADER, active raft config: opid_index: -1 OBSOLETE_local: false peers { permanent_uuid: "0801d9e91d17404695b7dfbc40a127e1" member_type: VOTER last_known_addr { host: "127.13.69.1" port: 35095 } } peers { permanent_uuid: "6ebee6d10fe54e7a90836cac43136072" member_type: VOTER last_known_addr { host: "127.13.69.2" port: 33273 } } peers { permanent_uuid: "cab90c16f3ac4861b6a90a5d29a024db" member_type: VOTER last_known_addr { host: "127.13.69.3" port: 36763 } }
I20260630 12:15:43.795819 14402 raft_consensus.cc:3060] T e66ff797e0c441c5840ce29b4fc1f148 P cab90c16f3ac4861b6a90a5d29a024db [term 0 FOLLOWER]: Advancing to term 1
I20260630 12:15:43.795868 14253 tablet_service.cc:1917] Received RequestConsensusVote() RPC: tablet_id: "e66ff797e0c441c5840ce29b4fc1f148" candidate_uuid: "6ebee6d10fe54e7a90836cac43136072" candidate_term: 1 candidate_status { last_received { term: 0 index: 0 } } ignore_live_leader: false dest_uuid: "0801d9e91d17404695b7dfbc40a127e1"
I20260630 12:15:43.796725 14253 raft_consensus.cc:3060] T e66ff797e0c441c5840ce29b4fc1f148 P 0801d9e91d17404695b7dfbc40a127e1 [term 0 FOLLOWER]: Advancing to term 1
I20260630 12:15:43.797765 14449 ts_tablet_manager.cc:1434] T 82d33f0a52284f439172ee1f3acd832e P 6ebee6d10fe54e7a90836cac43136072: Time spent starting tablet: real 0.009s	user 0.003s	sys 0.002s
I20260630 12:15:43.799072 14449 tablet_bootstrap.cc:492] T 692ea6f0bb35424da3b9919870eab0e9 P 6ebee6d10fe54e7a90836cac43136072: Bootstrap starting.
I20260630 12:15:43.803156 14402 raft_consensus.cc:2468] T e66ff797e0c441c5840ce29b4fc1f148 P cab90c16f3ac4861b6a90a5d29a024db [term 1 FOLLOWER]: Leader election vote request: Granting yes vote for candidate 6ebee6d10fe54e7a90836cac43136072 in term 1.
I20260630 12:15:43.804612 14294 leader_election.cc:304] T e66ff797e0c441c5840ce29b4fc1f148 P 6ebee6d10fe54e7a90836cac43136072 [CANDIDATE]: Term 1 election: Election decided. Result: candidate won. Election summary: received 2 responses out of 3 voters: 2 yes votes; 0 no votes. yes voters: 6ebee6d10fe54e7a90836cac43136072, cab90c16f3ac4861b6a90a5d29a024db; no voters: 
I20260630 12:15:43.805923 14449 tablet_bootstrap.cc:654] T 692ea6f0bb35424da3b9919870eab0e9 P 6ebee6d10fe54e7a90836cac43136072: Neither blocks nor log segments found. Creating new log.
I20260630 12:15:43.806697 14494 raft_consensus.cc:2804] T e66ff797e0c441c5840ce29b4fc1f148 P 6ebee6d10fe54e7a90836cac43136072 [term 1 FOLLOWER]: Leader election won for term 1
I20260630 12:15:43.807235 14494 raft_consensus.cc:697] T e66ff797e0c441c5840ce29b4fc1f148 P 6ebee6d10fe54e7a90836cac43136072 [term 1 LEADER]: Becoming Leader. State: Replica: 6ebee6d10fe54e7a90836cac43136072, State: Running, Role: LEADER
I20260630 12:15:43.808027 14494 consensus_queue.cc:237] T e66ff797e0c441c5840ce29b4fc1f148 P 6ebee6d10fe54e7a90836cac43136072 [LEADER]: Queue going to LEADER mode. State: All replicated index: 0, Majority replicated index: 0, Committed index: 0, Last appended: 0.0, Last appended by leader: 0, Current term: 1, Majority size: 2, State: 0, Mode: LEADER, active raft config: opid_index: -1 OBSOLETE_local: false peers { permanent_uuid: "0801d9e91d17404695b7dfbc40a127e1" member_type: VOTER last_known_addr { host: "127.13.69.1" port: 35095 } } peers { permanent_uuid: "6ebee6d10fe54e7a90836cac43136072" member_type: VOTER last_known_addr { host: "127.13.69.2" port: 33273 } } peers { permanent_uuid: "cab90c16f3ac4861b6a90a5d29a024db" member_type: VOTER last_known_addr { host: "127.13.69.3" port: 36763 } }
I20260630 12:15:43.814522 14253 raft_consensus.cc:2468] T e66ff797e0c441c5840ce29b4fc1f148 P 0801d9e91d17404695b7dfbc40a127e1 [term 1 FOLLOWER]: Leader election vote request: Granting yes vote for candidate 6ebee6d10fe54e7a90836cac43136072 in term 1.
I20260630 12:15:43.819523 14150 catalog_manager.cc:5697] T bca785869c2543879202cdbb1e1d85ce P 6ebee6d10fe54e7a90836cac43136072 reported cstate change: term changed from 0 to 1, leader changed from <none> to 6ebee6d10fe54e7a90836cac43136072 (127.13.69.2). New cstate: current_term: 1 leader_uuid: "6ebee6d10fe54e7a90836cac43136072" committed_config { opid_index: -1 OBSOLETE_local: false peers { permanent_uuid: "0801d9e91d17404695b7dfbc40a127e1" member_type: VOTER last_known_addr { host: "127.13.69.1" port: 35095 } health_report { overall_health: UNKNOWN } } peers { permanent_uuid: "6ebee6d10fe54e7a90836cac43136072" member_type: VOTER last_known_addr { host: "127.13.69.2" port: 33273 } health_report { overall_health: HEALTHY } } peers { permanent_uuid: "cab90c16f3ac4861b6a90a5d29a024db" member_type: VOTER last_known_addr { host: "127.13.69.3" port: 36763 } health_report { overall_health: UNKNOWN } } }
I20260630 12:15:43.822669 14149 catalog_manager.cc:5697] T 82d33f0a52284f439172ee1f3acd832e P cab90c16f3ac4861b6a90a5d29a024db reported cstate change: term changed from 0 to 1, leader changed from <none> to cab90c16f3ac4861b6a90a5d29a024db (127.13.69.3). New cstate: current_term: 1 leader_uuid: "cab90c16f3ac4861b6a90a5d29a024db" committed_config { opid_index: -1 OBSOLETE_local: false peers { permanent_uuid: "0801d9e91d17404695b7dfbc40a127e1" member_type: VOTER last_known_addr { host: "127.13.69.1" port: 35095 } health_report { overall_health: UNKNOWN } } peers { permanent_uuid: "6ebee6d10fe54e7a90836cac43136072" member_type: VOTER last_known_addr { host: "127.13.69.2" port: 33273 } health_report { overall_health: UNKNOWN } } peers { permanent_uuid: "cab90c16f3ac4861b6a90a5d29a024db" member_type: VOTER last_known_addr { host: "127.13.69.3" port: 36763 } health_report { overall_health: HEALTHY } } }
I20260630 12:15:43.825147 14149 catalog_manager.cc:5697] T 050ba04f4b124120938ad60c85ec9e5a P cab90c16f3ac4861b6a90a5d29a024db reported cstate change: term changed from 0 to 1, leader changed from <none> to cab90c16f3ac4861b6a90a5d29a024db (127.13.69.3). New cstate: current_term: 1 leader_uuid: "cab90c16f3ac4861b6a90a5d29a024db" committed_config { opid_index: -1 OBSOLETE_local: false peers { permanent_uuid: "0801d9e91d17404695b7dfbc40a127e1" member_type: VOTER last_known_addr { host: "127.13.69.1" port: 35095 } health_report { overall_health: UNKNOWN } } peers { permanent_uuid: "6ebee6d10fe54e7a90836cac43136072" member_type: VOTER last_known_addr { host: "127.13.69.2" port: 33273 } health_report { overall_health: UNKNOWN } } peers { permanent_uuid: "cab90c16f3ac4861b6a90a5d29a024db" member_type: VOTER last_known_addr { host: "127.13.69.3" port: 36763 } health_report { overall_health: HEALTHY } } }
I20260630 12:15:43.827399 14149 catalog_manager.cc:5697] T 0973e29731d044bc9691a91188a5b68a P cab90c16f3ac4861b6a90a5d29a024db reported cstate change: term changed from 0 to 1, leader changed from <none> to cab90c16f3ac4861b6a90a5d29a024db (127.13.69.3). New cstate: current_term: 1 leader_uuid: "cab90c16f3ac4861b6a90a5d29a024db" committed_config { opid_index: -1 OBSOLETE_local: false peers { permanent_uuid: "cab90c16f3ac4861b6a90a5d29a024db" member_type: VOTER last_known_addr { host: "127.13.69.3" port: 36763 } health_report { overall_health: HEALTHY } } peers { permanent_uuid: "6ebee6d10fe54e7a90836cac43136072" member_type: VOTER last_known_addr { host: "127.13.69.2" port: 33273 } health_report { overall_health: UNKNOWN } } peers { permanent_uuid: "0801d9e91d17404695b7dfbc40a127e1" member_type: VOTER last_known_addr { host: "127.13.69.1" port: 35095 } health_report { overall_health: UNKNOWN } } }
I20260630 12:15:43.829569 14149 catalog_manager.cc:5697] T 079ace86de5843b8a8ecab6d6eadfe84 P cab90c16f3ac4861b6a90a5d29a024db reported cstate change: term changed from 0 to 1, leader changed from <none> to cab90c16f3ac4861b6a90a5d29a024db (127.13.69.3). New cstate: current_term: 1 leader_uuid: "cab90c16f3ac4861b6a90a5d29a024db" committed_config { opid_index: -1 OBSOLETE_local: false peers { permanent_uuid: "0801d9e91d17404695b7dfbc40a127e1" member_type: VOTER last_known_addr { host: "127.13.69.1" port: 35095 } health_report { overall_health: UNKNOWN } } peers { permanent_uuid: "6ebee6d10fe54e7a90836cac43136072" member_type: VOTER last_known_addr { host: "127.13.69.2" port: 33273 } health_report { overall_health: UNKNOWN } } peers { permanent_uuid: "cab90c16f3ac4861b6a90a5d29a024db" member_type: VOTER last_known_addr { host: "127.13.69.3" port: 36763 } health_report { overall_health: HEALTHY } } }
I20260630 12:15:43.838840 14449 tablet_bootstrap.cc:492] T 692ea6f0bb35424da3b9919870eab0e9 P 6ebee6d10fe54e7a90836cac43136072: No bootstrap required, opened a new log
I20260630 12:15:43.839313 14449 ts_tablet_manager.cc:1403] T 692ea6f0bb35424da3b9919870eab0e9 P 6ebee6d10fe54e7a90836cac43136072: Time spent bootstrapping tablet: real 0.041s	user 0.005s	sys 0.029s
I20260630 12:15:43.841384 14449 raft_consensus.cc:359] T 692ea6f0bb35424da3b9919870eab0e9 P 6ebee6d10fe54e7a90836cac43136072 [term 0 FOLLOWER]: Replica starting. Triggering 0 pending ops. Active config: opid_index: -1 OBSOLETE_local: false peers { permanent_uuid: "0801d9e91d17404695b7dfbc40a127e1" member_type: VOTER last_known_addr { host: "127.13.69.1" port: 35095 } } peers { permanent_uuid: "6ebee6d10fe54e7a90836cac43136072" member_type: VOTER last_known_addr { host: "127.13.69.2" port: 33273 } } peers { permanent_uuid: "cab90c16f3ac4861b6a90a5d29a024db" member_type: VOTER last_known_addr { host: "127.13.69.3" port: 36763 } }
I20260630 12:15:43.842031 14449 raft_consensus.cc:385] T 692ea6f0bb35424da3b9919870eab0e9 P 6ebee6d10fe54e7a90836cac43136072 [term 0 FOLLOWER]: Consensus starting up: Expiring failure detector timer to make a prompt election more likely
I20260630 12:15:43.842293 14449 raft_consensus.cc:740] T 692ea6f0bb35424da3b9919870eab0e9 P 6ebee6d10fe54e7a90836cac43136072 [term 0 FOLLOWER]: Becoming Follower/Learner. State: Replica: 6ebee6d10fe54e7a90836cac43136072, State: Initialized, Role: FOLLOWER
I20260630 12:15:43.842912 14449 consensus_queue.cc:260] T 692ea6f0bb35424da3b9919870eab0e9 P 6ebee6d10fe54e7a90836cac43136072 [NON_LEADER]: Queue going to NON_LEADER mode. State: All replicated index: 0, Majority replicated index: 0, Committed index: 0, Last appended: 0.0, Last appended by leader: 0, Current term: 0, Majority size: -1, State: 0, Mode: NON_LEADER, active raft config: opid_index: -1 OBSOLETE_local: false peers { permanent_uuid: "0801d9e91d17404695b7dfbc40a127e1" member_type: VOTER last_known_addr { host: "127.13.69.1" port: 35095 } } peers { permanent_uuid: "6ebee6d10fe54e7a90836cac43136072" member_type: VOTER last_known_addr { host: "127.13.69.2" port: 33273 } } peers { permanent_uuid: "cab90c16f3ac4861b6a90a5d29a024db" member_type: VOTER last_known_addr { host: "127.13.69.3" port: 36763 } }
I20260630 12:15:43.844404 14449 ts_tablet_manager.cc:1434] T 692ea6f0bb35424da3b9919870eab0e9 P 6ebee6d10fe54e7a90836cac43136072: Time spent starting tablet: real 0.005s	user 0.006s	sys 0.000s
I20260630 12:15:43.845326 14150 catalog_manager.cc:5697] T e66ff797e0c441c5840ce29b4fc1f148 P 6ebee6d10fe54e7a90836cac43136072 reported cstate change: term changed from 0 to 1, leader changed from <none> to 6ebee6d10fe54e7a90836cac43136072 (127.13.69.2). New cstate: current_term: 1 leader_uuid: "6ebee6d10fe54e7a90836cac43136072" committed_config { opid_index: -1 OBSOLETE_local: false peers { permanent_uuid: "0801d9e91d17404695b7dfbc40a127e1" member_type: VOTER last_known_addr { host: "127.13.69.1" port: 35095 } health_report { overall_health: UNKNOWN } } peers { permanent_uuid: "6ebee6d10fe54e7a90836cac43136072" member_type: VOTER last_known_addr { host: "127.13.69.2" port: 33273 } health_report { overall_health: HEALTHY } } peers { permanent_uuid: "cab90c16f3ac4861b6a90a5d29a024db" member_type: VOTER last_known_addr { host: "127.13.69.3" port: 36763 } health_report { overall_health: UNKNOWN } } }
I20260630 12:15:43.866235 14494 raft_consensus.cc:493] T 82d33f0a52284f439172ee1f3acd832e P 6ebee6d10fe54e7a90836cac43136072 [term 0 FOLLOWER]: Starting pre-election (no leader contacted us within the election timeout)
I20260630 12:15:43.866691 14494 raft_consensus.cc:515] T 82d33f0a52284f439172ee1f3acd832e P 6ebee6d10fe54e7a90836cac43136072 [term 0 FOLLOWER]: Starting pre-election with config: opid_index: -1 OBSOLETE_local: false peers { permanent_uuid: "0801d9e91d17404695b7dfbc40a127e1" member_type: VOTER last_known_addr { host: "127.13.69.1" port: 35095 } } peers { permanent_uuid: "6ebee6d10fe54e7a90836cac43136072" member_type: VOTER last_known_addr { host: "127.13.69.2" port: 33273 } } peers { permanent_uuid: "cab90c16f3ac4861b6a90a5d29a024db" member_type: VOTER last_known_addr { host: "127.13.69.3" port: 36763 } }
I20260630 12:15:43.868227 14494 leader_election.cc:290] T 82d33f0a52284f439172ee1f3acd832e P 6ebee6d10fe54e7a90836cac43136072 [CANDIDATE]: Term 1 pre-election: Requested pre-vote from peers 0801d9e91d17404695b7dfbc40a127e1 (127.13.69.1:35095), cab90c16f3ac4861b6a90a5d29a024db (127.13.69.3:36763)
I20260630 12:15:43.869092 14253 tablet_service.cc:1917] Received RequestConsensusVote() RPC: tablet_id: "82d33f0a52284f439172ee1f3acd832e" candidate_uuid: "6ebee6d10fe54e7a90836cac43136072" candidate_term: 1 candidate_status { last_received { term: 0 index: 0 } } ignore_live_leader: false dest_uuid: "0801d9e91d17404695b7dfbc40a127e1" is_pre_election: true
I20260630 12:15:43.869239 14402 tablet_service.cc:1917] Received RequestConsensusVote() RPC: tablet_id: "82d33f0a52284f439172ee1f3acd832e" candidate_uuid: "6ebee6d10fe54e7a90836cac43136072" candidate_term: 1 candidate_status { last_received { term: 0 index: 0 } } ignore_live_leader: false dest_uuid: "cab90c16f3ac4861b6a90a5d29a024db" is_pre_election: true
I20260630 12:15:43.869798 14253 raft_consensus.cc:2393] T 82d33f0a52284f439172ee1f3acd832e P 0801d9e91d17404695b7dfbc40a127e1 [term 1 FOLLOWER]: Leader pre-election vote request: Denying vote to candidate 6ebee6d10fe54e7a90836cac43136072 in current term 1: Already voted for candidate cab90c16f3ac4861b6a90a5d29a024db in this term.
I20260630 12:15:43.870781 14295 leader_election.cc:304] T 82d33f0a52284f439172ee1f3acd832e P 6ebee6d10fe54e7a90836cac43136072 [CANDIDATE]: Term 1 pre-election: Election decided. Result: candidate lost. Election summary: received 3 responses out of 3 voters: 1 yes votes; 2 no votes. yes voters: 6ebee6d10fe54e7a90836cac43136072; no voters: 0801d9e91d17404695b7dfbc40a127e1, cab90c16f3ac4861b6a90a5d29a024db
I20260630 12:15:43.871608 14494 raft_consensus.cc:3060] T 82d33f0a52284f439172ee1f3acd832e P 6ebee6d10fe54e7a90836cac43136072 [term 0 FOLLOWER]: Advancing to term 1
I20260630 12:15:43.876796 14494 raft_consensus.cc:2749] T 82d33f0a52284f439172ee1f3acd832e P 6ebee6d10fe54e7a90836cac43136072 [term 1 FOLLOWER]: Leader pre-election lost for term 1. Reason: could not achieve majority
I20260630 12:15:43.912770 14494 raft_consensus.cc:493] T 692ea6f0bb35424da3b9919870eab0e9 P 6ebee6d10fe54e7a90836cac43136072 [term 0 FOLLOWER]: Starting pre-election (no leader contacted us within the election timeout)
I20260630 12:15:43.913190 14494 raft_consensus.cc:515] T 692ea6f0bb35424da3b9919870eab0e9 P 6ebee6d10fe54e7a90836cac43136072 [term 0 FOLLOWER]: Starting pre-election with config: opid_index: -1 OBSOLETE_local: false peers { permanent_uuid: "0801d9e91d17404695b7dfbc40a127e1" member_type: VOTER last_known_addr { host: "127.13.69.1" port: 35095 } } peers { permanent_uuid: "6ebee6d10fe54e7a90836cac43136072" member_type: VOTER last_known_addr { host: "127.13.69.2" port: 33273 } } peers { permanent_uuid: "cab90c16f3ac4861b6a90a5d29a024db" member_type: VOTER last_known_addr { host: "127.13.69.3" port: 36763 } }
I20260630 12:15:43.914821 14494 leader_election.cc:290] T 692ea6f0bb35424da3b9919870eab0e9 P 6ebee6d10fe54e7a90836cac43136072 [CANDIDATE]: Term 1 pre-election: Requested pre-vote from peers 0801d9e91d17404695b7dfbc40a127e1 (127.13.69.1:35095), cab90c16f3ac4861b6a90a5d29a024db (127.13.69.3:36763)
I20260630 12:15:43.915632 14253 tablet_service.cc:1917] Received RequestConsensusVote() RPC: tablet_id: "692ea6f0bb35424da3b9919870eab0e9" candidate_uuid: "6ebee6d10fe54e7a90836cac43136072" candidate_term: 1 candidate_status { last_received { term: 0 index: 0 } } ignore_live_leader: false dest_uuid: "0801d9e91d17404695b7dfbc40a127e1" is_pre_election: true
I20260630 12:15:43.915882 14402 tablet_service.cc:1917] Received RequestConsensusVote() RPC: tablet_id: "692ea6f0bb35424da3b9919870eab0e9" candidate_uuid: "6ebee6d10fe54e7a90836cac43136072" candidate_term: 1 candidate_status { last_received { term: 0 index: 0 } } ignore_live_leader: false dest_uuid: "cab90c16f3ac4861b6a90a5d29a024db" is_pre_election: true
I20260630 12:15:43.916604 14402 raft_consensus.cc:2393] T 692ea6f0bb35424da3b9919870eab0e9 P cab90c16f3ac4861b6a90a5d29a024db [term 1 FOLLOWER]: Leader pre-election vote request: Denying vote to candidate 6ebee6d10fe54e7a90836cac43136072 in current term 1: Already voted for candidate 0801d9e91d17404695b7dfbc40a127e1 in this term.
I20260630 12:15:43.917479 14294 leader_election.cc:304] T 692ea6f0bb35424da3b9919870eab0e9 P 6ebee6d10fe54e7a90836cac43136072 [CANDIDATE]: Term 1 pre-election: Election decided. Result: candidate lost. Election summary: received 3 responses out of 3 voters: 1 yes votes; 2 no votes. yes voters: 6ebee6d10fe54e7a90836cac43136072; no voters: 0801d9e91d17404695b7dfbc40a127e1, cab90c16f3ac4861b6a90a5d29a024db
I20260630 12:15:43.918138 14494 raft_consensus.cc:3060] T 692ea6f0bb35424da3b9919870eab0e9 P 6ebee6d10fe54e7a90836cac43136072 [term 0 FOLLOWER]: Advancing to term 1
I20260630 12:15:43.922547 14494 raft_consensus.cc:2749] T 692ea6f0bb35424da3b9919870eab0e9 P 6ebee6d10fe54e7a90836cac43136072 [term 1 FOLLOWER]: Leader pre-election lost for term 1. Reason: could not achieve majority
I20260630 12:15:44.011322 13588 file_cache.cc:492] Constructed file cache file cache with capacity 419430
W20260630 12:15:44.016964 14504 instance_detector.cc:116] could not retrieve AWS instance metadata: Network error: curl error: HTTP response code said error: The requested URL returned error: 404
W20260630 12:15:44.018283 14505 instance_detector.cc:116] could not retrieve Azure instance metadata: Network error: curl error: HTTP response code said error: The requested URL returned error: 404
I20260630 12:15:44.019584 13588 server_base.cc:1061] running on GCE node
W20260630 12:15:44.019572 14507 instance_detector.cc:116] could not retrieve OpenStack instance metadata: Network error: curl error: HTTP response code said error: The requested URL returned error: 404
I20260630 12:15:44.020761 13588 hybrid_clock.cc:584] initializing the hybrid clock with 'system_unsync' time source
W20260630 12:15:44.021014 13588 system_unsync_time.cc:38] NTP support is disabled. Clock error bounds will not be accurate. This configuration is not suitable for distributed clusters.
I20260630 12:15:44.021201 13588 hybrid_clock.cc:648] HybridClock initialized: now 1782821744021186 us; error 0 us; skew 500 ppm
I20260630 12:15:44.021678 13588 server_base.cc:861] Flag tcmalloc_max_total_thread_cache_bytes is not working since tcmalloc is not enabled.
I20260630 12:15:44.024088 13588 webserver.cc:533] Webserver started at http://127.13.69.4:35057/ using document root <none> and password file <none>
I20260630 12:15:44.024550 13588 fs_manager.cc:362] Metadata directory not provided
I20260630 12:15:44.024761 13588 fs_manager.cc:368] Using write-ahead log directory (fs_wal_dir) as metadata directory
I20260630 12:15:44.025035 13588 server_base.cc:909] This appears to be a new deployment of Kudu; creating new FS layout
I20260630 12:15:44.026176 13588 fs_manager.cc:1068] Generated new instance metadata in path /tmp/dist-test-tasknzzx47/test-tmp/auto_rebalancer-test.0.AutoRebalancerTest.AutoRebalancingTurnOffAndOn.1782821734410874-13588-0/minicluster-data/ts-3-root/instance:
uuid: "8372a855bc184a21aca0e712653168ae"
format_stamp: "Formatted at 2026-06-30 12:15:44 on dist-test-slave-mnsm"
I20260630 12:15:44.030483 13588 fs_manager.cc:696] Time spent creating directory manager: real 0.004s	user 0.004s	sys 0.000s
I20260630 12:15:44.033708 14512 log_block_manager.cc:4031] Time spent loading block containers with low live blocks: real 0.000s	user 0.000s	sys 0.000s
I20260630 12:15:44.034674 13588 fs_manager.cc:730] Time spent opening block manager: real 0.002s	user 0.003s	sys 0.000s
I20260630 12:15:44.034991 13588 fs_manager.cc:647] Opened local filesystem: /tmp/dist-test-tasknzzx47/test-tmp/auto_rebalancer-test.0.AutoRebalancerTest.AutoRebalancingTurnOffAndOn.1782821734410874-13588-0/minicluster-data/ts-3-root
uuid: "8372a855bc184a21aca0e712653168ae"
format_stamp: "Formatted at 2026-06-30 12:15:44 on dist-test-slave-mnsm"
I20260630 12:15:44.035290 13588 fs_report.cc:389] FS layout report
--------------------
wal directory: /tmp/dist-test-tasknzzx47/test-tmp/auto_rebalancer-test.0.AutoRebalancerTest.AutoRebalancingTurnOffAndOn.1782821734410874-13588-0/minicluster-data/ts-3-root
metadata directory: /tmp/dist-test-tasknzzx47/test-tmp/auto_rebalancer-test.0.AutoRebalancerTest.AutoRebalancingTurnOffAndOn.1782821734410874-13588-0/minicluster-data/ts-3-root
1 data directories: /tmp/dist-test-tasknzzx47/test-tmp/auto_rebalancer-test.0.AutoRebalancerTest.AutoRebalancingTurnOffAndOn.1782821734410874-13588-0/minicluster-data/ts-3-root/data
Total live blocks: 0
Total live bytes: 0
Total live bytes (after alignment): 0
Total number of LBM containers: 0 (0 full)
Did not check for missing blocks
Did not check for orphaned blocks
Total full LBM containers with extra space: 0 (0 repaired)
Total full LBM container extra space in bytes: 0 (0 repaired)
Total incomplete LBM containers: 0 (0 repaired)
Total LBM partial records: 0 (0 repaired)
Total corrupted LBM metadata records in RocksDB: 0 (0 repaired)
I20260630 12:15:44.035964 14494 raft_consensus.cc:493] T 0973e29731d044bc9691a91188a5b68a P 6ebee6d10fe54e7a90836cac43136072 [term 0 FOLLOWER]: Starting pre-election (no leader contacted us within the election timeout)
I20260630 12:15:44.036356 14494 raft_consensus.cc:515] T 0973e29731d044bc9691a91188a5b68a P 6ebee6d10fe54e7a90836cac43136072 [term 0 FOLLOWER]: Starting pre-election with config: opid_index: -1 OBSOLETE_local: false peers { permanent_uuid: "cab90c16f3ac4861b6a90a5d29a024db" member_type: VOTER last_known_addr { host: "127.13.69.3" port: 36763 } } peers { permanent_uuid: "6ebee6d10fe54e7a90836cac43136072" member_type: VOTER last_known_addr { host: "127.13.69.2" port: 33273 } } peers { permanent_uuid: "0801d9e91d17404695b7dfbc40a127e1" member_type: VOTER last_known_addr { host: "127.13.69.1" port: 35095 } }
I20260630 12:15:44.038103 14494 leader_election.cc:290] T 0973e29731d044bc9691a91188a5b68a P 6ebee6d10fe54e7a90836cac43136072 [CANDIDATE]: Term 1 pre-election: Requested pre-vote from peers cab90c16f3ac4861b6a90a5d29a024db (127.13.69.3:36763), 0801d9e91d17404695b7dfbc40a127e1 (127.13.69.1:35095)
I20260630 12:15:44.038781 14402 tablet_service.cc:1917] Received RequestConsensusVote() RPC: tablet_id: "0973e29731d044bc9691a91188a5b68a" candidate_uuid: "6ebee6d10fe54e7a90836cac43136072" candidate_term: 1 candidate_status { last_received { term: 0 index: 0 } } ignore_live_leader: false dest_uuid: "cab90c16f3ac4861b6a90a5d29a024db" is_pre_election: true
I20260630 12:15:44.039146 14253 tablet_service.cc:1917] Received RequestConsensusVote() RPC: tablet_id: "0973e29731d044bc9691a91188a5b68a" candidate_uuid: "6ebee6d10fe54e7a90836cac43136072" candidate_term: 1 candidate_status { last_received { term: 0 index: 0 } } ignore_live_leader: false dest_uuid: "0801d9e91d17404695b7dfbc40a127e1" is_pre_election: true
I20260630 12:15:44.039918 14253 raft_consensus.cc:2393] T 0973e29731d044bc9691a91188a5b68a P 0801d9e91d17404695b7dfbc40a127e1 [term 1 FOLLOWER]: Leader pre-election vote request: Denying vote to candidate 6ebee6d10fe54e7a90836cac43136072 in current term 1: Already voted for candidate cab90c16f3ac4861b6a90a5d29a024db in this term.
I20260630 12:15:44.040830 14295 leader_election.cc:304] T 0973e29731d044bc9691a91188a5b68a P 6ebee6d10fe54e7a90836cac43136072 [CANDIDATE]: Term 1 pre-election: Election decided. Result: candidate lost. Election summary: received 3 responses out of 3 voters: 1 yes votes; 2 no votes. yes voters: 6ebee6d10fe54e7a90836cac43136072; no voters: 0801d9e91d17404695b7dfbc40a127e1, cab90c16f3ac4861b6a90a5d29a024db
I20260630 12:15:44.041482 14494 raft_consensus.cc:3060] T 0973e29731d044bc9691a91188a5b68a P 6ebee6d10fe54e7a90836cac43136072 [term 0 FOLLOWER]: Advancing to term 1
I20260630 12:15:44.045806 14494 raft_consensus.cc:2749] T 0973e29731d044bc9691a91188a5b68a P 6ebee6d10fe54e7a90836cac43136072 [term 1 FOLLOWER]: Leader pre-election lost for term 1. Reason: could not achieve majority
I20260630 12:15:44.066828 13588 rpc_server.cc:225] running with OpenSSL 1.1.1  11 Sep 2018
I20260630 12:15:44.068245 13588 kserver.cc:163] Server-wide thread pool size limit: 3276
I20260630 12:15:44.070115 13588 txn_system_client.cc:432] TxnSystemClient initialization is disabled...
I20260630 12:15:44.070703 14480 consensus_queue.cc:1048] T 050ba04f4b124120938ad60c85ec9e5a P cab90c16f3ac4861b6a90a5d29a024db [LEADER]: Connected to new peer: Peer: permanent_uuid: "0801d9e91d17404695b7dfbc40a127e1" member_type: VOTER last_known_addr { host: "127.13.69.1" port: 35095 }, Status: LMP_MISMATCH, Last received: 0.0, Next index: 1, Last known committed idx: 0, Time since last communication: 0.000s
I20260630 12:15:44.072367 13588 ts_tablet_manager.cc:585] Loaded tablet metadata (0 total tablets, 0 live tablets)
I20260630 12:15:44.072651 13588 ts_tablet_manager.cc:531] Time spent load tablet metadata: real 0.000s	user 0.000s	sys 0.000s
I20260630 12:15:44.072911 13588 ts_tablet_manager.cc:616] Registered 0 tablets
I20260630 12:15:44.073092 13588 ts_tablet_manager.cc:595] Time spent register tablets: real 0.000s	user 0.000s	sys 0.000s
I20260630 12:15:44.088577 14485 consensus_queue.cc:1048] T 050ba04f4b124120938ad60c85ec9e5a P cab90c16f3ac4861b6a90a5d29a024db [LEADER]: Connected to new peer: Peer: permanent_uuid: "6ebee6d10fe54e7a90836cac43136072" member_type: VOTER last_known_addr { host: "127.13.69.2" port: 33273 }, Status: LMP_MISMATCH, Last received: 0.0, Next index: 1, Last known committed idx: 0, Time since last communication: 0.000s
I20260630 12:15:44.092535 14475 consensus_queue.cc:1048] T 0973e29731d044bc9691a91188a5b68a P cab90c16f3ac4861b6a90a5d29a024db [LEADER]: Connected to new peer: Peer: permanent_uuid: "6ebee6d10fe54e7a90836cac43136072" member_type: VOTER last_known_addr { host: "127.13.69.2" port: 33273 }, Status: LMP_MISMATCH, Last received: 0.0, Next index: 1, Last known committed idx: 0, Time since last communication: 0.000s
I20260630 12:15:44.107749 14454 consensus_queue.cc:1048] T 0973e29731d044bc9691a91188a5b68a P cab90c16f3ac4861b6a90a5d29a024db [LEADER]: Connected to new peer: Peer: permanent_uuid: "0801d9e91d17404695b7dfbc40a127e1" member_type: VOTER last_known_addr { host: "127.13.69.1" port: 35095 }, Status: LMP_MISMATCH, Last received: 0.0, Next index: 1, Last known committed idx: 0, Time since last communication: 0.000s
I20260630 12:15:44.140167 14475 consensus_queue.cc:1048] T 5426c4cd907b4f3c940f3b38eca1b1cb P cab90c16f3ac4861b6a90a5d29a024db [LEADER]: Connected to new peer: Peer: permanent_uuid: "6ebee6d10fe54e7a90836cac43136072" member_type: VOTER last_known_addr { host: "127.13.69.2" port: 33273 }, Status: LMP_MISMATCH, Last received: 0.0, Next index: 1, Last known committed idx: 0, Time since last communication: 0.000s
I20260630 12:15:44.156868 14486 consensus_queue.cc:1048] T 82d33f0a52284f439172ee1f3acd832e P cab90c16f3ac4861b6a90a5d29a024db [LEADER]: Connected to new peer: Peer: permanent_uuid: "0801d9e91d17404695b7dfbc40a127e1" member_type: VOTER last_known_addr { host: "127.13.69.1" port: 35095 }, Status: LMP_MISMATCH, Last received: 0.0, Next index: 1, Last known committed idx: 0, Time since last communication: 0.001s
I20260630 12:15:44.157135 14454 consensus_queue.cc:1048] T 5426c4cd907b4f3c940f3b38eca1b1cb P cab90c16f3ac4861b6a90a5d29a024db [LEADER]: Connected to new peer: Peer: permanent_uuid: "0801d9e91d17404695b7dfbc40a127e1" member_type: VOTER last_known_addr { host: "127.13.69.1" port: 35095 }, Status: LMP_MISMATCH, Last received: 0.0, Next index: 1, Last known committed idx: 0, Time since last communication: 0.000s
I20260630 12:15:44.184284 14475 consensus_queue.cc:1048] T 82d33f0a52284f439172ee1f3acd832e P cab90c16f3ac4861b6a90a5d29a024db [LEADER]: Connected to new peer: Peer: permanent_uuid: "6ebee6d10fe54e7a90836cac43136072" member_type: VOTER last_known_addr { host: "127.13.69.2" port: 33273 }, Status: LMP_MISMATCH, Last received: 0.0, Next index: 1, Last known committed idx: 0, Time since last communication: 0.000s
I20260630 12:15:44.185652 14475 consensus_queue.cc:1048] T 079ace86de5843b8a8ecab6d6eadfe84 P cab90c16f3ac4861b6a90a5d29a024db [LEADER]: Connected to new peer: Peer: permanent_uuid: "0801d9e91d17404695b7dfbc40a127e1" member_type: VOTER last_known_addr { host: "127.13.69.1" port: 35095 }, Status: LMP_MISMATCH, Last received: 0.0, Next index: 1, Last known committed idx: 0, Time since last communication: 0.000s
I20260630 12:15:44.205448 14489 consensus_queue.cc:1048] T 692ea6f0bb35424da3b9919870eab0e9 P 0801d9e91d17404695b7dfbc40a127e1 [LEADER]: Connected to new peer: Peer: permanent_uuid: "cab90c16f3ac4861b6a90a5d29a024db" member_type: VOTER last_known_addr { host: "127.13.69.3" port: 36763 }, Status: LMP_MISMATCH, Last received: 0.0, Next index: 1, Last known committed idx: 0, Time since last communication: 0.001s
I20260630 12:15:44.225870 14454 consensus_queue.cc:1048] T 079ace86de5843b8a8ecab6d6eadfe84 P cab90c16f3ac4861b6a90a5d29a024db [LEADER]: Connected to new peer: Peer: permanent_uuid: "6ebee6d10fe54e7a90836cac43136072" member_type: VOTER last_known_addr { host: "127.13.69.2" port: 33273 }, Status: LMP_MISMATCH, Last received: 0.0, Next index: 1, Last known committed idx: 0, Time since last communication: 0.001s
I20260630 12:15:44.230818 14494 consensus_queue.cc:1048] T e66ff797e0c441c5840ce29b4fc1f148 P 6ebee6d10fe54e7a90836cac43136072 [LEADER]: Connected to new peer: Peer: permanent_uuid: "0801d9e91d17404695b7dfbc40a127e1" member_type: VOTER last_known_addr { host: "127.13.69.1" port: 35095 }, Status: LMP_MISMATCH, Last received: 0.0, Next index: 1, Last known committed idx: 0, Time since last communication: 0.001s
I20260630 12:15:44.251753 14457 consensus_queue.cc:1048] T 692ea6f0bb35424da3b9919870eab0e9 P 0801d9e91d17404695b7dfbc40a127e1 [LEADER]: Connected to new peer: Peer: permanent_uuid: "6ebee6d10fe54e7a90836cac43136072" member_type: VOTER last_known_addr { host: "127.13.69.2" port: 33273 }, Status: LMP_MISMATCH, Last received: 0.0, Next index: 1, Last known committed idx: 0, Time since last communication: 0.000s
I20260630 12:15:44.268935 14490 consensus_queue.cc:1048] T e66ff797e0c441c5840ce29b4fc1f148 P 6ebee6d10fe54e7a90836cac43136072 [LEADER]: Connected to new peer: Peer: permanent_uuid: "cab90c16f3ac4861b6a90a5d29a024db" member_type: VOTER last_known_addr { host: "127.13.69.3" port: 36763 }, Status: LMP_MISMATCH, Last received: 0.0, Next index: 1, Last known committed idx: 0, Time since last communication: 0.000s
I20260630 12:15:44.294473 14490 consensus_queue.cc:1048] T bca785869c2543879202cdbb1e1d85ce P 6ebee6d10fe54e7a90836cac43136072 [LEADER]: Connected to new peer: Peer: permanent_uuid: "0801d9e91d17404695b7dfbc40a127e1" member_type: VOTER last_known_addr { host: "127.13.69.1" port: 35095 }, Status: LMP_MISMATCH, Last received: 0.0, Next index: 1, Last known committed idx: 0, Time since last communication: 0.001s
I20260630 12:15:44.322119 13588 rpc_server.cc:307] RPC server started. Bound to: 127.13.69.4:42077
I20260630 12:15:44.322207 14593 acceptor_pool.cc:272] collecting diagnostics on the listening RPC socket 127.13.69.4:42077 every 8 connection(s)
I20260630 12:15:44.322785 14455 consensus_queue.cc:1048] T bca785869c2543879202cdbb1e1d85ce P 6ebee6d10fe54e7a90836cac43136072 [LEADER]: Connected to new peer: Peer: permanent_uuid: "cab90c16f3ac4861b6a90a5d29a024db" member_type: VOTER last_known_addr { host: "127.13.69.3" port: 36763 }, Status: LMP_MISMATCH, Last received: 0.0, Next index: 1, Last known committed idx: 0, Time since last communication: 0.000s
I20260630 12:15:44.348923 14594 heartbeater.cc:344] Connected to a master server at 127.13.69.62:35491
I20260630 12:15:44.349287 14594 heartbeater.cc:461] Registering TS with master...
I20260630 12:15:44.350085 14594 heartbeater.cc:507] Master 127.13.69.62:35491 requested a full tablet report, sending...
I20260630 12:15:44.351946 14150 ts_manager.cc:194] Registered new tserver with Master: 8372a855bc184a21aca0e712653168ae (127.13.69.4:42077)
I20260630 12:15:44.353319 14150 master_service.cc:502] Signed X509 certificate for tserver {username='slave'} at 127.0.0.1:57172
I20260630 12:15:45.355674 14594 heartbeater.cc:499] Master 127.13.69.62:35491 was elected leader, sending a full tablet report...
I20260630 12:15:45.621583 14205 auto_leader_rebalancer.cc:141] leader rebalance for table test-workload
I20260630 12:15:45.639396 14403 tablet_service.cc:2072] Received LeaderStepDown RPC: tablet_id: "079ace86de5843b8a8ecab6d6eadfe84"
