I20260630 12:17:00.981853 13510 kserver.cc:163] Server-wide thread pool size limit: 3276
I20260630 12:17:00.983274 13510 txn_system_client.cc:432] TxnSystemClient initialization is disabled...
I20260630 12:17:00.985460 13510 ts_tablet_manager.cc:585] Loaded tablet metadata (0 total tablets, 0 live tablets)
I20260630 12:17:00.985647 13510 ts_tablet_manager.cc:531] Time spent load tablet metadata: real 0.000s	user 0.000s	sys 0.000s
I20260630 12:17:00.985921 13510 ts_tablet_manager.cc:616] Registered 0 tablets
I20260630 12:17:00.986083 13510 ts_tablet_manager.cc:595] Time spent register tablets: real 0.000s	user 0.000s	sys 0.000s
I20260630 12:17:01.022521 13510 rpc_server.cc:307] RPC server started. Bound to: 127.13.49.130:33581
I20260630 12:17:01.022629 17300 acceptor_pool.cc:272] collecting diagnostics on the listening RPC socket 127.13.49.130:33581 every 8 connection(s)
I20260630 12:17:01.027012 13510 file_cache.cc:492] Constructed file cache file cache with capacity 419430
W20260630 12:17:01.033744 17304 instance_detector.cc:116] could not retrieve AWS instance metadata: Network error: curl error: HTTP response code said error: The requested URL returned error: 404
W20260630 12:17:01.036409 17305 instance_detector.cc:116] could not retrieve Azure instance metadata: Network error: curl error: HTTP response code said error: The requested URL returned error: 404
I20260630 12:17:01.041049 17301 heartbeater.cc:344] Connected to a master server at 127.13.49.190:33927
I20260630 12:17:01.041528 17301 heartbeater.cc:461] Registering TS with master...
W20260630 12:17:01.041855 17307 instance_detector.cc:116] could not retrieve OpenStack instance metadata: Network error: curl error: HTTP response code said error: The requested URL returned error: 404
I20260630 12:17:01.042030 13510 server_base.cc:1061] running on GCE node
I20260630 12:17:01.042547 17301 heartbeater.cc:507] Master 127.13.49.190:33927 requested a full tablet report, sending...
I20260630 12:17:01.043094 13510 hybrid_clock.cc:584] initializing the hybrid clock with 'system_unsync' time source
W20260630 12:17:01.043318 13510 system_unsync_time.cc:38] NTP support is disabled. Clock error bounds will not be accurate. This configuration is not suitable for distributed clusters.
I20260630 12:17:01.043516 13510 hybrid_clock.cc:648] HybridClock initialized: now 1782821821043497 us; error 0 us; skew 500 ppm
I20260630 12:17:01.044024 13510 server_base.cc:861] Flag tcmalloc_max_total_thread_cache_bytes is not working since tcmalloc is not enabled.
I20260630 12:17:01.044659 17099 ts_manager.cc:194] Registered new tserver with Master: 91d52b05bdb246ffb6cf42d1720a1437 (127.13.49.130:33581)
I20260630 12:17:01.046232 17099 master_service.cc:502] Signed X509 certificate for tserver {username='slave'} at 127.0.0.1:46722
I20260630 12:17:01.046442 13510 webserver.cc:533] Webserver started at http://127.13.49.131:34071/ using document root <none> and password file <none>
I20260630 12:17:01.047029 13510 fs_manager.cc:362] Metadata directory not provided
I20260630 12:17:01.047242 13510 fs_manager.cc:368] Using write-ahead log directory (fs_wal_dir) as metadata directory
I20260630 12:17:01.047513 13510 server_base.cc:909] This appears to be a new deployment of Kudu; creating new FS layout
I20260630 12:17:01.048504 13510 fs_manager.cc:1068] Generated new instance metadata in path /tmp/dist-test-task7stEUB/test-tmp/auto_rebalancer-test.0.AutoRebalancerTest.NoReplicaMovesIfLocationLoadSkewedByOne.1782821730831403-13510-0/minicluster-data/ts-2-root/instance:
uuid: "b32914348edd492785cf8b56a12f5f0f"
format_stamp: "Formatted at 2026-06-30 12:17:01 on dist-test-slave-zbh0"
I20260630 12:17:01.052640 13510 fs_manager.cc:696] Time spent creating directory manager: real 0.004s	user 0.000s	sys 0.005s
I20260630 12:17:01.055799 17312 log_block_manager.cc:4031] Time spent loading block containers with low live blocks: real 0.000s	user 0.000s	sys 0.000s
I20260630 12:17:01.056665 13510 fs_manager.cc:730] Time spent opening block manager: real 0.002s	user 0.003s	sys 0.000s
I20260630 12:17:01.056902 13510 fs_manager.cc:647] Opened local filesystem: /tmp/dist-test-task7stEUB/test-tmp/auto_rebalancer-test.0.AutoRebalancerTest.NoReplicaMovesIfLocationLoadSkewedByOne.1782821730831403-13510-0/minicluster-data/ts-2-root
uuid: "b32914348edd492785cf8b56a12f5f0f"
format_stamp: "Formatted at 2026-06-30 12:17:01 on dist-test-slave-zbh0"
I20260630 12:17:01.057133 13510 fs_report.cc:389] FS layout report
--------------------
wal directory: /tmp/dist-test-task7stEUB/test-tmp/auto_rebalancer-test.0.AutoRebalancerTest.NoReplicaMovesIfLocationLoadSkewedByOne.1782821730831403-13510-0/minicluster-data/ts-2-root
metadata directory: /tmp/dist-test-task7stEUB/test-tmp/auto_rebalancer-test.0.AutoRebalancerTest.NoReplicaMovesIfLocationLoadSkewedByOne.1782821730831403-13510-0/minicluster-data/ts-2-root
1 data directories: /tmp/dist-test-task7stEUB/test-tmp/auto_rebalancer-test.0.AutoRebalancerTest.NoReplicaMovesIfLocationLoadSkewedByOne.1782821730831403-13510-0/minicluster-data/ts-2-root/data
Total live blocks: 0
Total live bytes: 0
Total live bytes (after alignment): 0
Total number of LBM containers: 0 (0 full)
Did not check for missing blocks
Did not check for orphaned blocks
Total full LBM containers with extra space: 0 (0 repaired)
Total full LBM container extra space in bytes: 0 (0 repaired)
Total incomplete LBM containers: 0 (0 repaired)
Total LBM partial records: 0 (0 repaired)
Total corrupted LBM metadata records in RocksDB: 0 (0 repaired)
I20260630 12:17:01.068338 13510 rpc_server.cc:225] running with OpenSSL 1.1.1  11 Sep 2018
I20260630 12:17:01.069279 13510 kserver.cc:163] Server-wide thread pool size limit: 3276
I20260630 12:17:01.070588 13510 txn_system_client.cc:432] TxnSystemClient initialization is disabled...
I20260630 12:17:01.073006 13510 ts_tablet_manager.cc:585] Loaded tablet metadata (0 total tablets, 0 live tablets)
I20260630 12:17:01.073275 13510 ts_tablet_manager.cc:531] Time spent load tablet metadata: real 0.000s	user 0.000s	sys 0.000s
I20260630 12:17:01.073513 13510 ts_tablet_manager.cc:616] Registered 0 tablets
I20260630 12:17:01.073681 13510 ts_tablet_manager.cc:595] Time spent register tablets: real 0.000s	user 0.000s	sys 0.000s
I20260630 12:17:01.109515 13510 rpc_server.cc:307] RPC server started. Bound to: 127.13.49.131:43349
I20260630 12:17:01.109599 17374 acceptor_pool.cc:272] collecting diagnostics on the listening RPC socket 127.13.49.131:43349 every 8 connection(s)
I20260630 12:17:01.114148 13510 file_cache.cc:492] Constructed file cache file cache with capacity 419430
W20260630 12:17:01.120321 17378 instance_detector.cc:116] could not retrieve AWS instance metadata: Network error: curl error: HTTP response code said error: The requested URL returned error: 404
W20260630 12:17:01.120822 17379 instance_detector.cc:116] could not retrieve Azure instance metadata: Network error: curl error: HTTP response code said error: The requested URL returned error: 404
W20260630 12:17:01.123842 17381 instance_detector.cc:116] could not retrieve OpenStack instance metadata: Network error: curl error: HTTP response code said error: The requested URL returned error: 404
I20260630 12:17:01.123946 13510 server_base.cc:1061] running on GCE node
I20260630 12:17:01.125094 13510 hybrid_clock.cc:584] initializing the hybrid clock with 'system_unsync' time source
W20260630 12:17:01.125329 13510 system_unsync_time.cc:38] NTP support is disabled. Clock error bounds will not be accurate. This configuration is not suitable for distributed clusters.
I20260630 12:17:01.125304 17375 heartbeater.cc:344] Connected to a master server at 127.13.49.190:33927
I20260630 12:17:01.125728 13510 hybrid_clock.cc:648] HybridClock initialized: now 1782821821125709 us; error 0 us; skew 500 ppm
I20260630 12:17:01.125900 17375 heartbeater.cc:461] Registering TS with master...
I20260630 12:17:01.126459 13510 server_base.cc:861] Flag tcmalloc_max_total_thread_cache_bytes is not working since tcmalloc is not enabled.
I20260630 12:17:01.126775 17375 heartbeater.cc:507] Master 127.13.49.190:33927 requested a full tablet report, sending...
I20260630 12:17:01.129027 13510 webserver.cc:533] Webserver started at http://127.13.49.132:38721/ using document root <none> and password file <none>
I20260630 12:17:01.129202 17099 ts_manager.cc:194] Registered new tserver with Master: b32914348edd492785cf8b56a12f5f0f (127.13.49.131:43349)
I20260630 12:17:01.129673 13510 fs_manager.cc:362] Metadata directory not provided
I20260630 12:17:01.129998 13510 fs_manager.cc:368] Using write-ahead log directory (fs_wal_dir) as metadata directory
I20260630 12:17:01.130303 13510 server_base.cc:909] This appears to be a new deployment of Kudu; creating new FS layout
I20260630 12:17:01.130962 17099 master_service.cc:502] Signed X509 certificate for tserver {username='slave'} at 127.0.0.1:46726
I20260630 12:17:01.131688 13510 fs_manager.cc:1068] Generated new instance metadata in path /tmp/dist-test-task7stEUB/test-tmp/auto_rebalancer-test.0.AutoRebalancerTest.NoReplicaMovesIfLocationLoadSkewedByOne.1782821730831403-13510-0/minicluster-data/ts-3-root/instance:
uuid: "10d16ced60164f779b9b0c8dcb5315c0"
format_stamp: "Formatted at 2026-06-30 12:17:01 on dist-test-slave-zbh0"
I20260630 12:17:01.136430 13510 fs_manager.cc:696] Time spent creating directory manager: real 0.004s	user 0.003s	sys 0.002s
I20260630 12:17:01.139500 17386 log_block_manager.cc:4031] Time spent loading block containers with low live blocks: real 0.000s	user 0.000s	sys 0.000s
I20260630 12:17:01.140281 13510 fs_manager.cc:730] Time spent opening block manager: real 0.002s	user 0.002s	sys 0.001s
I20260630 12:17:01.140615 13510 fs_manager.cc:647] Opened local filesystem: /tmp/dist-test-task7stEUB/test-tmp/auto_rebalancer-test.0.AutoRebalancerTest.NoReplicaMovesIfLocationLoadSkewedByOne.1782821730831403-13510-0/minicluster-data/ts-3-root
uuid: "10d16ced60164f779b9b0c8dcb5315c0"
format_stamp: "Formatted at 2026-06-30 12:17:01 on dist-test-slave-zbh0"
I20260630 12:17:01.140897 13510 fs_report.cc:389] FS layout report
--------------------
wal directory: /tmp/dist-test-task7stEUB/test-tmp/auto_rebalancer-test.0.AutoRebalancerTest.NoReplicaMovesIfLocationLoadSkewedByOne.1782821730831403-13510-0/minicluster-data/ts-3-root
metadata directory: /tmp/dist-test-task7stEUB/test-tmp/auto_rebalancer-test.0.AutoRebalancerTest.NoReplicaMovesIfLocationLoadSkewedByOne.1782821730831403-13510-0/minicluster-data/ts-3-root
1 data directories: /tmp/dist-test-task7stEUB/test-tmp/auto_rebalancer-test.0.AutoRebalancerTest.NoReplicaMovesIfLocationLoadSkewedByOne.1782821730831403-13510-0/minicluster-data/ts-3-root/data
Total live blocks: 0
Total live bytes: 0
Total live bytes (after alignment): 0
Total number of LBM containers: 0 (0 full)
Did not check for missing blocks
Did not check for orphaned blocks
Total full LBM containers with extra space: 0 (0 repaired)
Total full LBM container extra space in bytes: 0 (0 repaired)
Total incomplete LBM containers: 0 (0 repaired)
Total LBM partial records: 0 (0 repaired)
Total corrupted LBM metadata records in RocksDB: 0 (0 repaired)
I20260630 12:17:01.170405 13510 rpc_server.cc:225] running with OpenSSL 1.1.1  11 Sep 2018
I20260630 12:17:01.171633 13510 kserver.cc:163] Server-wide thread pool size limit: 3276
I20260630 12:17:01.173043 13510 txn_system_client.cc:432] TxnSystemClient initialization is disabled...
I20260630 12:17:01.175132 13510 ts_tablet_manager.cc:585] Loaded tablet metadata (0 total tablets, 0 live tablets)
I20260630 12:17:01.175354 13510 ts_tablet_manager.cc:531] Time spent load tablet metadata: real 0.000s	user 0.000s	sys 0.000s
I20260630 12:17:01.175613 13510 ts_tablet_manager.cc:616] Registered 0 tablets
I20260630 12:17:01.175783 13510 ts_tablet_manager.cc:595] Time spent register tablets: real 0.000s	user 0.000s	sys 0.000s
I20260630 12:17:01.212342 13510 rpc_server.cc:307] RPC server started. Bound to: 127.13.49.132:44693
I20260630 12:17:01.212423 17448 acceptor_pool.cc:272] collecting diagnostics on the listening RPC socket 127.13.49.132:44693 every 8 connection(s)
I20260630 12:17:01.225077 17449 heartbeater.cc:344] Connected to a master server at 127.13.49.190:33927
I20260630 12:17:01.225474 17449 heartbeater.cc:461] Registering TS with master...
I20260630 12:17:01.226212 17449 heartbeater.cc:507] Master 127.13.49.190:33927 requested a full tablet report, sending...
I20260630 12:17:01.228144 17099 ts_manager.cc:194] Registered new tserver with Master: 10d16ced60164f779b9b0c8dcb5315c0 (127.13.49.132:44693)
I20260630 12:17:01.229013 13510 internal_mini_cluster.cc:371] 4 TS(s) registered with all masters after 0.013601735s
I20260630 12:17:01.229750 17099 master_service.cc:502] Signed X509 certificate for tserver {username='slave'} at 127.0.0.1:46742
I20260630 12:17:01.962464 17226 heartbeater.cc:499] Master 127.13.49.190:33927 was elected leader, sending a full tablet report...
I20260630 12:17:02.049070 17301 heartbeater.cc:499] Master 127.13.49.190:33927 was elected leader, sending a full tablet report...
I20260630 12:17:02.133909 17375 heartbeater.cc:499] Master 127.13.49.190:33927 was elected leader, sending a full tablet report...
I20260630 12:17:02.232589 17449 heartbeater.cc:499] Master 127.13.49.190:33927 was elected leader, sending a full tablet report...
I20260630 12:17:02.299995 17099 catalog_manager.cc:2283] Servicing CreateTable request from {username='slave'} at 127.0.0.1:46768:
name: "test-workload"
schema {
  columns {
    name: "key"
    type: INT32
    is_key: true
    is_nullable: false
    encoding: AUTO_ENCODING
    compression: DEFAULT_COMPRESSION
    cfile_block_size: 0
    immutable: false
  }
  columns {
    name: "int_val"
    type: INT32
    is_key: false
    is_nullable: false
    encoding: AUTO_ENCODING
    compression: DEFAULT_COMPRESSION
    cfile_block_size: 0
    immutable: false
  }
  columns {
    name: "string_val"
    type: STRING
    is_key: false
    is_nullable: true
    encoding: AUTO_ENCODING
    compression: DEFAULT_COMPRESSION
    cfile_block_size: 0
    immutable: false
  }
}
num_replicas: 3
split_rows_range_bounds {
}
partition_schema {
  range_schema {
    columns {
      name: "key"
    }
  }
}
I20260630 12:17:02.359405 17191 tablet_service.cc:1511] Processing CreateTablet for tablet 9776432f80de426a923a207fbb073fcf (DEFAULT_TABLE table=test-workload [id=97b8e99d7e0b4bb094b566b74fafff8c]), partition=RANGE (key) PARTITION UNBOUNDED
I20260630 12:17:02.361155 17191 data_dirs.cc:400] Could only allocate 1 dirs of requested 3 for tablet 9776432f80de426a923a207fbb073fcf. 1 dirs total, 0 dirs full, 0 dirs failed
I20260630 12:17:02.366786 17266 tablet_service.cc:1511] Processing CreateTablet for tablet 9776432f80de426a923a207fbb073fcf (DEFAULT_TABLE table=test-workload [id=97b8e99d7e0b4bb094b566b74fafff8c]), partition=RANGE (key) PARTITION UNBOUNDED
I20260630 12:17:02.368294 17266 data_dirs.cc:400] Could only allocate 1 dirs of requested 3 for tablet 9776432f80de426a923a207fbb073fcf. 1 dirs total, 0 dirs full, 0 dirs failed
I20260630 12:17:02.368098 17414 tablet_service.cc:1511] Processing CreateTablet for tablet 9776432f80de426a923a207fbb073fcf (DEFAULT_TABLE table=test-workload [id=97b8e99d7e0b4bb094b566b74fafff8c]), partition=RANGE (key) PARTITION UNBOUNDED
I20260630 12:17:02.369509 17414 data_dirs.cc:400] Could only allocate 1 dirs of requested 3 for tablet 9776432f80de426a923a207fbb073fcf. 1 dirs total, 0 dirs full, 0 dirs failed
I20260630 12:17:02.384671 17471 tablet_bootstrap.cc:492] T 9776432f80de426a923a207fbb073fcf P 05a51bc411314999be889ac8d971f729: Bootstrap starting.
I20260630 12:17:02.386796 17472 tablet_bootstrap.cc:492] T 9776432f80de426a923a207fbb073fcf P 91d52b05bdb246ffb6cf42d1720a1437: Bootstrap starting.
I20260630 12:17:02.388151 17473 tablet_bootstrap.cc:492] T 9776432f80de426a923a207fbb073fcf P 10d16ced60164f779b9b0c8dcb5315c0: Bootstrap starting.
I20260630 12:17:02.393463 17471 tablet_bootstrap.cc:654] T 9776432f80de426a923a207fbb073fcf P 05a51bc411314999be889ac8d971f729: Neither blocks nor log segments found. Creating new log.
I20260630 12:17:02.393971 17473 tablet_bootstrap.cc:654] T 9776432f80de426a923a207fbb073fcf P 10d16ced60164f779b9b0c8dcb5315c0: Neither blocks nor log segments found. Creating new log.
I20260630 12:17:02.394766 17472 tablet_bootstrap.cc:654] T 9776432f80de426a923a207fbb073fcf P 91d52b05bdb246ffb6cf42d1720a1437: Neither blocks nor log segments found. Creating new log.
I20260630 12:17:02.399576 17473 tablet_bootstrap.cc:492] T 9776432f80de426a923a207fbb073fcf P 10d16ced60164f779b9b0c8dcb5315c0: No bootstrap required, opened a new log
I20260630 12:17:02.399714 17471 tablet_bootstrap.cc:492] T 9776432f80de426a923a207fbb073fcf P 05a51bc411314999be889ac8d971f729: No bootstrap required, opened a new log
I20260630 12:17:02.400103 17473 ts_tablet_manager.cc:1403] T 9776432f80de426a923a207fbb073fcf P 10d16ced60164f779b9b0c8dcb5315c0: Time spent bootstrapping tablet: real 0.012s	user 0.009s	sys 0.002s
I20260630 12:17:02.400259 17471 ts_tablet_manager.cc:1403] T 9776432f80de426a923a207fbb073fcf P 05a51bc411314999be889ac8d971f729: Time spent bootstrapping tablet: real 0.016s	user 0.014s	sys 0.000s
I20260630 12:17:02.400776 17472 tablet_bootstrap.cc:492] T 9776432f80de426a923a207fbb073fcf P 91d52b05bdb246ffb6cf42d1720a1437: No bootstrap required, opened a new log
I20260630 12:17:02.401275 17472 ts_tablet_manager.cc:1403] T 9776432f80de426a923a207fbb073fcf P 91d52b05bdb246ffb6cf42d1720a1437: Time spent bootstrapping tablet: real 0.015s	user 0.007s	sys 0.004s
I20260630 12:17:02.403229 17473 raft_consensus.cc:359] T 9776432f80de426a923a207fbb073fcf P 10d16ced60164f779b9b0c8dcb5315c0 [term 0 FOLLOWER]: Replica starting. Triggering 0 pending ops. Active config: opid_index: -1 OBSOLETE_local: false peers { permanent_uuid: "05a51bc411314999be889ac8d971f729" member_type: VOTER last_known_addr { host: "127.13.49.129" port: 45717 } } peers { permanent_uuid: "91d52b05bdb246ffb6cf42d1720a1437" member_type: VOTER last_known_addr { host: "127.13.49.130" port: 33581 } } peers { permanent_uuid: "10d16ced60164f779b9b0c8dcb5315c0" member_type: VOTER last_known_addr { host: "127.13.49.132" port: 44693 } }
I20260630 12:17:02.404052 17473 raft_consensus.cc:385] T 9776432f80de426a923a207fbb073fcf P 10d16ced60164f779b9b0c8dcb5315c0 [term 0 FOLLOWER]: Consensus starting up: Expiring failure detector timer to make a prompt election more likely
I20260630 12:17:02.403646 17471 raft_consensus.cc:359] T 9776432f80de426a923a207fbb073fcf P 05a51bc411314999be889ac8d971f729 [term 0 FOLLOWER]: Replica starting. Triggering 0 pending ops. Active config: opid_index: -1 OBSOLETE_local: false peers { permanent_uuid: "05a51bc411314999be889ac8d971f729" member_type: VOTER last_known_addr { host: "127.13.49.129" port: 45717 } } peers { permanent_uuid: "91d52b05bdb246ffb6cf42d1720a1437" member_type: VOTER last_known_addr { host: "127.13.49.130" port: 33581 } } peers { permanent_uuid: "10d16ced60164f779b9b0c8dcb5315c0" member_type: VOTER last_known_addr { host: "127.13.49.132" port: 44693 } }
I20260630 12:17:02.404397 17473 raft_consensus.cc:740] T 9776432f80de426a923a207fbb073fcf P 10d16ced60164f779b9b0c8dcb5315c0 [term 0 FOLLOWER]: Becoming Follower/Learner. State: Replica: 10d16ced60164f779b9b0c8dcb5315c0, State: Initialized, Role: FOLLOWER
I20260630 12:17:02.404485 17471 raft_consensus.cc:385] T 9776432f80de426a923a207fbb073fcf P 05a51bc411314999be889ac8d971f729 [term 0 FOLLOWER]: Consensus starting up: Expiring failure detector timer to make a prompt election more likely
I20260630 12:17:02.404326 17472 raft_consensus.cc:359] T 9776432f80de426a923a207fbb073fcf P 91d52b05bdb246ffb6cf42d1720a1437 [term 0 FOLLOWER]: Replica starting. Triggering 0 pending ops. Active config: opid_index: -1 OBSOLETE_local: false peers { permanent_uuid: "05a51bc411314999be889ac8d971f729" member_type: VOTER last_known_addr { host: "127.13.49.129" port: 45717 } } peers { permanent_uuid: "91d52b05bdb246ffb6cf42d1720a1437" member_type: VOTER last_known_addr { host: "127.13.49.130" port: 33581 } } peers { permanent_uuid: "10d16ced60164f779b9b0c8dcb5315c0" member_type: VOTER last_known_addr { host: "127.13.49.132" port: 44693 } }
I20260630 12:17:02.405139 17471 raft_consensus.cc:740] T 9776432f80de426a923a207fbb073fcf P 05a51bc411314999be889ac8d971f729 [term 0 FOLLOWER]: Becoming Follower/Learner. State: Replica: 05a51bc411314999be889ac8d971f729, State: Initialized, Role: FOLLOWER
I20260630 12:17:02.405283 17472 raft_consensus.cc:385] T 9776432f80de426a923a207fbb073fcf P 91d52b05bdb246ffb6cf42d1720a1437 [term 0 FOLLOWER]: Consensus starting up: Expiring failure detector timer to make a prompt election more likely
I20260630 12:17:02.405625 17472 raft_consensus.cc:740] T 9776432f80de426a923a207fbb073fcf P 91d52b05bdb246ffb6cf42d1720a1437 [term 0 FOLLOWER]: Becoming Follower/Learner. State: Replica: 91d52b05bdb246ffb6cf42d1720a1437, State: Initialized, Role: FOLLOWER
I20260630 12:17:02.405516 17473 consensus_queue.cc:260] T 9776432f80de426a923a207fbb073fcf P 10d16ced60164f779b9b0c8dcb5315c0 [NON_LEADER]: Queue going to NON_LEADER mode. State: All replicated index: 0, Majority replicated index: 0, Committed index: 0, Last appended: 0.0, Last appended by leader: 0, Current term: 0, Majority size: -1, State: 0, Mode: NON_LEADER, active raft config: opid_index: -1 OBSOLETE_local: false peers { permanent_uuid: "05a51bc411314999be889ac8d971f729" member_type: VOTER last_known_addr { host: "127.13.49.129" port: 45717 } } peers { permanent_uuid: "91d52b05bdb246ffb6cf42d1720a1437" member_type: VOTER last_known_addr { host: "127.13.49.130" port: 33581 } } peers { permanent_uuid: "10d16ced60164f779b9b0c8dcb5315c0" member_type: VOTER last_known_addr { host: "127.13.49.132" port: 44693 } }
I20260630 12:17:02.405965 17471 consensus_queue.cc:260] T 9776432f80de426a923a207fbb073fcf P 05a51bc411314999be889ac8d971f729 [NON_LEADER]: Queue going to NON_LEADER mode. State: All replicated index: 0, Majority replicated index: 0, Committed index: 0, Last appended: 0.0, Last appended by leader: 0, Current term: 0, Majority size: -1, State: 0, Mode: NON_LEADER, active raft config: opid_index: -1 OBSOLETE_local: false peers { permanent_uuid: "05a51bc411314999be889ac8d971f729" member_type: VOTER last_known_addr { host: "127.13.49.129" port: 45717 } } peers { permanent_uuid: "91d52b05bdb246ffb6cf42d1720a1437" member_type: VOTER last_known_addr { host: "127.13.49.130" port: 33581 } } peers { permanent_uuid: "10d16ced60164f779b9b0c8dcb5315c0" member_type: VOTER last_known_addr { host: "127.13.49.132" port: 44693 } }
I20260630 12:17:02.406472 17472 consensus_queue.cc:260] T 9776432f80de426a923a207fbb073fcf P 91d52b05bdb246ffb6cf42d1720a1437 [NON_LEADER]: Queue going to NON_LEADER mode. State: All replicated index: 0, Majority replicated index: 0, Committed index: 0, Last appended: 0.0, Last appended by leader: 0, Current term: 0, Majority size: -1, State: 0, Mode: NON_LEADER, active raft config: opid_index: -1 OBSOLETE_local: false peers { permanent_uuid: "05a51bc411314999be889ac8d971f729" member_type: VOTER last_known_addr { host: "127.13.49.129" port: 45717 } } peers { permanent_uuid: "91d52b05bdb246ffb6cf42d1720a1437" member_type: VOTER last_known_addr { host: "127.13.49.130" port: 33581 } } peers { permanent_uuid: "10d16ced60164f779b9b0c8dcb5315c0" member_type: VOTER last_known_addr { host: "127.13.49.132" port: 44693 } }
I20260630 12:17:02.408828 17473 ts_tablet_manager.cc:1434] T 9776432f80de426a923a207fbb073fcf P 10d16ced60164f779b9b0c8dcb5315c0: Time spent starting tablet: real 0.008s	user 0.006s	sys 0.002s
I20260630 12:17:02.411983 17471 ts_tablet_manager.cc:1434] T 9776432f80de426a923a207fbb073fcf P 05a51bc411314999be889ac8d971f729: Time spent starting tablet: real 0.011s	user 0.012s	sys 0.000s
I20260630 12:17:02.414953 17472 ts_tablet_manager.cc:1434] T 9776432f80de426a923a207fbb073fcf P 91d52b05bdb246ffb6cf42d1720a1437: Time spent starting tablet: real 0.013s	user 0.006s	sys 0.009s
I20260630 12:17:02.426904 17478 raft_consensus.cc:493] T 9776432f80de426a923a207fbb073fcf P 05a51bc411314999be889ac8d971f729 [term 0 FOLLOWER]: Starting pre-election (no leader contacted us within the election timeout)
I20260630 12:17:02.427428 17478 raft_consensus.cc:515] T 9776432f80de426a923a207fbb073fcf P 05a51bc411314999be889ac8d971f729 [term 0 FOLLOWER]: Starting pre-election with config: opid_index: -1 OBSOLETE_local: false peers { permanent_uuid: "05a51bc411314999be889ac8d971f729" member_type: VOTER last_known_addr { host: "127.13.49.129" port: 45717 } } peers { permanent_uuid: "91d52b05bdb246ffb6cf42d1720a1437" member_type: VOTER last_known_addr { host: "127.13.49.130" port: 33581 } } peers { permanent_uuid: "10d16ced60164f779b9b0c8dcb5315c0" member_type: VOTER last_known_addr { host: "127.13.49.132" port: 44693 } }
I20260630 12:17:02.429589 17478 leader_election.cc:290] T 9776432f80de426a923a207fbb073fcf P 05a51bc411314999be889ac8d971f729 [CANDIDATE]: Term 1 pre-election: Requested pre-vote from peers 91d52b05bdb246ffb6cf42d1720a1437 (127.13.49.130:33581), 10d16ced60164f779b9b0c8dcb5315c0 (127.13.49.132:44693)
I20260630 12:17:02.442154 17276 tablet_service.cc:1917] Received RequestConsensusVote() RPC: tablet_id: "9776432f80de426a923a207fbb073fcf" candidate_uuid: "05a51bc411314999be889ac8d971f729" candidate_term: 1 candidate_status { last_received { term: 0 index: 0 } } ignore_live_leader: false dest_uuid: "91d52b05bdb246ffb6cf42d1720a1437" is_pre_election: true
I20260630 12:17:02.443148 17276 raft_consensus.cc:2468] T 9776432f80de426a923a207fbb073fcf P 91d52b05bdb246ffb6cf42d1720a1437 [term 0 FOLLOWER]: Leader pre-election vote request: Granting yes vote for candidate 05a51bc411314999be889ac8d971f729 in term 0.
I20260630 12:17:02.443338 17424 tablet_service.cc:1917] Received RequestConsensusVote() RPC: tablet_id: "9776432f80de426a923a207fbb073fcf" candidate_uuid: "05a51bc411314999be889ac8d971f729" candidate_term: 1 candidate_status { last_received { term: 0 index: 0 } } ignore_live_leader: false dest_uuid: "10d16ced60164f779b9b0c8dcb5315c0" is_pre_election: true
I20260630 12:17:02.443965 17424 raft_consensus.cc:2468] T 9776432f80de426a923a207fbb073fcf P 10d16ced60164f779b9b0c8dcb5315c0 [term 0 FOLLOWER]: Leader pre-election vote request: Granting yes vote for candidate 05a51bc411314999be889ac8d971f729 in term 0.
I20260630 12:17:02.444389 17165 leader_election.cc:304] T 9776432f80de426a923a207fbb073fcf P 05a51bc411314999be889ac8d971f729 [CANDIDATE]: Term 1 pre-election: Election decided. Result: candidate won. Election summary: received 2 responses out of 3 voters: 2 yes votes; 0 no votes. yes voters: 05a51bc411314999be889ac8d971f729, 91d52b05bdb246ffb6cf42d1720a1437; no voters: 
I20260630 12:17:02.445245 17478 raft_consensus.cc:2804] T 9776432f80de426a923a207fbb073fcf P 05a51bc411314999be889ac8d971f729 [term 0 FOLLOWER]: Leader pre-election won for term 1
I20260630 12:17:02.445521 17478 raft_consensus.cc:493] T 9776432f80de426a923a207fbb073fcf P 05a51bc411314999be889ac8d971f729 [term 0 FOLLOWER]: Starting leader election (no leader contacted us within the election timeout)
I20260630 12:17:02.445763 17478 raft_consensus.cc:3060] T 9776432f80de426a923a207fbb073fcf P 05a51bc411314999be889ac8d971f729 [term 0 FOLLOWER]: Advancing to term 1
I20260630 12:17:02.451592 17478 raft_consensus.cc:515] T 9776432f80de426a923a207fbb073fcf P 05a51bc411314999be889ac8d971f729 [term 1 FOLLOWER]: Starting leader election with config: opid_index: -1 OBSOLETE_local: false peers { permanent_uuid: "05a51bc411314999be889ac8d971f729" member_type: VOTER last_known_addr { host: "127.13.49.129" port: 45717 } } peers { permanent_uuid: "91d52b05bdb246ffb6cf42d1720a1437" member_type: VOTER last_known_addr { host: "127.13.49.130" port: 33581 } } peers { permanent_uuid: "10d16ced60164f779b9b0c8dcb5315c0" member_type: VOTER last_known_addr { host: "127.13.49.132" port: 44693 } }
I20260630 12:17:02.453186 17478 leader_election.cc:290] T 9776432f80de426a923a207fbb073fcf P 05a51bc411314999be889ac8d971f729 [CANDIDATE]: Term 1 election: Requested vote from peers 91d52b05bdb246ffb6cf42d1720a1437 (127.13.49.130:33581), 10d16ced60164f779b9b0c8dcb5315c0 (127.13.49.132:44693)
I20260630 12:17:02.453910 17276 tablet_service.cc:1917] Received RequestConsensusVote() RPC: tablet_id: "9776432f80de426a923a207fbb073fcf" candidate_uuid: "05a51bc411314999be889ac8d971f729" candidate_term: 1 candidate_status { last_received { term: 0 index: 0 } } ignore_live_leader: false dest_uuid: "91d52b05bdb246ffb6cf42d1720a1437"
I20260630 12:17:02.454245 17424 tablet_service.cc:1917] Received RequestConsensusVote() RPC: tablet_id: "9776432f80de426a923a207fbb073fcf" candidate_uuid: "05a51bc411314999be889ac8d971f729" candidate_term: 1 candidate_status { last_received { term: 0 index: 0 } } ignore_live_leader: false dest_uuid: "10d16ced60164f779b9b0c8dcb5315c0"
I20260630 12:17:02.454494 17276 raft_consensus.cc:3060] T 9776432f80de426a923a207fbb073fcf P 91d52b05bdb246ffb6cf42d1720a1437 [term 0 FOLLOWER]: Advancing to term 1
I20260630 12:17:02.454777 17424 raft_consensus.cc:3060] T 9776432f80de426a923a207fbb073fcf P 10d16ced60164f779b9b0c8dcb5315c0 [term 0 FOLLOWER]: Advancing to term 1
I20260630 12:17:02.462494 17276 raft_consensus.cc:2468] T 9776432f80de426a923a207fbb073fcf P 91d52b05bdb246ffb6cf42d1720a1437 [term 1 FOLLOWER]: Leader election vote request: Granting yes vote for candidate 05a51bc411314999be889ac8d971f729 in term 1.
I20260630 12:17:02.462622 17424 raft_consensus.cc:2468] T 9776432f80de426a923a207fbb073fcf P 10d16ced60164f779b9b0c8dcb5315c0 [term 1 FOLLOWER]: Leader election vote request: Granting yes vote for candidate 05a51bc411314999be889ac8d971f729 in term 1.
I20260630 12:17:02.463855 17165 leader_election.cc:304] T 9776432f80de426a923a207fbb073fcf P 05a51bc411314999be889ac8d971f729 [CANDIDATE]: Term 1 election: Election decided. Result: candidate won. Election summary: received 2 responses out of 3 voters: 2 yes votes; 0 no votes. yes voters: 05a51bc411314999be889ac8d971f729, 91d52b05bdb246ffb6cf42d1720a1437; no voters: 
I20260630 12:17:02.464596 17478 raft_consensus.cc:2804] T 9776432f80de426a923a207fbb073fcf P 05a51bc411314999be889ac8d971f729 [term 1 FOLLOWER]: Leader election won for term 1
I20260630 12:17:02.465611 17478 raft_consensus.cc:697] T 9776432f80de426a923a207fbb073fcf P 05a51bc411314999be889ac8d971f729 [term 1 LEADER]: Becoming Leader. State: Replica: 05a51bc411314999be889ac8d971f729, State: Running, Role: LEADER
I20260630 12:17:02.466478 17478 consensus_queue.cc:237] T 9776432f80de426a923a207fbb073fcf P 05a51bc411314999be889ac8d971f729 [LEADER]: Queue going to LEADER mode. State: All replicated index: 0, Majority replicated index: 0, Committed index: 0, Last appended: 0.0, Last appended by leader: 0, Current term: 1, Majority size: 2, State: 0, Mode: LEADER, active raft config: opid_index: -1 OBSOLETE_local: false peers { permanent_uuid: "05a51bc411314999be889ac8d971f729" member_type: VOTER last_known_addr { host: "127.13.49.129" port: 45717 } } peers { permanent_uuid: "91d52b05bdb246ffb6cf42d1720a1437" member_type: VOTER last_known_addr { host: "127.13.49.130" port: 33581 } } peers { permanent_uuid: "10d16ced60164f779b9b0c8dcb5315c0" member_type: VOTER last_known_addr { host: "127.13.49.132" port: 44693 } }
I20260630 12:17:02.473855 17097 catalog_manager.cc:5697] T 9776432f80de426a923a207fbb073fcf P 05a51bc411314999be889ac8d971f729 reported cstate change: term changed from 0 to 1, leader changed from <none> to 05a51bc411314999be889ac8d971f729 (127.13.49.129). New cstate: current_term: 1 leader_uuid: "05a51bc411314999be889ac8d971f729" committed_config { opid_index: -1 OBSOLETE_local: false peers { permanent_uuid: "05a51bc411314999be889ac8d971f729" member_type: VOTER last_known_addr { host: "127.13.49.129" port: 45717 } health_report { overall_health: HEALTHY } } peers { permanent_uuid: "91d52b05bdb246ffb6cf42d1720a1437" member_type: VOTER last_known_addr { host: "127.13.49.130" port: 33581 } health_report { overall_health: UNKNOWN } } peers { permanent_uuid: "10d16ced60164f779b9b0c8dcb5315c0" member_type: VOTER last_known_addr { host: "127.13.49.132" port: 44693 } health_report { overall_health: UNKNOWN } } }
I20260630 12:17:02.785427 17152 auto_leader_rebalancer.cc:141] leader rebalance for table test-workload
I20260630 12:17:02.786880 17152 auto_leader_rebalancer.cc:440] table: test-workload, leader rebalance finish, leader transfer count: 0
I20260630 12:17:02.787241 17152 auto_leader_rebalancer.cc:515] All tables' leader rebalancing finished this round
I20260630 12:17:02.872373 17478 consensus_queue.cc:1048] T 9776432f80de426a923a207fbb073fcf P 05a51bc411314999be889ac8d971f729 [LEADER]: Connected to new peer: Peer: permanent_uuid: "91d52b05bdb246ffb6cf42d1720a1437" member_type: VOTER last_known_addr { host: "127.13.49.130" port: 33581 }, Status: LMP_MISMATCH, Last received: 0.0, Next index: 1, Last known committed idx: 0, Time since last communication: 0.000s
I20260630 12:17:02.883911 17478 consensus_queue.cc:1048] T 9776432f80de426a923a207fbb073fcf P 05a51bc411314999be889ac8d971f729 [LEADER]: Connected to new peer: Peer: permanent_uuid: "10d16ced60164f779b9b0c8dcb5315c0" member_type: VOTER last_known_addr { host: "127.13.49.132" port: 44693 }, Status: LMP_MISMATCH, Last received: 0.0, Next index: 1, Last known committed idx: 0, Time since last communication: 0.000s
I20260630 12:17:04.788230 17152 auto_leader_rebalancer.cc:141] leader rebalance for table test-workload
I20260630 12:17:04.789438 17152 auto_leader_rebalancer.cc:440] table: test-workload, leader rebalance finish, leader transfer count: 0
I20260630 12:17:04.789736 17152 auto_leader_rebalancer.cc:515] All tables' leader rebalancing finished this round
I20260630 12:17:06.790527 17152 auto_leader_rebalancer.cc:141] leader rebalance for table test-workload
I20260630 12:17:06.791800 17152 auto_leader_rebalancer.cc:440] table: test-workload, leader rebalance finish, leader transfer count: 0
I20260630 12:17:06.792092 17152 auto_leader_rebalancer.cc:515] All tables' leader rebalancing finished this round
I20260630 12:17:08.792981 17152 auto_leader_rebalancer.cc:141] leader rebalance for table test-workload
I20260630 12:17:08.794178 17152 auto_leader_rebalancer.cc:440] table: test-workload, leader rebalance finish, leader transfer count: 0
I20260630 12:17:08.794502 17152 auto_leader_rebalancer.cc:515] All tables' leader rebalancing finished this round
I20260630 12:17:10.795490 17152 auto_leader_rebalancer.cc:141] leader rebalance for table test-workload
I20260630 12:17:10.796720 17152 auto_leader_rebalancer.cc:440] table: test-workload, leader rebalance finish, leader transfer count: 0
I20260630 12:17:10.796972 17152 auto_leader_rebalancer.cc:515] All tables' leader rebalancing finished this round
I20260630 12:17:12.798036 17152 auto_leader_rebalancer.cc:141] leader rebalance for table test-workload
I20260630 12:17:12.799469 17152 auto_leader_rebalancer.cc:440] table: test-workload, leader rebalance finish, leader transfer count: 0
I20260630 12:17:12.799772 17152 auto_leader_rebalancer.cc:515] All tables' leader rebalancing finished this round
I20260630 12:17:13.559448 13510 tablet_server.cc:179] TabletServer@127.13.49.129:0 shutting down...
I20260630 12:17:13.589052 13510 ts_tablet_manager.cc:1507] Shutting down tablet manager...
I20260630 12:17:13.589869 13510 tablet_replica.cc:333] T 9776432f80de426a923a207fbb073fcf P 05a51bc411314999be889ac8d971f729: stopping tablet replica
I20260630 12:17:13.590492 13510 raft_consensus.cc:2243] T 9776432f80de426a923a207fbb073fcf P 05a51bc411314999be889ac8d971f729 [term 1 LEADER]: Raft consensus shutting down.
I20260630 12:17:13.591537 13510 raft_consensus.cc:2272] T 9776432f80de426a923a207fbb073fcf P 05a51bc411314999be889ac8d971f729 [term 1 FOLLOWER]: Raft consensus is shut down!
I20260630 12:17:13.612481 13510 tablet_server.cc:196] TabletServer@127.13.49.129:0 shutdown complete.
I20260630 12:17:13.626205 13510 tablet_server.cc:179] TabletServer@127.13.49.130:0 shutting down...
I20260630 12:17:13.645860 13510 ts_tablet_manager.cc:1507] Shutting down tablet manager...
I20260630 12:17:13.646513 13510 tablet_replica.cc:333] T 9776432f80de426a923a207fbb073fcf P 91d52b05bdb246ffb6cf42d1720a1437: stopping tablet replica
I20260630 12:17:13.647174 13510 raft_consensus.cc:2243] T 9776432f80de426a923a207fbb073fcf P 91d52b05bdb246ffb6cf42d1720a1437 [term 1 FOLLOWER]: Raft consensus shutting down.
I20260630 12:17:13.647691 13510 raft_consensus.cc:2272] T 9776432f80de426a923a207fbb073fcf P 91d52b05bdb246ffb6cf42d1720a1437 [term 1 FOLLOWER]: Raft consensus is shut down!
I20260630 12:17:13.666574 13510 tablet_server.cc:196] TabletServer@127.13.49.130:0 shutdown complete.
I20260630 12:17:13.677223 13510 tablet_server.cc:179] TabletServer@127.13.49.131:0 shutting down...
I20260630 12:17:13.697942 13510 ts_tablet_manager.cc:1507] Shutting down tablet manager...
I20260630 12:17:13.713624 13510 tablet_server.cc:196] TabletServer@127.13.49.131:0 shutdown complete.
I20260630 12:17:13.722106 13510 tablet_server.cc:179] TabletServer@127.13.49.132:0 shutting down...
I20260630 12:17:13.743938 13510 ts_tablet_manager.cc:1507] Shutting down tablet manager...
I20260630 12:17:13.744571 13510 tablet_replica.cc:333] T 9776432f80de426a923a207fbb073fcf P 10d16ced60164f779b9b0c8dcb5315c0: stopping tablet replica
I20260630 12:17:13.745062 13510 raft_consensus.cc:2243] T 9776432f80de426a923a207fbb073fcf P 10d16ced60164f779b9b0c8dcb5315c0 [term 1 FOLLOWER]: Raft consensus shutting down.
I20260630 12:17:13.745504 13510 raft_consensus.cc:2272] T 9776432f80de426a923a207fbb073fcf P 10d16ced60164f779b9b0c8dcb5315c0 [term 1 FOLLOWER]: Raft consensus is shut down!
I20260630 12:17:13.764643 13510 tablet_server.cc:196] TabletServer@127.13.49.132:0 shutdown complete.
I20260630 12:17:13.775365 13510 master.cc:562] Master@127.13.49.190:33927 shutting down...
I20260630 12:17:13.793135 13510 raft_consensus.cc:2243] T 00000000000000000000000000000000 P ef487703fd2c48078cac70b7b8d586b8 [term 1 LEADER]: Raft consensus shutting down.
I20260630 12:17:13.793797 13510 raft_consensus.cc:2272] T 00000000000000000000000000000000 P ef487703fd2c48078cac70b7b8d586b8 [term 1 FOLLOWER]: Raft consensus is shut down!
I20260630 12:17:13.794137 13510 tablet_replica.cc:333] T 00000000000000000000000000000000 P ef487703fd2c48078cac70b7b8d586b8: stopping tablet replica
I20260630 12:17:13.812677 13510 master.cc:584] Master@127.13.49.190:33927 shutdown complete.
[       OK ] AutoRebalancerTest.NoReplicaMovesIfLocationLoadSkewedByOne (13201 ms)
[ RUN      ] AutoRebalancerTest.NoReplicaMovesIfCannotFixPlacementPolicy
I20260630 12:17:13.848399 13510 internal_mini_cluster.cc:156] Creating distributed mini masters. Addrs: 127.13.49.190:34875
I20260630 12:17:13.849504 13510 file_cache.cc:492] Constructed file cache file cache with capacity 419430
W20260630 12:17:13.855464 17493 instance_detector.cc:116] could not retrieve AWS instance metadata: Network error: curl error: HTTP response code said error: The requested URL returned error: 404
W20260630 12:17:13.855535 17494 instance_detector.cc:116] could not retrieve Azure instance metadata: Network error: curl error: HTTP response code said error: The requested URL returned error: 404
W20260630 12:17:13.855877 17496 instance_detector.cc:116] could not retrieve OpenStack instance metadata: Network error: curl error: HTTP response code said error: The requested URL returned error: 404
I20260630 12:17:13.856668 13510 server_base.cc:1061] running on GCE node
I20260630 12:17:13.857537 13510 hybrid_clock.cc:584] initializing the hybrid clock with 'system_unsync' time source
W20260630 12:17:13.857707 13510 system_unsync_time.cc:38] NTP support is disabled. Clock error bounds will not be accurate. This configuration is not suitable for distributed clusters.
I20260630 12:17:13.857890 13510 hybrid_clock.cc:648] HybridClock initialized: now 1782821833857876 us; error 0 us; skew 500 ppm
I20260630 12:17:13.858430 13510 server_base.cc:861] Flag tcmalloc_max_total_thread_cache_bytes is not working since tcmalloc is not enabled.
I20260630 12:17:13.860754 13510 webserver.cc:533] Webserver started at http://127.13.49.190:39645/ using document root <none> and password file <none>
I20260630 12:17:13.861248 13510 fs_manager.cc:362] Metadata directory not provided
I20260630 12:17:13.861449 13510 fs_manager.cc:368] Using write-ahead log directory (fs_wal_dir) as metadata directory
I20260630 12:17:13.861747 13510 server_base.cc:909] This appears to be a new deployment of Kudu; creating new FS layout
I20260630 12:17:13.863059 13510 fs_manager.cc:1068] Generated new instance metadata in path /tmp/dist-test-task7stEUB/test-tmp/auto_rebalancer-test.0.AutoRebalancerTest.NoReplicaMovesIfCannotFixPlacementPolicy.1782821730831403-13510-0/minicluster-data/master-0-root/instance:
uuid: "92779cff34bb4feda1286d75473cead1"
format_stamp: "Formatted at 2026-06-30 12:17:13 on dist-test-slave-zbh0"
I20260630 12:17:13.867503 13510 fs_manager.cc:696] Time spent creating directory manager: real 0.004s	user 0.001s	sys 0.003s
I20260630 12:17:13.870805 17501 log_block_manager.cc:4031] Time spent loading block containers with low live blocks: real 0.000s	user 0.000s	sys 0.000s
I20260630 12:17:13.871577 13510 fs_manager.cc:730] Time spent opening block manager: real 0.002s	user 0.002s	sys 0.001s
I20260630 12:17:13.871877 13510 fs_manager.cc:647] Opened local filesystem: /tmp/dist-test-task7stEUB/test-tmp/auto_rebalancer-test.0.AutoRebalancerTest.NoReplicaMovesIfCannotFixPlacementPolicy.1782821730831403-13510-0/minicluster-data/master-0-root
uuid: "92779cff34bb4feda1286d75473cead1"
format_stamp: "Formatted at 2026-06-30 12:17:13 on dist-test-slave-zbh0"
I20260630 12:17:13.872139 13510 fs_report.cc:389] FS layout report
--------------------
wal directory: /tmp/dist-test-task7stEUB/test-tmp/auto_rebalancer-test.0.AutoRebalancerTest.NoReplicaMovesIfCannotFixPlacementPolicy.1782821730831403-13510-0/minicluster-data/master-0-root
metadata directory: /tmp/dist-test-task7stEUB/test-tmp/auto_rebalancer-test.0.AutoRebalancerTest.NoReplicaMovesIfCannotFixPlacementPolicy.1782821730831403-13510-0/minicluster-data/master-0-root
1 data directories: /tmp/dist-test-task7stEUB/test-tmp/auto_rebalancer-test.0.AutoRebalancerTest.NoReplicaMovesIfCannotFixPlacementPolicy.1782821730831403-13510-0/minicluster-data/master-0-root/data
Total live blocks: 0
Total live bytes: 0
Total live bytes (after alignment): 0
Total number of LBM containers: 0 (0 full)
Did not check for missing blocks
Did not check for orphaned blocks
Total full LBM containers with extra space: 0 (0 repaired)
Total full LBM container extra space in bytes: 0 (0 repaired)
Total incomplete LBM containers: 0 (0 repaired)
Total LBM partial records: 0 (0 repaired)
Total corrupted LBM metadata records in RocksDB: 0 (0 repaired)
I20260630 12:17:13.882404 13510 rpc_server.cc:225] running with OpenSSL 1.1.1  11 Sep 2018
I20260630 12:17:13.883837 13510 kserver.cc:163] Server-wide thread pool size limit: 3276
I20260630 12:17:13.920101 13510 rpc_server.cc:307] RPC server started. Bound to: 127.13.49.190:34875
I20260630 12:17:13.920197 17552 acceptor_pool.cc:272] collecting diagnostics on the listening RPC socket 127.13.49.190:34875 every 8 connection(s)
I20260630 12:17:13.923945 17553 data_dirs.cc:400] Could only allocate 1 dirs of requested 3 for tablet 00000000000000000000000000000000. 1 dirs total, 0 dirs full, 0 dirs failed
I20260630 12:17:13.934307 17553 tablet_bootstrap.cc:492] T 00000000000000000000000000000000 P 92779cff34bb4feda1286d75473cead1: Bootstrap starting.
I20260630 12:17:13.938550 17553 tablet_bootstrap.cc:654] T 00000000000000000000000000000000 P 92779cff34bb4feda1286d75473cead1: Neither blocks nor log segments found. Creating new log.
I20260630 12:17:13.942423 17553 tablet_bootstrap.cc:492] T 00000000000000000000000000000000 P 92779cff34bb4feda1286d75473cead1: No bootstrap required, opened a new log
I20260630 12:17:13.944504 17553 raft_consensus.cc:359] T 00000000000000000000000000000000 P 92779cff34bb4feda1286d75473cead1 [term 0 FOLLOWER]: Replica starting. Triggering 0 pending ops. Active config: opid_index: -1 OBSOLETE_local: true peers { permanent_uuid: "92779cff34bb4feda1286d75473cead1" member_type: VOTER }
I20260630 12:17:13.944895 17553 raft_consensus.cc:385] T 00000000000000000000000000000000 P 92779cff34bb4feda1286d75473cead1 [term 0 FOLLOWER]: Consensus starting up: Expiring failure detector timer to make a prompt election more likely
I20260630 12:17:13.945065 17553 raft_consensus.cc:740] T 00000000000000000000000000000000 P 92779cff34bb4feda1286d75473cead1 [term 0 FOLLOWER]: Becoming Follower/Learner. State: Replica: 92779cff34bb4feda1286d75473cead1, State: Initialized, Role: FOLLOWER
I20260630 12:17:13.945523 17553 consensus_queue.cc:260] T 00000000000000000000000000000000 P 92779cff34bb4feda1286d75473cead1 [NON_LEADER]: Queue going to NON_LEADER mode. State: All replicated index: 0, Majority replicated index: 0, Committed index: 0, Last appended: 0.0, Last appended by leader: 0, Current term: 0, Majority size: -1, State: 0, Mode: NON_LEADER, active raft config: opid_index: -1 OBSOLETE_local: true peers { permanent_uuid: "92779cff34bb4feda1286d75473cead1" member_type: VOTER }
I20260630 12:17:13.945945 17553 raft_consensus.cc:399] T 00000000000000000000000000000000 P 92779cff34bb4feda1286d75473cead1 [term 0 FOLLOWER]: Only one voter in the Raft config. Triggering election immediately
I20260630 12:17:13.946126 17553 raft_consensus.cc:493] T 00000000000000000000000000000000 P 92779cff34bb4feda1286d75473cead1 [term 0 FOLLOWER]: Starting leader election (initial election of a single-replica configuration)
I20260630 12:17:13.946329 17553 raft_consensus.cc:3060] T 00000000000000000000000000000000 P 92779cff34bb4feda1286d75473cead1 [term 0 FOLLOWER]: Advancing to term 1
I20260630 12:17:13.950428 17553 raft_consensus.cc:515] T 00000000000000000000000000000000 P 92779cff34bb4feda1286d75473cead1 [term 1 FOLLOWER]: Starting leader election with config: opid_index: -1 OBSOLETE_local: true peers { permanent_uuid: "92779cff34bb4feda1286d75473cead1" member_type: VOTER }
I20260630 12:17:13.950939 17553 leader_election.cc:304] T 00000000000000000000000000000000 P 92779cff34bb4feda1286d75473cead1 [CANDIDATE]: Term 1 election: Election decided. Result: candidate won. Election summary: received 1 responses out of 1 voters: 1 yes votes; 0 no votes. yes voters: 92779cff34bb4feda1286d75473cead1; no voters: 
I20260630 12:17:13.951913 17553 leader_election.cc:290] T 00000000000000000000000000000000 P 92779cff34bb4feda1286d75473cead1 [CANDIDATE]: Term 1 election: Requested vote from peers 
I20260630 12:17:13.952219 17556 raft_consensus.cc:2804] T 00000000000000000000000000000000 P 92779cff34bb4feda1286d75473cead1 [term 1 FOLLOWER]: Leader election won for term 1
I20260630 12:17:13.953488 17556 raft_consensus.cc:697] T 00000000000000000000000000000000 P 92779cff34bb4feda1286d75473cead1 [term 1 LEADER]: Becoming Leader. State: Replica: 92779cff34bb4feda1286d75473cead1, State: Running, Role: LEADER
I20260630 12:17:13.954156 17556 consensus_queue.cc:237] T 00000000000000000000000000000000 P 92779cff34bb4feda1286d75473cead1 [LEADER]: Queue going to LEADER mode. State: All replicated index: 0, Majority replicated index: 0, Committed index: 0, Last appended: 0.0, Last appended by leader: 0, Current term: 1, Majority size: 1, State: 0, Mode: LEADER, active raft config: opid_index: -1 OBSOLETE_local: true peers { permanent_uuid: "92779cff34bb4feda1286d75473cead1" member_type: VOTER }
I20260630 12:17:13.954764 17553 sys_catalog.cc:565] T 00000000000000000000000000000000 P 92779cff34bb4feda1286d75473cead1 [sys.catalog]: configured and running, proceeding with master startup.
I20260630 12:17:13.957149 17557 sys_catalog.cc:455] T 00000000000000000000000000000000 P 92779cff34bb4feda1286d75473cead1 [sys.catalog]: SysCatalogTable state changed. Reason: RaftConsensus started. Latest consensus state: current_term: 1 leader_uuid: "92779cff34bb4feda1286d75473cead1" committed_config { opid_index: -1 OBSOLETE_local: true peers { permanent_uuid: "92779cff34bb4feda1286d75473cead1" member_type: VOTER } }
I20260630 12:17:13.957227 17558 sys_catalog.cc:455] T 00000000000000000000000000000000 P 92779cff34bb4feda1286d75473cead1 [sys.catalog]: SysCatalogTable state changed. Reason: New leader 92779cff34bb4feda1286d75473cead1. Latest consensus state: current_term: 1 leader_uuid: "92779cff34bb4feda1286d75473cead1" committed_config { opid_index: -1 OBSOLETE_local: true peers { permanent_uuid: "92779cff34bb4feda1286d75473cead1" member_type: VOTER } }
I20260630 12:17:13.957962 17558 sys_catalog.cc:458] T 00000000000000000000000000000000 P 92779cff34bb4feda1286d75473cead1 [sys.catalog]: This master's current role is: LEADER
I20260630 12:17:13.957911 17557 sys_catalog.cc:458] T 00000000000000000000000000000000 P 92779cff34bb4feda1286d75473cead1 [sys.catalog]: This master's current role is: LEADER
I20260630 12:17:13.967471 17562 catalog_manager.cc:1511] Loading table and tablet metadata into memory...
I20260630 12:17:13.972537 17562 catalog_manager.cc:1520] Initializing Kudu cluster ID...
I20260630 12:17:13.973517 13510 internal_mini_cluster.cc:184] Waiting to initialize catalog manager on master 0
I20260630 12:17:13.980957 17562 catalog_manager.cc:1383] Generated new cluster ID: 5130fd8977d44c72b624552881795714
I20260630 12:17:13.981221 17562 catalog_manager.cc:1531] Initializing Kudu internal certificate authority...
I20260630 12:17:13.995283 17562 catalog_manager.cc:1406] Generated new certificate authority record
I20260630 12:17:13.996556 17562 catalog_manager.cc:1540] Loading token signing keys...
