I20260630 12:16:52.878831 16626 raft_consensus.cc:2468] T d3d08282863847c08d02faffed1c2a80 P c05c6125cdd84254997489495fe1c3d6 [term 0 FOLLOWER]: Leader pre-election vote request: Granting yes vote for candidate 6b66a47a5eac452391bf7c5b7d6e4d12 in term 0.
I20260630 12:16:52.883653 16444 leader_election.cc:304] T d3d08282863847c08d02faffed1c2a80 P 6b66a47a5eac452391bf7c5b7d6e4d12 [CANDIDATE]: Term 1 pre-election: Election decided. Result: candidate won. Election summary: received 2 responses out of 3 voters: 2 yes votes; 0 no votes. yes voters: 6b66a47a5eac452391bf7c5b7d6e4d12, c05c6125cdd84254997489495fe1c3d6; no voters: 
I20260630 12:16:52.893864 16682 raft_consensus.cc:2804] T d3d08282863847c08d02faffed1c2a80 P 6b66a47a5eac452391bf7c5b7d6e4d12 [term 0 FOLLOWER]: Leader pre-election won for term 1
I20260630 12:16:52.865293 16711 leader_election.cc:290] T d3d08282863847c08d02faffed1c2a80 P 6b66a47a5eac452391bf7c5b7d6e4d12 [CANDIDATE]: Term 1 pre-election: Requested pre-vote from peers d7d6d3f5f0b743fbb9cdd264647f24e9 (127.13.49.132:45833), c05c6125cdd84254997489495fe1c3d6 (127.13.49.131:40595)
I20260630 12:16:52.875809 16591 leader_election.cc:304] T cd7912066c844a90ba1b53bcb98d598a P c05c6125cdd84254997489495fe1c3d6 [CANDIDATE]: Term 1 election: Election decided. Result: candidate won. Election summary: received 2 responses out of 3 voters: 2 yes votes; 0 no votes. yes voters: 0c01e46ea98440228f5c5bc9f4fd455e, c05c6125cdd84254997489495fe1c3d6; no voters: 
I20260630 12:16:52.894299 16682 raft_consensus.cc:493] T d3d08282863847c08d02faffed1c2a80 P 6b66a47a5eac452391bf7c5b7d6e4d12 [term 0 FOLLOWER]: Starting leader election (no leader contacted us within the election timeout)
I20260630 12:16:52.899727 16710 raft_consensus.cc:2804] T cd7912066c844a90ba1b53bcb98d598a P c05c6125cdd84254997489495fe1c3d6 [term 1 FOLLOWER]: Leader election won for term 1
I20260630 12:16:52.902959 16710 raft_consensus.cc:697] T cd7912066c844a90ba1b53bcb98d598a P c05c6125cdd84254997489495fe1c3d6 [term 1 LEADER]: Becoming Leader. State: Replica: c05c6125cdd84254997489495fe1c3d6, State: Running, Role: LEADER
I20260630 12:16:52.902333 16682 raft_consensus.cc:3060] T d3d08282863847c08d02faffed1c2a80 P 6b66a47a5eac452391bf7c5b7d6e4d12 [term 0 FOLLOWER]: Advancing to term 1
I20260630 12:16:52.908424 16825 tablet_bootstrap.cc:492] T 422e9a2da24b4ae6a5f73b3dba8be04c P 0c01e46ea98440228f5c5bc9f4fd455e: No bootstrap required, opened a new log
I20260630 12:16:52.916265 16832 raft_consensus.cc:493] T 77229d6ed4be41f793142e6064549568 P d7d6d3f5f0b743fbb9cdd264647f24e9 [term 0 FOLLOWER]: Starting pre-election (no leader contacted us within the election timeout)
I20260630 12:16:52.926302 16674 tablet_bootstrap.cc:492] T 778edf437f0e4c8a87e43669a3f1a3d0 P c05c6125cdd84254997489495fe1c3d6: No bootstrap required, opened a new log
I20260630 12:16:52.930369 16825 ts_tablet_manager.cc:1403] T 422e9a2da24b4ae6a5f73b3dba8be04c P 0c01e46ea98440228f5c5bc9f4fd455e: Time spent bootstrapping tablet: real 0.152s	user 0.037s	sys 0.039s
I20260630 12:16:52.932251 16674 ts_tablet_manager.cc:1403] T 778edf437f0e4c8a87e43669a3f1a3d0 P c05c6125cdd84254997489495fe1c3d6: Time spent bootstrapping tablet: real 0.168s	user 0.012s	sys 0.009s
I20260630 12:16:52.931509 16832 raft_consensus.cc:515] T 77229d6ed4be41f793142e6064549568 P d7d6d3f5f0b743fbb9cdd264647f24e9 [term 0 FOLLOWER]: Starting pre-election with config: opid_index: -1 OBSOLETE_local: false peers { permanent_uuid: "d7d6d3f5f0b743fbb9cdd264647f24e9" member_type: VOTER last_known_addr { host: "127.13.49.132" port: 45833 } } peers { permanent_uuid: "6b66a47a5eac452391bf7c5b7d6e4d12" member_type: VOTER last_known_addr { host: "127.13.49.129" port: 34407 } } peers { permanent_uuid: "0c01e46ea98440228f5c5bc9f4fd455e" member_type: VOTER last_known_addr { host: "127.13.49.130" port: 42787 } }
I20260630 12:16:52.931357 16710 consensus_queue.cc:237] T cd7912066c844a90ba1b53bcb98d598a P c05c6125cdd84254997489495fe1c3d6 [LEADER]: Queue going to LEADER mode. State: All replicated index: 0, Majority replicated index: 0, Committed index: 0, Last appended: 0.0, Last appended by leader: 0, Current term: 1, Majority size: 2, State: 0, Mode: LEADER, active raft config: opid_index: -1 OBSOLETE_local: false peers { permanent_uuid: "d7d6d3f5f0b743fbb9cdd264647f24e9" member_type: VOTER last_known_addr { host: "127.13.49.132" port: 45833 } } peers { permanent_uuid: "0c01e46ea98440228f5c5bc9f4fd455e" member_type: VOTER last_known_addr { host: "127.13.49.130" port: 42787 } } peers { permanent_uuid: "c05c6125cdd84254997489495fe1c3d6" member_type: VOTER last_known_addr { host: "127.13.49.131" port: 40595 } }
I20260630 12:16:52.939863 16676 tablet_bootstrap.cc:654] T 71847c1b10214364bfc3ca3c5f66d938 P 6b66a47a5eac452391bf7c5b7d6e4d12: Neither blocks nor log segments found. Creating new log.
I20260630 12:16:52.948465 16718 leader_election.cc:290] T 77229d6ed4be41f793142e6064549568 P 0c01e46ea98440228f5c5bc9f4fd455e [CANDIDATE]: Term 1 election: Requested vote from peers d7d6d3f5f0b743fbb9cdd264647f24e9 (127.13.49.132:45833), 6b66a47a5eac452391bf7c5b7d6e4d12 (127.13.49.129:34407)
I20260630 12:16:52.961375 16782 tablet_service.cc:1917] Received RequestConsensusVote() RPC: tablet_id: "77229d6ed4be41f793142e6064549568" candidate_uuid: "0c01e46ea98440228f5c5bc9f4fd455e" candidate_term: 1 candidate_status { last_received { term: 0 index: 0 } } ignore_live_leader: false dest_uuid: "d7d6d3f5f0b743fbb9cdd264647f24e9"
I20260630 12:16:52.962466 16782 raft_consensus.cc:3060] T 77229d6ed4be41f793142e6064549568 P d7d6d3f5f0b743fbb9cdd264647f24e9 [term 0 FOLLOWER]: Advancing to term 1
I20260630 12:16:52.973104 16782 raft_consensus.cc:2468] T 77229d6ed4be41f793142e6064549568 P d7d6d3f5f0b743fbb9cdd264647f24e9 [term 1 FOLLOWER]: Leader election vote request: Granting yes vote for candidate 0c01e46ea98440228f5c5bc9f4fd455e in term 1.
I20260630 12:16:52.974977 16518 leader_election.cc:304] T 77229d6ed4be41f793142e6064549568 P 0c01e46ea98440228f5c5bc9f4fd455e [CANDIDATE]: Term 1 election: Election decided. Result: candidate won. Election summary: received 2 responses out of 3 voters: 2 yes votes; 0 no votes. yes voters: 0c01e46ea98440228f5c5bc9f4fd455e, d7d6d3f5f0b743fbb9cdd264647f24e9; no voters: 
I20260630 12:16:52.955873 16783 tablet_service.cc:1917] Received RequestConsensusVote() RPC: tablet_id: "77229d6ed4be41f793142e6064549568" candidate_uuid: "0c01e46ea98440228f5c5bc9f4fd455e" candidate_term: 1 candidate_status { last_received { term: 0 index: 0 } } ignore_live_leader: false dest_uuid: "d7d6d3f5f0b743fbb9cdd264647f24e9" is_pre_election: true
I20260630 12:16:52.999894 16674 raft_consensus.cc:359] T 778edf437f0e4c8a87e43669a3f1a3d0 P c05c6125cdd84254997489495fe1c3d6 [term 0 FOLLOWER]: Replica starting. Triggering 0 pending ops. Active config: opid_index: -1 OBSOLETE_local: false peers { permanent_uuid: "c05c6125cdd84254997489495fe1c3d6" member_type: VOTER last_known_addr { host: "127.13.49.131" port: 40595 } } peers { permanent_uuid: "d7d6d3f5f0b743fbb9cdd264647f24e9" member_type: VOTER last_known_addr { host: "127.13.49.132" port: 45833 } } peers { permanent_uuid: "6b66a47a5eac452391bf7c5b7d6e4d12" member_type: VOTER last_known_addr { host: "127.13.49.129" port: 34407 } }
I20260630 12:16:53.006793 16674 raft_consensus.cc:385] T 778edf437f0e4c8a87e43669a3f1a3d0 P c05c6125cdd84254997489495fe1c3d6 [term 0 FOLLOWER]: Consensus starting up: Expiring failure detector timer to make a prompt election more likely
I20260630 12:16:53.007445 16674 raft_consensus.cc:740] T 778edf437f0e4c8a87e43669a3f1a3d0 P c05c6125cdd84254997489495fe1c3d6 [term 0 FOLLOWER]: Becoming Follower/Learner. State: Replica: c05c6125cdd84254997489495fe1c3d6, State: Initialized, Role: FOLLOWER
I20260630 12:16:52.983121 16832 leader_election.cc:290] T 77229d6ed4be41f793142e6064549568 P d7d6d3f5f0b743fbb9cdd264647f24e9 [CANDIDATE]: Term 1 pre-election: Requested pre-vote from peers 6b66a47a5eac452391bf7c5b7d6e4d12 (127.13.49.129:34407), 0c01e46ea98440228f5c5bc9f4fd455e (127.13.49.130:42787)
I20260630 12:16:53.025082 16846 raft_consensus.cc:2804] T 77229d6ed4be41f793142e6064549568 P 0c01e46ea98440228f5c5bc9f4fd455e [term 1 FOLLOWER]: Leader election won for term 1
I20260630 12:16:53.025784 16846 raft_consensus.cc:697] T 77229d6ed4be41f793142e6064549568 P 0c01e46ea98440228f5c5bc9f4fd455e [term 1 LEADER]: Becoming Leader. State: Replica: 0c01e46ea98440228f5c5bc9f4fd455e, State: Running, Role: LEADER
I20260630 12:16:52.984534 16477 tablet_service.cc:1917] Received RequestConsensusVote() RPC: tablet_id: "77229d6ed4be41f793142e6064549568" candidate_uuid: "0c01e46ea98440228f5c5bc9f4fd455e" candidate_term: 1 candidate_status { last_received { term: 0 index: 0 } } ignore_live_leader: false dest_uuid: "6b66a47a5eac452391bf7c5b7d6e4d12"
I20260630 12:16:53.031658 16674 consensus_queue.cc:260] T 778edf437f0e4c8a87e43669a3f1a3d0 P c05c6125cdd84254997489495fe1c3d6 [NON_LEADER]: Queue going to NON_LEADER mode. State: All replicated index: 0, Majority replicated index: 0, Committed index: 0, Last appended: 0.0, Last appended by leader: 0, Current term: 0, Majority size: -1, State: 0, Mode: NON_LEADER, active raft config: opid_index: -1 OBSOLETE_local: false peers { permanent_uuid: "c05c6125cdd84254997489495fe1c3d6" member_type: VOTER last_known_addr { host: "127.13.49.131" port: 40595 } } peers { permanent_uuid: "d7d6d3f5f0b743fbb9cdd264647f24e9" member_type: VOTER last_known_addr { host: "127.13.49.132" port: 45833 } } peers { permanent_uuid: "6b66a47a5eac452391bf7c5b7d6e4d12" member_type: VOTER last_known_addr { host: "127.13.49.129" port: 34407 } }
I20260630 12:16:53.034992 16477 raft_consensus.cc:3060] T 77229d6ed4be41f793142e6064549568 P 6b66a47a5eac452391bf7c5b7d6e4d12 [term 0 FOLLOWER]: Advancing to term 1
I20260630 12:16:53.048126 16674 ts_tablet_manager.cc:1434] T 778edf437f0e4c8a87e43669a3f1a3d0 P c05c6125cdd84254997489495fe1c3d6: Time spent starting tablet: real 0.115s	user 0.005s	sys 0.004s
I20260630 12:16:53.050954 16674 tablet_bootstrap.cc:492] T 12113151990b43f88f019476ccd1caa1 P c05c6125cdd84254997489495fe1c3d6: Bootstrap starting.
I20260630 12:16:53.016949 16783 raft_consensus.cc:2376] T 77229d6ed4be41f793142e6064549568 P d7d6d3f5f0b743fbb9cdd264647f24e9 [term 1 FOLLOWER]: Leader pre-election vote request: Already granted yes vote for candidate 0c01e46ea98440228f5c5bc9f4fd455e in term 1. Re-sending same reply.
I20260630 12:16:53.026789 16846 consensus_queue.cc:237] T 77229d6ed4be41f793142e6064549568 P 0c01e46ea98440228f5c5bc9f4fd455e [LEADER]: Queue going to LEADER mode. State: All replicated index: 0, Majority replicated index: 0, Committed index: 0, Last appended: 0.0, Last appended by leader: 0, Current term: 1, Majority size: 2, State: 0, Mode: LEADER, active raft config: opid_index: -1 OBSOLETE_local: false peers { permanent_uuid: "d7d6d3f5f0b743fbb9cdd264647f24e9" member_type: VOTER last_known_addr { host: "127.13.49.132" port: 45833 } } peers { permanent_uuid: "6b66a47a5eac452391bf7c5b7d6e4d12" member_type: VOTER last_known_addr { host: "127.13.49.129" port: 34407 } } peers { permanent_uuid: "0c01e46ea98440228f5c5bc9f4fd455e" member_type: VOTER last_known_addr { host: "127.13.49.130" port: 42787 } }
I20260630 12:16:53.043805 16825 raft_consensus.cc:359] T 422e9a2da24b4ae6a5f73b3dba8be04c P 0c01e46ea98440228f5c5bc9f4fd455e [term 0 FOLLOWER]: Replica starting. Triggering 0 pending ops. Active config: opid_index: -1 OBSOLETE_local: false peers { permanent_uuid: "0c01e46ea98440228f5c5bc9f4fd455e" member_type: VOTER last_known_addr { host: "127.13.49.130" port: 42787 } } peers { permanent_uuid: "d7d6d3f5f0b743fbb9cdd264647f24e9" member_type: VOTER last_known_addr { host: "127.13.49.132" port: 45833 } } peers { permanent_uuid: "c05c6125cdd84254997489495fe1c3d6" member_type: VOTER last_known_addr { host: "127.13.49.131" port: 40595 } }
I20260630 12:16:53.068085 16783 tablet_service.cc:1917] Received RequestConsensusVote() RPC: tablet_id: "d3d08282863847c08d02faffed1c2a80" candidate_uuid: "6b66a47a5eac452391bf7c5b7d6e4d12" candidate_term: 1 candidate_status { last_received { term: 0 index: 0 } } ignore_live_leader: false dest_uuid: "d7d6d3f5f0b743fbb9cdd264647f24e9" is_pre_election: true
I20260630 12:16:53.068764 16783 raft_consensus.cc:2468] T d3d08282863847c08d02faffed1c2a80 P d7d6d3f5f0b743fbb9cdd264647f24e9 [term 0 FOLLOWER]: Leader pre-election vote request: Granting yes vote for candidate 6b66a47a5eac452391bf7c5b7d6e4d12 in term 0.
I20260630 12:16:53.066340 16825 raft_consensus.cc:385] T 422e9a2da24b4ae6a5f73b3dba8be04c P 0c01e46ea98440228f5c5bc9f4fd455e [term 0 FOLLOWER]: Consensus starting up: Expiring failure detector timer to make a prompt election more likely
I20260630 12:16:53.069924 16825 raft_consensus.cc:740] T 422e9a2da24b4ae6a5f73b3dba8be04c P 0c01e46ea98440228f5c5bc9f4fd455e [term 0 FOLLOWER]: Becoming Follower/Learner. State: Replica: 0c01e46ea98440228f5c5bc9f4fd455e, State: Initialized, Role: FOLLOWER
I20260630 12:16:53.070761 16825 consensus_queue.cc:260] T 422e9a2da24b4ae6a5f73b3dba8be04c P 0c01e46ea98440228f5c5bc9f4fd455e [NON_LEADER]: Queue going to NON_LEADER mode. State: All replicated index: 0, Majority replicated index: 0, Committed index: 0, Last appended: 0.0, Last appended by leader: 0, Current term: 0, Majority size: -1, State: 0, Mode: NON_LEADER, active raft config: opid_index: -1 OBSOLETE_local: false peers { permanent_uuid: "0c01e46ea98440228f5c5bc9f4fd455e" member_type: VOTER last_known_addr { host: "127.13.49.130" port: 42787 } } peers { permanent_uuid: "d7d6d3f5f0b743fbb9cdd264647f24e9" member_type: VOTER last_known_addr { host: "127.13.49.132" port: 45833 } } peers { permanent_uuid: "c05c6125cdd84254997489495fe1c3d6" member_type: VOTER last_known_addr { host: "127.13.49.131" port: 40595 } }
I20260630 12:16:53.072570 16825 ts_tablet_manager.cc:1434] T 422e9a2da24b4ae6a5f73b3dba8be04c P 0c01e46ea98440228f5c5bc9f4fd455e: Time spent starting tablet: real 0.139s	user 0.005s	sys 0.001s
I20260630 12:16:53.073356 16825 tablet_bootstrap.cc:492] T 9830bb944a934bf4b9b415174336743b P 0c01e46ea98440228f5c5bc9f4fd455e: Bootstrap starting.
I20260630 12:16:53.078040 16373 catalog_manager.cc:5697] T cd7912066c844a90ba1b53bcb98d598a P c05c6125cdd84254997489495fe1c3d6 reported cstate change: term changed from 0 to 1, leader changed from <none> to c05c6125cdd84254997489495fe1c3d6 (127.13.49.131). New cstate: current_term: 1 leader_uuid: "c05c6125cdd84254997489495fe1c3d6" committed_config { opid_index: -1 OBSOLETE_local: false peers { permanent_uuid: "d7d6d3f5f0b743fbb9cdd264647f24e9" member_type: VOTER last_known_addr { host: "127.13.49.132" port: 45833 } health_report { overall_health: UNKNOWN } } peers { permanent_uuid: "0c01e46ea98440228f5c5bc9f4fd455e" member_type: VOTER last_known_addr { host: "127.13.49.130" port: 42787 } health_report { overall_health: UNKNOWN } } peers { permanent_uuid: "c05c6125cdd84254997489495fe1c3d6" member_type: VOTER last_known_addr { host: "127.13.49.131" port: 40595 } health_report { overall_health: HEALTHY } } }
I20260630 12:16:53.081025 16477 raft_consensus.cc:2468] T 77229d6ed4be41f793142e6064549568 P 6b66a47a5eac452391bf7c5b7d6e4d12 [term 1 FOLLOWER]: Leader election vote request: Granting yes vote for candidate 0c01e46ea98440228f5c5bc9f4fd455e in term 1.
I20260630 12:16:53.076148 16682 raft_consensus.cc:515] T d3d08282863847c08d02faffed1c2a80 P 6b66a47a5eac452391bf7c5b7d6e4d12 [term 1 FOLLOWER]: Starting leader election with config: opid_index: -1 OBSOLETE_local: false peers { permanent_uuid: "d7d6d3f5f0b743fbb9cdd264647f24e9" member_type: VOTER last_known_addr { host: "127.13.49.132" port: 45833 } } peers { permanent_uuid: "c05c6125cdd84254997489495fe1c3d6" member_type: VOTER last_known_addr { host: "127.13.49.131" port: 40595 } } peers { permanent_uuid: "6b66a47a5eac452391bf7c5b7d6e4d12" member_type: VOTER last_known_addr { host: "127.13.49.129" port: 34407 } }
I20260630 12:16:53.086549 16781 tablet_service.cc:1917] Received RequestConsensusVote() RPC: tablet_id: "422e9a2da24b4ae6a5f73b3dba8be04c" candidate_uuid: "c05c6125cdd84254997489495fe1c3d6" candidate_term: 1 candidate_status { last_received { term: 0 index: 0 } } ignore_live_leader: false dest_uuid: "d7d6d3f5f0b743fbb9cdd264647f24e9" is_pre_election: true
I20260630 12:16:53.088258 16782 tablet_service.cc:1917] Received RequestConsensusVote() RPC: tablet_id: "cd7912066c844a90ba1b53bcb98d598a" candidate_uuid: "c05c6125cdd84254997489495fe1c3d6" candidate_term: 1 candidate_status { last_received { term: 0 index: 0 } } ignore_live_leader: false dest_uuid: "d7d6d3f5f0b743fbb9cdd264647f24e9"
I20260630 12:16:53.090731 16783 tablet_service.cc:1917] Received RequestConsensusVote() RPC: tablet_id: "cd7912066c844a90ba1b53bcb98d598a" candidate_uuid: "c05c6125cdd84254997489495fe1c3d6" candidate_term: 1 candidate_status { last_received { term: 0 index: 0 } } ignore_live_leader: false dest_uuid: "d7d6d3f5f0b743fbb9cdd264647f24e9" is_pre_election: true
W20260630 12:16:53.092736 16592 leader_election.cc:343] T 422e9a2da24b4ae6a5f73b3dba8be04c P c05c6125cdd84254997489495fe1c3d6 [CANDIDATE]: Term 1 pre-election: Tablet error from VoteRequest() call to peer d7d6d3f5f0b743fbb9cdd264647f24e9 (127.13.49.132:45833): Illegal state: must be running to vote when last-logged opid is not known
I20260630 12:16:53.093232 16592 leader_election.cc:304] T 422e9a2da24b4ae6a5f73b3dba8be04c P c05c6125cdd84254997489495fe1c3d6 [CANDIDATE]: Term 1 pre-election: Election decided. Result: candidate lost. Election summary: received 3 responses out of 3 voters: 1 yes votes; 2 no votes. yes voters: c05c6125cdd84254997489495fe1c3d6; no voters: 0c01e46ea98440228f5c5bc9f4fd455e, d7d6d3f5f0b743fbb9cdd264647f24e9
I20260630 12:16:53.094014 16681 raft_consensus.cc:2749] T 422e9a2da24b4ae6a5f73b3dba8be04c P c05c6125cdd84254997489495fe1c3d6 [term 0 FOLLOWER]: Leader pre-election lost for term 1. Reason: could not achieve majority
W20260630 12:16:53.094388 16592 leader_election.cc:343] T cd7912066c844a90ba1b53bcb98d598a P c05c6125cdd84254997489495fe1c3d6 [CANDIDATE]: Term 1 election: Tablet error from VoteRequest() call to peer d7d6d3f5f0b743fbb9cdd264647f24e9 (127.13.49.132:45833): Illegal state: must be running to vote when last-logged opid is not known
W20260630 12:16:53.095294 16592 leader_election.cc:343] T cd7912066c844a90ba1b53bcb98d598a P c05c6125cdd84254997489495fe1c3d6 [CANDIDATE]: Term 1 pre-election: Tablet error from VoteRequest() call to peer d7d6d3f5f0b743fbb9cdd264647f24e9 (127.13.49.132:45833): Illegal state: must be running to vote when last-logged opid is not known
I20260630 12:16:53.097218 16682 leader_election.cc:290] T d3d08282863847c08d02faffed1c2a80 P 6b66a47a5eac452391bf7c5b7d6e4d12 [CANDIDATE]: Term 1 election: Requested vote from peers d7d6d3f5f0b743fbb9cdd264647f24e9 (127.13.49.132:45833), c05c6125cdd84254997489495fe1c3d6 (127.13.49.131:40595)
I20260630 12:16:53.097998 16783 tablet_service.cc:1917] Received RequestConsensusVote() RPC: tablet_id: "d3d08282863847c08d02faffed1c2a80" candidate_uuid: "6b66a47a5eac452391bf7c5b7d6e4d12" candidate_term: 1 candidate_status { last_received { term: 0 index: 0 } } ignore_live_leader: false dest_uuid: "d7d6d3f5f0b743fbb9cdd264647f24e9"
I20260630 12:16:53.098529 16783 raft_consensus.cc:3060] T d3d08282863847c08d02faffed1c2a80 P d7d6d3f5f0b743fbb9cdd264647f24e9 [term 0 FOLLOWER]: Advancing to term 1
I20260630 12:16:53.098855 16626 tablet_service.cc:1917] Received RequestConsensusVote() RPC: tablet_id: "d3d08282863847c08d02faffed1c2a80" candidate_uuid: "6b66a47a5eac452391bf7c5b7d6e4d12" candidate_term: 1 candidate_status { last_received { term: 0 index: 0 } } ignore_live_leader: false dest_uuid: "c05c6125cdd84254997489495fe1c3d6"
I20260630 12:16:53.099596 16626 raft_consensus.cc:3060] T d3d08282863847c08d02faffed1c2a80 P c05c6125cdd84254997489495fe1c3d6 [term 0 FOLLOWER]: Advancing to term 1
I20260630 12:16:53.107434 16681 raft_consensus.cc:493] T 778edf437f0e4c8a87e43669a3f1a3d0 P c05c6125cdd84254997489495fe1c3d6 [term 0 FOLLOWER]: Starting pre-election (no leader contacted us within the election timeout)
I20260630 12:16:53.108078 16681 raft_consensus.cc:515] T 778edf437f0e4c8a87e43669a3f1a3d0 P c05c6125cdd84254997489495fe1c3d6 [term 0 FOLLOWER]: Starting pre-election with config: opid_index: -1 OBSOLETE_local: false peers { permanent_uuid: "c05c6125cdd84254997489495fe1c3d6" member_type: VOTER last_known_addr { host: "127.13.49.131" port: 40595 } } peers { permanent_uuid: "d7d6d3f5f0b743fbb9cdd264647f24e9" member_type: VOTER last_known_addr { host: "127.13.49.132" port: 45833 } } peers { permanent_uuid: "6b66a47a5eac452391bf7c5b7d6e4d12" member_type: VOTER last_known_addr { host: "127.13.49.129" port: 34407 } }
I20260630 12:16:53.110760 16825 tablet_bootstrap.cc:654] T 9830bb944a934bf4b9b415174336743b P 0c01e46ea98440228f5c5bc9f4fd455e: Neither blocks nor log segments found. Creating new log.
I20260630 12:16:53.111760 16846 raft_consensus.cc:493] T 422e9a2da24b4ae6a5f73b3dba8be04c P 0c01e46ea98440228f5c5bc9f4fd455e [term 0 FOLLOWER]: Starting pre-election (no leader contacted us within the election timeout)
I20260630 12:16:53.109858 16827 tablet_bootstrap.cc:654] T 9830bb944a934bf4b9b415174336743b P d7d6d3f5f0b743fbb9cdd264647f24e9: Neither blocks nor log segments found. Creating new log.
I20260630 12:16:53.112896 16846 raft_consensus.cc:515] T 422e9a2da24b4ae6a5f73b3dba8be04c P 0c01e46ea98440228f5c5bc9f4fd455e [term 0 FOLLOWER]: Starting pre-election with config: opid_index: -1 OBSOLETE_local: false peers { permanent_uuid: "0c01e46ea98440228f5c5bc9f4fd455e" member_type: VOTER last_known_addr { host: "127.13.49.130" port: 42787 } } peers { permanent_uuid: "d7d6d3f5f0b743fbb9cdd264647f24e9" member_type: VOTER last_known_addr { host: "127.13.49.132" port: 45833 } } peers { permanent_uuid: "c05c6125cdd84254997489495fe1c3d6" member_type: VOTER last_known_addr { host: "127.13.49.131" port: 40595 } }
I20260630 12:16:53.126533 16681 leader_election.cc:290] T 778edf437f0e4c8a87e43669a3f1a3d0 P c05c6125cdd84254997489495fe1c3d6 [CANDIDATE]: Term 1 pre-election: Requested pre-vote from peers d7d6d3f5f0b743fbb9cdd264647f24e9 (127.13.49.132:45833), 6b66a47a5eac452391bf7c5b7d6e4d12 (127.13.49.129:34407)
I20260630 12:16:53.127525 16674 tablet_bootstrap.cc:654] T 12113151990b43f88f019476ccd1caa1 P c05c6125cdd84254997489495fe1c3d6: Neither blocks nor log segments found. Creating new log.
I20260630 12:16:53.127633 16477 tablet_service.cc:1917] Received RequestConsensusVote() RPC: tablet_id: "778edf437f0e4c8a87e43669a3f1a3d0" candidate_uuid: "c05c6125cdd84254997489495fe1c3d6" candidate_term: 1 candidate_status { last_received { term: 0 index: 0 } } ignore_live_leader: false dest_uuid: "6b66a47a5eac452391bf7c5b7d6e4d12" is_pre_election: true
W20260630 12:16:53.130321 16590 leader_election.cc:343] T 778edf437f0e4c8a87e43669a3f1a3d0 P c05c6125cdd84254997489495fe1c3d6 [CANDIDATE]: Term 1 pre-election: Tablet error from VoteRequest() call to peer 6b66a47a5eac452391bf7c5b7d6e4d12 (127.13.49.129:34407): Illegal state: must be running to vote when last-logged opid is not known
I20260630 12:16:53.127825 16782 tablet_service.cc:1917] Received RequestConsensusVote() RPC: tablet_id: "778edf437f0e4c8a87e43669a3f1a3d0" candidate_uuid: "c05c6125cdd84254997489495fe1c3d6" candidate_term: 1 candidate_status { last_received { term: 0 index: 0 } } ignore_live_leader: false dest_uuid: "d7d6d3f5f0b743fbb9cdd264647f24e9" is_pre_election: true
I20260630 12:16:53.131714 16626 raft_consensus.cc:2468] T d3d08282863847c08d02faffed1c2a80 P c05c6125cdd84254997489495fe1c3d6 [term 1 FOLLOWER]: Leader election vote request: Granting yes vote for candidate 6b66a47a5eac452391bf7c5b7d6e4d12 in term 1.
W20260630 12:16:53.132609 16592 leader_election.cc:343] T 778edf437f0e4c8a87e43669a3f1a3d0 P c05c6125cdd84254997489495fe1c3d6 [CANDIDATE]: Term 1 pre-election: Tablet error from VoteRequest() call to peer d7d6d3f5f0b743fbb9cdd264647f24e9 (127.13.49.132:45833): Illegal state: must be running to vote when last-logged opid is not known
I20260630 12:16:53.133095 16592 leader_election.cc:304] T 778edf437f0e4c8a87e43669a3f1a3d0 P c05c6125cdd84254997489495fe1c3d6 [CANDIDATE]: Term 1 pre-election: Election decided. Result: candidate lost. Election summary: received 3 responses out of 3 voters: 1 yes votes; 2 no votes. yes voters: c05c6125cdd84254997489495fe1c3d6; no voters: 6b66a47a5eac452391bf7c5b7d6e4d12, d7d6d3f5f0b743fbb9cdd264647f24e9
I20260630 12:16:53.133913 16710 raft_consensus.cc:2749] T 778edf437f0e4c8a87e43669a3f1a3d0 P c05c6125cdd84254997489495fe1c3d6 [term 0 FOLLOWER]: Leader pre-election lost for term 1. Reason: could not achieve majority
I20260630 12:16:53.135092 16676 tablet_bootstrap.cc:492] T 71847c1b10214364bfc3ca3c5f66d938 P 6b66a47a5eac452391bf7c5b7d6e4d12: No bootstrap required, opened a new log
I20260630 12:16:53.134732 16444 leader_election.cc:304] T d3d08282863847c08d02faffed1c2a80 P 6b66a47a5eac452391bf7c5b7d6e4d12 [CANDIDATE]: Term 1 election: Election decided. Result: candidate won. Election summary: received 2 responses out of 3 voters: 2 yes votes; 0 no votes. yes voters: 6b66a47a5eac452391bf7c5b7d6e4d12, c05c6125cdd84254997489495fe1c3d6; no voters: 
I20260630 12:16:53.135504 16676 ts_tablet_manager.cc:1403] T 71847c1b10214364bfc3ca3c5f66d938 P 6b66a47a5eac452391bf7c5b7d6e4d12: Time spent bootstrapping tablet: real 0.358s	user 0.040s	sys 0.017s
I20260630 12:16:53.136838 16846 leader_election.cc:290] T 422e9a2da24b4ae6a5f73b3dba8be04c P 0c01e46ea98440228f5c5bc9f4fd455e [CANDIDATE]: Term 1 pre-election: Requested pre-vote from peers d7d6d3f5f0b743fbb9cdd264647f24e9 (127.13.49.132:45833), c05c6125cdd84254997489495fe1c3d6 (127.13.49.131:40595)
I20260630 12:16:53.137948 16782 tablet_service.cc:1917] Received RequestConsensusVote() RPC: tablet_id: "422e9a2da24b4ae6a5f73b3dba8be04c" candidate_uuid: "0c01e46ea98440228f5c5bc9f4fd455e" candidate_term: 1 candidate_status { last_received { term: 0 index: 0 } } ignore_live_leader: false dest_uuid: "d7d6d3f5f0b743fbb9cdd264647f24e9" is_pre_election: true
W20260630 12:16:53.139444 16518 leader_election.cc:343] T 422e9a2da24b4ae6a5f73b3dba8be04c P 0c01e46ea98440228f5c5bc9f4fd455e [CANDIDATE]: Term 1 pre-election: Tablet error from VoteRequest() call to peer d7d6d3f5f0b743fbb9cdd264647f24e9 (127.13.49.132:45833): Illegal state: must be running to vote when last-logged opid is not known
I20260630 12:16:53.140138 16674 tablet_bootstrap.cc:492] T 12113151990b43f88f019476ccd1caa1 P c05c6125cdd84254997489495fe1c3d6: No bootstrap required, opened a new log
I20260630 12:16:53.140277 16626 tablet_service.cc:1917] Received RequestConsensusVote() RPC: tablet_id: "422e9a2da24b4ae6a5f73b3dba8be04c" candidate_uuid: "0c01e46ea98440228f5c5bc9f4fd455e" candidate_term: 1 candidate_status { last_received { term: 0 index: 0 } } ignore_live_leader: false dest_uuid: "c05c6125cdd84254997489495fe1c3d6" is_pre_election: true
I20260630 12:16:53.140578 16674 ts_tablet_manager.cc:1403] T 12113151990b43f88f019476ccd1caa1 P c05c6125cdd84254997489495fe1c3d6: Time spent bootstrapping tablet: real 0.091s	user 0.008s	sys 0.004s
I20260630 12:16:53.140848 16626 raft_consensus.cc:2468] T 422e9a2da24b4ae6a5f73b3dba8be04c P c05c6125cdd84254997489495fe1c3d6 [term 0 FOLLOWER]: Leader pre-election vote request: Granting yes vote for candidate 0c01e46ea98440228f5c5bc9f4fd455e in term 0.
I20260630 12:16:53.137984 16676 raft_consensus.cc:359] T 71847c1b10214364bfc3ca3c5f66d938 P 6b66a47a5eac452391bf7c5b7d6e4d12 [term 0 FOLLOWER]: Replica starting. Triggering 0 pending ops. Active config: opid_index: -1 OBSOLETE_local: false peers { permanent_uuid: "6b66a47a5eac452391bf7c5b7d6e4d12" member_type: VOTER last_known_addr { host: "127.13.49.129" port: 34407 } } peers { permanent_uuid: "d7d6d3f5f0b743fbb9cdd264647f24e9" member_type: VOTER last_known_addr { host: "127.13.49.132" port: 45833 } } peers { permanent_uuid: "0c01e46ea98440228f5c5bc9f4fd455e" member_type: VOTER last_known_addr { host: "127.13.49.130" port: 42787 } }
I20260630 12:16:53.142127 16676 raft_consensus.cc:385] T 71847c1b10214364bfc3ca3c5f66d938 P 6b66a47a5eac452391bf7c5b7d6e4d12 [term 0 FOLLOWER]: Consensus starting up: Expiring failure detector timer to make a prompt election more likely
I20260630 12:16:53.142554 16676 raft_consensus.cc:740] T 71847c1b10214364bfc3ca3c5f66d938 P 6b66a47a5eac452391bf7c5b7d6e4d12 [term 0 FOLLOWER]: Becoming Follower/Learner. State: Replica: 6b66a47a5eac452391bf7c5b7d6e4d12, State: Initialized, Role: FOLLOWER
I20260630 12:16:53.143270 16676 consensus_queue.cc:260] T 71847c1b10214364bfc3ca3c5f66d938 P 6b66a47a5eac452391bf7c5b7d6e4d12 [NON_LEADER]: Queue going to NON_LEADER mode. State: All replicated index: 0, Majority replicated index: 0, Committed index: 0, Last appended: 0.0, Last appended by leader: 0, Current term: 0, Majority size: -1, State: 0, Mode: NON_LEADER, active raft config: opid_index: -1 OBSOLETE_local: false peers { permanent_uuid: "6b66a47a5eac452391bf7c5b7d6e4d12" member_type: VOTER last_known_addr { host: "127.13.49.129" port: 34407 } } peers { permanent_uuid: "d7d6d3f5f0b743fbb9cdd264647f24e9" member_type: VOTER last_known_addr { host: "127.13.49.132" port: 45833 } } peers { permanent_uuid: "0c01e46ea98440228f5c5bc9f4fd455e" member_type: VOTER last_known_addr { host: "127.13.49.130" port: 42787 } }
I20260630 12:16:53.145591 16676 ts_tablet_manager.cc:1434] T 71847c1b10214364bfc3ca3c5f66d938 P 6b66a47a5eac452391bf7c5b7d6e4d12: Time spent starting tablet: real 0.010s	user 0.002s	sys 0.004s
I20260630 12:16:53.147820 16676 tablet_bootstrap.cc:492] T 12113151990b43f88f019476ccd1caa1 P 6b66a47a5eac452391bf7c5b7d6e4d12: Bootstrap starting.
I20260630 12:16:53.145004 16519 leader_election.cc:304] T 422e9a2da24b4ae6a5f73b3dba8be04c P 0c01e46ea98440228f5c5bc9f4fd455e [CANDIDATE]: Term 1 pre-election: Election decided. Result: candidate won. Election summary: received 3 responses out of 3 voters: 2 yes votes; 1 no votes. yes voters: 0c01e46ea98440228f5c5bc9f4fd455e, c05c6125cdd84254997489495fe1c3d6; no voters: d7d6d3f5f0b743fbb9cdd264647f24e9
I20260630 12:16:53.143743 16682 raft_consensus.cc:2804] T d3d08282863847c08d02faffed1c2a80 P 6b66a47a5eac452391bf7c5b7d6e4d12 [term 1 FOLLOWER]: Leader election won for term 1
I20260630 12:16:53.151714 16376 catalog_manager.cc:5697] T 77229d6ed4be41f793142e6064549568 P 0c01e46ea98440228f5c5bc9f4fd455e reported cstate change: term changed from 0 to 1, leader changed from <none> to 0c01e46ea98440228f5c5bc9f4fd455e (127.13.49.130). New cstate: current_term: 1 leader_uuid: "0c01e46ea98440228f5c5bc9f4fd455e" committed_config { opid_index: -1 OBSOLETE_local: false peers { permanent_uuid: "d7d6d3f5f0b743fbb9cdd264647f24e9" member_type: VOTER last_known_addr { host: "127.13.49.132" port: 45833 } health_report { overall_health: UNKNOWN } } peers { permanent_uuid: "6b66a47a5eac452391bf7c5b7d6e4d12" member_type: VOTER last_known_addr { host: "127.13.49.129" port: 34407 } health_report { overall_health: UNKNOWN } } peers { permanent_uuid: "0c01e46ea98440228f5c5bc9f4fd455e" member_type: VOTER last_known_addr { host: "127.13.49.130" port: 42787 } health_report { overall_health: HEALTHY } } }
I20260630 12:16:53.154161 16846 raft_consensus.cc:2804] T 422e9a2da24b4ae6a5f73b3dba8be04c P 0c01e46ea98440228f5c5bc9f4fd455e [term 0 FOLLOWER]: Leader pre-election won for term 1
I20260630 12:16:53.154706 16682 raft_consensus.cc:697] T d3d08282863847c08d02faffed1c2a80 P 6b66a47a5eac452391bf7c5b7d6e4d12 [term 1 LEADER]: Becoming Leader. State: Replica: 6b66a47a5eac452391bf7c5b7d6e4d12, State: Running, Role: LEADER
I20260630 12:16:53.157723 16682 consensus_queue.cc:237] T d3d08282863847c08d02faffed1c2a80 P 6b66a47a5eac452391bf7c5b7d6e4d12 [LEADER]: Queue going to LEADER mode. State: All replicated index: 0, Majority replicated index: 0, Committed index: 0, Last appended: 0.0, Last appended by leader: 0, Current term: 1, Majority size: 2, State: 0, Mode: LEADER, active raft config: opid_index: -1 OBSOLETE_local: false peers { permanent_uuid: "d7d6d3f5f0b743fbb9cdd264647f24e9" member_type: VOTER last_known_addr { host: "127.13.49.132" port: 45833 } } peers { permanent_uuid: "c05c6125cdd84254997489495fe1c3d6" member_type: VOTER last_known_addr { host: "127.13.49.131" port: 40595 } } peers { permanent_uuid: "6b66a47a5eac452391bf7c5b7d6e4d12" member_type: VOTER last_known_addr { host: "127.13.49.129" port: 34407 } }
I20260630 12:16:53.158973 16676 tablet_bootstrap.cc:654] T 12113151990b43f88f019476ccd1caa1 P 6b66a47a5eac452391bf7c5b7d6e4d12: Neither blocks nor log segments found. Creating new log.
I20260630 12:16:53.159595 16783 raft_consensus.cc:2468] T d3d08282863847c08d02faffed1c2a80 P d7d6d3f5f0b743fbb9cdd264647f24e9 [term 1 FOLLOWER]: Leader election vote request: Granting yes vote for candidate 6b66a47a5eac452391bf7c5b7d6e4d12 in term 1.
I20260630 12:16:53.155066 16846 raft_consensus.cc:493] T 422e9a2da24b4ae6a5f73b3dba8be04c P 0c01e46ea98440228f5c5bc9f4fd455e [term 0 FOLLOWER]: Starting leader election (no leader contacted us within the election timeout)
I20260630 12:16:53.161170 16846 raft_consensus.cc:3060] T 422e9a2da24b4ae6a5f73b3dba8be04c P 0c01e46ea98440228f5c5bc9f4fd455e [term 0 FOLLOWER]: Advancing to term 1
I20260630 12:16:53.166541 16674 raft_consensus.cc:359] T 12113151990b43f88f019476ccd1caa1 P c05c6125cdd84254997489495fe1c3d6 [term 0 FOLLOWER]: Replica starting. Triggering 0 pending ops. Active config: opid_index: -1 OBSOLETE_local: false peers { permanent_uuid: "6b66a47a5eac452391bf7c5b7d6e4d12" member_type: VOTER last_known_addr { host: "127.13.49.129" port: 34407 } } peers { permanent_uuid: "d7d6d3f5f0b743fbb9cdd264647f24e9" member_type: VOTER last_known_addr { host: "127.13.49.132" port: 45833 } } peers { permanent_uuid: "c05c6125cdd84254997489495fe1c3d6" member_type: VOTER last_known_addr { host: "127.13.49.131" port: 40595 } }
I20260630 12:16:53.167462 16674 raft_consensus.cc:385] T 12113151990b43f88f019476ccd1caa1 P c05c6125cdd84254997489495fe1c3d6 [term 0 FOLLOWER]: Consensus starting up: Expiring failure detector timer to make a prompt election more likely
I20260630 12:16:53.167809 16674 raft_consensus.cc:740] T 12113151990b43f88f019476ccd1caa1 P c05c6125cdd84254997489495fe1c3d6 [term 0 FOLLOWER]: Becoming Follower/Learner. State: Replica: c05c6125cdd84254997489495fe1c3d6, State: Initialized, Role: FOLLOWER
I20260630 12:16:53.169443 16674 consensus_queue.cc:260] T 12113151990b43f88f019476ccd1caa1 P c05c6125cdd84254997489495fe1c3d6 [NON_LEADER]: Queue going to NON_LEADER mode. State: All replicated index: 0, Majority replicated index: 0, Committed index: 0, Last appended: 0.0, Last appended by leader: 0, Current term: 0, Majority size: -1, State: 0, Mode: NON_LEADER, active raft config: opid_index: -1 OBSOLETE_local: false peers { permanent_uuid: "6b66a47a5eac452391bf7c5b7d6e4d12" member_type: VOTER last_known_addr { host: "127.13.49.129" port: 34407 } } peers { permanent_uuid: "d7d6d3f5f0b743fbb9cdd264647f24e9" member_type: VOTER last_known_addr { host: "127.13.49.132" port: 45833 } } peers { permanent_uuid: "c05c6125cdd84254997489495fe1c3d6" member_type: VOTER last_known_addr { host: "127.13.49.131" port: 40595 } }
I20260630 12:16:53.184475 16827 tablet_bootstrap.cc:492] T 9830bb944a934bf4b9b415174336743b P d7d6d3f5f0b743fbb9cdd264647f24e9: No bootstrap required, opened a new log
I20260630 12:16:53.184988 16827 ts_tablet_manager.cc:1403] T 9830bb944a934bf4b9b415174336743b P d7d6d3f5f0b743fbb9cdd264647f24e9: Time spent bootstrapping tablet: real 0.348s	user 0.059s	sys 0.048s
I20260630 12:16:53.188313 16477 tablet_service.cc:1917] Received RequestConsensusVote() RPC: tablet_id: "77229d6ed4be41f793142e6064549568" candidate_uuid: "d7d6d3f5f0b743fbb9cdd264647f24e9" candidate_term: 1 candidate_status { last_received { term: 0 index: 0 } } ignore_live_leader: false dest_uuid: "6b66a47a5eac452391bf7c5b7d6e4d12" is_pre_election: true
I20260630 12:16:53.187063 16825 tablet_bootstrap.cc:492] T 9830bb944a934bf4b9b415174336743b P 0c01e46ea98440228f5c5bc9f4fd455e: No bootstrap required, opened a new log
I20260630 12:16:53.189074 16477 raft_consensus.cc:2393] T 77229d6ed4be41f793142e6064549568 P 6b66a47a5eac452391bf7c5b7d6e4d12 [term 1 FOLLOWER]: Leader pre-election vote request: Denying vote to candidate d7d6d3f5f0b743fbb9cdd264647f24e9 in current term 1: Already voted for candidate 0c01e46ea98440228f5c5bc9f4fd455e in this term.
I20260630 12:16:53.189189 16825 ts_tablet_manager.cc:1403] T 9830bb944a934bf4b9b415174336743b P 0c01e46ea98440228f5c5bc9f4fd455e: Time spent bootstrapping tablet: real 0.116s	user 0.018s	sys 0.008s
I20260630 12:16:53.188748 16376 catalog_manager.cc:5697] T d3d08282863847c08d02faffed1c2a80 P 6b66a47a5eac452391bf7c5b7d6e4d12 reported cstate change: term changed from 0 to 1, leader changed from <none> to 6b66a47a5eac452391bf7c5b7d6e4d12 (127.13.49.129). New cstate: current_term: 1 leader_uuid: "6b66a47a5eac452391bf7c5b7d6e4d12" committed_config { opid_index: -1 OBSOLETE_local: false peers { permanent_uuid: "d7d6d3f5f0b743fbb9cdd264647f24e9" member_type: VOTER last_known_addr { host: "127.13.49.132" port: 45833 } health_report { overall_health: UNKNOWN } } peers { permanent_uuid: "c05c6125cdd84254997489495fe1c3d6" member_type: VOTER last_known_addr { host: "127.13.49.131" port: 40595 } health_report { overall_health: UNKNOWN } } peers { permanent_uuid: "6b66a47a5eac452391bf7c5b7d6e4d12" member_type: VOTER last_known_addr { host: "127.13.49.129" port: 34407 } health_report { overall_health: HEALTHY } } }
I20260630 12:16:53.191316 16674 ts_tablet_manager.cc:1434] T 12113151990b43f88f019476ccd1caa1 P c05c6125cdd84254997489495fe1c3d6: Time spent starting tablet: real 0.050s	user 0.007s	sys 0.002s
I20260630 12:16:53.192996 16851 raft_consensus.cc:493] T 71847c1b10214364bfc3ca3c5f66d938 P 0c01e46ea98440228f5c5bc9f4fd455e [term 0 FOLLOWER]: Starting pre-election (no leader contacted us within the election timeout)
I20260630 12:16:53.193480 16851 raft_consensus.cc:515] T 71847c1b10214364bfc3ca3c5f66d938 P 0c01e46ea98440228f5c5bc9f4fd455e [term 0 FOLLOWER]: Starting pre-election with config: opid_index: -1 OBSOLETE_local: false peers { permanent_uuid: "6b66a47a5eac452391bf7c5b7d6e4d12" member_type: VOTER last_known_addr { host: "127.13.49.129" port: 34407 } } peers { permanent_uuid: "d7d6d3f5f0b743fbb9cdd264647f24e9" member_type: VOTER last_known_addr { host: "127.13.49.132" port: 45833 } } peers { permanent_uuid: "0c01e46ea98440228f5c5bc9f4fd455e" member_type: VOTER last_known_addr { host: "127.13.49.130" port: 42787 } }
I20260630 12:16:53.196125 16825 raft_consensus.cc:359] T 9830bb944a934bf4b9b415174336743b P 0c01e46ea98440228f5c5bc9f4fd455e [term 0 FOLLOWER]: Replica starting. Triggering 0 pending ops. Active config: opid_index: -1 OBSOLETE_local: false peers { permanent_uuid: "d7d6d3f5f0b743fbb9cdd264647f24e9" member_type: VOTER last_known_addr { host: "127.13.49.132" port: 45833 } } peers { permanent_uuid: "6b66a47a5eac452391bf7c5b7d6e4d12" member_type: VOTER last_known_addr { host: "127.13.49.129" port: 34407 } } peers { permanent_uuid: "0c01e46ea98440228f5c5bc9f4fd455e" member_type: VOTER last_known_addr { host: "127.13.49.130" port: 42787 } }
I20260630 12:16:53.197439 16825 raft_consensus.cc:385] T 9830bb944a934bf4b9b415174336743b P 0c01e46ea98440228f5c5bc9f4fd455e [term 0 FOLLOWER]: Consensus starting up: Expiring failure detector timer to make a prompt election more likely
I20260630 12:16:53.200776 16846 raft_consensus.cc:515] T 422e9a2da24b4ae6a5f73b3dba8be04c P 0c01e46ea98440228f5c5bc9f4fd455e [term 1 FOLLOWER]: Starting leader election with config: opid_index: -1 OBSOLETE_local: false peers { permanent_uuid: "0c01e46ea98440228f5c5bc9f4fd455e" member_type: VOTER last_known_addr { host: "127.13.49.130" port: 42787 } } peers { permanent_uuid: "d7d6d3f5f0b743fbb9cdd264647f24e9" member_type: VOTER last_known_addr { host: "127.13.49.132" port: 45833 } } peers { permanent_uuid: "c05c6125cdd84254997489495fe1c3d6" member_type: VOTER last_known_addr { host: "127.13.49.131" port: 40595 } }
I20260630 12:16:53.201565 16477 tablet_service.cc:1917] Received RequestConsensusVote() RPC: tablet_id: "71847c1b10214364bfc3ca3c5f66d938" candidate_uuid: "0c01e46ea98440228f5c5bc9f4fd455e" candidate_term: 1 candidate_status { last_received { term: 0 index: 0 } } ignore_live_leader: false dest_uuid: "6b66a47a5eac452391bf7c5b7d6e4d12" is_pre_election: true
I20260630 12:16:53.202164 16477 raft_consensus.cc:2468] T 71847c1b10214364bfc3ca3c5f66d938 P 6b66a47a5eac452391bf7c5b7d6e4d12 [term 0 FOLLOWER]: Leader pre-election vote request: Granting yes vote for candidate 0c01e46ea98440228f5c5bc9f4fd455e in term 0.
I20260630 12:16:53.203088 16846 leader_election.cc:290] T 422e9a2da24b4ae6a5f73b3dba8be04c P 0c01e46ea98440228f5c5bc9f4fd455e [CANDIDATE]: Term 1 election: Requested vote from peers d7d6d3f5f0b743fbb9cdd264647f24e9 (127.13.49.132:45833), c05c6125cdd84254997489495fe1c3d6 (127.13.49.131:40595)
I20260630 12:16:53.197726 16825 raft_consensus.cc:740] T 9830bb944a934bf4b9b415174336743b P 0c01e46ea98440228f5c5bc9f4fd455e [term 0 FOLLOWER]: Becoming Follower/Learner. State: Replica: 0c01e46ea98440228f5c5bc9f4fd455e, State: Initialized, Role: FOLLOWER
I20260630 12:16:53.204851 16626 tablet_service.cc:1917] Received RequestConsensusVote() RPC: tablet_id: "422e9a2da24b4ae6a5f73b3dba8be04c" candidate_uuid: "0c01e46ea98440228f5c5bc9f4fd455e" candidate_term: 1 candidate_status { last_received { term: 0 index: 0 } } ignore_live_leader: false dest_uuid: "c05c6125cdd84254997489495fe1c3d6"
I20260630 12:16:53.205096 16516 leader_election.cc:304] T 71847c1b10214364bfc3ca3c5f66d938 P 0c01e46ea98440228f5c5bc9f4fd455e [CANDIDATE]: Term 1 pre-election: Election decided. Result: candidate won. Election summary: received 2 responses out of 3 voters: 2 yes votes; 0 no votes. yes voters: 0c01e46ea98440228f5c5bc9f4fd455e, 6b66a47a5eac452391bf7c5b7d6e4d12; no voters: 
I20260630 12:16:53.204882 16825 consensus_queue.cc:260] T 9830bb944a934bf4b9b415174336743b P 0c01e46ea98440228f5c5bc9f4fd455e [NON_LEADER]: Queue going to NON_LEADER mode. State: All replicated index: 0, Majority replicated index: 0, Committed index: 0, Last appended: 0.0, Last appended by leader: 0, Current term: 0, Majority size: -1, State: 0, Mode: NON_LEADER, active raft config: opid_index: -1 OBSOLETE_local: false peers { permanent_uuid: "d7d6d3f5f0b743fbb9cdd264647f24e9" member_type: VOTER last_known_addr { host: "127.13.49.132" port: 45833 } } peers { permanent_uuid: "6b66a47a5eac452391bf7c5b7d6e4d12" member_type: VOTER last_known_addr { host: "127.13.49.129" port: 34407 } } peers { permanent_uuid: "0c01e46ea98440228f5c5bc9f4fd455e" member_type: VOTER last_known_addr { host: "127.13.49.130" port: 42787 } }
I20260630 12:16:53.205559 16626 raft_consensus.cc:3060] T 422e9a2da24b4ae6a5f73b3dba8be04c P c05c6125cdd84254997489495fe1c3d6 [term 0 FOLLOWER]: Advancing to term 1
I20260630 12:16:53.206841 16849 raft_consensus.cc:2804] T 71847c1b10214364bfc3ca3c5f66d938 P 0c01e46ea98440228f5c5bc9f4fd455e [term 0 FOLLOWER]: Leader pre-election won for term 1
I20260630 12:16:53.206897 16783 tablet_service.cc:1917] Received RequestConsensusVote() RPC: tablet_id: "422e9a2da24b4ae6a5f73b3dba8be04c" candidate_uuid: "0c01e46ea98440228f5c5bc9f4fd455e" candidate_term: 1 candidate_status { last_received { term: 0 index: 0 } } ignore_live_leader: false dest_uuid: "d7d6d3f5f0b743fbb9cdd264647f24e9"
I20260630 12:16:53.207157 16782 tablet_service.cc:1917] Received RequestConsensusVote() RPC: tablet_id: "71847c1b10214364bfc3ca3c5f66d938" candidate_uuid: "0c01e46ea98440228f5c5bc9f4fd455e" candidate_term: 1 candidate_status { last_received { term: 0 index: 0 } } ignore_live_leader: false dest_uuid: "d7d6d3f5f0b743fbb9cdd264647f24e9" is_pre_election: true
I20260630 12:16:53.207885 16825 ts_tablet_manager.cc:1434] T 9830bb944a934bf4b9b415174336743b P 0c01e46ea98440228f5c5bc9f4fd455e: Time spent starting tablet: real 0.018s	user 0.004s	sys 0.004s
I20260630 12:16:53.208834 16851 leader_election.cc:290] T 71847c1b10214364bfc3ca3c5f66d938 P 0c01e46ea98440228f5c5bc9f4fd455e [CANDIDATE]: Term 1 pre-election: Requested pre-vote from peers 6b66a47a5eac452391bf7c5b7d6e4d12 (127.13.49.129:34407), d7d6d3f5f0b743fbb9cdd264647f24e9 (127.13.49.132:45833)
I20260630 12:16:53.207324 16849 raft_consensus.cc:493] T 71847c1b10214364bfc3ca3c5f66d938 P 0c01e46ea98440228f5c5bc9f4fd455e [term 0 FOLLOWER]: Starting leader election (no leader contacted us within the election timeout)
W20260630 12:16:53.209661 16518 leader_election.cc:343] T 71847c1b10214364bfc3ca3c5f66d938 P 0c01e46ea98440228f5c5bc9f4fd455e [CANDIDATE]: Term 1 pre-election: Tablet error from VoteRequest() call to peer d7d6d3f5f0b743fbb9cdd264647f24e9 (127.13.49.132:45833): Illegal state: must be running to vote when last-logged opid is not known
I20260630 12:16:53.209904 16849 raft_consensus.cc:3060] T 71847c1b10214364bfc3ca3c5f66d938 P 0c01e46ea98440228f5c5bc9f4fd455e [term 0 FOLLOWER]: Advancing to term 1
W20260630 12:16:53.210790 16518 leader_election.cc:343] T 422e9a2da24b4ae6a5f73b3dba8be04c P 0c01e46ea98440228f5c5bc9f4fd455e [CANDIDATE]: Term 1 election: Tablet error from VoteRequest() call to peer d7d6d3f5f0b743fbb9cdd264647f24e9 (127.13.49.132:45833): Illegal state: must be running to vote when last-logged opid is not known
I20260630 12:16:53.210258 16827 raft_consensus.cc:359] T 9830bb944a934bf4b9b415174336743b P d7d6d3f5f0b743fbb9cdd264647f24e9 [term 0 FOLLOWER]: Replica starting. Triggering 0 pending ops. Active config: opid_index: -1 OBSOLETE_local: false peers { permanent_uuid: "d7d6d3f5f0b743fbb9cdd264647f24e9" member_type: VOTER last_known_addr { host: "127.13.49.132" port: 45833 } } peers { permanent_uuid: "6b66a47a5eac452391bf7c5b7d6e4d12" member_type: VOTER last_known_addr { host: "127.13.49.129" port: 34407 } } peers { permanent_uuid: "0c01e46ea98440228f5c5bc9f4fd455e" member_type: VOTER last_known_addr { host: "127.13.49.130" port: 42787 } }
I20260630 12:16:53.212193 16827 raft_consensus.cc:385] T 9830bb944a934bf4b9b415174336743b P d7d6d3f5f0b743fbb9cdd264647f24e9 [term 0 FOLLOWER]: Consensus starting up: Expiring failure detector timer to make a prompt election more likely
I20260630 12:16:53.212527 16827 raft_consensus.cc:740] T 9830bb944a934bf4b9b415174336743b P d7d6d3f5f0b743fbb9cdd264647f24e9 [term 0 FOLLOWER]: Becoming Follower/Learner. State: Replica: d7d6d3f5f0b743fbb9cdd264647f24e9, State: Initialized, Role: FOLLOWER
I20260630 12:16:53.213876 16676 tablet_bootstrap.cc:492] T 12113151990b43f88f019476ccd1caa1 P 6b66a47a5eac452391bf7c5b7d6e4d12: No bootstrap required, opened a new log
I20260630 12:16:53.213236 16827 consensus_queue.cc:260] T 9830bb944a934bf4b9b415174336743b P d7d6d3f5f0b743fbb9cdd264647f24e9 [NON_LEADER]: Queue going to NON_LEADER mode. State: All replicated index: 0, Majority replicated index: 0, Committed index: 0, Last appended: 0.0, Last appended by leader: 0, Current term: 0, Majority size: -1, State: 0, Mode: NON_LEADER, active raft config: opid_index: -1 OBSOLETE_local: false peers { permanent_uuid: "d7d6d3f5f0b743fbb9cdd264647f24e9" member_type: VOTER last_known_addr { host: "127.13.49.132" port: 45833 } } peers { permanent_uuid: "6b66a47a5eac452391bf7c5b7d6e4d12" member_type: VOTER last_known_addr { host: "127.13.49.129" port: 34407 } } peers { permanent_uuid: "0c01e46ea98440228f5c5bc9f4fd455e" member_type: VOTER last_known_addr { host: "127.13.49.130" port: 42787 } }
I20260630 12:16:53.214319 16676 ts_tablet_manager.cc:1403] T 12113151990b43f88f019476ccd1caa1 P 6b66a47a5eac452391bf7c5b7d6e4d12: Time spent bootstrapping tablet: real 0.067s	user 0.008s	sys 0.008s
I20260630 12:16:53.218055 16849 raft_consensus.cc:515] T 71847c1b10214364bfc3ca3c5f66d938 P 0c01e46ea98440228f5c5bc9f4fd455e [term 1 FOLLOWER]: Starting leader election with config: opid_index: -1 OBSOLETE_local: false peers { permanent_uuid: "6b66a47a5eac452391bf7c5b7d6e4d12" member_type: VOTER last_known_addr { host: "127.13.49.129" port: 34407 } } peers { permanent_uuid: "d7d6d3f5f0b743fbb9cdd264647f24e9" member_type: VOTER last_known_addr { host: "127.13.49.132" port: 45833 } } peers { permanent_uuid: "0c01e46ea98440228f5c5bc9f4fd455e" member_type: VOTER last_known_addr { host: "127.13.49.130" port: 42787 } }
I20260630 12:16:53.218616 16553 tablet_service.cc:1917] Received RequestConsensusVote() RPC: tablet_id: "77229d6ed4be41f793142e6064549568" candidate_uuid: "d7d6d3f5f0b743fbb9cdd264647f24e9" candidate_term: 1 candidate_status { last_received { term: 0 index: 0 } } ignore_live_leader: false dest_uuid: "0c01e46ea98440228f5c5bc9f4fd455e" is_pre_election: true
I20260630 12:16:53.222587 16827 ts_tablet_manager.cc:1434] T 9830bb944a934bf4b9b415174336743b P d7d6d3f5f0b743fbb9cdd264647f24e9: Time spent starting tablet: real 0.037s	user 0.005s	sys 0.003s
I20260630 12:16:53.223223 16745 leader_election.cc:304] T 77229d6ed4be41f793142e6064549568 P d7d6d3f5f0b743fbb9cdd264647f24e9 [CANDIDATE]: Term 1 pre-election: Election decided. Result: candidate lost. Election summary: received 3 responses out of 3 voters: 1 yes votes; 2 no votes. yes voters: d7d6d3f5f0b743fbb9cdd264647f24e9; no voters: 0c01e46ea98440228f5c5bc9f4fd455e, 6b66a47a5eac452391bf7c5b7d6e4d12
I20260630 12:16:53.224522 16832 raft_consensus.cc:2749] T 77229d6ed4be41f793142e6064549568 P d7d6d3f5f0b743fbb9cdd264647f24e9 [term 1 FOLLOWER]: Leader pre-election lost for term 1. Reason: could not achieve majority
I20260630 12:16:53.228432 16827 tablet_bootstrap.cc:492] T 71847c1b10214364bfc3ca3c5f66d938 P d7d6d3f5f0b743fbb9cdd264647f24e9: Bootstrap starting.
I20260630 12:16:53.230341 16626 raft_consensus.cc:2468] T 422e9a2da24b4ae6a5f73b3dba8be04c P c05c6125cdd84254997489495fe1c3d6 [term 1 FOLLOWER]: Leader election vote request: Granting yes vote for candidate 0c01e46ea98440228f5c5bc9f4fd455e in term 1.
