I20260630 12:17:27.135587 17898 tablet_bootstrap.cc:492] T 00000000000000000000000000000000 P beadf24cf9434d56a311dd442bc73066: No bootstrap required, opened a new log
I20260630 12:17:27.137583 17898 raft_consensus.cc:359] T 00000000000000000000000000000000 P beadf24cf9434d56a311dd442bc73066 [term 0 FOLLOWER]: Replica starting. Triggering 0 pending ops. Active config: opid_index: -1 OBSOLETE_local: true peers { permanent_uuid: "beadf24cf9434d56a311dd442bc73066" member_type: VOTER }
I20260630 12:17:27.137989 17898 raft_consensus.cc:385] T 00000000000000000000000000000000 P beadf24cf9434d56a311dd442bc73066 [term 0 FOLLOWER]: Consensus starting up: Expiring failure detector timer to make a prompt election more likely
I20260630 12:17:27.138170 17898 raft_consensus.cc:740] T 00000000000000000000000000000000 P beadf24cf9434d56a311dd442bc73066 [term 0 FOLLOWER]: Becoming Follower/Learner. State: Replica: beadf24cf9434d56a311dd442bc73066, State: Initialized, Role: FOLLOWER
I20260630 12:17:27.138643 17898 consensus_queue.cc:260] T 00000000000000000000000000000000 P beadf24cf9434d56a311dd442bc73066 [NON_LEADER]: Queue going to NON_LEADER mode. State: All replicated index: 0, Majority replicated index: 0, Committed index: 0, Last appended: 0.0, Last appended by leader: 0, Current term: 0, Majority size: -1, State: 0, Mode: NON_LEADER, active raft config: opid_index: -1 OBSOLETE_local: true peers { permanent_uuid: "beadf24cf9434d56a311dd442bc73066" member_type: VOTER }
I20260630 12:17:27.139072 17898 raft_consensus.cc:399] T 00000000000000000000000000000000 P beadf24cf9434d56a311dd442bc73066 [term 0 FOLLOWER]: Only one voter in the Raft config. Triggering election immediately
I20260630 12:17:27.139257 17898 raft_consensus.cc:493] T 00000000000000000000000000000000 P beadf24cf9434d56a311dd442bc73066 [term 0 FOLLOWER]: Starting leader election (initial election of a single-replica configuration)
I20260630 12:17:27.139459 17898 raft_consensus.cc:3060] T 00000000000000000000000000000000 P beadf24cf9434d56a311dd442bc73066 [term 0 FOLLOWER]: Advancing to term 1
I20260630 12:17:27.143759 17898 raft_consensus.cc:515] T 00000000000000000000000000000000 P beadf24cf9434d56a311dd442bc73066 [term 1 FOLLOWER]: Starting leader election with config: opid_index: -1 OBSOLETE_local: true peers { permanent_uuid: "beadf24cf9434d56a311dd442bc73066" member_type: VOTER }
I20260630 12:17:27.144222 17898 leader_election.cc:304] T 00000000000000000000000000000000 P beadf24cf9434d56a311dd442bc73066 [CANDIDATE]: Term 1 election: Election decided. Result: candidate won. Election summary: received 1 responses out of 1 voters: 1 yes votes; 0 no votes. yes voters: beadf24cf9434d56a311dd442bc73066; no voters: 
I20260630 12:17:27.145223 17898 leader_election.cc:290] T 00000000000000000000000000000000 P beadf24cf9434d56a311dd442bc73066 [CANDIDATE]: Term 1 election: Requested vote from peers 
I20260630 12:17:27.145540 17901 raft_consensus.cc:2804] T 00000000000000000000000000000000 P beadf24cf9434d56a311dd442bc73066 [term 1 FOLLOWER]: Leader election won for term 1
I20260630 12:17:27.146796 17901 raft_consensus.cc:697] T 00000000000000000000000000000000 P beadf24cf9434d56a311dd442bc73066 [term 1 LEADER]: Becoming Leader. State: Replica: beadf24cf9434d56a311dd442bc73066, State: Running, Role: LEADER
I20260630 12:17:27.147482 17901 consensus_queue.cc:237] T 00000000000000000000000000000000 P beadf24cf9434d56a311dd442bc73066 [LEADER]: Queue going to LEADER mode. State: All replicated index: 0, Majority replicated index: 0, Committed index: 0, Last appended: 0.0, Last appended by leader: 0, Current term: 1, Majority size: 1, State: 0, Mode: LEADER, active raft config: opid_index: -1 OBSOLETE_local: true peers { permanent_uuid: "beadf24cf9434d56a311dd442bc73066" member_type: VOTER }
I20260630 12:17:27.148165 17898 sys_catalog.cc:565] T 00000000000000000000000000000000 P beadf24cf9434d56a311dd442bc73066 [sys.catalog]: configured and running, proceeding with master startup.
I20260630 12:17:27.150524 17902 sys_catalog.cc:455] T 00000000000000000000000000000000 P beadf24cf9434d56a311dd442bc73066 [sys.catalog]: SysCatalogTable state changed. Reason: RaftConsensus started. Latest consensus state: current_term: 1 leader_uuid: "beadf24cf9434d56a311dd442bc73066" committed_config { opid_index: -1 OBSOLETE_local: true peers { permanent_uuid: "beadf24cf9434d56a311dd442bc73066" member_type: VOTER } }
I20260630 12:17:27.150615 17903 sys_catalog.cc:455] T 00000000000000000000000000000000 P beadf24cf9434d56a311dd442bc73066 [sys.catalog]: SysCatalogTable state changed. Reason: New leader beadf24cf9434d56a311dd442bc73066. Latest consensus state: current_term: 1 leader_uuid: "beadf24cf9434d56a311dd442bc73066" committed_config { opid_index: -1 OBSOLETE_local: true peers { permanent_uuid: "beadf24cf9434d56a311dd442bc73066" member_type: VOTER } }
I20260630 12:17:27.151332 17903 sys_catalog.cc:458] T 00000000000000000000000000000000 P beadf24cf9434d56a311dd442bc73066 [sys.catalog]: This master's current role is: LEADER
I20260630 12:17:27.154958 17902 sys_catalog.cc:458] T 00000000000000000000000000000000 P beadf24cf9434d56a311dd442bc73066 [sys.catalog]: This master's current role is: LEADER
I20260630 12:17:27.156786 17907 catalog_manager.cc:1511] Loading table and tablet metadata into memory...
I20260630 12:17:27.165427 17907 catalog_manager.cc:1520] Initializing Kudu cluster ID...
I20260630 12:17:27.166319 13510 internal_mini_cluster.cc:184] Waiting to initialize catalog manager on master 0
I20260630 12:17:27.174302 17907 catalog_manager.cc:1383] Generated new cluster ID: 398fb1db0ba74fa291a1fb4a13584ec8
I20260630 12:17:27.174628 17907 catalog_manager.cc:1531] Initializing Kudu internal certificate authority...
I20260630 12:17:27.193882 17907 catalog_manager.cc:1406] Generated new certificate authority record
I20260630 12:17:27.195206 17907 catalog_manager.cc:1540] Loading token signing keys...
I20260630 12:17:27.209385 17907 catalog_manager.cc:6070] T 00000000000000000000000000000000 P beadf24cf9434d56a311dd442bc73066: Generated new TSK 0
I20260630 12:17:27.209959 17907 catalog_manager.cc:1550] Initializing in-progress tserver states...
I20260630 12:17:27.232550 13510 file_cache.cc:492] Constructed file cache file cache with capacity 419430
W20260630 12:17:27.238581 17919 instance_detector.cc:116] could not retrieve AWS instance metadata: Network error: curl error: HTTP response code said error: The requested URL returned error: 404
W20260630 12:17:27.239295 17920 instance_detector.cc:116] could not retrieve Azure instance metadata: Network error: curl error: HTTP response code said error: The requested URL returned error: 404
W20260630 12:17:27.241460 17922 instance_detector.cc:116] could not retrieve OpenStack instance metadata: Network error: curl error: HTTP response code said error: The requested URL returned error: 404
I20260630 12:17:27.241660 13510 server_base.cc:1061] running on GCE node
I20260630 12:17:27.242542 13510 hybrid_clock.cc:584] initializing the hybrid clock with 'system_unsync' time source
W20260630 12:17:27.242719 13510 system_unsync_time.cc:38] NTP support is disabled. Clock error bounds will not be accurate. This configuration is not suitable for distributed clusters.
I20260630 12:17:27.242909 13510 hybrid_clock.cc:648] HybridClock initialized: now 1782821847242887 us; error 0 us; skew 500 ppm
I20260630 12:17:27.243366 13510 server_base.cc:861] Flag tcmalloc_max_total_thread_cache_bytes is not working since tcmalloc is not enabled.
I20260630 12:17:27.245626 13510 webserver.cc:533] Webserver started at http://127.13.49.129:37295/ using document root <none> and password file <none>
I20260630 12:17:27.246052 13510 fs_manager.cc:362] Metadata directory not provided
I20260630 12:17:27.246209 13510 fs_manager.cc:368] Using write-ahead log directory (fs_wal_dir) as metadata directory
I20260630 12:17:27.246412 13510 server_base.cc:909] This appears to be a new deployment of Kudu; creating new FS layout
I20260630 12:17:27.247567 13510 fs_manager.cc:1068] Generated new instance metadata in path /tmp/dist-test-task7stEUB/test-tmp/auto_rebalancer-test.0.AutoRebalancerTest.TestMaxMovesPerServer.1782821730831403-13510-0/minicluster-data/ts-0-root/instance:
uuid: "9462a4339c4c450f9e0bac9c0d91e6e2"
format_stamp: "Formatted at 2026-06-30 12:17:27 on dist-test-slave-zbh0"
I20260630 12:17:27.252099 13510 fs_manager.cc:696] Time spent creating directory manager: real 0.004s	user 0.003s	sys 0.001s
I20260630 12:17:27.255133 17927 log_block_manager.cc:4031] Time spent loading block containers with low live blocks: real 0.000s	user 0.000s	sys 0.000s
I20260630 12:17:27.255882 13510 fs_manager.cc:730] Time spent opening block manager: real 0.002s	user 0.002s	sys 0.001s
I20260630 12:17:27.256138 13510 fs_manager.cc:647] Opened local filesystem: /tmp/dist-test-task7stEUB/test-tmp/auto_rebalancer-test.0.AutoRebalancerTest.TestMaxMovesPerServer.1782821730831403-13510-0/minicluster-data/ts-0-root
uuid: "9462a4339c4c450f9e0bac9c0d91e6e2"
format_stamp: "Formatted at 2026-06-30 12:17:27 on dist-test-slave-zbh0"
I20260630 12:17:27.256368 13510 fs_report.cc:389] FS layout report
--------------------
wal directory: /tmp/dist-test-task7stEUB/test-tmp/auto_rebalancer-test.0.AutoRebalancerTest.TestMaxMovesPerServer.1782821730831403-13510-0/minicluster-data/ts-0-root
metadata directory: /tmp/dist-test-task7stEUB/test-tmp/auto_rebalancer-test.0.AutoRebalancerTest.TestMaxMovesPerServer.1782821730831403-13510-0/minicluster-data/ts-0-root
1 data directories: /tmp/dist-test-task7stEUB/test-tmp/auto_rebalancer-test.0.AutoRebalancerTest.TestMaxMovesPerServer.1782821730831403-13510-0/minicluster-data/ts-0-root/data
Total live blocks: 0
Total live bytes: 0
Total live bytes (after alignment): 0
Total number of LBM containers: 0 (0 full)
Did not check for missing blocks
Did not check for orphaned blocks
Total full LBM containers with extra space: 0 (0 repaired)
Total full LBM container extra space in bytes: 0 (0 repaired)
Total incomplete LBM containers: 0 (0 repaired)
Total LBM partial records: 0 (0 repaired)
Total corrupted LBM metadata records in RocksDB: 0 (0 repaired)
I20260630 12:17:27.268186 13510 rpc_server.cc:225] running with OpenSSL 1.1.1  11 Sep 2018
I20260630 12:17:27.269315 13510 kserver.cc:163] Server-wide thread pool size limit: 3276
I20260630 12:17:27.270671 13510 txn_system_client.cc:432] TxnSystemClient initialization is disabled...
I20260630 12:17:27.272946 13510 ts_tablet_manager.cc:585] Loaded tablet metadata (0 total tablets, 0 live tablets)
I20260630 12:17:27.273128 13510 ts_tablet_manager.cc:531] Time spent load tablet metadata: real 0.000s	user 0.000s	sys 0.000s
I20260630 12:17:27.273454 13510 ts_tablet_manager.cc:616] Registered 0 tablets
I20260630 12:17:27.273623 13510 ts_tablet_manager.cc:595] Time spent register tablets: real 0.000s	user 0.000s	sys 0.000s
I20260630 12:17:27.313690 13510 rpc_server.cc:307] RPC server started. Bound to: 127.13.49.129:43825
I20260630 12:17:27.313800 17989 acceptor_pool.cc:272] collecting diagnostics on the listening RPC socket 127.13.49.129:43825 every 8 connection(s)
I20260630 12:17:27.318805 13510 file_cache.cc:492] Constructed file cache file cache with capacity 419430
W20260630 12:17:27.326834 17994 instance_detector.cc:116] could not retrieve AWS instance metadata: Network error: curl error: HTTP response code said error: The requested URL returned error: 404
W20260630 12:17:27.327560 17995 instance_detector.cc:116] could not retrieve Azure instance metadata: Network error: curl error: HTTP response code said error: The requested URL returned error: 404
W20260630 12:17:27.355203 17998 instance_detector.cc:116] could not retrieve OpenStack instance metadata: Network error: curl error: HTTP response code said error: The requested URL returned error: 404
I20260630 12:17:27.438513 13510 server_base.cc:1061] running on GCE node
I20260630 12:17:27.439873 13510 hybrid_clock.cc:584] initializing the hybrid clock with 'system_unsync' time source
W20260630 12:17:27.440198 13510 system_unsync_time.cc:38] NTP support is disabled. Clock error bounds will not be accurate. This configuration is not suitable for distributed clusters.
I20260630 12:17:27.440426 13510 hybrid_clock.cc:648] HybridClock initialized: now 1782821847440407 us; error 0 us; skew 500 ppm
I20260630 12:17:27.441138 13510 server_base.cc:861] Flag tcmalloc_max_total_thread_cache_bytes is not working since tcmalloc is not enabled.
I20260630 12:17:27.451207 13510 webserver.cc:533] Webserver started at http://127.13.49.130:45227/ using document root <none> and password file <none>
I20260630 12:17:27.451853 13510 fs_manager.cc:362] Metadata directory not provided
I20260630 12:17:27.452119 13510 fs_manager.cc:368] Using write-ahead log directory (fs_wal_dir) as metadata directory
I20260630 12:17:27.452476 13510 server_base.cc:909] This appears to be a new deployment of Kudu; creating new FS layout
I20260630 12:17:27.454249 13510 fs_manager.cc:1068] Generated new instance metadata in path /tmp/dist-test-task7stEUB/test-tmp/auto_rebalancer-test.0.AutoRebalancerTest.TestMaxMovesPerServer.1782821730831403-13510-0/minicluster-data/ts-1-root/instance:
uuid: "6b905f7cc20f44bfb7958fdf1648a40e"
format_stamp: "Formatted at 2026-06-30 12:17:27 on dist-test-slave-zbh0"
I20260630 12:17:27.460762 13510 fs_manager.cc:696] Time spent creating directory manager: real 0.006s	user 0.004s	sys 0.000s
I20260630 12:17:27.465677 18002 log_block_manager.cc:4031] Time spent loading block containers with low live blocks: real 0.000s	user 0.000s	sys 0.000s
I20260630 12:17:27.466550 13510 fs_manager.cc:730] Time spent opening block manager: real 0.003s	user 0.002s	sys 0.000s
I20260630 12:17:27.466861 13510 fs_manager.cc:647] Opened local filesystem: /tmp/dist-test-task7stEUB/test-tmp/auto_rebalancer-test.0.AutoRebalancerTest.TestMaxMovesPerServer.1782821730831403-13510-0/minicluster-data/ts-1-root
uuid: "6b905f7cc20f44bfb7958fdf1648a40e"
format_stamp: "Formatted at 2026-06-30 12:17:27 on dist-test-slave-zbh0"
I20260630 12:17:27.467196 13510 fs_report.cc:389] FS layout report
--------------------
wal directory: /tmp/dist-test-task7stEUB/test-tmp/auto_rebalancer-test.0.AutoRebalancerTest.TestMaxMovesPerServer.1782821730831403-13510-0/minicluster-data/ts-1-root
metadata directory: /tmp/dist-test-task7stEUB/test-tmp/auto_rebalancer-test.0.AutoRebalancerTest.TestMaxMovesPerServer.1782821730831403-13510-0/minicluster-data/ts-1-root
1 data directories: /tmp/dist-test-task7stEUB/test-tmp/auto_rebalancer-test.0.AutoRebalancerTest.TestMaxMovesPerServer.1782821730831403-13510-0/minicluster-data/ts-1-root/data
Total live blocks: 0
Total live bytes: 0
Total live bytes (after alignment): 0
Total number of LBM containers: 0 (0 full)
Did not check for missing blocks
Did not check for orphaned blocks
Total full LBM containers with extra space: 0 (0 repaired)
Total full LBM container extra space in bytes: 0 (0 repaired)
Total incomplete LBM containers: 0 (0 repaired)
Total LBM partial records: 0 (0 repaired)
Total corrupted LBM metadata records in RocksDB: 0 (0 repaired)
I20260630 12:17:27.468554 17990 heartbeater.cc:344] Connected to a master server at 127.13.49.190:44707
I20260630 12:17:27.468981 17990 heartbeater.cc:461] Registering TS with master...
I20260630 12:17:27.469866 17990 heartbeater.cc:507] Master 127.13.49.190:44707 requested a full tablet report, sending...
I20260630 12:17:27.472522 17863 ts_manager.cc:194] Registered new tserver with Master: 9462a4339c4c450f9e0bac9c0d91e6e2 (127.13.49.129:43825)
I20260630 12:17:27.474551 17863 master_service.cc:502] Signed X509 certificate for tserver {username='slave'} at 127.0.0.1:34558
I20260630 12:17:27.491992 13510 rpc_server.cc:225] running with OpenSSL 1.1.1  11 Sep 2018
I20260630 12:17:27.493289 13510 kserver.cc:163] Server-wide thread pool size limit: 3276
I20260630 12:17:27.494755 13510 txn_system_client.cc:432] TxnSystemClient initialization is disabled...
I20260630 12:17:27.496920 13510 ts_tablet_manager.cc:585] Loaded tablet metadata (0 total tablets, 0 live tablets)
I20260630 12:17:27.497145 13510 ts_tablet_manager.cc:531] Time spent load tablet metadata: real 0.000s	user 0.000s	sys 0.000s
I20260630 12:17:27.497397 13510 ts_tablet_manager.cc:616] Registered 0 tablets
I20260630 12:17:27.497568 13510 ts_tablet_manager.cc:595] Time spent register tablets: real 0.000s	user 0.000s	sys 0.000s
I20260630 12:17:27.536537 13510 rpc_server.cc:307] RPC server started. Bound to: 127.13.49.130:39845
I20260630 12:17:27.536715 18064 acceptor_pool.cc:272] collecting diagnostics on the listening RPC socket 127.13.49.130:39845 every 8 connection(s)
I20260630 12:17:27.540948 13510 file_cache.cc:492] Constructed file cache file cache with capacity 419430
W20260630 12:17:27.548460 18068 instance_detector.cc:116] could not retrieve AWS instance metadata: Network error: curl error: HTTP response code said error: The requested URL returned error: 404
W20260630 12:17:27.548883 18069 instance_detector.cc:116] could not retrieve Azure instance metadata: Network error: curl error: HTTP response code said error: The requested URL returned error: 404
I20260630 12:17:27.551409 13510 server_base.cc:1061] running on GCE node
W20260630 12:17:27.552078 18072 instance_detector.cc:116] could not retrieve OpenStack instance metadata: Network error: curl error: HTTP response code said error: The requested URL returned error: 404
I20260630 12:17:27.553138 13510 hybrid_clock.cc:584] initializing the hybrid clock with 'system_unsync' time source
W20260630 12:17:27.553419 13510 system_unsync_time.cc:38] NTP support is disabled. Clock error bounds will not be accurate. This configuration is not suitable for distributed clusters.
I20260630 12:17:27.553602 13510 hybrid_clock.cc:648] HybridClock initialized: now 1782821847553586 us; error 0 us; skew 500 ppm
I20260630 12:17:27.554095 13510 server_base.cc:861] Flag tcmalloc_max_total_thread_cache_bytes is not working since tcmalloc is not enabled.
I20260630 12:17:27.554380 18065 heartbeater.cc:344] Connected to a master server at 127.13.49.190:44707
I20260630 12:17:27.554876 18065 heartbeater.cc:461] Registering TS with master...
I20260630 12:17:27.555713 18065 heartbeater.cc:507] Master 127.13.49.190:44707 requested a full tablet report, sending...
I20260630 12:17:27.556676 13510 webserver.cc:533] Webserver started at http://127.13.49.131:35673/ using document root <none> and password file <none>
I20260630 12:17:27.557276 13510 fs_manager.cc:362] Metadata directory not provided
I20260630 12:17:27.557480 13510 fs_manager.cc:368] Using write-ahead log directory (fs_wal_dir) as metadata directory
I20260630 12:17:27.557838 13510 server_base.cc:909] This appears to be a new deployment of Kudu; creating new FS layout
I20260630 12:17:27.557873 17863 ts_manager.cc:194] Registered new tserver with Master: 6b905f7cc20f44bfb7958fdf1648a40e (127.13.49.130:39845)
I20260630 12:17:27.559054 13510 fs_manager.cc:1068] Generated new instance metadata in path /tmp/dist-test-task7stEUB/test-tmp/auto_rebalancer-test.0.AutoRebalancerTest.TestMaxMovesPerServer.1782821730831403-13510-0/minicluster-data/ts-2-root/instance:
uuid: "c6a0717a89c74f2ebe5b0ebf71a64f99"
format_stamp: "Formatted at 2026-06-30 12:17:27 on dist-test-slave-zbh0"
I20260630 12:17:27.559441 17863 master_service.cc:502] Signed X509 certificate for tserver {username='slave'} at 127.0.0.1:34572
I20260630 12:17:27.563539 13510 fs_manager.cc:696] Time spent creating directory manager: real 0.004s	user 0.004s	sys 0.000s
I20260630 12:17:27.566613 18076 log_block_manager.cc:4031] Time spent loading block containers with low live blocks: real 0.000s	user 0.000s	sys 0.000s
I20260630 12:17:27.567386 13510 fs_manager.cc:730] Time spent opening block manager: real 0.002s	user 0.003s	sys 0.000s
I20260630 12:17:27.567673 13510 fs_manager.cc:647] Opened local filesystem: /tmp/dist-test-task7stEUB/test-tmp/auto_rebalancer-test.0.AutoRebalancerTest.TestMaxMovesPerServer.1782821730831403-13510-0/minicluster-data/ts-2-root
uuid: "c6a0717a89c74f2ebe5b0ebf71a64f99"
format_stamp: "Formatted at 2026-06-30 12:17:27 on dist-test-slave-zbh0"
I20260630 12:17:27.567955 13510 fs_report.cc:389] FS layout report
--------------------
wal directory: /tmp/dist-test-task7stEUB/test-tmp/auto_rebalancer-test.0.AutoRebalancerTest.TestMaxMovesPerServer.1782821730831403-13510-0/minicluster-data/ts-2-root
metadata directory: /tmp/dist-test-task7stEUB/test-tmp/auto_rebalancer-test.0.AutoRebalancerTest.TestMaxMovesPerServer.1782821730831403-13510-0/minicluster-data/ts-2-root
1 data directories: /tmp/dist-test-task7stEUB/test-tmp/auto_rebalancer-test.0.AutoRebalancerTest.TestMaxMovesPerServer.1782821730831403-13510-0/minicluster-data/ts-2-root/data
Total live blocks: 0
Total live bytes: 0
Total live bytes (after alignment): 0
Total number of LBM containers: 0 (0 full)
Did not check for missing blocks
Did not check for orphaned blocks
Total full LBM containers with extra space: 0 (0 repaired)
Total full LBM container extra space in bytes: 0 (0 repaired)
Total incomplete LBM containers: 0 (0 repaired)
Total LBM partial records: 0 (0 repaired)
Total corrupted LBM metadata records in RocksDB: 0 (0 repaired)
I20260630 12:17:27.582551 13510 rpc_server.cc:225] running with OpenSSL 1.1.1  11 Sep 2018
I20260630 12:17:27.583717 13510 kserver.cc:163] Server-wide thread pool size limit: 3276
I20260630 12:17:27.585131 13510 txn_system_client.cc:432] TxnSystemClient initialization is disabled...
I20260630 12:17:27.587270 13510 ts_tablet_manager.cc:585] Loaded tablet metadata (0 total tablets, 0 live tablets)
I20260630 12:17:27.587486 13510 ts_tablet_manager.cc:531] Time spent load tablet metadata: real 0.000s	user 0.000s	sys 0.000s
I20260630 12:17:27.587711 13510 ts_tablet_manager.cc:616] Registered 0 tablets
I20260630 12:17:27.587879 13510 ts_tablet_manager.cc:595] Time spent register tablets: real 0.000s	user 0.000s	sys 0.000s
I20260630 12:17:27.625658 13510 rpc_server.cc:307] RPC server started. Bound to: 127.13.49.131:37117
I20260630 12:17:27.625767 18138 acceptor_pool.cc:272] collecting diagnostics on the listening RPC socket 127.13.49.131:37117 every 8 connection(s)
I20260630 12:17:27.639138 18139 heartbeater.cc:344] Connected to a master server at 127.13.49.190:44707
I20260630 12:17:27.639503 18139 heartbeater.cc:461] Registering TS with master...
I20260630 12:17:27.640188 18139 heartbeater.cc:507] Master 127.13.49.190:44707 requested a full tablet report, sending...
I20260630 12:17:27.641950 17863 ts_manager.cc:194] Registered new tserver with Master: c6a0717a89c74f2ebe5b0ebf71a64f99 (127.13.49.131:37117)
I20260630 12:17:27.643033 13510 internal_mini_cluster.cc:371] 3 TS(s) registered with all masters after 0.014325304s
I20260630 12:17:27.643322 17863 master_service.cc:502] Signed X509 certificate for tserver {username='slave'} at 127.0.0.1:34586
I20260630 12:17:28.185045 17863 catalog_manager.cc:2283] Servicing CreateTable request from {username='slave'} at 127.0.0.1:34592:
name: "test-workload"
schema {
  columns {
    name: "key"
    type: INT32
    is_key: true
    is_nullable: false
    encoding: AUTO_ENCODING
    compression: DEFAULT_COMPRESSION
    cfile_block_size: 0
    immutable: false
  }
  columns {
    name: "int_val"
    type: INT32
    is_key: false
    is_nullable: false
    encoding: AUTO_ENCODING
    compression: DEFAULT_COMPRESSION
    cfile_block_size: 0
    immutable: false
  }
  columns {
    name: "string_val"
    type: STRING
    is_key: false
    is_nullable: true
    encoding: AUTO_ENCODING
    compression: DEFAULT_COMPRESSION
    cfile_block_size: 0
    immutable: false
  }
}
num_replicas: 3
split_rows_range_bounds {
  rows: "\004\001\000\252\252\252\n\004\001\000TUU\025\004\001\000\376\377\377\037\004\001\000\250\252\252*\004\001\000RUU5\004\001\000\374\377\377?\004\001\000\246\252\252J\004\001\000PUUU\004\001\000\372\377\377_\004\001\000\244\252\252j\004\001\000NUUu""\004\001\000\252\252\252\n\004\001\000TUU\025\004\001\000\376\377\377\037\004\001\000\250\252\252*\004\001\000RUU5\004\001\000\374\377\377?\004\001\000\246\252\252J\004\001\000PUUU\004\001\000\372\377\377_\004\001\000\244\252\252j\004\001\000NUUu"
  indirect_data: """"
}
partition_schema {
  range_schema {
    columns {
      name: "key"
    }
  }
}
W20260630 12:17:28.188063 17863 catalog_manager.cc:7077] The number of live tablet servers is not enough to re-replicate a tablet replica of the newly created table test-workload in case of a server failure: 4 tablet servers would be needed, 3 are available. Consider bringing up more tablet servers.
I20260630 12:17:28.272102 18104 tablet_service.cc:1511] Processing CreateTablet for tablet c660132bdb1745b1804e2215b8a97a20 (DEFAULT_TABLE table=test-workload [id=d92ff45633154fc89016476b34e62a07]), partition=RANGE (key) PARTITION VALUES < 178956970
I20260630 12:17:28.273528 18104 data_dirs.cc:400] Could only allocate 1 dirs of requested 3 for tablet c660132bdb1745b1804e2215b8a97a20. 1 dirs total, 0 dirs full, 0 dirs failed
I20260630 12:17:28.276126 18103 tablet_service.cc:1511] Processing CreateTablet for tablet 505a6382cc8140788a6ff48fa36b4202 (DEFAULT_TABLE table=test-workload [id=d92ff45633154fc89016476b34e62a07]), partition=RANGE (key) PARTITION 178956970 <= VALUES < 357913940
I20260630 12:17:28.277504 18103 data_dirs.cc:400] Could only allocate 1 dirs of requested 3 for tablet 505a6382cc8140788a6ff48fa36b4202. 1 dirs total, 0 dirs full, 0 dirs failed
I20260630 12:17:28.278896 18030 tablet_service.cc:1511] Processing CreateTablet for tablet c660132bdb1745b1804e2215b8a97a20 (DEFAULT_TABLE table=test-workload [id=d92ff45633154fc89016476b34e62a07]), partition=RANGE (key) PARTITION VALUES < 178956970
I20260630 12:17:28.280216 18030 data_dirs.cc:400] Could only allocate 1 dirs of requested 3 for tablet c660132bdb1745b1804e2215b8a97a20. 1 dirs total, 0 dirs full, 0 dirs failed
I20260630 12:17:28.279867 18101 tablet_service.cc:1511] Processing CreateTablet for tablet 449f9c9b85bd4883961fdb16105ba68c (DEFAULT_TABLE table=test-workload [id=d92ff45633154fc89016476b34e62a07]), partition=RANGE (key) PARTITION 536870910 <= VALUES < 715827880
I20260630 12:17:28.281144 18101 data_dirs.cc:400] Could only allocate 1 dirs of requested 3 for tablet 449f9c9b85bd4883961fdb16105ba68c. 1 dirs total, 0 dirs full, 0 dirs failed
I20260630 12:17:28.284066 18028 tablet_service.cc:1511] Processing CreateTablet for tablet e6cb123629a14307a1cdde498fa0d536 (DEFAULT_TABLE table=test-workload [id=d92ff45633154fc89016476b34e62a07]), partition=RANGE (key) PARTITION 357913940 <= VALUES < 536870910
I20260630 12:17:28.285380 18028 data_dirs.cc:400] Could only allocate 1 dirs of requested 3 for tablet e6cb123629a14307a1cdde498fa0d536. 1 dirs total, 0 dirs full, 0 dirs failed
I20260630 12:17:28.285426 18029 tablet_service.cc:1511] Processing CreateTablet for tablet 505a6382cc8140788a6ff48fa36b4202 (DEFAULT_TABLE table=test-workload [id=d92ff45633154fc89016476b34e62a07]), partition=RANGE (key) PARTITION 178956970 <= VALUES < 357913940
I20260630 12:17:28.286897 18029 data_dirs.cc:400] Could only allocate 1 dirs of requested 3 for tablet 505a6382cc8140788a6ff48fa36b4202. 1 dirs total, 0 dirs full, 0 dirs failed
I20260630 12:17:28.290344 18100 tablet_service.cc:1511] Processing CreateTablet for tablet 180f1771852d46aca4f2d864a3932195 (DEFAULT_TABLE table=test-workload [id=d92ff45633154fc89016476b34e62a07]), partition=RANGE (key) PARTITION 715827880 <= VALUES < 894784850
I20260630 12:17:28.291710 18100 data_dirs.cc:400] Could only allocate 1 dirs of requested 3 for tablet 180f1771852d46aca4f2d864a3932195. 1 dirs total, 0 dirs full, 0 dirs failed
I20260630 12:17:28.293753 17955 tablet_service.cc:1511] Processing CreateTablet for tablet c660132bdb1745b1804e2215b8a97a20 (DEFAULT_TABLE table=test-workload [id=d92ff45633154fc89016476b34e62a07]), partition=RANGE (key) PARTITION VALUES < 178956970
I20260630 12:17:28.295943 17954 tablet_service.cc:1511] Processing CreateTablet for tablet 505a6382cc8140788a6ff48fa36b4202 (DEFAULT_TABLE table=test-workload [id=d92ff45633154fc89016476b34e62a07]), partition=RANGE (key) PARTITION 178956970 <= VALUES < 357913940
I20260630 12:17:28.298542 17953 tablet_service.cc:1511] Processing CreateTablet for tablet e6cb123629a14307a1cdde498fa0d536 (DEFAULT_TABLE table=test-workload [id=d92ff45633154fc89016476b34e62a07]), partition=RANGE (key) PARTITION 357913940 <= VALUES < 536870910
I20260630 12:17:28.276126 18102 tablet_service.cc:1511] Processing CreateTablet for tablet e6cb123629a14307a1cdde498fa0d536 (DEFAULT_TABLE table=test-workload [id=d92ff45633154fc89016476b34e62a07]), partition=RANGE (key) PARTITION 357913940 <= VALUES < 536870910
I20260630 12:17:28.308241 18102 data_dirs.cc:400] Could only allocate 1 dirs of requested 3 for tablet e6cb123629a14307a1cdde498fa0d536. 1 dirs total, 0 dirs full, 0 dirs failed
I20260630 12:17:28.299731 18026 tablet_service.cc:1511] Processing CreateTablet for tablet 180f1771852d46aca4f2d864a3932195 (DEFAULT_TABLE table=test-workload [id=d92ff45633154fc89016476b34e62a07]), partition=RANGE (key) PARTITION 715827880 <= VALUES < 894784850
I20260630 12:17:28.309407 18026 data_dirs.cc:400] Could only allocate 1 dirs of requested 3 for tablet 180f1771852d46aca4f2d864a3932195. 1 dirs total, 0 dirs full, 0 dirs failed
I20260630 12:17:28.299492 17950 tablet_service.cc:1511] Processing CreateTablet for tablet c1a3f4dac13948c88ee2dab58cc926c1 (DEFAULT_TABLE table=test-workload [id=d92ff45633154fc89016476b34e62a07]), partition=RANGE (key) PARTITION 894784850 <= VALUES < 1073741820
I20260630 12:17:28.301224 17951 tablet_service.cc:1511] Processing CreateTablet for tablet 180f1771852d46aca4f2d864a3932195 (DEFAULT_TABLE table=test-workload [id=d92ff45633154fc89016476b34e62a07]), partition=RANGE (key) PARTITION 715827880 <= VALUES < 894784850
I20260630 12:17:28.301473 18023 tablet_service.cc:1511] Processing CreateTablet for tablet 7566e7f7d7f84d53a5ddf4cb401d39ba (DEFAULT_TABLE table=test-workload [id=d92ff45633154fc89016476b34e62a07]), partition=RANGE (key) PARTITION 1252698790 <= VALUES < 1431655760
I20260630 12:17:28.314373 18023 data_dirs.cc:400] Could only allocate 1 dirs of requested 3 for tablet 7566e7f7d7f84d53a5ddf4cb401d39ba. 1 dirs total, 0 dirs full, 0 dirs failed
I20260630 12:17:28.302582 18025 tablet_service.cc:1511] Processing CreateTablet for tablet c1a3f4dac13948c88ee2dab58cc926c1 (DEFAULT_TABLE table=test-workload [id=d92ff45633154fc89016476b34e62a07]), partition=RANGE (key) PARTITION 894784850 <= VALUES < 1073741820
I20260630 12:17:28.316154 18025 data_dirs.cc:400] Could only allocate 1 dirs of requested 3 for tablet c1a3f4dac13948c88ee2dab58cc926c1. 1 dirs total, 0 dirs full, 0 dirs failed
I20260630 12:17:28.303772 18024 tablet_service.cc:1511] Processing CreateTablet for tablet 6db28c9d761d4c89a3c90546df3f054a (DEFAULT_TABLE table=test-workload [id=d92ff45633154fc89016476b34e62a07]), partition=RANGE (key) PARTITION 1073741820 <= VALUES < 1252698790
I20260630 12:17:28.319556 18024 data_dirs.cc:400] Could only allocate 1 dirs of requested 3 for tablet 6db28c9d761d4c89a3c90546df3f054a. 1 dirs total, 0 dirs full, 0 dirs failed
I20260630 12:17:28.304896 17952 tablet_service.cc:1511] Processing CreateTablet for tablet 449f9c9b85bd4883961fdb16105ba68c (DEFAULT_TABLE table=test-workload [id=d92ff45633154fc89016476b34e62a07]), partition=RANGE (key) PARTITION 536870910 <= VALUES < 715827880
I20260630 12:17:28.305270 17949 tablet_service.cc:1511] Processing CreateTablet for tablet 6db28c9d761d4c89a3c90546df3f054a (DEFAULT_TABLE table=test-workload [id=d92ff45633154fc89016476b34e62a07]), partition=RANGE (key) PARTITION 1073741820 <= VALUES < 1252698790
I20260630 12:17:28.304162 18099 tablet_service.cc:1511] Processing CreateTablet for tablet c1a3f4dac13948c88ee2dab58cc926c1 (DEFAULT_TABLE table=test-workload [id=d92ff45633154fc89016476b34e62a07]), partition=RANGE (key) PARTITION 894784850 <= VALUES < 1073741820
I20260630 12:17:28.305693 17948 tablet_service.cc:1511] Processing CreateTablet for tablet 7566e7f7d7f84d53a5ddf4cb401d39ba (DEFAULT_TABLE table=test-workload [id=d92ff45633154fc89016476b34e62a07]), partition=RANGE (key) PARTITION 1252698790 <= VALUES < 1431655760
I20260630 12:17:28.305043 17955 data_dirs.cc:400] Could only allocate 1 dirs of requested 3 for tablet c660132bdb1745b1804e2215b8a97a20. 1 dirs total, 0 dirs full, 0 dirs failed
I20260630 12:17:28.323469 17952 data_dirs.cc:400] Could only allocate 1 dirs of requested 3 for tablet 449f9c9b85bd4883961fdb16105ba68c. 1 dirs total, 0 dirs full, 0 dirs failed
I20260630 12:17:28.324536 17953 data_dirs.cc:400] Could only allocate 1 dirs of requested 3 for tablet e6cb123629a14307a1cdde498fa0d536. 1 dirs total, 0 dirs full, 0 dirs failed
I20260630 12:17:28.306378 18098 tablet_service.cc:1511] Processing CreateTablet for tablet 6db28c9d761d4c89a3c90546df3f054a (DEFAULT_TABLE table=test-workload [id=d92ff45633154fc89016476b34e62a07]), partition=RANGE (key) PARTITION 1073741820 <= VALUES < 1252698790
I20260630 12:17:28.326193 17948 data_dirs.cc:400] Could only allocate 1 dirs of requested 3 for tablet 7566e7f7d7f84d53a5ddf4cb401d39ba. 1 dirs total, 0 dirs full, 0 dirs failed
I20260630 12:17:28.330621 17947 tablet_service.cc:1511] Processing CreateTablet for tablet 1205f0170baf4ecd815568365f67bf09 (DEFAULT_TABLE table=test-workload [id=d92ff45633154fc89016476b34e62a07]), partition=RANGE (key) PARTITION 1431655760 <= VALUES < 1610612730
I20260630 12:17:28.307516 18027 tablet_service.cc:1511] Processing CreateTablet for tablet 449f9c9b85bd4883961fdb16105ba68c (DEFAULT_TABLE table=test-workload [id=d92ff45633154fc89016476b34e62a07]), partition=RANGE (key) PARTITION 536870910 <= VALUES < 715827880
I20260630 12:17:28.332828 18027 data_dirs.cc:400] Could only allocate 1 dirs of requested 3 for tablet 449f9c9b85bd4883961fdb16105ba68c. 1 dirs total, 0 dirs full, 0 dirs failed
I20260630 12:17:28.334708 18022 tablet_service.cc:1511] Processing CreateTablet for tablet 1205f0170baf4ecd815568365f67bf09 (DEFAULT_TABLE table=test-workload [id=d92ff45633154fc89016476b34e62a07]), partition=RANGE (key) PARTITION 1431655760 <= VALUES < 1610612730
I20260630 12:17:28.336017 18022 data_dirs.cc:400] Could only allocate 1 dirs of requested 3 for tablet 1205f0170baf4ecd815568365f67bf09. 1 dirs total, 0 dirs full, 0 dirs failed
I20260630 12:17:28.308010 18097 tablet_service.cc:1511] Processing CreateTablet for tablet 7566e7f7d7f84d53a5ddf4cb401d39ba (DEFAULT_TABLE table=test-workload [id=d92ff45633154fc89016476b34e62a07]), partition=RANGE (key) PARTITION 1252698790 <= VALUES < 1431655760
I20260630 12:17:28.331866 17947 data_dirs.cc:400] Could only allocate 1 dirs of requested 3 for tablet 1205f0170baf4ecd815568365f67bf09. 1 dirs total, 0 dirs full, 0 dirs failed
I20260630 12:17:28.341959 17950 data_dirs.cc:400] Could only allocate 1 dirs of requested 3 for tablet c1a3f4dac13948c88ee2dab58cc926c1. 1 dirs total, 0 dirs full, 0 dirs failed
I20260630 12:17:28.347149 17951 data_dirs.cc:400] Could only allocate 1 dirs of requested 3 for tablet 180f1771852d46aca4f2d864a3932195. 1 dirs total, 0 dirs full, 0 dirs failed
I20260630 12:17:28.351228 17949 data_dirs.cc:400] Could only allocate 1 dirs of requested 3 for tablet 6db28c9d761d4c89a3c90546df3f054a. 1 dirs total, 0 dirs full, 0 dirs failed
I20260630 12:17:28.355172 17954 data_dirs.cc:400] Could only allocate 1 dirs of requested 3 for tablet 505a6382cc8140788a6ff48fa36b4202. 1 dirs total, 0 dirs full, 0 dirs failed
I20260630 12:17:28.322769 18099 data_dirs.cc:400] Could only allocate 1 dirs of requested 3 for tablet c1a3f4dac13948c88ee2dab58cc926c1. 1 dirs total, 0 dirs full, 0 dirs failed
I20260630 12:17:28.364460 18098 data_dirs.cc:400] Could only allocate 1 dirs of requested 3 for tablet 6db28c9d761d4c89a3c90546df3f054a. 1 dirs total, 0 dirs full, 0 dirs failed
I20260630 12:17:28.367201 18097 data_dirs.cc:400] Could only allocate 1 dirs of requested 3 for tablet 7566e7f7d7f84d53a5ddf4cb401d39ba. 1 dirs total, 0 dirs full, 0 dirs failed
I20260630 12:17:28.390658 18158 tablet_bootstrap.cc:492] T c660132bdb1745b1804e2215b8a97a20 P 6b905f7cc20f44bfb7958fdf1648a40e: Bootstrap starting.
I20260630 12:17:28.414554 18158 tablet_bootstrap.cc:654] T c660132bdb1745b1804e2215b8a97a20 P 6b905f7cc20f44bfb7958fdf1648a40e: Neither blocks nor log segments found. Creating new log.
I20260630 12:17:28.419839 18103 tablet_service.cc:1511] Processing CreateTablet for tablet 1205f0170baf4ecd815568365f67bf09 (DEFAULT_TABLE table=test-workload [id=d92ff45633154fc89016476b34e62a07]), partition=RANGE (key) PARTITION 1431655760 <= VALUES < 1610612730
I20260630 12:17:28.421093 18103 data_dirs.cc:400] Could only allocate 1 dirs of requested 3 for tablet 1205f0170baf4ecd815568365f67bf09. 1 dirs total, 0 dirs full, 0 dirs failed
I20260630 12:17:28.439239 17947 tablet_service.cc:1511] Processing CreateTablet for tablet 650cdb4e605144129d3dca8f0014bc7c (DEFAULT_TABLE table=test-workload [id=d92ff45633154fc89016476b34e62a07]), partition=RANGE (key) PARTITION 1610612730 <= VALUES < 1789569700
I20260630 12:17:28.440547 17947 data_dirs.cc:400] Could only allocate 1 dirs of requested 3 for tablet 650cdb4e605144129d3dca8f0014bc7c. 1 dirs total, 0 dirs full, 0 dirs failed
I20260630 12:17:28.445765 18030 tablet_service.cc:1511] Processing CreateTablet for tablet 650cdb4e605144129d3dca8f0014bc7c (DEFAULT_TABLE table=test-workload [id=d92ff45633154fc89016476b34e62a07]), partition=RANGE (key) PARTITION 1610612730 <= VALUES < 1789569700
I20260630 12:17:28.447157 18030 data_dirs.cc:400] Could only allocate 1 dirs of requested 3 for tablet 650cdb4e605144129d3dca8f0014bc7c. 1 dirs total, 0 dirs full, 0 dirs failed
I20260630 12:17:28.447085 18097 tablet_service.cc:1511] Processing CreateTablet for tablet 650cdb4e605144129d3dca8f0014bc7c (DEFAULT_TABLE table=test-workload [id=d92ff45633154fc89016476b34e62a07]), partition=RANGE (key) PARTITION 1610612730 <= VALUES < 1789569700
I20260630 12:17:28.448444 18097 data_dirs.cc:400] Could only allocate 1 dirs of requested 3 for tablet 650cdb4e605144129d3dca8f0014bc7c. 1 dirs total, 0 dirs full, 0 dirs failed
W20260630 12:17:28.451040 17986 debug-util.cc:398] Leaking SignalData structure 0x7b08001cc700 after lost signal to thread 13513
I20260630 12:17:28.458498 18158 tablet_bootstrap.cc:492] T c660132bdb1745b1804e2215b8a97a20 P 6b905f7cc20f44bfb7958fdf1648a40e: No bootstrap required, opened a new log
I20260630 12:17:28.459095 18158 ts_tablet_manager.cc:1403] T c660132bdb1745b1804e2215b8a97a20 P 6b905f7cc20f44bfb7958fdf1648a40e: Time spent bootstrapping tablet: real 0.069s	user 0.009s	sys 0.009s
I20260630 12:17:28.462067 18158 raft_consensus.cc:359] T c660132bdb1745b1804e2215b8a97a20 P 6b905f7cc20f44bfb7958fdf1648a40e [term 0 FOLLOWER]: Replica starting. Triggering 0 pending ops. Active config: opid_index: -1 OBSOLETE_local: false peers { permanent_uuid: "c6a0717a89c74f2ebe5b0ebf71a64f99" member_type: VOTER last_known_addr { host: "127.13.49.131" port: 37117 } } peers { permanent_uuid: "6b905f7cc20f44bfb7958fdf1648a40e" member_type: VOTER last_known_addr { host: "127.13.49.130" port: 39845 } } peers { permanent_uuid: "9462a4339c4c450f9e0bac9c0d91e6e2" member_type: VOTER last_known_addr { host: "127.13.49.129" port: 43825 } }
I20260630 12:17:28.463712 18158 raft_consensus.cc:385] T c660132bdb1745b1804e2215b8a97a20 P 6b905f7cc20f44bfb7958fdf1648a40e [term 0 FOLLOWER]: Consensus starting up: Expiring failure detector timer to make a prompt election more likely
I20260630 12:17:28.464432 18158 raft_consensus.cc:740] T c660132bdb1745b1804e2215b8a97a20 P 6b905f7cc20f44bfb7958fdf1648a40e [term 0 FOLLOWER]: Becoming Follower/Learner. State: Replica: 6b905f7cc20f44bfb7958fdf1648a40e, State: Initialized, Role: FOLLOWER
I20260630 12:17:28.465930 18158 consensus_queue.cc:260] T c660132bdb1745b1804e2215b8a97a20 P 6b905f7cc20f44bfb7958fdf1648a40e [NON_LEADER]: Queue going to NON_LEADER mode. State: All replicated index: 0, Majority replicated index: 0, Committed index: 0, Last appended: 0.0, Last appended by leader: 0, Current term: 0, Majority size: -1, State: 0, Mode: NON_LEADER, active raft config: opid_index: -1 OBSOLETE_local: false peers { permanent_uuid: "c6a0717a89c74f2ebe5b0ebf71a64f99" member_type: VOTER last_known_addr { host: "127.13.49.131" port: 37117 } } peers { permanent_uuid: "6b905f7cc20f44bfb7958fdf1648a40e" member_type: VOTER last_known_addr { host: "127.13.49.130" port: 39845 } } peers { permanent_uuid: "9462a4339c4c450f9e0bac9c0d91e6e2" member_type: VOTER last_known_addr { host: "127.13.49.129" port: 43825 } }
I20260630 12:17:28.471236 18159 tablet_bootstrap.cc:492] T 449f9c9b85bd4883961fdb16105ba68c P c6a0717a89c74f2ebe5b0ebf71a64f99: Bootstrap starting.
I20260630 12:17:28.477263 17990 heartbeater.cc:499] Master 127.13.49.190:44707 was elected leader, sending a full tablet report...
I20260630 12:17:28.487655 18161 tablet_bootstrap.cc:492] T e6cb123629a14307a1cdde498fa0d536 P 9462a4339c4c450f9e0bac9c0d91e6e2: Bootstrap starting.
I20260630 12:17:28.488942 18158 ts_tablet_manager.cc:1434] T c660132bdb1745b1804e2215b8a97a20 P 6b905f7cc20f44bfb7958fdf1648a40e: Time spent starting tablet: real 0.029s	user 0.006s	sys 0.003s
I20260630 12:17:28.489753 18065 heartbeater.cc:499] Master 127.13.49.190:44707 was elected leader, sending a full tablet report...
I20260630 12:17:28.491209 18159 tablet_bootstrap.cc:654] T 449f9c9b85bd4883961fdb16105ba68c P c6a0717a89c74f2ebe5b0ebf71a64f99: Neither blocks nor log segments found. Creating new log.
I20260630 12:17:28.493495 18161 tablet_bootstrap.cc:654] T e6cb123629a14307a1cdde498fa0d536 P 9462a4339c4c450f9e0bac9c0d91e6e2: Neither blocks nor log segments found. Creating new log.
I20260630 12:17:28.512225 18158 tablet_bootstrap.cc:492] T e6cb123629a14307a1cdde498fa0d536 P 6b905f7cc20f44bfb7958fdf1648a40e: Bootstrap starting.
I20260630 12:17:28.520059 18158 tablet_bootstrap.cc:654] T e6cb123629a14307a1cdde498fa0d536 P 6b905f7cc20f44bfb7958fdf1648a40e: Neither blocks nor log segments found. Creating new log.
I20260630 12:17:28.519977 17947 tablet_service.cc:1511] Processing CreateTablet for tablet d7554a72f6694e1691486d632c673788 (DEFAULT_TABLE table=test-workload [id=d92ff45633154fc89016476b34e62a07]), partition=RANGE (key) PARTITION 1789569700 <= VALUES < 1968526670
I20260630 12:17:28.522042 17947 data_dirs.cc:400] Could only allocate 1 dirs of requested 3 for tablet d7554a72f6694e1691486d632c673788. 1 dirs total, 0 dirs full, 0 dirs failed
I20260630 12:17:28.524554 18159 tablet_bootstrap.cc:492] T 449f9c9b85bd4883961fdb16105ba68c P c6a0717a89c74f2ebe5b0ebf71a64f99: No bootstrap required, opened a new log
I20260630 12:17:28.524994 18159 ts_tablet_manager.cc:1403] T 449f9c9b85bd4883961fdb16105ba68c P c6a0717a89c74f2ebe5b0ebf71a64f99: Time spent bootstrapping tablet: real 0.054s	user 0.009s	sys 0.014s
I20260630 12:17:28.527329 18159 raft_consensus.cc:359] T 449f9c9b85bd4883961fdb16105ba68c P c6a0717a89c74f2ebe5b0ebf71a64f99 [term 0 FOLLOWER]: Replica starting. Triggering 0 pending ops. Active config: opid_index: -1 OBSOLETE_local: false peers { permanent_uuid: "9462a4339c4c450f9e0bac9c0d91e6e2" member_type: VOTER last_known_addr { host: "127.13.49.129" port: 43825 } } peers { permanent_uuid: "6b905f7cc20f44bfb7958fdf1648a40e" member_type: VOTER last_known_addr { host: "127.13.49.130" port: 39845 } } peers { permanent_uuid: "c6a0717a89c74f2ebe5b0ebf71a64f99" member_type: VOTER last_known_addr { host: "127.13.49.131" port: 37117 } }
I20260630 12:17:28.527853 18159 raft_consensus.cc:385] T 449f9c9b85bd4883961fdb16105ba68c P c6a0717a89c74f2ebe5b0ebf71a64f99 [term 0 FOLLOWER]: Consensus starting up: Expiring failure detector timer to make a prompt election more likely
I20260630 12:17:28.528107 18159 raft_consensus.cc:740] T 449f9c9b85bd4883961fdb16105ba68c P c6a0717a89c74f2ebe5b0ebf71a64f99 [term 0 FOLLOWER]: Becoming Follower/Learner. State: Replica: c6a0717a89c74f2ebe5b0ebf71a64f99, State: Initialized, Role: FOLLOWER
I20260630 12:17:28.528806 18159 consensus_queue.cc:260] T 449f9c9b85bd4883961fdb16105ba68c P c6a0717a89c74f2ebe5b0ebf71a64f99 [NON_LEADER]: Queue going to NON_LEADER mode. State: All replicated index: 0, Majority replicated index: 0, Committed index: 0, Last appended: 0.0, Last appended by leader: 0, Current term: 0, Majority size: -1, State: 0, Mode: NON_LEADER, active raft config: opid_index: -1 OBSOLETE_local: false peers { permanent_uuid: "9462a4339c4c450f9e0bac9c0d91e6e2" member_type: VOTER last_known_addr { host: "127.13.49.129" port: 43825 } } peers { permanent_uuid: "6b905f7cc20f44bfb7958fdf1648a40e" member_type: VOTER last_known_addr { host: "127.13.49.130" port: 39845 } } peers { permanent_uuid: "c6a0717a89c74f2ebe5b0ebf71a64f99" member_type: VOTER last_known_addr { host: "127.13.49.131" port: 37117 } }
I20260630 12:17:28.536239 18162 raft_consensus.cc:493] T c660132bdb1745b1804e2215b8a97a20 P 6b905f7cc20f44bfb7958fdf1648a40e [term 0 FOLLOWER]: Starting pre-election (no leader contacted us within the election timeout)
I20260630 12:17:28.536792 18162 raft_consensus.cc:515] T c660132bdb1745b1804e2215b8a97a20 P 6b905f7cc20f44bfb7958fdf1648a40e [term 0 FOLLOWER]: Starting pre-election with config: opid_index: -1 OBSOLETE_local: false peers { permanent_uuid: "c6a0717a89c74f2ebe5b0ebf71a64f99" member_type: VOTER last_known_addr { host: "127.13.49.131" port: 37117 } } peers { permanent_uuid: "6b905f7cc20f44bfb7958fdf1648a40e" member_type: VOTER last_known_addr { host: "127.13.49.130" port: 39845 } } peers { permanent_uuid: "9462a4339c4c450f9e0bac9c0d91e6e2" member_type: VOTER last_known_addr { host: "127.13.49.129" port: 43825 } }
I20260630 12:17:28.537282 18030 tablet_service.cc:1511] Processing CreateTablet for tablet d7554a72f6694e1691486d632c673788 (DEFAULT_TABLE table=test-workload [id=d92ff45633154fc89016476b34e62a07]), partition=RANGE (key) PARTITION 1789569700 <= VALUES < 1968526670
I20260630 12:17:28.537380 18103 tablet_service.cc:1511] Processing CreateTablet for tablet d7554a72f6694e1691486d632c673788 (DEFAULT_TABLE table=test-workload [id=d92ff45633154fc89016476b34e62a07]), partition=RANGE (key) PARTITION 1789569700 <= VALUES < 1968526670
I20260630 12:17:28.538784 18030 data_dirs.cc:400] Could only allocate 1 dirs of requested 3 for tablet d7554a72f6694e1691486d632c673788. 1 dirs total, 0 dirs full, 0 dirs failed
I20260630 12:17:28.539031 18103 data_dirs.cc:400] Could only allocate 1 dirs of requested 3 for tablet d7554a72f6694e1691486d632c673788. 1 dirs total, 0 dirs full, 0 dirs failed
W20260630 12:17:28.541249 18066 tablet.cc:2406] T c660132bdb1745b1804e2215b8a97a20 P 6b905f7cc20f44bfb7958fdf1648a40e: Can't schedule compaction. Clean time has not been advanced past its initial value.
I20260630 12:17:28.543021 18162 leader_election.cc:290] T c660132bdb1745b1804e2215b8a97a20 P 6b905f7cc20f44bfb7958fdf1648a40e [CANDIDATE]: Term 1 pre-election: Requested pre-vote from peers c6a0717a89c74f2ebe5b0ebf71a64f99 (127.13.49.131:37117), 9462a4339c4c450f9e0bac9c0d91e6e2 (127.13.49.129:43825)
I20260630 12:17:28.544381 17950 tablet_service.cc:1511] Processing CreateTablet for tablet bcbddd1a3c2a463a8c7048b5973914a3 (DEFAULT_TABLE table=test-workload [id=d92ff45633154fc89016476b34e62a07]), partition=RANGE (key) PARTITION 1968526670 <= VALUES
I20260630 12:17:28.545691 17950 data_dirs.cc:400] Could only allocate 1 dirs of requested 3 for tablet bcbddd1a3c2a463a8c7048b5973914a3. 1 dirs total, 0 dirs full, 0 dirs failed
I20260630 12:17:28.547787 18097 tablet_service.cc:1511] Processing CreateTablet for tablet bcbddd1a3c2a463a8c7048b5973914a3 (DEFAULT_TABLE table=test-workload [id=d92ff45633154fc89016476b34e62a07]), partition=RANGE (key) PARTITION 1968526670 <= VALUES
I20260630 12:17:28.549081 18097 data_dirs.cc:400] Could only allocate 1 dirs of requested 3 for tablet bcbddd1a3c2a463a8c7048b5973914a3. 1 dirs total, 0 dirs full, 0 dirs failed
I20260630 12:17:28.551824 18025 tablet_service.cc:1511] Processing CreateTablet for tablet bcbddd1a3c2a463a8c7048b5973914a3 (DEFAULT_TABLE table=test-workload [id=d92ff45633154fc89016476b34e62a07]), partition=RANGE (key) PARTITION 1968526670 <= VALUES
I20260630 12:17:28.553012 18025 data_dirs.cc:400] Could only allocate 1 dirs of requested 3 for tablet bcbddd1a3c2a463a8c7048b5973914a3. 1 dirs total, 0 dirs full, 0 dirs failed
I20260630 12:17:28.566952 18158 tablet_bootstrap.cc:492] T e6cb123629a14307a1cdde498fa0d536 P 6b905f7cc20f44bfb7958fdf1648a40e: No bootstrap required, opened a new log
I20260630 12:17:28.567636 18158 ts_tablet_manager.cc:1403] T e6cb123629a14307a1cdde498fa0d536 P 6b905f7cc20f44bfb7958fdf1648a40e: Time spent bootstrapping tablet: real 0.056s	user 0.007s	sys 0.016s
I20260630 12:17:28.571388 18158 raft_consensus.cc:359] T e6cb123629a14307a1cdde498fa0d536 P 6b905f7cc20f44bfb7958fdf1648a40e [term 0 FOLLOWER]: Replica starting. Triggering 0 pending ops. Active config: opid_index: -1 OBSOLETE_local: false peers { permanent_uuid: "9462a4339c4c450f9e0bac9c0d91e6e2" member_type: VOTER last_known_addr { host: "127.13.49.129" port: 43825 } } peers { permanent_uuid: "6b905f7cc20f44bfb7958fdf1648a40e" member_type: VOTER last_known_addr { host: "127.13.49.130" port: 39845 } } peers { permanent_uuid: "c6a0717a89c74f2ebe5b0ebf71a64f99" member_type: VOTER last_known_addr { host: "127.13.49.131" port: 37117 } }
I20260630 12:17:28.572438 18158 raft_consensus.cc:385] T e6cb123629a14307a1cdde498fa0d536 P 6b905f7cc20f44bfb7958fdf1648a40e [term 0 FOLLOWER]: Consensus starting up: Expiring failure detector timer to make a prompt election more likely
I20260630 12:17:28.572876 18158 raft_consensus.cc:740] T e6cb123629a14307a1cdde498fa0d536 P 6b905f7cc20f44bfb7958fdf1648a40e [term 0 FOLLOWER]: Becoming Follower/Learner. State: Replica: 6b905f7cc20f44bfb7958fdf1648a40e, State: Initialized, Role: FOLLOWER
