I20260630 12:17:36.876103 18050 consensus_queue.cc:260] T ec246d92359f4caa8f6e5901dc6b5b99 P 9b9fe9d8a1524c03b53d5d323759899f [NON_LEADER]: Queue going to NON_LEADER mode. State: All replicated index: 0, Majority replicated index: 0, Committed index: 0, Last appended: 0.0, Last appended by leader: 0, Current term: 0, Majority size: -1, State: 0, Mode: NON_LEADER, active raft config: opid_index: -1 OBSOLETE_local: false peers { permanent_uuid: "e90483478e4c480280a3e4d80de0f767" member_type: VOTER last_known_addr { host: "127.13.12.65" port: 42905 } } peers { permanent_uuid: "4c4b6124f753431fb07f5b3a0f43af76" member_type: VOTER last_known_addr { host: "127.13.12.66" port: 35319 } } peers { permanent_uuid: "9b9fe9d8a1524c03b53d5d323759899f" member_type: VOTER last_known_addr { host: "127.13.12.67" port: 45411 } }
I20260630 12:17:36.869351 17855 tablet_service.cc:1917] Received RequestConsensusVote() RPC: tablet_id: "12e3a296875e4294ab98cf076192d07b" candidate_uuid: "9b9fe9d8a1524c03b53d5d323759899f" candidate_term: 1 candidate_status { last_received { term: 0 index: 0 } } ignore_live_leader: false dest_uuid: "e90483478e4c480280a3e4d80de0f767"
I20260630 12:17:36.860121 17930 raft_consensus.cc:3060] T 950fea9daba341f3992383b5e14e1d00 P 4c4b6124f753431fb07f5b3a0f43af76 [term 0 FOLLOWER]: Advancing to term 1
I20260630 12:17:36.877193 17855 raft_consensus.cc:3060] T 12e3a296875e4294ab98cf076192d07b P e90483478e4c480280a3e4d80de0f767 [term 0 FOLLOWER]: Advancing to term 1
I20260630 12:17:36.878175 18050 ts_tablet_manager.cc:1434] T ec246d92359f4caa8f6e5901dc6b5b99 P 9b9fe9d8a1524c03b53d5d323759899f: Time spent starting tablet: real 0.017s	user 0.004s	sys 0.000s
I20260630 12:17:36.883834 17930 raft_consensus.cc:2468] T 950fea9daba341f3992383b5e14e1d00 P 4c4b6124f753431fb07f5b3a0f43af76 [term 1 FOLLOWER]: Leader election vote request: Granting yes vote for candidate 9b9fe9d8a1524c03b53d5d323759899f in term 1.
I20260630 12:17:36.884509 18004 raft_consensus.cc:2468] T ec246d92359f4caa8f6e5901dc6b5b99 P 9b9fe9d8a1524c03b53d5d323759899f [term 0 FOLLOWER]: Leader pre-election vote request: Granting yes vote for candidate e90483478e4c480280a3e4d80de0f767 in term 0.
I20260630 12:17:36.885181 17970 leader_election.cc:304] T 950fea9daba341f3992383b5e14e1d00 P 9b9fe9d8a1524c03b53d5d323759899f [CANDIDATE]: Term 1 election: Election decided. Result: candidate won. Election summary: received 3 responses out of 3 voters: 2 yes votes; 1 no votes. yes voters: 4c4b6124f753431fb07f5b3a0f43af76, 9b9fe9d8a1524c03b53d5d323759899f; no voters: e90483478e4c480280a3e4d80de0f767
I20260630 12:17:36.886466 18077 raft_consensus.cc:2804] T 950fea9daba341f3992383b5e14e1d00 P 9b9fe9d8a1524c03b53d5d323759899f [term 1 FOLLOWER]: Leader election won for term 1
I20260630 12:17:36.886951 18077 raft_consensus.cc:697] T 950fea9daba341f3992383b5e14e1d00 P 9b9fe9d8a1524c03b53d5d323759899f [term 1 LEADER]: Becoming Leader. State: Replica: 9b9fe9d8a1524c03b53d5d323759899f, State: Running, Role: LEADER
I20260630 12:17:36.874203 18056 raft_consensus.cc:697] T 12e3a296875e4294ab98cf076192d07b P 9b9fe9d8a1524c03b53d5d323759899f [term 1 LEADER]: Becoming Leader. State: Replica: 9b9fe9d8a1524c03b53d5d323759899f, State: Running, Role: LEADER
I20260630 12:17:36.883891 17821 leader_election.cc:304] T ec246d92359f4caa8f6e5901dc6b5b99 P e90483478e4c480280a3e4d80de0f767 [CANDIDATE]: Term 1 pre-election: Election decided. Result: candidate won. Election summary: received 2 responses out of 3 voters: 2 yes votes; 0 no votes. yes voters: 4c4b6124f753431fb07f5b3a0f43af76, e90483478e4c480280a3e4d80de0f767; no voters: 
I20260630 12:17:36.887758 18077 consensus_queue.cc:237] T 950fea9daba341f3992383b5e14e1d00 P 9b9fe9d8a1524c03b53d5d323759899f [LEADER]: Queue going to LEADER mode. State: All replicated index: 0, Majority replicated index: 0, Committed index: 0, Last appended: 0.0, Last appended by leader: 0, Current term: 1, Majority size: 2, State: 0, Mode: LEADER, active raft config: opid_index: -1 OBSOLETE_local: false peers { permanent_uuid: "e90483478e4c480280a3e4d80de0f767" member_type: VOTER last_known_addr { host: "127.13.12.65" port: 42905 } } peers { permanent_uuid: "4c4b6124f753431fb07f5b3a0f43af76" member_type: VOTER last_known_addr { host: "127.13.12.66" port: 35319 } } peers { permanent_uuid: "9b9fe9d8a1524c03b53d5d323759899f" member_type: VOTER last_known_addr { host: "127.13.12.67" port: 45411 } }
I20260630 12:17:36.888479 18081 raft_consensus.cc:2804] T ec246d92359f4caa8f6e5901dc6b5b99 P e90483478e4c480280a3e4d80de0f767 [term 0 FOLLOWER]: Leader pre-election won for term 1
I20260630 12:17:36.888402 18056 consensus_queue.cc:237] T 12e3a296875e4294ab98cf076192d07b P 9b9fe9d8a1524c03b53d5d323759899f [LEADER]: Queue going to LEADER mode. State: All replicated index: 0, Majority replicated index: 0, Committed index: 0, Last appended: 0.0, Last appended by leader: 0, Current term: 1, Majority size: 2, State: 0, Mode: LEADER, active raft config: opid_index: -1 OBSOLETE_local: false peers { permanent_uuid: "e90483478e4c480280a3e4d80de0f767" member_type: VOTER last_known_addr { host: "127.13.12.65" port: 42905 } } peers { permanent_uuid: "4c4b6124f753431fb07f5b3a0f43af76" member_type: VOTER last_known_addr { host: "127.13.12.66" port: 35319 } } peers { permanent_uuid: "9b9fe9d8a1524c03b53d5d323759899f" member_type: VOTER last_known_addr { host: "127.13.12.67" port: 45411 } }
I20260630 12:17:36.888916 18081 raft_consensus.cc:493] T ec246d92359f4caa8f6e5901dc6b5b99 P e90483478e4c480280a3e4d80de0f767 [term 0 FOLLOWER]: Starting leader election (no leader contacted us within the election timeout)
I20260630 12:17:36.889283 18081 raft_consensus.cc:3060] T ec246d92359f4caa8f6e5901dc6b5b99 P e90483478e4c480280a3e4d80de0f767 [term 0 FOLLOWER]: Advancing to term 1
I20260630 12:17:36.874969 18051 consensus_queue.cc:260] T 950fea9daba341f3992383b5e14e1d00 P e90483478e4c480280a3e4d80de0f767 [NON_LEADER]: Queue going to NON_LEADER mode. State: All replicated index: 0, Majority replicated index: 0, Committed index: 0, Last appended: 0.0, Last appended by leader: 0, Current term: 0, Majority size: -1, State: 0, Mode: NON_LEADER, active raft config: opid_index: -1 OBSOLETE_local: false peers { permanent_uuid: "e90483478e4c480280a3e4d80de0f767" member_type: VOTER last_known_addr { host: "127.13.12.65" port: 42905 } } peers { permanent_uuid: "4c4b6124f753431fb07f5b3a0f43af76" member_type: VOTER last_known_addr { host: "127.13.12.66" port: 35319 } } peers { permanent_uuid: "9b9fe9d8a1524c03b53d5d323759899f" member_type: VOTER last_known_addr { host: "127.13.12.67" port: 45411 } }
I20260630 12:17:36.891470 17855 raft_consensus.cc:2468] T 12e3a296875e4294ab98cf076192d07b P e90483478e4c480280a3e4d80de0f767 [term 1 FOLLOWER]: Leader election vote request: Granting yes vote for candidate 9b9fe9d8a1524c03b53d5d323759899f in term 1.
I20260630 12:17:36.895578 18081 raft_consensus.cc:515] T ec246d92359f4caa8f6e5901dc6b5b99 P e90483478e4c480280a3e4d80de0f767 [term 1 FOLLOWER]: Starting leader election with config: opid_index: -1 OBSOLETE_local: false peers { permanent_uuid: "e90483478e4c480280a3e4d80de0f767" member_type: VOTER last_known_addr { host: "127.13.12.65" port: 42905 } } peers { permanent_uuid: "4c4b6124f753431fb07f5b3a0f43af76" member_type: VOTER last_known_addr { host: "127.13.12.66" port: 35319 } } peers { permanent_uuid: "9b9fe9d8a1524c03b53d5d323759899f" member_type: VOTER last_known_addr { host: "127.13.12.67" port: 45411 } }
I20260630 12:17:36.898367 17931 tablet_service.cc:1917] Received RequestConsensusVote() RPC: tablet_id: "ec246d92359f4caa8f6e5901dc6b5b99" candidate_uuid: "e90483478e4c480280a3e4d80de0f767" candidate_term: 1 candidate_status { last_received { term: 0 index: 0 } } ignore_live_leader: false dest_uuid: "4c4b6124f753431fb07f5b3a0f43af76"
I20260630 12:17:36.898927 17931 raft_consensus.cc:3060] T ec246d92359f4caa8f6e5901dc6b5b99 P 4c4b6124f753431fb07f5b3a0f43af76 [term 0 FOLLOWER]: Advancing to term 1
I20260630 12:17:36.900283 18051 ts_tablet_manager.cc:1434] T 950fea9daba341f3992383b5e14e1d00 P e90483478e4c480280a3e4d80de0f767: Time spent starting tablet: real 0.039s	user 0.006s	sys 0.000s
I20260630 12:17:36.901196 18081 leader_election.cc:290] T ec246d92359f4caa8f6e5901dc6b5b99 P e90483478e4c480280a3e4d80de0f767 [CANDIDATE]: Term 1 election: Requested vote from peers 4c4b6124f753431fb07f5b3a0f43af76 (127.13.12.66:35319), 9b9fe9d8a1524c03b53d5d323759899f (127.13.12.67:45411)
I20260630 12:17:36.903234 18005 tablet_service.cc:1917] Received RequestConsensusVote() RPC: tablet_id: "ec246d92359f4caa8f6e5901dc6b5b99" candidate_uuid: "e90483478e4c480280a3e4d80de0f767" candidate_term: 1 candidate_status { last_received { term: 0 index: 0 } } ignore_live_leader: false dest_uuid: "9b9fe9d8a1524c03b53d5d323759899f"
I20260630 12:17:36.903784 18005 raft_consensus.cc:3060] T ec246d92359f4caa8f6e5901dc6b5b99 P 9b9fe9d8a1524c03b53d5d323759899f [term 0 FOLLOWER]: Advancing to term 1
I20260630 12:17:36.905707 17931 raft_consensus.cc:2468] T ec246d92359f4caa8f6e5901dc6b5b99 P 4c4b6124f753431fb07f5b3a0f43af76 [term 1 FOLLOWER]: Leader election vote request: Granting yes vote for candidate e90483478e4c480280a3e4d80de0f767 in term 1.
I20260630 12:17:36.906838 17821 leader_election.cc:304] T ec246d92359f4caa8f6e5901dc6b5b99 P e90483478e4c480280a3e4d80de0f767 [CANDIDATE]: Term 1 election: Election decided. Result: candidate won. Election summary: received 2 responses out of 3 voters: 2 yes votes; 0 no votes. yes voters: 4c4b6124f753431fb07f5b3a0f43af76, e90483478e4c480280a3e4d80de0f767; no voters: 
I20260630 12:17:36.907596 18080 raft_consensus.cc:2804] T ec246d92359f4caa8f6e5901dc6b5b99 P e90483478e4c480280a3e4d80de0f767 [term 1 FOLLOWER]: Leader election won for term 1
I20260630 12:17:36.908049 18080 raft_consensus.cc:697] T ec246d92359f4caa8f6e5901dc6b5b99 P e90483478e4c480280a3e4d80de0f767 [term 1 LEADER]: Becoming Leader. State: Replica: e90483478e4c480280a3e4d80de0f767, State: Running, Role: LEADER
I20260630 12:17:36.908886 18080 consensus_queue.cc:237] T ec246d92359f4caa8f6e5901dc6b5b99 P e90483478e4c480280a3e4d80de0f767 [LEADER]: Queue going to LEADER mode. State: All replicated index: 0, Majority replicated index: 0, Committed index: 0, Last appended: 0.0, Last appended by leader: 0, Current term: 1, Majority size: 2, State: 0, Mode: LEADER, active raft config: opid_index: -1 OBSOLETE_local: false peers { permanent_uuid: "e90483478e4c480280a3e4d80de0f767" member_type: VOTER last_known_addr { host: "127.13.12.65" port: 42905 } } peers { permanent_uuid: "4c4b6124f753431fb07f5b3a0f43af76" member_type: VOTER last_known_addr { host: "127.13.12.66" port: 35319 } } peers { permanent_uuid: "9b9fe9d8a1524c03b53d5d323759899f" member_type: VOTER last_known_addr { host: "127.13.12.67" port: 45411 } }
I20260630 12:17:36.913038 18083 consensus_queue.cc:1048] T c57d1d0ebea04910a5a34a4eabfaeafb P e90483478e4c480280a3e4d80de0f767 [LEADER]: Connected to new peer: Peer: permanent_uuid: "4c4b6124f753431fb07f5b3a0f43af76" member_type: VOTER last_known_addr { host: "127.13.12.66" port: 35319 }, Status: LMP_MISMATCH, Last received: 0.0, Next index: 1, Last known committed idx: 0, Time since last communication: 0.001s
I20260630 12:17:36.913877 18005 raft_consensus.cc:2468] T ec246d92359f4caa8f6e5901dc6b5b99 P 9b9fe9d8a1524c03b53d5d323759899f [term 1 FOLLOWER]: Leader election vote request: Granting yes vote for candidate e90483478e4c480280a3e4d80de0f767 in term 1.
I20260630 12:17:36.924209 17752 catalog_manager.cc:5697] T ec246d92359f4caa8f6e5901dc6b5b99 P e90483478e4c480280a3e4d80de0f767 reported cstate change: term changed from 0 to 1, leader changed from <none> to e90483478e4c480280a3e4d80de0f767 (127.13.12.65). New cstate: current_term: 1 leader_uuid: "e90483478e4c480280a3e4d80de0f767" committed_config { opid_index: -1 OBSOLETE_local: false peers { permanent_uuid: "e90483478e4c480280a3e4d80de0f767" member_type: VOTER last_known_addr { host: "127.13.12.65" port: 42905 } health_report { overall_health: HEALTHY } } peers { permanent_uuid: "4c4b6124f753431fb07f5b3a0f43af76" member_type: VOTER last_known_addr { host: "127.13.12.66" port: 35319 } health_report { overall_health: UNKNOWN } } peers { permanent_uuid: "9b9fe9d8a1524c03b53d5d323759899f" member_type: VOTER last_known_addr { host: "127.13.12.67" port: 45411 } health_report { overall_health: UNKNOWN } } }
I20260630 12:17:36.925238 18055 raft_consensus.cc:493] T 45e135b87eaa4dff944d20615905352d P 4c4b6124f753431fb07f5b3a0f43af76 [term 0 FOLLOWER]: Starting pre-election (no leader contacted us within the election timeout)
I20260630 12:17:36.925724 18055 raft_consensus.cc:515] T 45e135b87eaa4dff944d20615905352d P 4c4b6124f753431fb07f5b3a0f43af76 [term 0 FOLLOWER]: Starting pre-election with config: opid_index: -1 OBSOLETE_local: false peers { permanent_uuid: "e90483478e4c480280a3e4d80de0f767" member_type: VOTER last_known_addr { host: "127.13.12.65" port: 42905 } } peers { permanent_uuid: "4c4b6124f753431fb07f5b3a0f43af76" member_type: VOTER last_known_addr { host: "127.13.12.66" port: 35319 } } peers { permanent_uuid: "9b9fe9d8a1524c03b53d5d323759899f" member_type: VOTER last_known_addr { host: "127.13.12.67" port: 45411 } }
I20260630 12:17:36.927527 18055 leader_election.cc:290] T 45e135b87eaa4dff944d20615905352d P 4c4b6124f753431fb07f5b3a0f43af76 [CANDIDATE]: Term 1 pre-election: Requested pre-vote from peers e90483478e4c480280a3e4d80de0f767 (127.13.12.65:42905), 9b9fe9d8a1524c03b53d5d323759899f (127.13.12.67:45411)
I20260630 12:17:36.928130 17855 tablet_service.cc:1917] Received RequestConsensusVote() RPC: tablet_id: "45e135b87eaa4dff944d20615905352d" candidate_uuid: "4c4b6124f753431fb07f5b3a0f43af76" candidate_term: 1 candidate_status { last_received { term: 0 index: 0 } } ignore_live_leader: false dest_uuid: "e90483478e4c480280a3e4d80de0f767" is_pre_election: true
I20260630 12:17:36.928575 18004 tablet_service.cc:1917] Received RequestConsensusVote() RPC: tablet_id: "45e135b87eaa4dff944d20615905352d" candidate_uuid: "4c4b6124f753431fb07f5b3a0f43af76" candidate_term: 1 candidate_status { last_received { term: 0 index: 0 } } ignore_live_leader: false dest_uuid: "9b9fe9d8a1524c03b53d5d323759899f" is_pre_election: true
I20260630 12:17:36.928757 17855 raft_consensus.cc:2468] T 45e135b87eaa4dff944d20615905352d P e90483478e4c480280a3e4d80de0f767 [term 0 FOLLOWER]: Leader pre-election vote request: Granting yes vote for candidate 4c4b6124f753431fb07f5b3a0f43af76 in term 0.
I20260630 12:17:36.929188 18004 raft_consensus.cc:2468] T 45e135b87eaa4dff944d20615905352d P 9b9fe9d8a1524c03b53d5d323759899f [term 0 FOLLOWER]: Leader pre-election vote request: Granting yes vote for candidate 4c4b6124f753431fb07f5b3a0f43af76 in term 0.
I20260630 12:17:36.929998 17895 leader_election.cc:304] T 45e135b87eaa4dff944d20615905352d P 4c4b6124f753431fb07f5b3a0f43af76 [CANDIDATE]: Term 1 pre-election: Election decided. Result: candidate won. Election summary: received 2 responses out of 3 voters: 2 yes votes; 0 no votes. yes voters: 4c4b6124f753431fb07f5b3a0f43af76, e90483478e4c480280a3e4d80de0f767; no voters: 
I20260630 12:17:36.930764 18055 raft_consensus.cc:2804] T 45e135b87eaa4dff944d20615905352d P 4c4b6124f753431fb07f5b3a0f43af76 [term 0 FOLLOWER]: Leader pre-election won for term 1
I20260630 12:17:36.931100 18055 raft_consensus.cc:493] T 45e135b87eaa4dff944d20615905352d P 4c4b6124f753431fb07f5b3a0f43af76 [term 0 FOLLOWER]: Starting leader election (no leader contacted us within the election timeout)
I20260630 12:17:36.931414 18055 raft_consensus.cc:3060] T 45e135b87eaa4dff944d20615905352d P 4c4b6124f753431fb07f5b3a0f43af76 [term 0 FOLLOWER]: Advancing to term 1
I20260630 12:17:36.934376 17753 catalog_manager.cc:5697] T 12e3a296875e4294ab98cf076192d07b P 9b9fe9d8a1524c03b53d5d323759899f reported cstate change: term changed from 0 to 1, leader changed from <none> to 9b9fe9d8a1524c03b53d5d323759899f (127.13.12.67). New cstate: current_term: 1 leader_uuid: "9b9fe9d8a1524c03b53d5d323759899f" committed_config { opid_index: -1 OBSOLETE_local: false peers { permanent_uuid: "e90483478e4c480280a3e4d80de0f767" member_type: VOTER last_known_addr { host: "127.13.12.65" port: 42905 } health_report { overall_health: UNKNOWN } } peers { permanent_uuid: "4c4b6124f753431fb07f5b3a0f43af76" member_type: VOTER last_known_addr { host: "127.13.12.66" port: 35319 } health_report { overall_health: UNKNOWN } } peers { permanent_uuid: "9b9fe9d8a1524c03b53d5d323759899f" member_type: VOTER last_known_addr { host: "127.13.12.67" port: 45411 } health_report { overall_health: HEALTHY } } }
I20260630 12:17:36.935695 17753 catalog_manager.cc:5697] T 950fea9daba341f3992383b5e14e1d00 P 9b9fe9d8a1524c03b53d5d323759899f reported cstate change: term changed from 0 to 1, leader changed from <none> to 9b9fe9d8a1524c03b53d5d323759899f (127.13.12.67). New cstate: current_term: 1 leader_uuid: "9b9fe9d8a1524c03b53d5d323759899f" committed_config { opid_index: -1 OBSOLETE_local: false peers { permanent_uuid: "e90483478e4c480280a3e4d80de0f767" member_type: VOTER last_known_addr { host: "127.13.12.65" port: 42905 } health_report { overall_health: UNKNOWN } } peers { permanent_uuid: "4c4b6124f753431fb07f5b3a0f43af76" member_type: VOTER last_known_addr { host: "127.13.12.66" port: 35319 } health_report { overall_health: UNKNOWN } } peers { permanent_uuid: "9b9fe9d8a1524c03b53d5d323759899f" member_type: VOTER last_known_addr { host: "127.13.12.67" port: 45411 } health_report { overall_health: HEALTHY } } }
I20260630 12:17:36.936867 18055 raft_consensus.cc:515] T 45e135b87eaa4dff944d20615905352d P 4c4b6124f753431fb07f5b3a0f43af76 [term 1 FOLLOWER]: Starting leader election with config: opid_index: -1 OBSOLETE_local: false peers { permanent_uuid: "e90483478e4c480280a3e4d80de0f767" member_type: VOTER last_known_addr { host: "127.13.12.65" port: 42905 } } peers { permanent_uuid: "4c4b6124f753431fb07f5b3a0f43af76" member_type: VOTER last_known_addr { host: "127.13.12.66" port: 35319 } } peers { permanent_uuid: "9b9fe9d8a1524c03b53d5d323759899f" member_type: VOTER last_known_addr { host: "127.13.12.67" port: 45411 } }
I20260630 12:17:36.938591 18055 leader_election.cc:290] T 45e135b87eaa4dff944d20615905352d P 4c4b6124f753431fb07f5b3a0f43af76 [CANDIDATE]: Term 1 election: Requested vote from peers e90483478e4c480280a3e4d80de0f767 (127.13.12.65:42905), 9b9fe9d8a1524c03b53d5d323759899f (127.13.12.67:45411)
I20260630 12:17:36.939191 17855 tablet_service.cc:1917] Received RequestConsensusVote() RPC: tablet_id: "45e135b87eaa4dff944d20615905352d" candidate_uuid: "4c4b6124f753431fb07f5b3a0f43af76" candidate_term: 1 candidate_status { last_received { term: 0 index: 0 } } ignore_live_leader: false dest_uuid: "e90483478e4c480280a3e4d80de0f767"
I20260630 12:17:36.939702 17855 raft_consensus.cc:3060] T 45e135b87eaa4dff944d20615905352d P e90483478e4c480280a3e4d80de0f767 [term 0 FOLLOWER]: Advancing to term 1
I20260630 12:17:36.939549 18004 tablet_service.cc:1917] Received RequestConsensusVote() RPC: tablet_id: "45e135b87eaa4dff944d20615905352d" candidate_uuid: "4c4b6124f753431fb07f5b3a0f43af76" candidate_term: 1 candidate_status { last_received { term: 0 index: 0 } } ignore_live_leader: false dest_uuid: "9b9fe9d8a1524c03b53d5d323759899f"
I20260630 12:17:36.940172 18004 raft_consensus.cc:3060] T 45e135b87eaa4dff944d20615905352d P 9b9fe9d8a1524c03b53d5d323759899f [term 0 FOLLOWER]: Advancing to term 1
I20260630 12:17:36.945241 18080 raft_consensus.cc:493] T 6dc7f80725a74eac93573e634d09cb67 P e90483478e4c480280a3e4d80de0f767 [term 0 FOLLOWER]: Starting pre-election (no leader contacted us within the election timeout)
I20260630 12:17:36.945698 18080 raft_consensus.cc:515] T 6dc7f80725a74eac93573e634d09cb67 P e90483478e4c480280a3e4d80de0f767 [term 0 FOLLOWER]: Starting pre-election with config: opid_index: -1 OBSOLETE_local: false peers { permanent_uuid: "e90483478e4c480280a3e4d80de0f767" member_type: VOTER last_known_addr { host: "127.13.12.65" port: 42905 } } peers { permanent_uuid: "4c4b6124f753431fb07f5b3a0f43af76" member_type: VOTER last_known_addr { host: "127.13.12.66" port: 35319 } } peers { permanent_uuid: "9b9fe9d8a1524c03b53d5d323759899f" member_type: VOTER last_known_addr { host: "127.13.12.67" port: 45411 } }
I20260630 12:17:36.946414 17855 raft_consensus.cc:2468] T 45e135b87eaa4dff944d20615905352d P e90483478e4c480280a3e4d80de0f767 [term 1 FOLLOWER]: Leader election vote request: Granting yes vote for candidate 4c4b6124f753431fb07f5b3a0f43af76 in term 1.
I20260630 12:17:36.946616 18004 raft_consensus.cc:2468] T 45e135b87eaa4dff944d20615905352d P 9b9fe9d8a1524c03b53d5d323759899f [term 1 FOLLOWER]: Leader election vote request: Granting yes vote for candidate 4c4b6124f753431fb07f5b3a0f43af76 in term 1.
I20260630 12:17:36.947619 18080 leader_election.cc:290] T 6dc7f80725a74eac93573e634d09cb67 P e90483478e4c480280a3e4d80de0f767 [CANDIDATE]: Term 1 pre-election: Requested pre-vote from peers 4c4b6124f753431fb07f5b3a0f43af76 (127.13.12.66:35319), 9b9fe9d8a1524c03b53d5d323759899f (127.13.12.67:45411)
I20260630 12:17:36.947908 17895 leader_election.cc:304] T 45e135b87eaa4dff944d20615905352d P 4c4b6124f753431fb07f5b3a0f43af76 [CANDIDATE]: Term 1 election: Election decided. Result: candidate won. Election summary: received 2 responses out of 3 voters: 2 yes votes; 0 no votes. yes voters: 4c4b6124f753431fb07f5b3a0f43af76, 9b9fe9d8a1524c03b53d5d323759899f; no voters: 
I20260630 12:17:36.948283 17931 tablet_service.cc:1917] Received RequestConsensusVote() RPC: tablet_id: "6dc7f80725a74eac93573e634d09cb67" candidate_uuid: "e90483478e4c480280a3e4d80de0f767" candidate_term: 1 candidate_status { last_received { term: 0 index: 0 } } ignore_live_leader: false dest_uuid: "4c4b6124f753431fb07f5b3a0f43af76" is_pre_election: true
I20260630 12:17:36.948907 17931 raft_consensus.cc:2468] T 6dc7f80725a74eac93573e634d09cb67 P 4c4b6124f753431fb07f5b3a0f43af76 [term 0 FOLLOWER]: Leader pre-election vote request: Granting yes vote for candidate e90483478e4c480280a3e4d80de0f767 in term 0.
I20260630 12:17:36.949831 17821 leader_election.cc:304] T 6dc7f80725a74eac93573e634d09cb67 P e90483478e4c480280a3e4d80de0f767 [CANDIDATE]: Term 1 pre-election: Election decided. Result: candidate won. Election summary: received 2 responses out of 3 voters: 2 yes votes; 0 no votes. yes voters: 4c4b6124f753431fb07f5b3a0f43af76, e90483478e4c480280a3e4d80de0f767; no voters: 
I20260630 12:17:36.950083 18055 raft_consensus.cc:2804] T 45e135b87eaa4dff944d20615905352d P 4c4b6124f753431fb07f5b3a0f43af76 [term 1 FOLLOWER]: Leader election won for term 1
I20260630 12:17:36.950662 18080 raft_consensus.cc:2804] T 6dc7f80725a74eac93573e634d09cb67 P e90483478e4c480280a3e4d80de0f767 [term 0 FOLLOWER]: Leader pre-election won for term 1
I20260630 12:17:36.951081 18080 raft_consensus.cc:493] T 6dc7f80725a74eac93573e634d09cb67 P e90483478e4c480280a3e4d80de0f767 [term 0 FOLLOWER]: Starting leader election (no leader contacted us within the election timeout)
I20260630 12:17:36.951035 18004 tablet_service.cc:1917] Received RequestConsensusVote() RPC: tablet_id: "6dc7f80725a74eac93573e634d09cb67" candidate_uuid: "e90483478e4c480280a3e4d80de0f767" candidate_term: 1 candidate_status { last_received { term: 0 index: 0 } } ignore_live_leader: false dest_uuid: "9b9fe9d8a1524c03b53d5d323759899f" is_pre_election: true
I20260630 12:17:36.950668 18055 raft_consensus.cc:697] T 45e135b87eaa4dff944d20615905352d P 4c4b6124f753431fb07f5b3a0f43af76 [term 1 LEADER]: Becoming Leader. State: Replica: 4c4b6124f753431fb07f5b3a0f43af76, State: Running, Role: LEADER
I20260630 12:17:36.951671 18080 raft_consensus.cc:3060] T 6dc7f80725a74eac93573e634d09cb67 P e90483478e4c480280a3e4d80de0f767 [term 0 FOLLOWER]: Advancing to term 1
I20260630 12:17:36.951845 18004 raft_consensus.cc:2468] T 6dc7f80725a74eac93573e634d09cb67 P 9b9fe9d8a1524c03b53d5d323759899f [term 0 FOLLOWER]: Leader pre-election vote request: Granting yes vote for candidate e90483478e4c480280a3e4d80de0f767 in term 0.
I20260630 12:17:36.952375 18055 consensus_queue.cc:237] T 45e135b87eaa4dff944d20615905352d P 4c4b6124f753431fb07f5b3a0f43af76 [LEADER]: Queue going to LEADER mode. State: All replicated index: 0, Majority replicated index: 0, Committed index: 0, Last appended: 0.0, Last appended by leader: 0, Current term: 1, Majority size: 2, State: 0, Mode: LEADER, active raft config: opid_index: -1 OBSOLETE_local: false peers { permanent_uuid: "e90483478e4c480280a3e4d80de0f767" member_type: VOTER last_known_addr { host: "127.13.12.65" port: 42905 } } peers { permanent_uuid: "4c4b6124f753431fb07f5b3a0f43af76" member_type: VOTER last_known_addr { host: "127.13.12.66" port: 35319 } } peers { permanent_uuid: "9b9fe9d8a1524c03b53d5d323759899f" member_type: VOTER last_known_addr { host: "127.13.12.67" port: 45411 } }
I20260630 12:17:36.957939 18080 raft_consensus.cc:515] T 6dc7f80725a74eac93573e634d09cb67 P e90483478e4c480280a3e4d80de0f767 [term 1 FOLLOWER]: Starting leader election with config: opid_index: -1 OBSOLETE_local: false peers { permanent_uuid: "e90483478e4c480280a3e4d80de0f767" member_type: VOTER last_known_addr { host: "127.13.12.65" port: 42905 } } peers { permanent_uuid: "4c4b6124f753431fb07f5b3a0f43af76" member_type: VOTER last_known_addr { host: "127.13.12.66" port: 35319 } } peers { permanent_uuid: "9b9fe9d8a1524c03b53d5d323759899f" member_type: VOTER last_known_addr { host: "127.13.12.67" port: 45411 } }
I20260630 12:17:36.960199 17931 tablet_service.cc:1917] Received RequestConsensusVote() RPC: tablet_id: "6dc7f80725a74eac93573e634d09cb67" candidate_uuid: "e90483478e4c480280a3e4d80de0f767" candidate_term: 1 candidate_status { last_received { term: 0 index: 0 } } ignore_live_leader: false dest_uuid: "4c4b6124f753431fb07f5b3a0f43af76"
I20260630 12:17:36.960440 18004 tablet_service.cc:1917] Received RequestConsensusVote() RPC: tablet_id: "6dc7f80725a74eac93573e634d09cb67" candidate_uuid: "e90483478e4c480280a3e4d80de0f767" candidate_term: 1 candidate_status { last_received { term: 0 index: 0 } } ignore_live_leader: false dest_uuid: "9b9fe9d8a1524c03b53d5d323759899f"
I20260630 12:17:36.960753 17931 raft_consensus.cc:3060] T 6dc7f80725a74eac93573e634d09cb67 P 4c4b6124f753431fb07f5b3a0f43af76 [term 0 FOLLOWER]: Advancing to term 1
I20260630 12:17:36.960958 18004 raft_consensus.cc:3060] T 6dc7f80725a74eac93573e634d09cb67 P 9b9fe9d8a1524c03b53d5d323759899f [term 0 FOLLOWER]: Advancing to term 1
I20260630 12:17:36.962249 18080 leader_election.cc:290] T 6dc7f80725a74eac93573e634d09cb67 P e90483478e4c480280a3e4d80de0f767 [CANDIDATE]: Term 1 election: Requested vote from peers 4c4b6124f753431fb07f5b3a0f43af76 (127.13.12.66:35319), 9b9fe9d8a1524c03b53d5d323759899f (127.13.12.67:45411)
I20260630 12:17:36.962389 17754 catalog_manager.cc:5697] T 45e135b87eaa4dff944d20615905352d P 4c4b6124f753431fb07f5b3a0f43af76 reported cstate change: term changed from 0 to 1, leader changed from <none> to 4c4b6124f753431fb07f5b3a0f43af76 (127.13.12.66). New cstate: current_term: 1 leader_uuid: "4c4b6124f753431fb07f5b3a0f43af76" committed_config { opid_index: -1 OBSOLETE_local: false peers { permanent_uuid: "e90483478e4c480280a3e4d80de0f767" member_type: VOTER last_known_addr { host: "127.13.12.65" port: 42905 } health_report { overall_health: UNKNOWN } } peers { permanent_uuid: "4c4b6124f753431fb07f5b3a0f43af76" member_type: VOTER last_known_addr { host: "127.13.12.66" port: 35319 } health_report { overall_health: HEALTHY } } peers { permanent_uuid: "9b9fe9d8a1524c03b53d5d323759899f" member_type: VOTER last_known_addr { host: "127.13.12.67" port: 45411 } health_report { overall_health: UNKNOWN } } }
I20260630 12:17:36.966197 18004 raft_consensus.cc:2468] T 6dc7f80725a74eac93573e634d09cb67 P 9b9fe9d8a1524c03b53d5d323759899f [term 1 FOLLOWER]: Leader election vote request: Granting yes vote for candidate e90483478e4c480280a3e4d80de0f767 in term 1.
I20260630 12:17:36.967173 17931 raft_consensus.cc:2468] T 6dc7f80725a74eac93573e634d09cb67 P 4c4b6124f753431fb07f5b3a0f43af76 [term 1 FOLLOWER]: Leader election vote request: Granting yes vote for candidate e90483478e4c480280a3e4d80de0f767 in term 1.
I20260630 12:17:36.967299 17820 leader_election.cc:304] T 6dc7f80725a74eac93573e634d09cb67 P e90483478e4c480280a3e4d80de0f767 [CANDIDATE]: Term 1 election: Election decided. Result: candidate won. Election summary: received 2 responses out of 3 voters: 2 yes votes; 0 no votes. yes voters: 9b9fe9d8a1524c03b53d5d323759899f, e90483478e4c480280a3e4d80de0f767; no voters: 
I20260630 12:17:36.968166 18080 raft_consensus.cc:2804] T 6dc7f80725a74eac93573e634d09cb67 P e90483478e4c480280a3e4d80de0f767 [term 1 FOLLOWER]: Leader election won for term 1
I20260630 12:17:36.968499 18080 raft_consensus.cc:697] T 6dc7f80725a74eac93573e634d09cb67 P e90483478e4c480280a3e4d80de0f767 [term 1 LEADER]: Becoming Leader. State: Replica: e90483478e4c480280a3e4d80de0f767, State: Running, Role: LEADER
I20260630 12:17:36.970301 18080 consensus_queue.cc:237] T 6dc7f80725a74eac93573e634d09cb67 P e90483478e4c480280a3e4d80de0f767 [LEADER]: Queue going to LEADER mode. State: All replicated index: 0, Majority replicated index: 0, Committed index: 0, Last appended: 0.0, Last appended by leader: 0, Current term: 1, Majority size: 2, State: 0, Mode: LEADER, active raft config: opid_index: -1 OBSOLETE_local: false peers { permanent_uuid: "e90483478e4c480280a3e4d80de0f767" member_type: VOTER last_known_addr { host: "127.13.12.65" port: 42905 } } peers { permanent_uuid: "4c4b6124f753431fb07f5b3a0f43af76" member_type: VOTER last_known_addr { host: "127.13.12.66" port: 35319 } } peers { permanent_uuid: "9b9fe9d8a1524c03b53d5d323759899f" member_type: VOTER last_known_addr { host: "127.13.12.67" port: 45411 } }
I20260630 12:17:36.977738 17754 catalog_manager.cc:5697] T 6dc7f80725a74eac93573e634d09cb67 P e90483478e4c480280a3e4d80de0f767 reported cstate change: term changed from 0 to 1, leader changed from <none> to e90483478e4c480280a3e4d80de0f767 (127.13.12.65). New cstate: current_term: 1 leader_uuid: "e90483478e4c480280a3e4d80de0f767" committed_config { opid_index: -1 OBSOLETE_local: false peers { permanent_uuid: "e90483478e4c480280a3e4d80de0f767" member_type: VOTER last_known_addr { host: "127.13.12.65" port: 42905 } health_report { overall_health: HEALTHY } } peers { permanent_uuid: "4c4b6124f753431fb07f5b3a0f43af76" member_type: VOTER last_known_addr { host: "127.13.12.66" port: 35319 } health_report { overall_health: UNKNOWN } } peers { permanent_uuid: "9b9fe9d8a1524c03b53d5d323759899f" member_type: VOTER last_known_addr { host: "127.13.12.67" port: 45411 } health_report { overall_health: UNKNOWN } } }
I20260630 12:17:37.018004 18055 consensus_queue.cc:1048] T 6bf0beeed3b44a228b47796a0070ae31 P 4c4b6124f753431fb07f5b3a0f43af76 [LEADER]: Connected to new peer: Peer: permanent_uuid: "e90483478e4c480280a3e4d80de0f767" member_type: VOTER last_known_addr { host: "127.13.12.65" port: 42905 }, Status: LMP_MISMATCH, Last received: 0.0, Next index: 1, Last known committed idx: 0, Time since last communication: 0.000s
I20260630 12:17:37.029351 18124 consensus_queue.cc:1048] T 6bf0beeed3b44a228b47796a0070ae31 P 4c4b6124f753431fb07f5b3a0f43af76 [LEADER]: Connected to new peer: Peer: permanent_uuid: "9b9fe9d8a1524c03b53d5d323759899f" member_type: VOTER last_known_addr { host: "127.13.12.67" port: 45411 }, Status: LMP_MISMATCH, Last received: 0.0, Next index: 1, Last known committed idx: 0, Time since last communication: 0.000s
I20260630 12:17:37.057376 18077 raft_consensus.cc:493] T 71d6e857424746bba18b101fa749497a P 9b9fe9d8a1524c03b53d5d323759899f [term 0 FOLLOWER]: Starting pre-election (no leader contacted us within the election timeout)
I20260630 12:17:37.057870 18077 raft_consensus.cc:515] T 71d6e857424746bba18b101fa749497a P 9b9fe9d8a1524c03b53d5d323759899f [term 0 FOLLOWER]: Starting pre-election with config: opid_index: -1 OBSOLETE_local: false peers { permanent_uuid: "e90483478e4c480280a3e4d80de0f767" member_type: VOTER last_known_addr { host: "127.13.12.65" port: 42905 } } peers { permanent_uuid: "4c4b6124f753431fb07f5b3a0f43af76" member_type: VOTER last_known_addr { host: "127.13.12.66" port: 35319 } } peers { permanent_uuid: "9b9fe9d8a1524c03b53d5d323759899f" member_type: VOTER last_known_addr { host: "127.13.12.67" port: 45411 } }
I20260630 12:17:37.059672 18077 leader_election.cc:290] T 71d6e857424746bba18b101fa749497a P 9b9fe9d8a1524c03b53d5d323759899f [CANDIDATE]: Term 1 pre-election: Requested pre-vote from peers e90483478e4c480280a3e4d80de0f767 (127.13.12.65:42905), 4c4b6124f753431fb07f5b3a0f43af76 (127.13.12.66:35319)
I20260630 12:17:37.060300 17855 tablet_service.cc:1917] Received RequestConsensusVote() RPC: tablet_id: "71d6e857424746bba18b101fa749497a" candidate_uuid: "9b9fe9d8a1524c03b53d5d323759899f" candidate_term: 1 candidate_status { last_received { term: 0 index: 0 } } ignore_live_leader: false dest_uuid: "e90483478e4c480280a3e4d80de0f767" is_pre_election: true
I20260630 12:17:37.060570 17931 tablet_service.cc:1917] Received RequestConsensusVote() RPC: tablet_id: "71d6e857424746bba18b101fa749497a" candidate_uuid: "9b9fe9d8a1524c03b53d5d323759899f" candidate_term: 1 candidate_status { last_received { term: 0 index: 0 } } ignore_live_leader: false dest_uuid: "4c4b6124f753431fb07f5b3a0f43af76" is_pre_election: true
I20260630 12:17:37.060854 17855 raft_consensus.cc:2468] T 71d6e857424746bba18b101fa749497a P e90483478e4c480280a3e4d80de0f767 [term 0 FOLLOWER]: Leader pre-election vote request: Granting yes vote for candidate 9b9fe9d8a1524c03b53d5d323759899f in term 0.
I20260630 12:17:37.061190 17931 raft_consensus.cc:2468] T 71d6e857424746bba18b101fa749497a P 4c4b6124f753431fb07f5b3a0f43af76 [term 0 FOLLOWER]: Leader pre-election vote request: Granting yes vote for candidate 9b9fe9d8a1524c03b53d5d323759899f in term 0.
I20260630 12:17:37.061877 17969 leader_election.cc:304] T 71d6e857424746bba18b101fa749497a P 9b9fe9d8a1524c03b53d5d323759899f [CANDIDATE]: Term 1 pre-election: Election decided. Result: candidate won. Election summary: received 2 responses out of 3 voters: 2 yes votes; 0 no votes. yes voters: 9b9fe9d8a1524c03b53d5d323759899f, e90483478e4c480280a3e4d80de0f767; no voters: 
I20260630 12:17:37.062644 18077 raft_consensus.cc:2804] T 71d6e857424746bba18b101fa749497a P 9b9fe9d8a1524c03b53d5d323759899f [term 0 FOLLOWER]: Leader pre-election won for term 1
I20260630 12:17:37.062940 18077 raft_consensus.cc:493] T 71d6e857424746bba18b101fa749497a P 9b9fe9d8a1524c03b53d5d323759899f [term 0 FOLLOWER]: Starting leader election (no leader contacted us within the election timeout)
I20260630 12:17:37.063211 18077 raft_consensus.cc:3060] T 71d6e857424746bba18b101fa749497a P 9b9fe9d8a1524c03b53d5d323759899f [term 0 FOLLOWER]: Advancing to term 1
I20260630 12:17:37.067759 18077 raft_consensus.cc:515] T 71d6e857424746bba18b101fa749497a P 9b9fe9d8a1524c03b53d5d323759899f [term 1 FOLLOWER]: Starting leader election with config: opid_index: -1 OBSOLETE_local: false peers { permanent_uuid: "e90483478e4c480280a3e4d80de0f767" member_type: VOTER last_known_addr { host: "127.13.12.65" port: 42905 } } peers { permanent_uuid: "4c4b6124f753431fb07f5b3a0f43af76" member_type: VOTER last_known_addr { host: "127.13.12.66" port: 35319 } } peers { permanent_uuid: "9b9fe9d8a1524c03b53d5d323759899f" member_type: VOTER last_known_addr { host: "127.13.12.67" port: 45411 } }
I20260630 12:17:37.069199 18077 leader_election.cc:290] T 71d6e857424746bba18b101fa749497a P 9b9fe9d8a1524c03b53d5d323759899f [CANDIDATE]: Term 1 election: Requested vote from peers e90483478e4c480280a3e4d80de0f767 (127.13.12.65:42905), 4c4b6124f753431fb07f5b3a0f43af76 (127.13.12.66:35319)
I20260630 12:17:37.069999 17855 tablet_service.cc:1917] Received RequestConsensusVote() RPC: tablet_id: "71d6e857424746bba18b101fa749497a" candidate_uuid: "9b9fe9d8a1524c03b53d5d323759899f" candidate_term: 1 candidate_status { last_received { term: 0 index: 0 } } ignore_live_leader: false dest_uuid: "e90483478e4c480280a3e4d80de0f767"
I20260630 12:17:37.070255 17931 tablet_service.cc:1917] Received RequestConsensusVote() RPC: tablet_id: "71d6e857424746bba18b101fa749497a" candidate_uuid: "9b9fe9d8a1524c03b53d5d323759899f" candidate_term: 1 candidate_status { last_received { term: 0 index: 0 } } ignore_live_leader: false dest_uuid: "4c4b6124f753431fb07f5b3a0f43af76"
I20260630 12:17:37.070574 17855 raft_consensus.cc:3060] T 71d6e857424746bba18b101fa749497a P e90483478e4c480280a3e4d80de0f767 [term 0 FOLLOWER]: Advancing to term 1
I20260630 12:17:37.070776 17931 raft_consensus.cc:3060] T 71d6e857424746bba18b101fa749497a P 4c4b6124f753431fb07f5b3a0f43af76 [term 0 FOLLOWER]: Advancing to term 1
I20260630 12:17:37.075134 17931 raft_consensus.cc:2468] T 71d6e857424746bba18b101fa749497a P 4c4b6124f753431fb07f5b3a0f43af76 [term 1 FOLLOWER]: Leader election vote request: Granting yes vote for candidate 9b9fe9d8a1524c03b53d5d323759899f in term 1.
I20260630 12:17:37.075143 17855 raft_consensus.cc:2468] T 71d6e857424746bba18b101fa749497a P e90483478e4c480280a3e4d80de0f767 [term 1 FOLLOWER]: Leader election vote request: Granting yes vote for candidate 9b9fe9d8a1524c03b53d5d323759899f in term 1.
I20260630 12:17:37.076138 17970 leader_election.cc:304] T 71d6e857424746bba18b101fa749497a P 9b9fe9d8a1524c03b53d5d323759899f [CANDIDATE]: Term 1 election: Election decided. Result: candidate won. Election summary: received 2 responses out of 3 voters: 2 yes votes; 0 no votes. yes voters: 4c4b6124f753431fb07f5b3a0f43af76, 9b9fe9d8a1524c03b53d5d323759899f; no voters: 
I20260630 12:17:37.076794 18077 raft_consensus.cc:2804] T 71d6e857424746bba18b101fa749497a P 9b9fe9d8a1524c03b53d5d323759899f [term 1 FOLLOWER]: Leader election won for term 1
I20260630 12:17:37.077265 18077 raft_consensus.cc:697] T 71d6e857424746bba18b101fa749497a P 9b9fe9d8a1524c03b53d5d323759899f [term 1 LEADER]: Becoming Leader. State: Replica: 9b9fe9d8a1524c03b53d5d323759899f, State: Running, Role: LEADER
I20260630 12:17:37.077972 18077 consensus_queue.cc:237] T 71d6e857424746bba18b101fa749497a P 9b9fe9d8a1524c03b53d5d323759899f [LEADER]: Queue going to LEADER mode. State: All replicated index: 0, Majority replicated index: 0, Committed index: 0, Last appended: 0.0, Last appended by leader: 0, Current term: 1, Majority size: 2, State: 0, Mode: LEADER, active raft config: opid_index: -1 OBSOLETE_local: false peers { permanent_uuid: "e90483478e4c480280a3e4d80de0f767" member_type: VOTER last_known_addr { host: "127.13.12.65" port: 42905 } } peers { permanent_uuid: "4c4b6124f753431fb07f5b3a0f43af76" member_type: VOTER last_known_addr { host: "127.13.12.66" port: 35319 } } peers { permanent_uuid: "9b9fe9d8a1524c03b53d5d323759899f" member_type: VOTER last_known_addr { host: "127.13.12.67" port: 45411 } }
I20260630 12:17:37.084245 17753 catalog_manager.cc:5697] T 71d6e857424746bba18b101fa749497a P 9b9fe9d8a1524c03b53d5d323759899f reported cstate change: term changed from 0 to 1, leader changed from <none> to 9b9fe9d8a1524c03b53d5d323759899f (127.13.12.67). New cstate: current_term: 1 leader_uuid: "9b9fe9d8a1524c03b53d5d323759899f" committed_config { opid_index: -1 OBSOLETE_local: false peers { permanent_uuid: "e90483478e4c480280a3e4d80de0f767" member_type: VOTER last_known_addr { host: "127.13.12.65" port: 42905 } health_report { overall_health: UNKNOWN } } peers { permanent_uuid: "4c4b6124f753431fb07f5b3a0f43af76" member_type: VOTER last_known_addr { host: "127.13.12.66" port: 35319 } health_report { overall_health: UNKNOWN } } peers { permanent_uuid: "9b9fe9d8a1524c03b53d5d323759899f" member_type: VOTER last_known_addr { host: "127.13.12.67" port: 45411 } health_report { overall_health: HEALTHY } } }
I20260630 12:17:37.172183 18083 consensus_queue.cc:1048] T 6451492d55744f42a1f64a8b79a8a10e P e90483478e4c480280a3e4d80de0f767 [LEADER]: Connected to new peer: Peer: permanent_uuid: "4c4b6124f753431fb07f5b3a0f43af76" member_type: VOTER last_known_addr { host: "127.13.12.66" port: 35319 }, Status: LMP_MISMATCH, Last received: 0.0, Next index: 1, Last known committed idx: 0, Time since last communication: 0.000s
I20260630 12:17:37.172389 18080 consensus_queue.cc:1048] T 02347a6424f34b009e7e7c361f8b7c8b P e90483478e4c480280a3e4d80de0f767 [LEADER]: Connected to new peer: Peer: permanent_uuid: "9b9fe9d8a1524c03b53d5d323759899f" member_type: VOTER last_known_addr { host: "127.13.12.67" port: 45411 }, Status: LMP_MISMATCH, Last received: 0.0, Next index: 1, Last known committed idx: 0, Time since last communication: 0.000s
I20260630 12:17:37.184334 18005 raft_consensus.cc:3060] T 6451492d55744f42a1f64a8b79a8a10e P 9b9fe9d8a1524c03b53d5d323759899f [term 0 FOLLOWER]: Advancing to term 1
I20260630 12:17:37.187273 18081 consensus_queue.cc:1048] T 02347a6424f34b009e7e7c361f8b7c8b P e90483478e4c480280a3e4d80de0f767 [LEADER]: Connected to new peer: Peer: permanent_uuid: "4c4b6124f753431fb07f5b3a0f43af76" member_type: VOTER last_known_addr { host: "127.13.12.66" port: 35319 }, Status: LMP_MISMATCH, Last received: 0.0, Next index: 1, Last known committed idx: 0, Time since last communication: 0.000s
I20260630 12:17:37.192852 18077 raft_consensus.cc:493] T 6451492d55744f42a1f64a8b79a8a10e P 9b9fe9d8a1524c03b53d5d323759899f [term 1 FOLLOWER]: Starting pre-election (no leader contacted us within the election timeout)
I20260630 12:17:37.193344 18077 raft_consensus.cc:515] T 6451492d55744f42a1f64a8b79a8a10e P 9b9fe9d8a1524c03b53d5d323759899f [term 1 FOLLOWER]: Starting pre-election with config: opid_index: -1 OBSOLETE_local: false peers { permanent_uuid: "4c4b6124f753431fb07f5b3a0f43af76" member_type: VOTER last_known_addr { host: "127.13.12.66" port: 35319 } } peers { permanent_uuid: "9b9fe9d8a1524c03b53d5d323759899f" member_type: VOTER last_known_addr { host: "127.13.12.67" port: 45411 } } peers { permanent_uuid: "e90483478e4c480280a3e4d80de0f767" member_type: VOTER last_known_addr { host: "127.13.12.65" port: 42905 } }
I20260630 12:17:37.198469 17855 tablet_service.cc:1917] Received RequestConsensusVote() RPC: tablet_id: "6451492d55744f42a1f64a8b79a8a10e" candidate_uuid: "9b9fe9d8a1524c03b53d5d323759899f" candidate_term: 2 candidate_status { last_received { term: 0 index: 0 } } ignore_live_leader: false dest_uuid: "e90483478e4c480280a3e4d80de0f767" is_pre_election: true
I20260630 12:17:37.199311 18081 consensus_queue.cc:1048] T 6451492d55744f42a1f64a8b79a8a10e P e90483478e4c480280a3e4d80de0f767 [LEADER]: Connected to new peer: Peer: permanent_uuid: "9b9fe9d8a1524c03b53d5d323759899f" member_type: VOTER last_known_addr { host: "127.13.12.67" port: 45411 }, Status: LMP_MISMATCH, Last received: 0.0, Next index: 1, Last known committed idx: 0, Time since last communication: 0.000s
I20260630 12:17:37.200121 18056 consensus_queue.cc:1048] T 98b786d534604b1e94f4cfed16b4ecd8 P 9b9fe9d8a1524c03b53d5d323759899f [LEADER]: Connected to new peer: Peer: permanent_uuid: "4c4b6124f753431fb07f5b3a0f43af76" member_type: VOTER last_known_addr { host: "127.13.12.66" port: 35319 }, Status: LMP_MISMATCH, Last received: 0.0, Next index: 1, Last known committed idx: 0, Time since last communication: 0.000s
I20260630 12:17:37.200259 18077 leader_election.cc:290] T 6451492d55744f42a1f64a8b79a8a10e P 9b9fe9d8a1524c03b53d5d323759899f [CANDIDATE]: Term 2 pre-election: Requested pre-vote from peers 4c4b6124f753431fb07f5b3a0f43af76 (127.13.12.66:35319), e90483478e4c480280a3e4d80de0f767 (127.13.12.65:42905)
I20260630 12:17:37.213681 18133 consensus_queue.cc:1048] T 98b786d534604b1e94f4cfed16b4ecd8 P 9b9fe9d8a1524c03b53d5d323759899f [LEADER]: Connected to new peer: Peer: permanent_uuid: "e90483478e4c480280a3e4d80de0f767" member_type: VOTER last_known_addr { host: "127.13.12.65" port: 42905 }, Status: LMP_MISMATCH, Last received: 0.0, Next index: 1, Last known committed idx: 0, Time since last communication: 0.001s
I20260630 12:17:37.217219 17931 tablet_service.cc:1917] Received RequestConsensusVote() RPC: tablet_id: "6451492d55744f42a1f64a8b79a8a10e" candidate_uuid: "9b9fe9d8a1524c03b53d5d323759899f" candidate_term: 2 candidate_status { last_received { term: 0 index: 0 } } ignore_live_leader: false dest_uuid: "4c4b6124f753431fb07f5b3a0f43af76" is_pre_election: true
I20260630 12:17:37.227519 17970 leader_election.cc:304] T 6451492d55744f42a1f64a8b79a8a10e P 9b9fe9d8a1524c03b53d5d323759899f [CANDIDATE]: Term 2 pre-election: Election decided. Result: candidate lost. Election summary: received 3 responses out of 3 voters: 1 yes votes; 2 no votes. yes voters: 9b9fe9d8a1524c03b53d5d323759899f; no voters: 4c4b6124f753431fb07f5b3a0f43af76, e90483478e4c480280a3e4d80de0f767
I20260630 12:17:37.227807 18134 consensus_queue.cc:1048] T 069d53d129fa415594374c7a2eb58dfb P 9b9fe9d8a1524c03b53d5d323759899f [LEADER]: Connected to new peer: Peer: permanent_uuid: "e90483478e4c480280a3e4d80de0f767" member_type: VOTER last_known_addr { host: "127.13.12.65" port: 42905 }, Status: LMP_MISMATCH, Last received: 0.0, Next index: 1, Last known committed idx: 0, Time since last communication: 0.001s
I20260630 12:17:37.228725 18133 raft_consensus.cc:2749] T 6451492d55744f42a1f64a8b79a8a10e P 9b9fe9d8a1524c03b53d5d323759899f [term 1 FOLLOWER]: Leader pre-election lost for term 2. Reason: could not achieve majority
I20260630 12:17:37.252070 18077 consensus_queue.cc:1048] T 069d53d129fa415594374c7a2eb58dfb P 9b9fe9d8a1524c03b53d5d323759899f [LEADER]: Connected to new peer: Peer: permanent_uuid: "4c4b6124f753431fb07f5b3a0f43af76" member_type: VOTER last_known_addr { host: "127.13.12.66" port: 35319 }, Status: LMP_MISMATCH, Last received: 0.0, Next index: 1, Last known committed idx: 0, Time since last communication: 0.000s
I20260630 12:17:37.284664 18081 raft_consensus.cc:493] T 950fea9daba341f3992383b5e14e1d00 P e90483478e4c480280a3e4d80de0f767 [term 0 FOLLOWER]: Starting pre-election (no leader contacted us within the election timeout)
I20260630 12:17:37.285188 18081 raft_consensus.cc:515] T 950fea9daba341f3992383b5e14e1d00 P e90483478e4c480280a3e4d80de0f767 [term 0 FOLLOWER]: Starting pre-election with config: opid_index: -1 OBSOLETE_local: false peers { permanent_uuid: "e90483478e4c480280a3e4d80de0f767" member_type: VOTER last_known_addr { host: "127.13.12.65" port: 42905 } } peers { permanent_uuid: "4c4b6124f753431fb07f5b3a0f43af76" member_type: VOTER last_known_addr { host: "127.13.12.66" port: 35319 } } peers { permanent_uuid: "9b9fe9d8a1524c03b53d5d323759899f" member_type: VOTER last_known_addr { host: "127.13.12.67" port: 45411 } }
I20260630 12:17:37.287343 18081 leader_election.cc:290] T 950fea9daba341f3992383b5e14e1d00 P e90483478e4c480280a3e4d80de0f767 [CANDIDATE]: Term 1 pre-election: Requested pre-vote from peers 4c4b6124f753431fb07f5b3a0f43af76 (127.13.12.66:35319), 9b9fe9d8a1524c03b53d5d323759899f (127.13.12.67:45411)
I20260630 12:17:37.289894 18005 tablet_service.cc:1917] Received RequestConsensusVote() RPC: tablet_id: "950fea9daba341f3992383b5e14e1d00" candidate_uuid: "e90483478e4c480280a3e4d80de0f767" candidate_term: 1 candidate_status { last_received { term: 0 index: 0 } } ignore_live_leader: false dest_uuid: "9b9fe9d8a1524c03b53d5d323759899f" is_pre_election: true
I20260630 12:17:37.290889 17931 tablet_service.cc:1917] Received RequestConsensusVote() RPC: tablet_id: "950fea9daba341f3992383b5e14e1d00" candidate_uuid: "e90483478e4c480280a3e4d80de0f767" candidate_term: 1 candidate_status { last_received { term: 0 index: 0 } } ignore_live_leader: false dest_uuid: "4c4b6124f753431fb07f5b3a0f43af76" is_pre_election: true
I20260630 12:17:37.291653 17931 raft_consensus.cc:2393] T 950fea9daba341f3992383b5e14e1d00 P 4c4b6124f753431fb07f5b3a0f43af76 [term 1 FOLLOWER]: Leader pre-election vote request: Denying vote to candidate e90483478e4c480280a3e4d80de0f767 in current term 1: Already voted for candidate 9b9fe9d8a1524c03b53d5d323759899f in this term.
I20260630 12:17:37.292686 17821 leader_election.cc:304] T 950fea9daba341f3992383b5e14e1d00 P e90483478e4c480280a3e4d80de0f767 [CANDIDATE]: Term 1 pre-election: Election decided. Result: candidate lost. Election summary: received 3 responses out of 3 voters: 1 yes votes; 2 no votes. yes voters: e90483478e4c480280a3e4d80de0f767; no voters: 4c4b6124f753431fb07f5b3a0f43af76, 9b9fe9d8a1524c03b53d5d323759899f
I20260630 12:17:37.294519 18081 raft_consensus.cc:3060] T 950fea9daba341f3992383b5e14e1d00 P e90483478e4c480280a3e4d80de0f767 [term 0 FOLLOWER]: Advancing to term 1
I20260630 12:17:37.304553 18081 raft_consensus.cc:2749] T 950fea9daba341f3992383b5e14e1d00 P e90483478e4c480280a3e4d80de0f767 [term 1 FOLLOWER]: Leader pre-election lost for term 1. Reason: could not achieve majority
I20260630 12:17:37.333352 18134 consensus_queue.cc:1048] T 950fea9daba341f3992383b5e14e1d00 P 9b9fe9d8a1524c03b53d5d323759899f [LEADER]: Connected to new peer: Peer: permanent_uuid: "4c4b6124f753431fb07f5b3a0f43af76" member_type: VOTER last_known_addr { host: "127.13.12.66" port: 35319 }, Status: LMP_MISMATCH, Last received: 0.0, Next index: 1, Last known committed idx: 0, Time since last communication: 0.000s
I20260630 12:17:37.337543 18077 consensus_queue.cc:1048] T 12e3a296875e4294ab98cf076192d07b P 9b9fe9d8a1524c03b53d5d323759899f [LEADER]: Connected to new peer: Peer: permanent_uuid: "4c4b6124f753431fb07f5b3a0f43af76" member_type: VOTER last_known_addr { host: "127.13.12.66" port: 35319 }, Status: LMP_MISMATCH, Last received: 0.0, Next index: 1, Last known committed idx: 0, Time since last communication: 0.000s
I20260630 12:17:37.356518 18077 consensus_queue.cc:1048] T 950fea9daba341f3992383b5e14e1d00 P 9b9fe9d8a1524c03b53d5d323759899f [LEADER]: Connected to new peer: Peer: permanent_uuid: "e90483478e4c480280a3e4d80de0f767" member_type: VOTER last_known_addr { host: "127.13.12.65" port: 42905 }, Status: LMP_MISMATCH, Last received: 0.0, Next index: 1, Last known committed idx: 0, Time since last communication: 0.000s
