I20260630 12:16:57.617969 16737 raft_consensus.cc:359] T 9af36eaa71ce4d5180779d916ba87893 P 5635bf44cb86439c94d9f1405064e48d [term 1 LEARNER]: Replica starting. Triggering 0 pending ops. Active config: opid_index: 2 OBSOLETE_local: false peers { permanent_uuid: "ff1f6037b75143888beba4729f835657" member_type: VOTER last_known_addr { host: "127.13.5.1" port: 45513 } } peers { permanent_uuid: "c77c138a63294aa18d5fc31806d48b3d" member_type: VOTER last_known_addr { host: "127.13.5.3" port: 35291 } } peers { permanent_uuid: "9f8efb00c1934231bbb38dd0974d493c" member_type: VOTER last_known_addr { host: "127.13.5.2" port: 33933 } attrs { replace: true } } peers { permanent_uuid: "5635bf44cb86439c94d9f1405064e48d" member_type: NON_VOTER last_known_addr { host: "127.13.5.4" port: 34965 } attrs { promote: true } }
I20260630 12:16:57.618747 16737 raft_consensus.cc:740] T 9af36eaa71ce4d5180779d916ba87893 P 5635bf44cb86439c94d9f1405064e48d [term 1 LEARNER]: Becoming Follower/Learner. State: Replica: 5635bf44cb86439c94d9f1405064e48d, State: Initialized, Role: LEARNER
I20260630 12:16:57.619354 16737 consensus_queue.cc:260] T 9af36eaa71ce4d5180779d916ba87893 P 5635bf44cb86439c94d9f1405064e48d [NON_LEADER]: Queue going to NON_LEADER mode. State: All replicated index: 0, Majority replicated index: 0, Committed index: 2, Last appended: 1.2, Last appended by leader: 2, Current term: 0, Majority size: -1, State: 0, Mode: NON_LEADER, active raft config: opid_index: 2 OBSOLETE_local: false peers { permanent_uuid: "ff1f6037b75143888beba4729f835657" member_type: VOTER last_known_addr { host: "127.13.5.1" port: 45513 } } peers { permanent_uuid: "c77c138a63294aa18d5fc31806d48b3d" member_type: VOTER last_known_addr { host: "127.13.5.3" port: 35291 } } peers { permanent_uuid: "9f8efb00c1934231bbb38dd0974d493c" member_type: VOTER last_known_addr { host: "127.13.5.2" port: 33933 } attrs { replace: true } } peers { permanent_uuid: "5635bf44cb86439c94d9f1405064e48d" member_type: NON_VOTER last_known_addr { host: "127.13.5.4" port: 34965 } attrs { promote: true } }
I20260630 12:16:57.621088 16743 tablet_bootstrap.cc:492] T 933754c05bd6475698336642b80a43c7 P 5635bf44cb86439c94d9f1405064e48d: Bootstrap starting.
I20260630 12:16:57.621735 16737 ts_tablet_manager.cc:1434] T 9af36eaa71ce4d5180779d916ba87893 P 5635bf44cb86439c94d9f1405064e48d: Time spent starting tablet: real 0.006s	user 0.007s	sys 0.000s
I20260630 12:16:57.623812 16304 tablet_copy_service.cc:342] P ff1f6037b75143888beba4729f835657: Request end of tablet copy session 5635bf44cb86439c94d9f1405064e48d-9af36eaa71ce4d5180779d916ba87893 received from {username='slave'} at 127.0.0.1:32808
I20260630 12:16:57.624217 16304 tablet_copy_service.cc:434] P ff1f6037b75143888beba4729f835657: ending tablet copy session 5635bf44cb86439c94d9f1405064e48d-9af36eaa71ce4d5180779d916ba87893 on tablet 9af36eaa71ce4d5180779d916ba87893 with peer 5635bf44cb86439c94d9f1405064e48d
I20260630 12:16:57.638841 16743 tablet_bootstrap.cc:492] T 933754c05bd6475698336642b80a43c7 P 5635bf44cb86439c94d9f1405064e48d: Bootstrap replayed 1/1 log segments. Stats: ops{read=2 overwritten=0 applied=2 ignored=0} inserts{seen=0 ignored=0} mutations{seen=0 ignored=0} orphaned_commits=0. Pending: 0 replicates
I20260630 12:16:57.639657 16743 tablet_bootstrap.cc:492] T 933754c05bd6475698336642b80a43c7 P 5635bf44cb86439c94d9f1405064e48d: Bootstrap complete.
I20260630 12:16:57.640275 16743 ts_tablet_manager.cc:1403] T 933754c05bd6475698336642b80a43c7 P 5635bf44cb86439c94d9f1405064e48d: Time spent bootstrapping tablet: real 0.019s	user 0.009s	sys 0.006s
I20260630 12:16:57.643308 16743 raft_consensus.cc:359] T 933754c05bd6475698336642b80a43c7 P 5635bf44cb86439c94d9f1405064e48d [term 1 LEARNER]: Replica starting. Triggering 0 pending ops. Active config: opid_index: 2 OBSOLETE_local: false peers { permanent_uuid: "9f8efb00c1934231bbb38dd0974d493c" member_type: VOTER last_known_addr { host: "127.13.5.2" port: 33933 } } peers { permanent_uuid: "ff1f6037b75143888beba4729f835657" member_type: VOTER last_known_addr { host: "127.13.5.1" port: 45513 } attrs { replace: true } } peers { permanent_uuid: "c77c138a63294aa18d5fc31806d48b3d" member_type: VOTER last_known_addr { host: "127.13.5.3" port: 35291 } } peers { permanent_uuid: "5635bf44cb86439c94d9f1405064e48d" member_type: NON_VOTER last_known_addr { host: "127.13.5.4" port: 34965 } attrs { promote: true } }
I20260630 12:16:57.644062 16743 raft_consensus.cc:740] T 933754c05bd6475698336642b80a43c7 P 5635bf44cb86439c94d9f1405064e48d [term 1 LEARNER]: Becoming Follower/Learner. State: Replica: 5635bf44cb86439c94d9f1405064e48d, State: Initialized, Role: LEARNER
I20260630 12:16:57.644668 16743 consensus_queue.cc:260] T 933754c05bd6475698336642b80a43c7 P 5635bf44cb86439c94d9f1405064e48d [NON_LEADER]: Queue going to NON_LEADER mode. State: All replicated index: 0, Majority replicated index: 0, Committed index: 2, Last appended: 1.2, Last appended by leader: 2, Current term: 0, Majority size: -1, State: 0, Mode: NON_LEADER, active raft config: opid_index: 2 OBSOLETE_local: false peers { permanent_uuid: "9f8efb00c1934231bbb38dd0974d493c" member_type: VOTER last_known_addr { host: "127.13.5.2" port: 33933 } } peers { permanent_uuid: "ff1f6037b75143888beba4729f835657" member_type: VOTER last_known_addr { host: "127.13.5.1" port: 45513 } attrs { replace: true } } peers { permanent_uuid: "c77c138a63294aa18d5fc31806d48b3d" member_type: VOTER last_known_addr { host: "127.13.5.3" port: 35291 } } peers { permanent_uuid: "5635bf44cb86439c94d9f1405064e48d" member_type: NON_VOTER last_known_addr { host: "127.13.5.4" port: 34965 } attrs { promote: true } }
I20260630 12:16:57.646965 16743 ts_tablet_manager.cc:1434] T 933754c05bd6475698336642b80a43c7 P 5635bf44cb86439c94d9f1405064e48d: Time spent starting tablet: real 0.006s	user 0.004s	sys 0.000s
I20260630 12:16:57.648658 16379 tablet_copy_service.cc:342] P 9f8efb00c1934231bbb38dd0974d493c: Request end of tablet copy session 5635bf44cb86439c94d9f1405064e48d-933754c05bd6475698336642b80a43c7 received from {username='slave'} at 127.0.0.1:37214
I20260630 12:16:57.649060 16379 tablet_copy_service.cc:434] P 9f8efb00c1934231bbb38dd0974d493c: ending tablet copy session 5635bf44cb86439c94d9f1405064e48d-933754c05bd6475698336642b80a43c7 on tablet 933754c05bd6475698336642b80a43c7 with peer 5635bf44cb86439c94d9f1405064e48d
I20260630 12:16:57.894490 16743 ts_tablet_manager.cc:933] T 2730baa595e9463a8596e73a354ffe9d P 5635bf44cb86439c94d9f1405064e48d: Initiating tablet copy from peer 9f8efb00c1934231bbb38dd0974d493c (127.13.5.2:33933)
I20260630 12:16:57.896031 16743 tablet_copy_client.cc:323] T 2730baa595e9463a8596e73a354ffe9d P 5635bf44cb86439c94d9f1405064e48d: tablet copy: Beginning tablet copy session from remote peer at address 127.13.5.2:33933
I20260630 12:16:57.897401 16379 tablet_copy_service.cc:140] P 9f8efb00c1934231bbb38dd0974d493c: Received BeginTabletCopySession request for tablet 2730baa595e9463a8596e73a354ffe9d from peer 5635bf44cb86439c94d9f1405064e48d ({username='slave'} at 127.0.0.1:37214)
I20260630 12:16:57.897907 16379 tablet_copy_service.cc:161] P 9f8efb00c1934231bbb38dd0974d493c: Beginning new tablet copy session on tablet 2730baa595e9463a8596e73a354ffe9d from peer 5635bf44cb86439c94d9f1405064e48d at {username='slave'} at 127.0.0.1:37214: session id = 5635bf44cb86439c94d9f1405064e48d-2730baa595e9463a8596e73a354ffe9d
I20260630 12:16:57.904788 16379 tablet_copy_source_session.cc:215] T 2730baa595e9463a8596e73a354ffe9d P 9f8efb00c1934231bbb38dd0974d493c: Tablet Copy: opened 0 blocks and 1 log segments
I20260630 12:16:57.907378 16743 data_dirs.cc:400] Could only allocate 1 dirs of requested 3 for tablet 2730baa595e9463a8596e73a354ffe9d. 1 dirs total, 0 dirs full, 0 dirs failed
I20260630 12:16:57.922374 16743 tablet_copy_client.cc:806] T 2730baa595e9463a8596e73a354ffe9d P 5635bf44cb86439c94d9f1405064e48d: tablet copy: Starting download of 0 data blocks...
I20260630 12:16:57.922871 16743 tablet_copy_client.cc:670] T 2730baa595e9463a8596e73a354ffe9d P 5635bf44cb86439c94d9f1405064e48d: tablet copy: Starting download of 1 WAL segments...
I20260630 12:16:57.925943 16743 tablet_copy_client.cc:538] T 2730baa595e9463a8596e73a354ffe9d P 5635bf44cb86439c94d9f1405064e48d: tablet copy: Tablet Copy complete. Replacing tablet superblock.
I20260630 12:16:57.933977 16743 tablet_bootstrap.cc:492] T 2730baa595e9463a8596e73a354ffe9d P 5635bf44cb86439c94d9f1405064e48d: Bootstrap starting.
I20260630 12:16:57.947754 16743 tablet_bootstrap.cc:492] T 2730baa595e9463a8596e73a354ffe9d P 5635bf44cb86439c94d9f1405064e48d: Bootstrap replayed 1/1 log segments. Stats: ops{read=2 overwritten=0 applied=2 ignored=0} inserts{seen=0 ignored=0} mutations{seen=0 ignored=0} orphaned_commits=0. Pending: 0 replicates
I20260630 12:16:57.948475 16743 tablet_bootstrap.cc:492] T 2730baa595e9463a8596e73a354ffe9d P 5635bf44cb86439c94d9f1405064e48d: Bootstrap complete.
I20260630 12:16:57.949007 16743 ts_tablet_manager.cc:1403] T 2730baa595e9463a8596e73a354ffe9d P 5635bf44cb86439c94d9f1405064e48d: Time spent bootstrapping tablet: real 0.015s	user 0.012s	sys 0.003s
I20260630 12:16:57.951015 16743 raft_consensus.cc:359] T 2730baa595e9463a8596e73a354ffe9d P 5635bf44cb86439c94d9f1405064e48d [term 1 LEARNER]: Replica starting. Triggering 0 pending ops. Active config: opid_index: 2 OBSOLETE_local: false peers { permanent_uuid: "ff1f6037b75143888beba4729f835657" member_type: VOTER last_known_addr { host: "127.13.5.1" port: 45513 } attrs { replace: true } } peers { permanent_uuid: "9f8efb00c1934231bbb38dd0974d493c" member_type: VOTER last_known_addr { host: "127.13.5.2" port: 33933 } } peers { permanent_uuid: "c77c138a63294aa18d5fc31806d48b3d" member_type: VOTER last_known_addr { host: "127.13.5.3" port: 35291 } } peers { permanent_uuid: "5635bf44cb86439c94d9f1405064e48d" member_type: NON_VOTER last_known_addr { host: "127.13.5.4" port: 34965 } attrs { promote: true } }
I20260630 12:16:57.951593 16743 raft_consensus.cc:740] T 2730baa595e9463a8596e73a354ffe9d P 5635bf44cb86439c94d9f1405064e48d [term 1 LEARNER]: Becoming Follower/Learner. State: Replica: 5635bf44cb86439c94d9f1405064e48d, State: Initialized, Role: LEARNER
I20260630 12:16:57.952060 16743 consensus_queue.cc:260] T 2730baa595e9463a8596e73a354ffe9d P 5635bf44cb86439c94d9f1405064e48d [NON_LEADER]: Queue going to NON_LEADER mode. State: All replicated index: 0, Majority replicated index: 0, Committed index: 2, Last appended: 1.2, Last appended by leader: 2, Current term: 0, Majority size: -1, State: 0, Mode: NON_LEADER, active raft config: opid_index: 2 OBSOLETE_local: false peers { permanent_uuid: "ff1f6037b75143888beba4729f835657" member_type: VOTER last_known_addr { host: "127.13.5.1" port: 45513 } attrs { replace: true } } peers { permanent_uuid: "9f8efb00c1934231bbb38dd0974d493c" member_type: VOTER last_known_addr { host: "127.13.5.2" port: 33933 } } peers { permanent_uuid: "c77c138a63294aa18d5fc31806d48b3d" member_type: VOTER last_known_addr { host: "127.13.5.3" port: 35291 } } peers { permanent_uuid: "5635bf44cb86439c94d9f1405064e48d" member_type: NON_VOTER last_known_addr { host: "127.13.5.4" port: 34965 } attrs { promote: true } }
I20260630 12:16:57.953789 16743 ts_tablet_manager.cc:1434] T 2730baa595e9463a8596e73a354ffe9d P 5635bf44cb86439c94d9f1405064e48d: Time spent starting tablet: real 0.004s	user 0.004s	sys 0.000s
I20260630 12:16:57.955267 16379 tablet_copy_service.cc:342] P 9f8efb00c1934231bbb38dd0974d493c: Request end of tablet copy session 5635bf44cb86439c94d9f1405064e48d-2730baa595e9463a8596e73a354ffe9d received from {username='slave'} at 127.0.0.1:37214
I20260630 12:16:57.955637 16379 tablet_copy_service.cc:434] P 9f8efb00c1934231bbb38dd0974d493c: ending tablet copy session 5635bf44cb86439c94d9f1405064e48d-2730baa595e9463a8596e73a354ffe9d on tablet 2730baa595e9463a8596e73a354ffe9d with peer 5635bf44cb86439c94d9f1405064e48d
I20260630 12:16:57.978535 16245 auto_leader_rebalancer.cc:141] leader rebalance for table range_aware_rebalance_new_range
I20260630 12:16:57.987758 16606 raft_consensus.cc:1217] T bf55a462b2f1479d87627bc01dfbd329 P 5635bf44cb86439c94d9f1405064e48d [term 1 LEARNER]: Deduplicated request from leader. Original: 1.1->[1.2-1.2]   Dedup: 1.2->[]
I20260630 12:16:58.012064 16293 tablet_service.cc:2072] Received LeaderStepDown RPC: tablet_id: "049eeb81766f436082041c97cee9452d"
dest_uuid: "ff1f6037b75143888beba4729f835657"
mode: GRACEFUL
new_leader_uuid: "5635bf44cb86439c94d9f1405064e48d"
 from {username='slave'} at 127.0.0.1:32828
I20260630 12:16:58.012831 16293 raft_consensus.cc:606] T 049eeb81766f436082041c97cee9452d P ff1f6037b75143888beba4729f835657 [term 1 LEADER]: Received request to transfer leadership to TS 5635bf44cb86439c94d9f1405064e48d
I20260630 12:16:58.015120 16293 tablet_service.cc:2072] Received LeaderStepDown RPC: tablet_id: "0720a793448f4d128c7a16cb0470ddbc"
dest_uuid: "ff1f6037b75143888beba4729f835657"
mode: GRACEFUL
new_leader_uuid: "9f8efb00c1934231bbb38dd0974d493c"
 from {username='slave'} at 127.0.0.1:32828
I20260630 12:16:58.015588 16293 raft_consensus.cc:606] T 0720a793448f4d128c7a16cb0470ddbc P ff1f6037b75143888beba4729f835657 [term 1 LEADER]: Received request to transfer leadership to TS 9f8efb00c1934231bbb38dd0974d493c
I20260630 12:16:58.026638 16367 tablet_service.cc:2072] Received LeaderStepDown RPC: tablet_id: "1d0352e5322a42d4aaf16ef213277a00"
dest_uuid: "9f8efb00c1934231bbb38dd0974d493c"
mode: GRACEFUL
new_leader_uuid: "c77c138a63294aa18d5fc31806d48b3d"
 from {username='slave'} at 127.0.0.1:37240
I20260630 12:16:58.027216 16367 raft_consensus.cc:606] T 1d0352e5322a42d4aaf16ef213277a00 P 9f8efb00c1934231bbb38dd0974d493c [term 1 LEADER]: Received request to transfer leadership to TS c77c138a63294aa18d5fc31806d48b3d
I20260630 12:16:58.030193 16293 tablet_service.cc:2072] Received LeaderStepDown RPC: tablet_id: "8bb5c28bc4e34fa98996bb02f18f8405"
dest_uuid: "ff1f6037b75143888beba4729f835657"
mode: GRACEFUL
new_leader_uuid: "5635bf44cb86439c94d9f1405064e48d"
 from {username='slave'} at 127.0.0.1:32828
I20260630 12:16:58.030768 16293 raft_consensus.cc:606] T 8bb5c28bc4e34fa98996bb02f18f8405 P ff1f6037b75143888beba4729f835657 [term 1 LEADER]: Received request to transfer leadership to TS 5635bf44cb86439c94d9f1405064e48d
I20260630 12:16:58.033563 16293 tablet_service.cc:2072] Received LeaderStepDown RPC: tablet_id: "9af36eaa71ce4d5180779d916ba87893"
dest_uuid: "ff1f6037b75143888beba4729f835657"
mode: GRACEFUL
new_leader_uuid: "c77c138a63294aa18d5fc31806d48b3d"
 from {username='slave'} at 127.0.0.1:32828
I20260630 12:16:58.034093 16293 raft_consensus.cc:606] T 9af36eaa71ce4d5180779d916ba87893 P ff1f6037b75143888beba4729f835657 [term 1 LEADER]: Received request to transfer leadership to TS c77c138a63294aa18d5fc31806d48b3d
I20260630 12:16:58.036491 16293 tablet_service.cc:2072] Received LeaderStepDown RPC: tablet_id: "a2ace53bd8c54d17ad2615c0d3f2dcb0"
dest_uuid: "ff1f6037b75143888beba4729f835657"
mode: GRACEFUL
new_leader_uuid: "c77c138a63294aa18d5fc31806d48b3d"
 from {username='slave'} at 127.0.0.1:32828
I20260630 12:16:58.036933 16293 raft_consensus.cc:606] T a2ace53bd8c54d17ad2615c0d3f2dcb0 P ff1f6037b75143888beba4729f835657 [term 2 LEADER]: Received request to transfer leadership to TS c77c138a63294aa18d5fc31806d48b3d
I20260630 12:16:58.039112 16293 tablet_service.cc:2072] Received LeaderStepDown RPC: tablet_id: "bf55a462b2f1479d87627bc01dfbd329"
dest_uuid: "ff1f6037b75143888beba4729f835657"
mode: GRACEFUL
new_leader_uuid: "c77c138a63294aa18d5fc31806d48b3d"
 from {username='slave'} at 127.0.0.1:32828
I20260630 12:16:58.039533 16293 raft_consensus.cc:606] T bf55a462b2f1479d87627bc01dfbd329 P ff1f6037b75143888beba4729f835657 [term 1 LEADER]: Received request to transfer leadership to TS c77c138a63294aa18d5fc31806d48b3d
I20260630 12:16:58.040437 16245 auto_leader_rebalancer.cc:440] table: range_aware_rebalance_new_range, leader rebalance finish, leader transfer count: 7
I20260630 12:16:58.040989 16245 auto_leader_rebalancer.cc:515] All tables' leader rebalancing finished this round
I20260630 12:16:58.101706 16652 raft_consensus.cc:993] T 1d0352e5322a42d4aaf16ef213277a00 P 9f8efb00c1934231bbb38dd0974d493c: : Instructing follower c77c138a63294aa18d5fc31806d48b3d to start an election
I20260630 12:16:58.102245 16496 raft_consensus.cc:1081] T 1d0352e5322a42d4aaf16ef213277a00 P 9f8efb00c1934231bbb38dd0974d493c [term 1 LEADER]: Signalling peer c77c138a63294aa18d5fc31806d48b3d to start an election
I20260630 12:16:58.103663 16440 tablet_service.cc:2044] Received Run Leader Election RPC: tablet_id: "1d0352e5322a42d4aaf16ef213277a00"
dest_uuid: "c77c138a63294aa18d5fc31806d48b3d"
 from {username='slave'} at 127.0.0.1:35866
I20260630 12:16:58.104169 16440 raft_consensus.cc:493] T 1d0352e5322a42d4aaf16ef213277a00 P c77c138a63294aa18d5fc31806d48b3d [term 1 FOLLOWER]: Starting forced leader election (received explicit request)
I20260630 12:16:58.104532 16440 raft_consensus.cc:3060] T 1d0352e5322a42d4aaf16ef213277a00 P c77c138a63294aa18d5fc31806d48b3d [term 1 FOLLOWER]: Advancing to term 2
I20260630 12:16:58.109035 16440 raft_consensus.cc:515] T 1d0352e5322a42d4aaf16ef213277a00 P c77c138a63294aa18d5fc31806d48b3d [term 2 FOLLOWER]: Starting forced leader election with config: opid_index: -1 OBSOLETE_local: false peers { permanent_uuid: "9f8efb00c1934231bbb38dd0974d493c" member_type: VOTER last_known_addr { host: "127.13.5.2" port: 33933 } } peers { permanent_uuid: "ff1f6037b75143888beba4729f835657" member_type: VOTER last_known_addr { host: "127.13.5.1" port: 45513 } } peers { permanent_uuid: "c77c138a63294aa18d5fc31806d48b3d" member_type: VOTER last_known_addr { host: "127.13.5.3" port: 35291 } }
I20260630 12:16:58.110906 16440 leader_election.cc:290] T 1d0352e5322a42d4aaf16ef213277a00 P c77c138a63294aa18d5fc31806d48b3d [CANDIDATE]: Term 2 election: Requested vote from peers 9f8efb00c1934231bbb38dd0974d493c (127.13.5.2:33933), ff1f6037b75143888beba4729f835657 (127.13.5.1:45513)
I20260630 12:16:58.112129 16367 tablet_service.cc:1917] Received RequestConsensusVote() RPC: tablet_id: "1d0352e5322a42d4aaf16ef213277a00" candidate_uuid: "c77c138a63294aa18d5fc31806d48b3d" candidate_term: 2 candidate_status { last_received { term: 1 index: 1 } } ignore_live_leader: true dest_uuid: "9f8efb00c1934231bbb38dd0974d493c"
I20260630 12:16:58.112454 16293 tablet_service.cc:1917] Received RequestConsensusVote() RPC: tablet_id: "1d0352e5322a42d4aaf16ef213277a00" candidate_uuid: "c77c138a63294aa18d5fc31806d48b3d" candidate_term: 2 candidate_status { last_received { term: 1 index: 1 } } ignore_live_leader: true dest_uuid: "ff1f6037b75143888beba4729f835657"
I20260630 12:16:58.112843 16367 raft_consensus.cc:3055] T 1d0352e5322a42d4aaf16ef213277a00 P 9f8efb00c1934231bbb38dd0974d493c [term 1 LEADER]: Stepping down as leader of term 1
I20260630 12:16:58.113538 16367 raft_consensus.cc:740] T 1d0352e5322a42d4aaf16ef213277a00 P 9f8efb00c1934231bbb38dd0974d493c [term 1 LEADER]: Becoming Follower/Learner. State: Replica: 9f8efb00c1934231bbb38dd0974d493c, State: Running, Role: LEADER
I20260630 12:16:58.113597 16293 raft_consensus.cc:3060] T 1d0352e5322a42d4aaf16ef213277a00 P ff1f6037b75143888beba4729f835657 [term 1 FOLLOWER]: Advancing to term 2
I20260630 12:16:58.114435 16367 consensus_queue.cc:260] T 1d0352e5322a42d4aaf16ef213277a00 P 9f8efb00c1934231bbb38dd0974d493c [NON_LEADER]: Queue going to NON_LEADER mode. State: All replicated index: 0, Majority replicated index: 1, Committed index: 1, Last appended: 1.1, Last appended by leader: 1, Current term: 1, Majority size: -1, State: 0, Mode: NON_LEADER, active raft config: opid_index: -1 OBSOLETE_local: false peers { permanent_uuid: "9f8efb00c1934231bbb38dd0974d493c" member_type: VOTER last_known_addr { host: "127.13.5.2" port: 33933 } } peers { permanent_uuid: "ff1f6037b75143888beba4729f835657" member_type: VOTER last_known_addr { host: "127.13.5.1" port: 45513 } } peers { permanent_uuid: "c77c138a63294aa18d5fc31806d48b3d" member_type: VOTER last_known_addr { host: "127.13.5.3" port: 35291 } }
I20260630 12:16:58.115660 16367 raft_consensus.cc:3060] T 1d0352e5322a42d4aaf16ef213277a00 P 9f8efb00c1934231bbb38dd0974d493c [term 1 FOLLOWER]: Advancing to term 2
I20260630 12:16:58.121801 16293 raft_consensus.cc:2468] T 1d0352e5322a42d4aaf16ef213277a00 P ff1f6037b75143888beba4729f835657 [term 2 FOLLOWER]: Leader election vote request: Granting yes vote for candidate c77c138a63294aa18d5fc31806d48b3d in term 2.
I20260630 12:16:58.122539 16367 raft_consensus.cc:2468] T 1d0352e5322a42d4aaf16ef213277a00 P 9f8efb00c1934231bbb38dd0974d493c [term 2 FOLLOWER]: Leader election vote request: Granting yes vote for candidate c77c138a63294aa18d5fc31806d48b3d in term 2.
I20260630 12:16:58.122910 16408 leader_election.cc:304] T 1d0352e5322a42d4aaf16ef213277a00 P c77c138a63294aa18d5fc31806d48b3d [CANDIDATE]: Term 2 election: Election decided. Result: candidate won. Election summary: received 2 responses out of 3 voters: 2 yes votes; 0 no votes. yes voters: c77c138a63294aa18d5fc31806d48b3d, ff1f6037b75143888beba4729f835657; no voters: 
I20260630 12:16:58.123761 16741 raft_consensus.cc:2804] T 1d0352e5322a42d4aaf16ef213277a00 P c77c138a63294aa18d5fc31806d48b3d [term 2 FOLLOWER]: Leader election won for term 2
I20260630 12:16:58.124850 16741 raft_consensus.cc:697] T 1d0352e5322a42d4aaf16ef213277a00 P c77c138a63294aa18d5fc31806d48b3d [term 2 LEADER]: Becoming Leader. State: Replica: c77c138a63294aa18d5fc31806d48b3d, State: Running, Role: LEADER
I20260630 12:16:58.125631 16741 consensus_queue.cc:237] T 1d0352e5322a42d4aaf16ef213277a00 P c77c138a63294aa18d5fc31806d48b3d [LEADER]: Queue going to LEADER mode. State: All replicated index: 0, Majority replicated index: 1, Committed index: 1, Last appended: 1.1, Last appended by leader: 1, Current term: 2, Majority size: 2, State: 0, Mode: LEADER, active raft config: opid_index: -1 OBSOLETE_local: false peers { permanent_uuid: "9f8efb00c1934231bbb38dd0974d493c" member_type: VOTER last_known_addr { host: "127.13.5.2" port: 33933 } } peers { permanent_uuid: "ff1f6037b75143888beba4729f835657" member_type: VOTER last_known_addr { host: "127.13.5.1" port: 45513 } } peers { permanent_uuid: "c77c138a63294aa18d5fc31806d48b3d" member_type: VOTER last_known_addr { host: "127.13.5.3" port: 35291 } }
I20260630 12:16:58.127656 16523 raft_consensus.cc:993] T 9af36eaa71ce4d5180779d916ba87893 P ff1f6037b75143888beba4729f835657: : Instructing follower c77c138a63294aa18d5fc31806d48b3d to start an election
I20260630 12:16:58.128070 16523 raft_consensus.cc:1081] T 9af36eaa71ce4d5180779d916ba87893 P ff1f6037b75143888beba4729f835657 [term 1 LEADER]: Signalling peer c77c138a63294aa18d5fc31806d48b3d to start an election
I20260630 12:16:58.129686 16440 tablet_service.cc:2044] Received Run Leader Election RPC: tablet_id: "9af36eaa71ce4d5180779d916ba87893"
dest_uuid: "c77c138a63294aa18d5fc31806d48b3d"
 from {username='slave'} at 127.0.0.1:35858
I20260630 12:16:58.130193 16440 raft_consensus.cc:493] T 9af36eaa71ce4d5180779d916ba87893 P c77c138a63294aa18d5fc31806d48b3d [term 1 FOLLOWER]: Starting forced leader election (received explicit request)
I20260630 12:16:58.130537 16440 raft_consensus.cc:3060] T 9af36eaa71ce4d5180779d916ba87893 P c77c138a63294aa18d5fc31806d48b3d [term 1 FOLLOWER]: Advancing to term 2
I20260630 12:16:58.137111 16440 raft_consensus.cc:515] T 9af36eaa71ce4d5180779d916ba87893 P c77c138a63294aa18d5fc31806d48b3d [term 2 FOLLOWER]: Starting forced leader election with config: opid_index: 2 OBSOLETE_local: false peers { permanent_uuid: "ff1f6037b75143888beba4729f835657" member_type: VOTER last_known_addr { host: "127.13.5.1" port: 45513 } } peers { permanent_uuid: "c77c138a63294aa18d5fc31806d48b3d" member_type: VOTER last_known_addr { host: "127.13.5.3" port: 35291 } } peers { permanent_uuid: "9f8efb00c1934231bbb38dd0974d493c" member_type: VOTER last_known_addr { host: "127.13.5.2" port: 33933 } attrs { replace: true } } peers { permanent_uuid: "5635bf44cb86439c94d9f1405064e48d" member_type: NON_VOTER last_known_addr { host: "127.13.5.4" port: 34965 } attrs { promote: true } }
I20260630 12:16:58.141824 16367 tablet_service.cc:1917] Received RequestConsensusVote() RPC: tablet_id: "9af36eaa71ce4d5180779d916ba87893" candidate_uuid: "c77c138a63294aa18d5fc31806d48b3d" candidate_term: 2 candidate_status { last_received { term: 1 index: 2 } } ignore_live_leader: true dest_uuid: "9f8efb00c1934231bbb38dd0974d493c"
I20260630 12:16:58.142405 16367 raft_consensus.cc:3060] T 9af36eaa71ce4d5180779d916ba87893 P 9f8efb00c1934231bbb38dd0974d493c [term 1 FOLLOWER]: Advancing to term 2
I20260630 12:16:58.143524 16293 tablet_service.cc:1917] Received RequestConsensusVote() RPC: tablet_id: "9af36eaa71ce4d5180779d916ba87893" candidate_uuid: "c77c138a63294aa18d5fc31806d48b3d" candidate_term: 2 candidate_status { last_received { term: 1 index: 2 } } ignore_live_leader: true dest_uuid: "ff1f6037b75143888beba4729f835657"
I20260630 12:16:58.144152 16192 catalog_manager.cc:5697] T 1d0352e5322a42d4aaf16ef213277a00 P c77c138a63294aa18d5fc31806d48b3d reported cstate change: term changed from 1 to 2, leader changed from 9f8efb00c1934231bbb38dd0974d493c (127.13.5.2) to c77c138a63294aa18d5fc31806d48b3d (127.13.5.3). New cstate: current_term: 2 leader_uuid: "c77c138a63294aa18d5fc31806d48b3d" committed_config { opid_index: -1 OBSOLETE_local: false peers { permanent_uuid: "9f8efb00c1934231bbb38dd0974d493c" member_type: VOTER last_known_addr { host: "127.13.5.2" port: 33933 } health_report { overall_health: UNKNOWN } } peers { permanent_uuid: "ff1f6037b75143888beba4729f835657" member_type: VOTER last_known_addr { host: "127.13.5.1" port: 45513 } health_report { overall_health: UNKNOWN } } peers { permanent_uuid: "c77c138a63294aa18d5fc31806d48b3d" member_type: VOTER last_known_addr { host: "127.13.5.3" port: 35291 } health_report { overall_health: HEALTHY } } }
I20260630 12:16:58.144841 16606 raft_consensus.cc:1217] T 9af36eaa71ce4d5180779d916ba87893 P 5635bf44cb86439c94d9f1405064e48d [term 1 LEARNER]: Deduplicated request from leader. Original: 1.1->[1.2-1.2]   Dedup: 1.2->[]
I20260630 12:16:58.144155 16293 raft_consensus.cc:3055] T 9af36eaa71ce4d5180779d916ba87893 P ff1f6037b75143888beba4729f835657 [term 1 LEADER]: Stepping down as leader of term 1
I20260630 12:16:58.148669 16293 raft_consensus.cc:740] T 9af36eaa71ce4d5180779d916ba87893 P ff1f6037b75143888beba4729f835657 [term 1 LEADER]: Becoming Follower/Learner. State: Replica: ff1f6037b75143888beba4729f835657, State: Running, Role: LEADER
I20260630 12:16:58.149626 16293 consensus_queue.cc:260] T 9af36eaa71ce4d5180779d916ba87893 P ff1f6037b75143888beba4729f835657 [NON_LEADER]: Queue going to NON_LEADER mode. State: All replicated index: 0, Majority replicated index: 2, Committed index: 2, Last appended: 1.2, Last appended by leader: 2, Current term: 1, Majority size: -1, State: 0, Mode: NON_LEADER, active raft config: opid_index: 2 OBSOLETE_local: false peers { permanent_uuid: "ff1f6037b75143888beba4729f835657" member_type: VOTER last_known_addr { host: "127.13.5.1" port: 45513 } } peers { permanent_uuid: "c77c138a63294aa18d5fc31806d48b3d" member_type: VOTER last_known_addr { host: "127.13.5.3" port: 35291 } } peers { permanent_uuid: "9f8efb00c1934231bbb38dd0974d493c" member_type: VOTER last_known_addr { host: "127.13.5.2" port: 33933 } attrs { replace: true } } peers { permanent_uuid: "5635bf44cb86439c94d9f1405064e48d" member_type: NON_VOTER last_known_addr { host: "127.13.5.4" port: 34965 } attrs { promote: true } }
I20260630 12:16:58.151180 16293 raft_consensus.cc:3060] T 9af36eaa71ce4d5180779d916ba87893 P ff1f6037b75143888beba4729f835657 [term 1 FOLLOWER]: Advancing to term 2
I20260630 12:16:58.157389 16293 raft_consensus.cc:2468] T 9af36eaa71ce4d5180779d916ba87893 P ff1f6037b75143888beba4729f835657 [term 2 FOLLOWER]: Leader election vote request: Granting yes vote for candidate c77c138a63294aa18d5fc31806d48b3d in term 2.
I20260630 12:16:58.159368 16408 leader_election.cc:304] T 9af36eaa71ce4d5180779d916ba87893 P c77c138a63294aa18d5fc31806d48b3d [CANDIDATE]: Term 2 election: Election decided. Result: candidate won. Election summary: received 2 responses out of 3 voters: 2 yes votes; 0 no votes. yes voters: c77c138a63294aa18d5fc31806d48b3d, ff1f6037b75143888beba4729f835657; no voters: 
I20260630 12:16:58.160046 16606 raft_consensus.cc:1217] T 933754c05bd6475698336642b80a43c7 P 5635bf44cb86439c94d9f1405064e48d [term 1 LEARNER]: Deduplicated request from leader. Original: 1.1->[1.2-1.2]   Dedup: 1.2->[]
I20260630 12:16:58.160259 16741 raft_consensus.cc:2804] T 9af36eaa71ce4d5180779d916ba87893 P c77c138a63294aa18d5fc31806d48b3d [term 2 FOLLOWER]: Leader election won for term 2
I20260630 12:16:58.160771 16741 raft_consensus.cc:697] T 9af36eaa71ce4d5180779d916ba87893 P c77c138a63294aa18d5fc31806d48b3d [term 2 LEADER]: Becoming Leader. State: Replica: c77c138a63294aa18d5fc31806d48b3d, State: Running, Role: LEADER
I20260630 12:16:58.161594 16741 consensus_queue.cc:237] T 9af36eaa71ce4d5180779d916ba87893 P c77c138a63294aa18d5fc31806d48b3d [LEADER]: Queue going to LEADER mode. State: All replicated index: 0, Majority replicated index: 2, Committed index: 2, Last appended: 1.2, Last appended by leader: 2, Current term: 2, Majority size: 2, State: 0, Mode: LEADER, active raft config: opid_index: 2 OBSOLETE_local: false peers { permanent_uuid: "ff1f6037b75143888beba4729f835657" member_type: VOTER last_known_addr { host: "127.13.5.1" port: 45513 } } peers { permanent_uuid: "c77c138a63294aa18d5fc31806d48b3d" member_type: VOTER last_known_addr { host: "127.13.5.3" port: 35291 } } peers { permanent_uuid: "9f8efb00c1934231bbb38dd0974d493c" member_type: VOTER last_known_addr { host: "127.13.5.2" port: 33933 } attrs { replace: true } } peers { permanent_uuid: "5635bf44cb86439c94d9f1405064e48d" member_type: NON_VOTER last_known_addr { host: "127.13.5.4" port: 34965 } attrs { promote: true } }
I20260630 12:16:58.164456 16440 leader_election.cc:290] T 9af36eaa71ce4d5180779d916ba87893 P c77c138a63294aa18d5fc31806d48b3d [CANDIDATE]: Term 2 election: Requested vote from peers ff1f6037b75143888beba4729f835657 (127.13.5.1:45513), 9f8efb00c1934231bbb38dd0974d493c (127.13.5.2:33933)
I20260630 12:16:58.167341 16367 raft_consensus.cc:2468] T 9af36eaa71ce4d5180779d916ba87893 P 9f8efb00c1934231bbb38dd0974d493c [term 2 FOLLOWER]: Leader election vote request: Granting yes vote for candidate c77c138a63294aa18d5fc31806d48b3d in term 2.
I20260630 12:16:58.173513 16190 catalog_manager.cc:5697] T 9af36eaa71ce4d5180779d916ba87893 P c77c138a63294aa18d5fc31806d48b3d reported cstate change: term changed from 1 to 2, leader changed from ff1f6037b75143888beba4729f835657 (127.13.5.1) to c77c138a63294aa18d5fc31806d48b3d (127.13.5.3). New cstate: current_term: 2 leader_uuid: "c77c138a63294aa18d5fc31806d48b3d" committed_config { opid_index: 2 OBSOLETE_local: false peers { permanent_uuid: "ff1f6037b75143888beba4729f835657" member_type: VOTER last_known_addr { host: "127.13.5.1" port: 45513 } health_report { overall_health: UNKNOWN } } peers { permanent_uuid: "c77c138a63294aa18d5fc31806d48b3d" member_type: VOTER last_known_addr { host: "127.13.5.3" port: 35291 } health_report { overall_health: HEALTHY } } peers { permanent_uuid: "9f8efb00c1934231bbb38dd0974d493c" member_type: VOTER last_known_addr { host: "127.13.5.2" port: 33933 } attrs { replace: true } health_report { overall_health: UNKNOWN } } peers { permanent_uuid: "5635bf44cb86439c94d9f1405064e48d" member_type: NON_VOTER last_known_addr { host: "127.13.5.4" port: 34965 } attrs { promote: true } health_report { overall_health: UNKNOWN } } }
I20260630 12:16:58.178412 16523 raft_consensus.cc:993] T a2ace53bd8c54d17ad2615c0d3f2dcb0 P ff1f6037b75143888beba4729f835657: : Instructing follower c77c138a63294aa18d5fc31806d48b3d to start an election
I20260630 12:16:58.178879 16650 raft_consensus.cc:1081] T a2ace53bd8c54d17ad2615c0d3f2dcb0 P ff1f6037b75143888beba4729f835657 [term 2 LEADER]: Signalling peer c77c138a63294aa18d5fc31806d48b3d to start an election
I20260630 12:16:58.180521 16440 tablet_service.cc:2044] Received Run Leader Election RPC: tablet_id: "a2ace53bd8c54d17ad2615c0d3f2dcb0"
dest_uuid: "c77c138a63294aa18d5fc31806d48b3d"
 from {username='slave'} at 127.0.0.1:35858
I20260630 12:16:58.181569 16440 raft_consensus.cc:493] T a2ace53bd8c54d17ad2615c0d3f2dcb0 P c77c138a63294aa18d5fc31806d48b3d [term 2 FOLLOWER]: Starting forced leader election (received explicit request)
I20260630 12:16:58.181936 16440 raft_consensus.cc:3060] T a2ace53bd8c54d17ad2615c0d3f2dcb0 P c77c138a63294aa18d5fc31806d48b3d [term 2 FOLLOWER]: Advancing to term 3
I20260630 12:16:58.186961 16440 raft_consensus.cc:515] T a2ace53bd8c54d17ad2615c0d3f2dcb0 P c77c138a63294aa18d5fc31806d48b3d [term 3 FOLLOWER]: Starting forced leader election with config: opid_index: -1 OBSOLETE_local: false peers { permanent_uuid: "ff1f6037b75143888beba4729f835657" member_type: VOTER last_known_addr { host: "127.13.5.1" port: 45513 } } peers { permanent_uuid: "9f8efb00c1934231bbb38dd0974d493c" member_type: VOTER last_known_addr { host: "127.13.5.2" port: 33933 } } peers { permanent_uuid: "c77c138a63294aa18d5fc31806d48b3d" member_type: VOTER last_known_addr { host: "127.13.5.3" port: 35291 } }
I20260630 12:16:58.188519 16440 leader_election.cc:290] T a2ace53bd8c54d17ad2615c0d3f2dcb0 P c77c138a63294aa18d5fc31806d48b3d [CANDIDATE]: Term 3 election: Requested vote from peers ff1f6037b75143888beba4729f835657 (127.13.5.1:45513), 9f8efb00c1934231bbb38dd0974d493c (127.13.5.2:33933)
I20260630 12:16:58.189323 16293 tablet_service.cc:1917] Received RequestConsensusVote() RPC: tablet_id: "a2ace53bd8c54d17ad2615c0d3f2dcb0" candidate_uuid: "c77c138a63294aa18d5fc31806d48b3d" candidate_term: 3 candidate_status { last_received { term: 2 index: 1 } } ignore_live_leader: true dest_uuid: "ff1f6037b75143888beba4729f835657"
I20260630 12:16:58.189534 16367 tablet_service.cc:1917] Received RequestConsensusVote() RPC: tablet_id: "a2ace53bd8c54d17ad2615c0d3f2dcb0" candidate_uuid: "c77c138a63294aa18d5fc31806d48b3d" candidate_term: 3 candidate_status { last_received { term: 2 index: 1 } } ignore_live_leader: true dest_uuid: "9f8efb00c1934231bbb38dd0974d493c"
I20260630 12:16:58.190011 16293 raft_consensus.cc:3055] T a2ace53bd8c54d17ad2615c0d3f2dcb0 P ff1f6037b75143888beba4729f835657 [term 2 LEADER]: Stepping down as leader of term 2
I20260630 12:16:58.190141 16367 raft_consensus.cc:3060] T a2ace53bd8c54d17ad2615c0d3f2dcb0 P 9f8efb00c1934231bbb38dd0974d493c [term 2 FOLLOWER]: Advancing to term 3
I20260630 12:16:58.190394 16293 raft_consensus.cc:740] T a2ace53bd8c54d17ad2615c0d3f2dcb0 P ff1f6037b75143888beba4729f835657 [term 2 LEADER]: Becoming Follower/Learner. State: Replica: ff1f6037b75143888beba4729f835657, State: Running, Role: LEADER
I20260630 12:16:58.191217 16293 consensus_queue.cc:260] T a2ace53bd8c54d17ad2615c0d3f2dcb0 P ff1f6037b75143888beba4729f835657 [NON_LEADER]: Queue going to NON_LEADER mode. State: All replicated index: 0, Majority replicated index: 1, Committed index: 1, Last appended: 2.1, Last appended by leader: 1, Current term: 2, Majority size: -1, State: 0, Mode: NON_LEADER, active raft config: opid_index: -1 OBSOLETE_local: false peers { permanent_uuid: "ff1f6037b75143888beba4729f835657" member_type: VOTER last_known_addr { host: "127.13.5.1" port: 45513 } } peers { permanent_uuid: "9f8efb00c1934231bbb38dd0974d493c" member_type: VOTER last_known_addr { host: "127.13.5.2" port: 33933 } } peers { permanent_uuid: "c77c138a63294aa18d5fc31806d48b3d" member_type: VOTER last_known_addr { host: "127.13.5.3" port: 35291 } }
I20260630 12:16:58.192456 16293 raft_consensus.cc:3060] T a2ace53bd8c54d17ad2615c0d3f2dcb0 P ff1f6037b75143888beba4729f835657 [term 2 FOLLOWER]: Advancing to term 3
I20260630 12:16:58.196139 16523 raft_consensus.cc:993] T 8bb5c28bc4e34fa98996bb02f18f8405 P ff1f6037b75143888beba4729f835657: : Instructing follower 5635bf44cb86439c94d9f1405064e48d to start an election
I20260630 12:16:58.196090 16367 raft_consensus.cc:2468] T a2ace53bd8c54d17ad2615c0d3f2dcb0 P 9f8efb00c1934231bbb38dd0974d493c [term 3 FOLLOWER]: Leader election vote request: Granting yes vote for candidate c77c138a63294aa18d5fc31806d48b3d in term 3.
I20260630 12:16:58.196637 16523 raft_consensus.cc:1081] T 8bb5c28bc4e34fa98996bb02f18f8405 P ff1f6037b75143888beba4729f835657 [term 1 LEADER]: Signalling peer 5635bf44cb86439c94d9f1405064e48d to start an election
I20260630 12:16:58.197423 16407 leader_election.cc:304] T a2ace53bd8c54d17ad2615c0d3f2dcb0 P c77c138a63294aa18d5fc31806d48b3d [CANDIDATE]: Term 3 election: Election decided. Result: candidate won. Election summary: received 2 responses out of 3 voters: 2 yes votes; 0 no votes. yes voters: 9f8efb00c1934231bbb38dd0974d493c, c77c138a63294aa18d5fc31806d48b3d; no voters: 
I20260630 12:16:58.198318 16605 tablet_service.cc:2044] Received Run Leader Election RPC: tablet_id: "8bb5c28bc4e34fa98996bb02f18f8405"
dest_uuid: "5635bf44cb86439c94d9f1405064e48d"
 from {username='slave'} at 127.0.0.1:33512
I20260630 12:16:58.198845 16605 raft_consensus.cc:493] T 8bb5c28bc4e34fa98996bb02f18f8405 P 5635bf44cb86439c94d9f1405064e48d [term 1 FOLLOWER]: Starting forced leader election (received explicit request)
I20260630 12:16:58.199038 16293 raft_consensus.cc:2468] T a2ace53bd8c54d17ad2615c0d3f2dcb0 P ff1f6037b75143888beba4729f835657 [term 3 FOLLOWER]: Leader election vote request: Granting yes vote for candidate c77c138a63294aa18d5fc31806d48b3d in term 3.
I20260630 12:16:58.199149 16605 raft_consensus.cc:3060] T 8bb5c28bc4e34fa98996bb02f18f8405 P 5635bf44cb86439c94d9f1405064e48d [term 1 FOLLOWER]: Advancing to term 2
I20260630 12:16:58.199926 16741 raft_consensus.cc:2804] T a2ace53bd8c54d17ad2615c0d3f2dcb0 P c77c138a63294aa18d5fc31806d48b3d [term 3 FOLLOWER]: Leader election won for term 3
I20260630 12:16:58.200415 16741 raft_consensus.cc:697] T a2ace53bd8c54d17ad2615c0d3f2dcb0 P c77c138a63294aa18d5fc31806d48b3d [term 3 LEADER]: Becoming Leader. State: Replica: c77c138a63294aa18d5fc31806d48b3d, State: Running, Role: LEADER
I20260630 12:16:58.201162 16741 consensus_queue.cc:237] T a2ace53bd8c54d17ad2615c0d3f2dcb0 P c77c138a63294aa18d5fc31806d48b3d [LEADER]: Queue going to LEADER mode. State: All replicated index: 0, Majority replicated index: 1, Committed index: 1, Last appended: 2.1, Last appended by leader: 1, Current term: 3, Majority size: 2, State: 0, Mode: LEADER, active raft config: opid_index: -1 OBSOLETE_local: false peers { permanent_uuid: "ff1f6037b75143888beba4729f835657" member_type: VOTER last_known_addr { host: "127.13.5.1" port: 45513 } } peers { permanent_uuid: "9f8efb00c1934231bbb38dd0974d493c" member_type: VOTER last_known_addr { host: "127.13.5.2" port: 33933 } } peers { permanent_uuid: "c77c138a63294aa18d5fc31806d48b3d" member_type: VOTER last_known_addr { host: "127.13.5.3" port: 35291 } }
I20260630 12:16:58.205704 16605 raft_consensus.cc:515] T 8bb5c28bc4e34fa98996bb02f18f8405 P 5635bf44cb86439c94d9f1405064e48d [term 2 FOLLOWER]: Starting forced leader election with config: opid_index: -1 OBSOLETE_local: false peers { permanent_uuid: "c77c138a63294aa18d5fc31806d48b3d" member_type: VOTER last_known_addr { host: "127.13.5.3" port: 35291 } } peers { permanent_uuid: "5635bf44cb86439c94d9f1405064e48d" member_type: VOTER last_known_addr { host: "127.13.5.4" port: 34965 } } peers { permanent_uuid: "ff1f6037b75143888beba4729f835657" member_type: VOTER last_known_addr { host: "127.13.5.1" port: 45513 } }
I20260630 12:16:58.208294 16440 tablet_service.cc:1917] Received RequestConsensusVote() RPC: tablet_id: "8bb5c28bc4e34fa98996bb02f18f8405" candidate_uuid: "5635bf44cb86439c94d9f1405064e48d" candidate_term: 2 candidate_status { last_received { term: 1 index: 1 } } ignore_live_leader: true dest_uuid: "c77c138a63294aa18d5fc31806d48b3d"
I20260630 12:16:58.208626 16293 tablet_service.cc:1917] Received RequestConsensusVote() RPC: tablet_id: "8bb5c28bc4e34fa98996bb02f18f8405" candidate_uuid: "5635bf44cb86439c94d9f1405064e48d" candidate_term: 2 candidate_status { last_received { term: 1 index: 1 } } ignore_live_leader: true dest_uuid: "ff1f6037b75143888beba4729f835657"
I20260630 12:16:58.208886 16440 raft_consensus.cc:3060] T 8bb5c28bc4e34fa98996bb02f18f8405 P c77c138a63294aa18d5fc31806d48b3d [term 1 FOLLOWER]: Advancing to term 2
I20260630 12:16:58.209194 16293 raft_consensus.cc:3055] T 8bb5c28bc4e34fa98996bb02f18f8405 P ff1f6037b75143888beba4729f835657 [term 1 LEADER]: Stepping down as leader of term 1
I20260630 12:16:58.209553 16293 raft_consensus.cc:740] T 8bb5c28bc4e34fa98996bb02f18f8405 P ff1f6037b75143888beba4729f835657 [term 1 LEADER]: Becoming Follower/Learner. State: Replica: ff1f6037b75143888beba4729f835657, State: Running, Role: LEADER
I20260630 12:16:58.210461 16293 consensus_queue.cc:260] T 8bb5c28bc4e34fa98996bb02f18f8405 P ff1f6037b75143888beba4729f835657 [NON_LEADER]: Queue going to NON_LEADER mode. State: All replicated index: 0, Majority replicated index: 1, Committed index: 1, Last appended: 1.1, Last appended by leader: 1, Current term: 1, Majority size: -1, State: 0, Mode: NON_LEADER, active raft config: opid_index: -1 OBSOLETE_local: false peers { permanent_uuid: "c77c138a63294aa18d5fc31806d48b3d" member_type: VOTER last_known_addr { host: "127.13.5.3" port: 35291 } } peers { permanent_uuid: "5635bf44cb86439c94d9f1405064e48d" member_type: VOTER last_known_addr { host: "127.13.5.4" port: 34965 } } peers { permanent_uuid: "ff1f6037b75143888beba4729f835657" member_type: VOTER last_known_addr { host: "127.13.5.1" port: 45513 } }
I20260630 12:16:58.211504 16293 raft_consensus.cc:3060] T 8bb5c28bc4e34fa98996bb02f18f8405 P ff1f6037b75143888beba4729f835657 [term 1 FOLLOWER]: Advancing to term 2
I20260630 12:16:58.215903 16440 raft_consensus.cc:2468] T 8bb5c28bc4e34fa98996bb02f18f8405 P c77c138a63294aa18d5fc31806d48b3d [term 2 FOLLOWER]: Leader election vote request: Granting yes vote for candidate 5635bf44cb86439c94d9f1405064e48d in term 2.
I20260630 12:16:58.216094 16605 leader_election.cc:290] T 8bb5c28bc4e34fa98996bb02f18f8405 P 5635bf44cb86439c94d9f1405064e48d [CANDIDATE]: Term 2 election: Requested vote from peers c77c138a63294aa18d5fc31806d48b3d (127.13.5.3:35291), ff1f6037b75143888beba4729f835657 (127.13.5.1:45513)
I20260630 12:16:58.217214 16573 leader_election.cc:304] T 8bb5c28bc4e34fa98996bb02f18f8405 P 5635bf44cb86439c94d9f1405064e48d [CANDIDATE]: Term 2 election: Election decided. Result: candidate won. Election summary: received 2 responses out of 3 voters: 2 yes votes; 0 no votes. yes voters: 5635bf44cb86439c94d9f1405064e48d, c77c138a63294aa18d5fc31806d48b3d; no voters: 
I20260630 12:16:58.218032 16695 raft_consensus.cc:2804] T 8bb5c28bc4e34fa98996bb02f18f8405 P 5635bf44cb86439c94d9f1405064e48d [term 2 FOLLOWER]: Leader election won for term 2
I20260630 12:16:58.219846 16293 raft_consensus.cc:2468] T 8bb5c28bc4e34fa98996bb02f18f8405 P ff1f6037b75143888beba4729f835657 [term 2 FOLLOWER]: Leader election vote request: Granting yes vote for candidate 5635bf44cb86439c94d9f1405064e48d in term 2.
I20260630 12:16:58.222945 16695 raft_consensus.cc:697] T 8bb5c28bc4e34fa98996bb02f18f8405 P 5635bf44cb86439c94d9f1405064e48d [term 2 LEADER]: Becoming Leader. State: Replica: 5635bf44cb86439c94d9f1405064e48d, State: Running, Role: LEADER
I20260630 12:16:58.224478 16695 consensus_queue.cc:237] T 8bb5c28bc4e34fa98996bb02f18f8405 P 5635bf44cb86439c94d9f1405064e48d [LEADER]: Queue going to LEADER mode. State: All replicated index: 0, Majority replicated index: 1, Committed index: 1, Last appended: 1.1, Last appended by leader: 1, Current term: 2, Majority size: 2, State: 0, Mode: LEADER, active raft config: opid_index: -1 OBSOLETE_local: false peers { permanent_uuid: "c77c138a63294aa18d5fc31806d48b3d" member_type: VOTER last_known_addr { host: "127.13.5.3" port: 35291 } } peers { permanent_uuid: "5635bf44cb86439c94d9f1405064e48d" member_type: VOTER last_known_addr { host: "127.13.5.4" port: 34965 } } peers { permanent_uuid: "ff1f6037b75143888beba4729f835657" member_type: VOTER last_known_addr { host: "127.13.5.1" port: 45513 } }
I20260630 12:16:58.226752 16190 catalog_manager.cc:5697] T a2ace53bd8c54d17ad2615c0d3f2dcb0 P c77c138a63294aa18d5fc31806d48b3d reported cstate change: term changed from 2 to 3, leader changed from ff1f6037b75143888beba4729f835657 (127.13.5.1) to c77c138a63294aa18d5fc31806d48b3d (127.13.5.3). New cstate: current_term: 3 leader_uuid: "c77c138a63294aa18d5fc31806d48b3d" committed_config { opid_index: -1 OBSOLETE_local: false peers { permanent_uuid: "ff1f6037b75143888beba4729f835657" member_type: VOTER last_known_addr { host: "127.13.5.1" port: 45513 } health_report { overall_health: UNKNOWN } } peers { permanent_uuid: "9f8efb00c1934231bbb38dd0974d493c" member_type: VOTER last_known_addr { host: "127.13.5.2" port: 33933 } health_report { overall_health: UNKNOWN } } peers { permanent_uuid: "c77c138a63294aa18d5fc31806d48b3d" member_type: VOTER last_known_addr { host: "127.13.5.3" port: 35291 } health_report { overall_health: HEALTHY } } }
I20260630 12:16:58.231592 16189 catalog_manager.cc:5697] T 8bb5c28bc4e34fa98996bb02f18f8405 P 5635bf44cb86439c94d9f1405064e48d reported cstate change: term changed from 1 to 2, leader changed from ff1f6037b75143888beba4729f835657 (127.13.5.1) to 5635bf44cb86439c94d9f1405064e48d (127.13.5.4). New cstate: current_term: 2 leader_uuid: "5635bf44cb86439c94d9f1405064e48d" committed_config { opid_index: -1 OBSOLETE_local: false peers { permanent_uuid: "c77c138a63294aa18d5fc31806d48b3d" member_type: VOTER last_known_addr { host: "127.13.5.3" port: 35291 } health_report { overall_health: UNKNOWN } } peers { permanent_uuid: "5635bf44cb86439c94d9f1405064e48d" member_type: VOTER last_known_addr { host: "127.13.5.4" port: 34965 } health_report { overall_health: HEALTHY } } peers { permanent_uuid: "ff1f6037b75143888beba4729f835657" member_type: VOTER last_known_addr { host: "127.13.5.1" port: 45513 } health_report { overall_health: UNKNOWN } } }
I20260630 12:16:58.335033 16605 raft_consensus.cc:1217] T 2730baa595e9463a8596e73a354ffe9d P 5635bf44cb86439c94d9f1405064e48d [term 1 LEARNER]: Deduplicated request from leader. Original: 1.1->[1.2-1.2]   Dedup: 1.2->[]
I20260630 12:16:58.366003 16650 raft_consensus.cc:1064] T bf55a462b2f1479d87627bc01dfbd329 P ff1f6037b75143888beba4729f835657: attempting to promote NON_VOTER 5635bf44cb86439c94d9f1405064e48d to VOTER
W20260630 12:16:58.366372 16650 raft_consensus.cc:1068] T bf55a462b2f1479d87627bc01dfbd329 P ff1f6037b75143888beba4729f835657: Unable to promote non-voter 5635bf44cb86439c94d9f1405064e48d: Service unavailable: leader transfer in progress
I20260630 12:16:58.383285 16524 raft_consensus.cc:993] T 049eeb81766f436082041c97cee9452d P ff1f6037b75143888beba4729f835657: : Instructing follower 5635bf44cb86439c94d9f1405064e48d to start an election
I20260630 12:16:58.383814 16650 raft_consensus.cc:1081] T 049eeb81766f436082041c97cee9452d P ff1f6037b75143888beba4729f835657 [term 1 LEADER]: Signalling peer 5635bf44cb86439c94d9f1405064e48d to start an election
I20260630 12:16:58.385532 16605 tablet_service.cc:2044] Received Run Leader Election RPC: tablet_id: "049eeb81766f436082041c97cee9452d"
dest_uuid: "5635bf44cb86439c94d9f1405064e48d"
 from {username='slave'} at 127.0.0.1:33512
I20260630 12:16:58.386144 16605 raft_consensus.cc:493] T 049eeb81766f436082041c97cee9452d P 5635bf44cb86439c94d9f1405064e48d [term 1 FOLLOWER]: Starting forced leader election (received explicit request)
I20260630 12:16:58.386564 16605 raft_consensus.cc:3060] T 049eeb81766f436082041c97cee9452d P 5635bf44cb86439c94d9f1405064e48d [term 1 FOLLOWER]: Advancing to term 2
I20260630 12:16:58.393862 16605 raft_consensus.cc:515] T 049eeb81766f436082041c97cee9452d P 5635bf44cb86439c94d9f1405064e48d [term 2 FOLLOWER]: Starting forced leader election with config: opid_index: -1 OBSOLETE_local: false peers { permanent_uuid: "5635bf44cb86439c94d9f1405064e48d" member_type: VOTER last_known_addr { host: "127.13.5.4" port: 34965 } } peers { permanent_uuid: "c77c138a63294aa18d5fc31806d48b3d" member_type: VOTER last_known_addr { host: "127.13.5.3" port: 35291 } } peers { permanent_uuid: "ff1f6037b75143888beba4729f835657" member_type: VOTER last_known_addr { host: "127.13.5.1" port: 45513 } }
I20260630 12:16:58.395946 16605 leader_election.cc:290] T 049eeb81766f436082041c97cee9452d P 5635bf44cb86439c94d9f1405064e48d [CANDIDATE]: Term 2 election: Requested vote from peers c77c138a63294aa18d5fc31806d48b3d (127.13.5.3:35291), ff1f6037b75143888beba4729f835657 (127.13.5.1:45513)
I20260630 12:16:58.396485 16440 tablet_service.cc:1917] Received RequestConsensusVote() RPC: tablet_id: "049eeb81766f436082041c97cee9452d" candidate_uuid: "5635bf44cb86439c94d9f1405064e48d" candidate_term: 2 candidate_status { last_received { term: 1 index: 1 } } ignore_live_leader: true dest_uuid: "c77c138a63294aa18d5fc31806d48b3d"
I20260630 12:16:58.396874 16293 tablet_service.cc:1917] Received RequestConsensusVote() RPC: tablet_id: "049eeb81766f436082041c97cee9452d" candidate_uuid: "5635bf44cb86439c94d9f1405064e48d" candidate_term: 2 candidate_status { last_received { term: 1 index: 1 } } ignore_live_leader: true dest_uuid: "ff1f6037b75143888beba4729f835657"
I20260630 12:16:58.397058 16440 raft_consensus.cc:3060] T 049eeb81766f436082041c97cee9452d P c77c138a63294aa18d5fc31806d48b3d [term 1 FOLLOWER]: Advancing to term 2
I20260630 12:16:58.397429 16293 raft_consensus.cc:3055] T 049eeb81766f436082041c97cee9452d P ff1f6037b75143888beba4729f835657 [term 1 LEADER]: Stepping down as leader of term 1
I20260630 12:16:58.397800 16293 raft_consensus.cc:740] T 049eeb81766f436082041c97cee9452d P ff1f6037b75143888beba4729f835657 [term 1 LEADER]: Becoming Follower/Learner. State: Replica: ff1f6037b75143888beba4729f835657, State: Running, Role: LEADER
