W20260630 12:15:35.664505 13903 instance_detector.cc:116] could not retrieve Azure instance metadata: Network error: curl error: HTTP response code said error: The requested URL returned error: 404
I20260630 12:15:35.664793 13361 server_base.cc:1061] running on GCE node
I20260630 12:15:35.665525 13361 hybrid_clock.cc:584] initializing the hybrid clock with 'system_unsync' time source
W20260630 12:15:35.665697 13361 system_unsync_time.cc:38] NTP support is disabled. Clock error bounds will not be accurate. This configuration is not suitable for distributed clusters.
I20260630 12:15:35.665845 13361 hybrid_clock.cc:648] HybridClock initialized: now 1782821735665829 us; error 0 us; skew 500 ppm
I20260630 12:15:35.666285 13361 server_base.cc:861] Flag tcmalloc_max_total_thread_cache_bytes is not working since tcmalloc is not enabled.
I20260630 12:15:35.668247 13361 webserver.cc:533] Webserver started at http://127.13.12.126:37599/ using document root <none> and password file <none>
I20260630 12:15:35.668658 13361 fs_manager.cc:362] Metadata directory not provided
I20260630 12:15:35.668828 13361 fs_manager.cc:368] Using write-ahead log directory (fs_wal_dir) as metadata directory
I20260630 12:15:35.669067 13361 server_base.cc:909] This appears to be a new deployment of Kudu; creating new FS layout
I20260630 12:15:35.669992 13361 fs_manager.cc:1068] Generated new instance metadata in path /tmp/dist-test-taskxrn1na/test-tmp/auto_rebalancer-test.0.AutoRebalancerTest.AutoRebalancingTurnOffAndOn.1782821728719594-13361-0/minicluster-data/master-0-root/instance:
uuid: "04d38fce7b4a471082524e3ac70c906e"
format_stamp: "Formatted at 2026-06-30 12:15:35 on dist-test-slave-7v3c"
I20260630 12:15:35.673852 13361 fs_manager.cc:696] Time spent creating directory manager: real 0.003s	user 0.000s	sys 0.005s
I20260630 12:15:35.676605 13910 log_block_manager.cc:4031] Time spent loading block containers with low live blocks: real 0.000s	user 0.000s	sys 0.000s
I20260630 12:15:35.677225 13361 fs_manager.cc:730] Time spent opening block manager: real 0.002s	user 0.000s	sys 0.003s
I20260630 12:15:35.677466 13361 fs_manager.cc:647] Opened local filesystem: /tmp/dist-test-taskxrn1na/test-tmp/auto_rebalancer-test.0.AutoRebalancerTest.AutoRebalancingTurnOffAndOn.1782821728719594-13361-0/minicluster-data/master-0-root
uuid: "04d38fce7b4a471082524e3ac70c906e"
format_stamp: "Formatted at 2026-06-30 12:15:35 on dist-test-slave-7v3c"
I20260630 12:15:35.677699 13361 fs_report.cc:389] FS layout report
--------------------
wal directory: /tmp/dist-test-taskxrn1na/test-tmp/auto_rebalancer-test.0.AutoRebalancerTest.AutoRebalancingTurnOffAndOn.1782821728719594-13361-0/minicluster-data/master-0-root
metadata directory: /tmp/dist-test-taskxrn1na/test-tmp/auto_rebalancer-test.0.AutoRebalancerTest.AutoRebalancingTurnOffAndOn.1782821728719594-13361-0/minicluster-data/master-0-root
1 data directories: /tmp/dist-test-taskxrn1na/test-tmp/auto_rebalancer-test.0.AutoRebalancerTest.AutoRebalancingTurnOffAndOn.1782821728719594-13361-0/minicluster-data/master-0-root/data
Total live blocks: 0
Total live bytes: 0
Total live bytes (after alignment): 0
Total number of LBM containers: 0 (0 full)
Did not check for missing blocks
Did not check for orphaned blocks
Total full LBM containers with extra space: 0 (0 repaired)
Total full LBM container extra space in bytes: 0 (0 repaired)
Total incomplete LBM containers: 0 (0 repaired)
Total LBM partial records: 0 (0 repaired)
Total corrupted LBM metadata records in RocksDB: 0 (0 repaired)
I20260630 12:15:35.689991 13361 rpc_server.cc:225] running with OpenSSL 1.1.1  11 Sep 2018
I20260630 12:15:35.690788 13361 kserver.cc:163] Server-wide thread pool size limit: 3276
I20260630 12:15:35.721165 13361 rpc_server.cc:307] RPC server started. Bound to: 127.13.12.126:33563
I20260630 12:15:35.721256 13961 acceptor_pool.cc:272] collecting diagnostics on the listening RPC socket 127.13.12.126:33563 every 8 connection(s)
I20260630 12:15:35.724539 13962 data_dirs.cc:400] Could only allocate 1 dirs of requested 3 for tablet 00000000000000000000000000000000. 1 dirs total, 0 dirs full, 0 dirs failed
I20260630 12:15:35.732764 13962 tablet_bootstrap.cc:492] T 00000000000000000000000000000000 P 04d38fce7b4a471082524e3ac70c906e: Bootstrap starting.
I20260630 12:15:35.736296 13962 tablet_bootstrap.cc:654] T 00000000000000000000000000000000 P 04d38fce7b4a471082524e3ac70c906e: Neither blocks nor log segments found. Creating new log.
I20260630 12:15:35.739462 13962 tablet_bootstrap.cc:492] T 00000000000000000000000000000000 P 04d38fce7b4a471082524e3ac70c906e: No bootstrap required, opened a new log
I20260630 12:15:35.741127 13962 raft_consensus.cc:359] T 00000000000000000000000000000000 P 04d38fce7b4a471082524e3ac70c906e [term 0 FOLLOWER]: Replica starting. Triggering 0 pending ops. Active config: opid_index: -1 OBSOLETE_local: true peers { permanent_uuid: "04d38fce7b4a471082524e3ac70c906e" member_type: VOTER }
I20260630 12:15:35.741451 13962 raft_consensus.cc:385] T 00000000000000000000000000000000 P 04d38fce7b4a471082524e3ac70c906e [term 0 FOLLOWER]: Consensus starting up: Expiring failure detector timer to make a prompt election more likely
I20260630 12:15:35.741624 13962 raft_consensus.cc:740] T 00000000000000000000000000000000 P 04d38fce7b4a471082524e3ac70c906e [term 0 FOLLOWER]: Becoming Follower/Learner. State: Replica: 04d38fce7b4a471082524e3ac70c906e, State: Initialized, Role: FOLLOWER
I20260630 12:15:35.742107 13962 consensus_queue.cc:260] T 00000000000000000000000000000000 P 04d38fce7b4a471082524e3ac70c906e [NON_LEADER]: Queue going to NON_LEADER mode. State: All replicated index: 0, Majority replicated index: 0, Committed index: 0, Last appended: 0.0, Last appended by leader: 0, Current term: 0, Majority size: -1, State: 0, Mode: NON_LEADER, active raft config: opid_index: -1 OBSOLETE_local: true peers { permanent_uuid: "04d38fce7b4a471082524e3ac70c906e" member_type: VOTER }
I20260630 12:15:35.742559 13962 raft_consensus.cc:399] T 00000000000000000000000000000000 P 04d38fce7b4a471082524e3ac70c906e [term 0 FOLLOWER]: Only one voter in the Raft config. Triggering election immediately
I20260630 12:15:35.742758 13962 raft_consensus.cc:493] T 00000000000000000000000000000000 P 04d38fce7b4a471082524e3ac70c906e [term 0 FOLLOWER]: Starting leader election (initial election of a single-replica configuration)
I20260630 12:15:35.742962 13962 raft_consensus.cc:3060] T 00000000000000000000000000000000 P 04d38fce7b4a471082524e3ac70c906e [term 0 FOLLOWER]: Advancing to term 1
I20260630 12:15:35.746487 13962 raft_consensus.cc:515] T 00000000000000000000000000000000 P 04d38fce7b4a471082524e3ac70c906e [term 1 FOLLOWER]: Starting leader election with config: opid_index: -1 OBSOLETE_local: true peers { permanent_uuid: "04d38fce7b4a471082524e3ac70c906e" member_type: VOTER }
I20260630 12:15:35.746908 13962 leader_election.cc:304] T 00000000000000000000000000000000 P 04d38fce7b4a471082524e3ac70c906e [CANDIDATE]: Term 1 election: Election decided. Result: candidate won. Election summary: received 1 responses out of 1 voters: 1 yes votes; 0 no votes. yes voters: 04d38fce7b4a471082524e3ac70c906e; no voters: 
I20260630 12:15:35.747783 13962 leader_election.cc:290] T 00000000000000000000000000000000 P 04d38fce7b4a471082524e3ac70c906e [CANDIDATE]: Term 1 election: Requested vote from peers 
I20260630 12:15:35.748008 13965 raft_consensus.cc:2804] T 00000000000000000000000000000000 P 04d38fce7b4a471082524e3ac70c906e [term 1 FOLLOWER]: Leader election won for term 1
I20260630 12:15:35.749194 13965 raft_consensus.cc:697] T 00000000000000000000000000000000 P 04d38fce7b4a471082524e3ac70c906e [term 1 LEADER]: Becoming Leader. State: Replica: 04d38fce7b4a471082524e3ac70c906e, State: Running, Role: LEADER
I20260630 12:15:35.749681 13965 consensus_queue.cc:237] T 00000000000000000000000000000000 P 04d38fce7b4a471082524e3ac70c906e [LEADER]: Queue going to LEADER mode. State: All replicated index: 0, Majority replicated index: 0, Committed index: 0, Last appended: 0.0, Last appended by leader: 0, Current term: 1, Majority size: 1, State: 0, Mode: LEADER, active raft config: opid_index: -1 OBSOLETE_local: true peers { permanent_uuid: "04d38fce7b4a471082524e3ac70c906e" member_type: VOTER }
I20260630 12:15:35.750242 13962 sys_catalog.cc:565] T 00000000000000000000000000000000 P 04d38fce7b4a471082524e3ac70c906e [sys.catalog]: configured and running, proceeding with master startup.
I20260630 12:15:35.752249 13966 sys_catalog.cc:455] T 00000000000000000000000000000000 P 04d38fce7b4a471082524e3ac70c906e [sys.catalog]: SysCatalogTable state changed. Reason: RaftConsensus started. Latest consensus state: current_term: 1 leader_uuid: "04d38fce7b4a471082524e3ac70c906e" committed_config { opid_index: -1 OBSOLETE_local: true peers { permanent_uuid: "04d38fce7b4a471082524e3ac70c906e" member_type: VOTER } }
I20260630 12:15:35.752334 13967 sys_catalog.cc:455] T 00000000000000000000000000000000 P 04d38fce7b4a471082524e3ac70c906e [sys.catalog]: SysCatalogTable state changed. Reason: New leader 04d38fce7b4a471082524e3ac70c906e. Latest consensus state: current_term: 1 leader_uuid: "04d38fce7b4a471082524e3ac70c906e" committed_config { opid_index: -1 OBSOLETE_local: true peers { permanent_uuid: "04d38fce7b4a471082524e3ac70c906e" member_type: VOTER } }
I20260630 12:15:35.752879 13966 sys_catalog.cc:458] T 00000000000000000000000000000000 P 04d38fce7b4a471082524e3ac70c906e [sys.catalog]: This master's current role is: LEADER
I20260630 12:15:35.752979 13967 sys_catalog.cc:458] T 00000000000000000000000000000000 P 04d38fce7b4a471082524e3ac70c906e [sys.catalog]: This master's current role is: LEADER
I20260630 12:15:35.755887 13971 catalog_manager.cc:1511] Loading table and tablet metadata into memory...
I20260630 12:15:35.762843 13971 catalog_manager.cc:1520] Initializing Kudu cluster ID...
I20260630 12:15:35.763689 13361 internal_mini_cluster.cc:184] Waiting to initialize catalog manager on master 0
I20260630 12:15:35.770272 13971 catalog_manager.cc:1383] Generated new cluster ID: 1ff4f5a5b9b44e7690f5f31f8ae248d0
I20260630 12:15:35.770519 13971 catalog_manager.cc:1531] Initializing Kudu internal certificate authority...
I20260630 12:15:35.786850 13971 catalog_manager.cc:1406] Generated new certificate authority record
I20260630 12:15:35.787912 13971 catalog_manager.cc:1540] Loading token signing keys...
I20260630 12:15:35.801524 13971 catalog_manager.cc:6070] T 00000000000000000000000000000000 P 04d38fce7b4a471082524e3ac70c906e: Generated new TSK 0
I20260630 12:15:35.802035 13971 catalog_manager.cc:1550] Initializing in-progress tserver states...
I20260630 12:15:35.829380 13361 file_cache.cc:492] Constructed file cache file cache with capacity 419430
W20260630 12:15:35.834129 13983 instance_detector.cc:116] could not retrieve AWS instance metadata: Network error: curl error: HTTP response code said error: The requested URL returned error: 404
W20260630 12:15:35.835098 13984 instance_detector.cc:116] could not retrieve Azure instance metadata: Network error: curl error: HTTP response code said error: The requested URL returned error: 404
W20260630 12:15:35.836372 13986 instance_detector.cc:116] could not retrieve OpenStack instance metadata: Network error: curl error: HTTP response code said error: The requested URL returned error: 404
I20260630 12:15:35.836768 13361 server_base.cc:1061] running on GCE node
I20260630 12:15:35.837468 13361 hybrid_clock.cc:584] initializing the hybrid clock with 'system_unsync' time source
W20260630 12:15:35.837642 13361 system_unsync_time.cc:38] NTP support is disabled. Clock error bounds will not be accurate. This configuration is not suitable for distributed clusters.
I20260630 12:15:35.837803 13361 hybrid_clock.cc:648] HybridClock initialized: now 1782821735837786 us; error 0 us; skew 500 ppm
I20260630 12:15:35.838268 13361 server_base.cc:861] Flag tcmalloc_max_total_thread_cache_bytes is not working since tcmalloc is not enabled.
I20260630 12:15:35.840307 13361 webserver.cc:533] Webserver started at http://127.13.12.65:34907/ using document root <none> and password file <none>
I20260630 12:15:35.840726 13361 fs_manager.cc:362] Metadata directory not provided
I20260630 12:15:35.840890 13361 fs_manager.cc:368] Using write-ahead log directory (fs_wal_dir) as metadata directory
I20260630 12:15:35.841132 13361 server_base.cc:909] This appears to be a new deployment of Kudu; creating new FS layout
I20260630 12:15:35.842041 13361 fs_manager.cc:1068] Generated new instance metadata in path /tmp/dist-test-taskxrn1na/test-tmp/auto_rebalancer-test.0.AutoRebalancerTest.AutoRebalancingTurnOffAndOn.1782821728719594-13361-0/minicluster-data/ts-0-root/instance:
uuid: "340e24c82570459ab8ce8168033fe22b"
format_stamp: "Formatted at 2026-06-30 12:15:35 on dist-test-slave-7v3c"
I20260630 12:15:35.846802 13361 fs_manager.cc:696] Time spent creating directory manager: real 0.004s	user 0.003s	sys 0.003s
I20260630 12:15:35.849622 13991 log_block_manager.cc:4031] Time spent loading block containers with low live blocks: real 0.000s	user 0.000s	sys 0.000s
I20260630 12:15:35.850234 13361 fs_manager.cc:730] Time spent opening block manager: real 0.002s	user 0.001s	sys 0.000s
I20260630 12:15:35.850479 13361 fs_manager.cc:647] Opened local filesystem: /tmp/dist-test-taskxrn1na/test-tmp/auto_rebalancer-test.0.AutoRebalancerTest.AutoRebalancingTurnOffAndOn.1782821728719594-13361-0/minicluster-data/ts-0-root
uuid: "340e24c82570459ab8ce8168033fe22b"
format_stamp: "Formatted at 2026-06-30 12:15:35 on dist-test-slave-7v3c"
I20260630 12:15:35.850709 13361 fs_report.cc:389] FS layout report
--------------------
wal directory: /tmp/dist-test-taskxrn1na/test-tmp/auto_rebalancer-test.0.AutoRebalancerTest.AutoRebalancingTurnOffAndOn.1782821728719594-13361-0/minicluster-data/ts-0-root
metadata directory: /tmp/dist-test-taskxrn1na/test-tmp/auto_rebalancer-test.0.AutoRebalancerTest.AutoRebalancingTurnOffAndOn.1782821728719594-13361-0/minicluster-data/ts-0-root
1 data directories: /tmp/dist-test-taskxrn1na/test-tmp/auto_rebalancer-test.0.AutoRebalancerTest.AutoRebalancingTurnOffAndOn.1782821728719594-13361-0/minicluster-data/ts-0-root/data
Total live blocks: 0
Total live bytes: 0
Total live bytes (after alignment): 0
Total number of LBM containers: 0 (0 full)
Did not check for missing blocks
Did not check for orphaned blocks
Total full LBM containers with extra space: 0 (0 repaired)
Total full LBM container extra space in bytes: 0 (0 repaired)
Total incomplete LBM containers: 0 (0 repaired)
Total LBM partial records: 0 (0 repaired)
Total corrupted LBM metadata records in RocksDB: 0 (0 repaired)
I20260630 12:15:35.863440 13361 rpc_server.cc:225] running with OpenSSL 1.1.1  11 Sep 2018
I20260630 12:15:35.864277 13361 kserver.cc:163] Server-wide thread pool size limit: 3276
I20260630 12:15:35.865470 13361 txn_system_client.cc:432] TxnSystemClient initialization is disabled...
I20260630 12:15:35.867398 13361 ts_tablet_manager.cc:585] Loaded tablet metadata (0 total tablets, 0 live tablets)
I20260630 12:15:35.867574 13361 ts_tablet_manager.cc:531] Time spent load tablet metadata: real 0.000s	user 0.000s	sys 0.000s
I20260630 12:15:35.867774 13361 ts_tablet_manager.cc:616] Registered 0 tablets
I20260630 12:15:35.867923 13361 ts_tablet_manager.cc:595] Time spent register tablets: real 0.000s	user 0.000s	sys 0.000s
I20260630 12:15:35.900871 13361 rpc_server.cc:307] RPC server started. Bound to: 127.13.12.65:43231
I20260630 12:15:35.900959 14053 acceptor_pool.cc:272] collecting diagnostics on the listening RPC socket 127.13.12.65:43231 every 8 connection(s)
I20260630 12:15:35.905162 13361 file_cache.cc:492] Constructed file cache file cache with capacity 419430
W20260630 12:15:35.911008 14058 instance_detector.cc:116] could not retrieve AWS instance metadata: Network error: curl error: HTTP response code said error: The requested URL returned error: 404
W20260630 12:15:35.912388 14059 instance_detector.cc:116] could not retrieve Azure instance metadata: Network error: curl error: HTTP response code said error: The requested URL returned error: 404
W20260630 12:15:35.914808 14061 instance_detector.cc:116] could not retrieve OpenStack instance metadata: Network error: curl error: HTTP response code said error: The requested URL returned error: 404
I20260630 12:15:35.915031 13361 server_base.cc:1061] running on GCE node
I20260630 12:15:35.915802 13361 hybrid_clock.cc:584] initializing the hybrid clock with 'system_unsync' time source
W20260630 12:15:35.916018 13361 system_unsync_time.cc:38] NTP support is disabled. Clock error bounds will not be accurate. This configuration is not suitable for distributed clusters.
I20260630 12:15:35.916227 13361 hybrid_clock.cc:648] HybridClock initialized: now 1782821735916209 us; error 0 us; skew 500 ppm
I20260630 12:15:35.916759 13361 server_base.cc:861] Flag tcmalloc_max_total_thread_cache_bytes is not working since tcmalloc is not enabled.
I20260630 12:15:35.919008 14054 heartbeater.cc:344] Connected to a master server at 127.13.12.126:33563
I20260630 12:15:35.919318 14054 heartbeater.cc:461] Registering TS with master...
I20260630 12:15:35.919669 13361 webserver.cc:533] Webserver started at http://127.13.12.66:35941/ using document root <none> and password file <none>
I20260630 12:15:35.920024 14054 heartbeater.cc:507] Master 127.13.12.126:33563 requested a full tablet report, sending...
I20260630 12:15:35.920110 13361 fs_manager.cc:362] Metadata directory not provided
I20260630 12:15:35.920359 13361 fs_manager.cc:368] Using write-ahead log directory (fs_wal_dir) as metadata directory
I20260630 12:15:35.920606 13361 server_base.cc:909] This appears to be a new deployment of Kudu; creating new FS layout
I20260630 12:15:35.921617 13361 fs_manager.cc:1068] Generated new instance metadata in path /tmp/dist-test-taskxrn1na/test-tmp/auto_rebalancer-test.0.AutoRebalancerTest.AutoRebalancingTurnOffAndOn.1782821728719594-13361-0/minicluster-data/ts-1-root/instance:
uuid: "24a7944ef53d4b6e80397aee02a2336f"
format_stamp: "Formatted at 2026-06-30 12:15:35 on dist-test-slave-7v3c"
I20260630 12:15:35.921984 13927 ts_manager.cc:194] Registered new tserver with Master: 340e24c82570459ab8ce8168033fe22b (127.13.12.65:43231)
I20260630 12:15:35.924158 13927 master_service.cc:502] Signed X509 certificate for tserver {username='slave'} at 127.0.0.1:36380
I20260630 12:15:35.926590 13361 fs_manager.cc:696] Time spent creating directory manager: real 0.004s	user 0.006s	sys 0.000s
I20260630 12:15:35.929524 14066 log_block_manager.cc:4031] Time spent loading block containers with low live blocks: real 0.000s	user 0.000s	sys 0.000s
I20260630 12:15:35.930172 13361 fs_manager.cc:730] Time spent opening block manager: real 0.002s	user 0.001s	sys 0.000s
I20260630 12:15:35.930411 13361 fs_manager.cc:647] Opened local filesystem: /tmp/dist-test-taskxrn1na/test-tmp/auto_rebalancer-test.0.AutoRebalancerTest.AutoRebalancingTurnOffAndOn.1782821728719594-13361-0/minicluster-data/ts-1-root
uuid: "24a7944ef53d4b6e80397aee02a2336f"
format_stamp: "Formatted at 2026-06-30 12:15:35 on dist-test-slave-7v3c"
I20260630 12:15:35.930653 13361 fs_report.cc:389] FS layout report
--------------------
wal directory: /tmp/dist-test-taskxrn1na/test-tmp/auto_rebalancer-test.0.AutoRebalancerTest.AutoRebalancingTurnOffAndOn.1782821728719594-13361-0/minicluster-data/ts-1-root
metadata directory: /tmp/dist-test-taskxrn1na/test-tmp/auto_rebalancer-test.0.AutoRebalancerTest.AutoRebalancingTurnOffAndOn.1782821728719594-13361-0/minicluster-data/ts-1-root
1 data directories: /tmp/dist-test-taskxrn1na/test-tmp/auto_rebalancer-test.0.AutoRebalancerTest.AutoRebalancingTurnOffAndOn.1782821728719594-13361-0/minicluster-data/ts-1-root/data
Total live blocks: 0
Total live bytes: 0
Total live bytes (after alignment): 0
Total number of LBM containers: 0 (0 full)
Did not check for missing blocks
Did not check for orphaned blocks
Total full LBM containers with extra space: 0 (0 repaired)
Total full LBM container extra space in bytes: 0 (0 repaired)
Total incomplete LBM containers: 0 (0 repaired)
Total LBM partial records: 0 (0 repaired)
Total corrupted LBM metadata records in RocksDB: 0 (0 repaired)
I20260630 12:15:35.955999 13361 rpc_server.cc:225] running with OpenSSL 1.1.1  11 Sep 2018
I20260630 12:15:35.956895 13361 kserver.cc:163] Server-wide thread pool size limit: 3276
I20260630 12:15:35.958107 13361 txn_system_client.cc:432] TxnSystemClient initialization is disabled...
I20260630 12:15:35.960141 13361 ts_tablet_manager.cc:585] Loaded tablet metadata (0 total tablets, 0 live tablets)
I20260630 12:15:35.960322 13361 ts_tablet_manager.cc:531] Time spent load tablet metadata: real 0.000s	user 0.000s	sys 0.000s
I20260630 12:15:35.960536 13361 ts_tablet_manager.cc:616] Registered 0 tablets
I20260630 12:15:35.960685 13361 ts_tablet_manager.cc:595] Time spent register tablets: real 0.000s	user 0.000s	sys 0.000s
I20260630 12:15:35.993889 13361 rpc_server.cc:307] RPC server started. Bound to: 127.13.12.66:33657
I20260630 12:15:35.993968 14128 acceptor_pool.cc:272] collecting diagnostics on the listening RPC socket 127.13.12.66:33657 every 8 connection(s)
I20260630 12:15:35.998073 13361 file_cache.cc:492] Constructed file cache file cache with capacity 419430
W20260630 12:15:36.003929 14132 instance_detector.cc:116] could not retrieve AWS instance metadata: Network error: curl error: HTTP response code said error: The requested URL returned error: 404
W20260630 12:15:36.004663 14133 instance_detector.cc:116] could not retrieve Azure instance metadata: Network error: curl error: HTTP response code said error: The requested URL returned error: 404
W20260630 12:15:36.006947 14135 instance_detector.cc:116] could not retrieve OpenStack instance metadata: Network error: curl error: HTTP response code said error: The requested URL returned error: 404
I20260630 12:15:36.007467 13361 server_base.cc:1061] running on GCE node
I20260630 12:15:36.008356 13361 hybrid_clock.cc:584] initializing the hybrid clock with 'system_unsync' time source
W20260630 12:15:36.008605 13361 system_unsync_time.cc:38] NTP support is disabled. Clock error bounds will not be accurate. This configuration is not suitable for distributed clusters.
I20260630 12:15:36.008850 13361 hybrid_clock.cc:648] HybridClock initialized: now 1782821736008830 us; error 0 us; skew 500 ppm
I20260630 12:15:36.009377 13361 server_base.cc:861] Flag tcmalloc_max_total_thread_cache_bytes is not working since tcmalloc is not enabled.
I20260630 12:15:36.009963 14129 heartbeater.cc:344] Connected to a master server at 127.13.12.126:33563
I20260630 12:15:36.010360 14129 heartbeater.cc:461] Registering TS with master...
I20260630 12:15:36.011143 14129 heartbeater.cc:507] Master 127.13.12.126:33563 requested a full tablet report, sending...
I20260630 12:15:36.011845 13361 webserver.cc:533] Webserver started at http://127.13.12.67:37783/ using document root <none> and password file <none>
I20260630 12:15:36.012367 13361 fs_manager.cc:362] Metadata directory not provided
I20260630 12:15:36.012547 13361 fs_manager.cc:368] Using write-ahead log directory (fs_wal_dir) as metadata directory
I20260630 12:15:36.012845 13361 server_base.cc:909] This appears to be a new deployment of Kudu; creating new FS layout
I20260630 12:15:36.013163 13927 ts_manager.cc:194] Registered new tserver with Master: 24a7944ef53d4b6e80397aee02a2336f (127.13.12.66:33657)
I20260630 12:15:36.014106 13361 fs_manager.cc:1068] Generated new instance metadata in path /tmp/dist-test-taskxrn1na/test-tmp/auto_rebalancer-test.0.AutoRebalancerTest.AutoRebalancingTurnOffAndOn.1782821728719594-13361-0/minicluster-data/ts-2-root/instance:
uuid: "e27fa6f5e98c48b1a144fd03a9c4226a"
format_stamp: "Formatted at 2026-06-30 12:15:36 on dist-test-slave-7v3c"
I20260630 12:15:36.014778 13927 master_service.cc:502] Signed X509 certificate for tserver {username='slave'} at 127.0.0.1:36394
I20260630 12:15:36.018769 13361 fs_manager.cc:696] Time spent creating directory manager: real 0.004s	user 0.006s	sys 0.000s
I20260630 12:15:36.021564 14140 log_block_manager.cc:4031] Time spent loading block containers with low live blocks: real 0.000s	user 0.000s	sys 0.000s
I20260630 12:15:36.022213 13361 fs_manager.cc:730] Time spent opening block manager: real 0.002s	user 0.001s	sys 0.000s
I20260630 12:15:36.022435 13361 fs_manager.cc:647] Opened local filesystem: /tmp/dist-test-taskxrn1na/test-tmp/auto_rebalancer-test.0.AutoRebalancerTest.AutoRebalancingTurnOffAndOn.1782821728719594-13361-0/minicluster-data/ts-2-root
uuid: "e27fa6f5e98c48b1a144fd03a9c4226a"
format_stamp: "Formatted at 2026-06-30 12:15:36 on dist-test-slave-7v3c"
I20260630 12:15:36.022643 13361 fs_report.cc:389] FS layout report
--------------------
wal directory: /tmp/dist-test-taskxrn1na/test-tmp/auto_rebalancer-test.0.AutoRebalancerTest.AutoRebalancingTurnOffAndOn.1782821728719594-13361-0/minicluster-data/ts-2-root
metadata directory: /tmp/dist-test-taskxrn1na/test-tmp/auto_rebalancer-test.0.AutoRebalancerTest.AutoRebalancingTurnOffAndOn.1782821728719594-13361-0/minicluster-data/ts-2-root
1 data directories: /tmp/dist-test-taskxrn1na/test-tmp/auto_rebalancer-test.0.AutoRebalancerTest.AutoRebalancingTurnOffAndOn.1782821728719594-13361-0/minicluster-data/ts-2-root/data
Total live blocks: 0
Total live bytes: 0
Total live bytes (after alignment): 0
Total number of LBM containers: 0 (0 full)
Did not check for missing blocks
Did not check for orphaned blocks
Total full LBM containers with extra space: 0 (0 repaired)
Total full LBM container extra space in bytes: 0 (0 repaired)
Total incomplete LBM containers: 0 (0 repaired)
Total LBM partial records: 0 (0 repaired)
Total corrupted LBM metadata records in RocksDB: 0 (0 repaired)
I20260630 12:15:36.039469 13361 rpc_server.cc:225] running with OpenSSL 1.1.1  11 Sep 2018
I20260630 12:15:36.040313 13361 kserver.cc:163] Server-wide thread pool size limit: 3276
I20260630 12:15:36.041472 13361 txn_system_client.cc:432] TxnSystemClient initialization is disabled...
I20260630 12:15:36.043444 13361 ts_tablet_manager.cc:585] Loaded tablet metadata (0 total tablets, 0 live tablets)
I20260630 12:15:36.043637 13361 ts_tablet_manager.cc:531] Time spent load tablet metadata: real 0.000s	user 0.000s	sys 0.000s
I20260630 12:15:36.043843 13361 ts_tablet_manager.cc:616] Registered 0 tablets
I20260630 12:15:36.043987 13361 ts_tablet_manager.cc:595] Time spent register tablets: real 0.000s	user 0.000s	sys 0.000s
I20260630 12:15:36.077069 13361 rpc_server.cc:307] RPC server started. Bound to: 127.13.12.67:45527
I20260630 12:15:36.077148 14202 acceptor_pool.cc:272] collecting diagnostics on the listening RPC socket 127.13.12.67:45527 every 8 connection(s)
I20260630 12:15:36.088493 14203 heartbeater.cc:344] Connected to a master server at 127.13.12.126:33563
I20260630 12:15:36.088778 14203 heartbeater.cc:461] Registering TS with master...
I20260630 12:15:36.089354 14203 heartbeater.cc:507] Master 127.13.12.126:33563 requested a full tablet report, sending...
I20260630 12:15:36.090986 13927 ts_manager.cc:194] Registered new tserver with Master: e27fa6f5e98c48b1a144fd03a9c4226a (127.13.12.67:45527)
I20260630 12:15:36.091980 13361 internal_mini_cluster.cc:371] 3 TS(s) registered with all masters after 0.012049767s
I20260630 12:15:36.092298 13927 master_service.cc:502] Signed X509 certificate for tserver {username='slave'} at 127.0.0.1:36406
I20260630 12:15:36.926472 14054 heartbeater.cc:499] Master 127.13.12.126:33563 was elected leader, sending a full tablet report...
I20260630 12:15:37.017195 14129 heartbeater.cc:499] Master 127.13.12.126:33563 was elected leader, sending a full tablet report...
I20260630 12:15:37.094427 14203 heartbeater.cc:499] Master 127.13.12.126:33563 was elected leader, sending a full tablet report...
I20260630 12:15:37.141649 13927 catalog_manager.cc:2283] Servicing CreateTable request from {username='slave'} at 127.0.0.1:36420:
name: "test-workload"
schema {
  columns {
    name: "key"
    type: INT32
    is_key: true
    is_nullable: false
    encoding: AUTO_ENCODING
    compression: DEFAULT_COMPRESSION
    cfile_block_size: 0
    immutable: false
  }
  columns {
    name: "int_val"
    type: INT32
    is_key: false
    is_nullable: false
    encoding: AUTO_ENCODING
    compression: DEFAULT_COMPRESSION
    cfile_block_size: 0
    immutable: false
  }
  columns {
    name: "string_val"
    type: STRING
    is_key: false
    is_nullable: true
    encoding: AUTO_ENCODING
    compression: DEFAULT_COMPRESSION
    cfile_block_size: 0
    immutable: false
  }
}
num_replicas: 3
split_rows_range_bounds {
  rows: "\004\001\000\377\377\377\017\004\001\000\376\377\377\037\004\001\000\375\377\377/\004\001\000\374\377\377?\004\001\000\373\377\377O\004\001\000\372\377\377_\004\001\000\371\377\377o""\004\001\000\377\377\377\017\004\001\000\376\377\377\037\004\001\000\375\377\377/\004\001\000\374\377\377?\004\001\000\373\377\377O\004\001\000\372\377\377_\004\001\000\371\377\377o"
  indirect_data: """"
}
partition_schema {
  range_schema {
    columns {
      name: "key"
    }
  }
}
W20260630 12:15:37.143858 13927 catalog_manager.cc:7077] The number of live tablet servers is not enough to re-replicate a tablet replica of the newly created table test-workload in case of a server failure: 4 tablet servers would be needed, 3 are available. Consider bringing up more tablet servers.
I20260630 12:15:37.198035 14019 tablet_service.cc:1511] Processing CreateTablet for tablet 30a5c6439ae34f5daa90daa9a9efdda1 (DEFAULT_TABLE table=test-workload [id=92c629035c1f4bd88eae29cd51da2576]), partition=RANGE (key) PARTITION VALUES < 268435455
I20260630 12:15:37.199323 14019 data_dirs.cc:400] Could only allocate 1 dirs of requested 3 for tablet 30a5c6439ae34f5daa90daa9a9efdda1. 1 dirs total, 0 dirs full, 0 dirs failed
I20260630 12:15:37.205108 14018 tablet_service.cc:1511] Processing CreateTablet for tablet 878802c55f9e49be886fd2e11b157416 (DEFAULT_TABLE table=test-workload [id=92c629035c1f4bd88eae29cd51da2576]), partition=RANGE (key) PARTITION 268435455 <= VALUES < 536870910
I20260630 12:15:37.206326 14018 data_dirs.cc:400] Could only allocate 1 dirs of requested 3 for tablet 878802c55f9e49be886fd2e11b157416. 1 dirs total, 0 dirs full, 0 dirs failed
I20260630 12:15:37.209218 14017 tablet_service.cc:1511] Processing CreateTablet for tablet 31646b42034e495c8f67d0337b83c6a8 (DEFAULT_TABLE table=test-workload [id=92c629035c1f4bd88eae29cd51da2576]), partition=RANGE (key) PARTITION 536870910 <= VALUES < 805306365
I20260630 12:15:37.210431 14017 data_dirs.cc:400] Could only allocate 1 dirs of requested 3 for tablet 31646b42034e495c8f67d0337b83c6a8. 1 dirs total, 0 dirs full, 0 dirs failed
I20260630 12:15:37.213816 14016 tablet_service.cc:1511] Processing CreateTablet for tablet 022730770a924c0eb03de849cc8ca1c6 (DEFAULT_TABLE table=test-workload [id=92c629035c1f4bd88eae29cd51da2576]), partition=RANGE (key) PARTITION 805306365 <= VALUES < 1073741820
I20260630 12:15:37.214990 14016 data_dirs.cc:400] Could only allocate 1 dirs of requested 3 for tablet 022730770a924c0eb03de849cc8ca1c6. 1 dirs total, 0 dirs full, 0 dirs failed
I20260630 12:15:37.228880 14094 tablet_service.cc:1511] Processing CreateTablet for tablet 30a5c6439ae34f5daa90daa9a9efdda1 (DEFAULT_TABLE table=test-workload [id=92c629035c1f4bd88eae29cd51da2576]), partition=RANGE (key) PARTITION VALUES < 268435455
I20260630 12:15:37.230101 14094 data_dirs.cc:400] Could only allocate 1 dirs of requested 3 for tablet 30a5c6439ae34f5daa90daa9a9efdda1. 1 dirs total, 0 dirs full, 0 dirs failed
I20260630 12:15:37.234493 14015 tablet_service.cc:1511] Processing CreateTablet for tablet 4b68367551c74be69637ec38e43302e3 (DEFAULT_TABLE table=test-workload [id=92c629035c1f4bd88eae29cd51da2576]), partition=RANGE (key) PARTITION 1073741820 <= VALUES < 1342177275
I20260630 12:15:37.235697 14015 data_dirs.cc:400] Could only allocate 1 dirs of requested 3 for tablet 4b68367551c74be69637ec38e43302e3. 1 dirs total, 0 dirs full, 0 dirs failed
I20260630 12:15:37.237107 14014 tablet_service.cc:1511] Processing CreateTablet for tablet 391aa480f1ce4cfbb2cdf2513dd63e82 (DEFAULT_TABLE table=test-workload [id=92c629035c1f4bd88eae29cd51da2576]), partition=RANGE (key) PARTITION 1342177275 <= VALUES < 1610612730
I20260630 12:15:37.237866 14168 tablet_service.cc:1511] Processing CreateTablet for tablet 30a5c6439ae34f5daa90daa9a9efdda1 (DEFAULT_TABLE table=test-workload [id=92c629035c1f4bd88eae29cd51da2576]), partition=RANGE (key) PARTITION VALUES < 268435455
I20260630 12:15:37.239193 14168 data_dirs.cc:400] Could only allocate 1 dirs of requested 3 for tablet 30a5c6439ae34f5daa90daa9a9efdda1. 1 dirs total, 0 dirs full, 0 dirs failed
I20260630 12:15:37.239542 14013 tablet_service.cc:1511] Processing CreateTablet for tablet f464e9b96ea945f29a5e8965aca03d2c (DEFAULT_TABLE table=test-workload [id=92c629035c1f4bd88eae29cd51da2576]), partition=RANGE (key) PARTITION 1610612730 <= VALUES < 1879048185
I20260630 12:15:37.249611 14167 tablet_service.cc:1511] Processing CreateTablet for tablet 878802c55f9e49be886fd2e11b157416 (DEFAULT_TABLE table=test-workload [id=92c629035c1f4bd88eae29cd51da2576]), partition=RANGE (key) PARTITION 268435455 <= VALUES < 536870910
I20260630 12:15:37.250923 14167 data_dirs.cc:400] Could only allocate 1 dirs of requested 3 for tablet 878802c55f9e49be886fd2e11b157416. 1 dirs total, 0 dirs full, 0 dirs failed
I20260630 12:15:37.252272 14093 tablet_service.cc:1511] Processing CreateTablet for tablet 878802c55f9e49be886fd2e11b157416 (DEFAULT_TABLE table=test-workload [id=92c629035c1f4bd88eae29cd51da2576]), partition=RANGE (key) PARTITION 268435455 <= VALUES < 536870910
I20260630 12:15:37.253490 14093 data_dirs.cc:400] Could only allocate 1 dirs of requested 3 for tablet 878802c55f9e49be886fd2e11b157416. 1 dirs total, 0 dirs full, 0 dirs failed
I20260630 12:15:37.257089 14092 tablet_service.cc:1511] Processing CreateTablet for tablet 31646b42034e495c8f67d0337b83c6a8 (DEFAULT_TABLE table=test-workload [id=92c629035c1f4bd88eae29cd51da2576]), partition=RANGE (key) PARTITION 536870910 <= VALUES < 805306365
I20260630 12:15:37.257614 14166 tablet_service.cc:1511] Processing CreateTablet for tablet 31646b42034e495c8f67d0337b83c6a8 (DEFAULT_TABLE table=test-workload [id=92c629035c1f4bd88eae29cd51da2576]), partition=RANGE (key) PARTITION 536870910 <= VALUES < 805306365
I20260630 12:15:37.258368 14092 data_dirs.cc:400] Could only allocate 1 dirs of requested 3 for tablet 31646b42034e495c8f67d0337b83c6a8. 1 dirs total, 0 dirs full, 0 dirs failed
I20260630 12:15:37.259021 14166 data_dirs.cc:400] Could only allocate 1 dirs of requested 3 for tablet 31646b42034e495c8f67d0337b83c6a8. 1 dirs total, 0 dirs full, 0 dirs failed
I20260630 12:15:37.262153 14089 tablet_service.cc:1511] Processing CreateTablet for tablet 391aa480f1ce4cfbb2cdf2513dd63e82 (DEFAULT_TABLE table=test-workload [id=92c629035c1f4bd88eae29cd51da2576]), partition=RANGE (key) PARTITION 1342177275 <= VALUES < 1610612730
I20260630 12:15:37.263338 14089 data_dirs.cc:400] Could only allocate 1 dirs of requested 3 for tablet 391aa480f1ce4cfbb2cdf2513dd63e82. 1 dirs total, 0 dirs full, 0 dirs failed
I20260630 12:15:37.265115 14090 tablet_service.cc:1511] Processing CreateTablet for tablet 4b68367551c74be69637ec38e43302e3 (DEFAULT_TABLE table=test-workload [id=92c629035c1f4bd88eae29cd51da2576]), partition=RANGE (key) PARTITION 1073741820 <= VALUES < 1342177275
I20260630 12:15:37.266283 14090 data_dirs.cc:400] Could only allocate 1 dirs of requested 3 for tablet 4b68367551c74be69637ec38e43302e3. 1 dirs total, 0 dirs full, 0 dirs failed
I20260630 12:15:37.268383 14091 tablet_service.cc:1511] Processing CreateTablet for tablet 022730770a924c0eb03de849cc8ca1c6 (DEFAULT_TABLE table=test-workload [id=92c629035c1f4bd88eae29cd51da2576]), partition=RANGE (key) PARTITION 805306365 <= VALUES < 1073741820
I20260630 12:15:37.269979 14014 data_dirs.cc:400] Could only allocate 1 dirs of requested 3 for tablet 391aa480f1ce4cfbb2cdf2513dd63e82. 1 dirs total, 0 dirs full, 0 dirs failed
I20260630 12:15:37.270756 14088 tablet_service.cc:1511] Processing CreateTablet for tablet f464e9b96ea945f29a5e8965aca03d2c (DEFAULT_TABLE table=test-workload [id=92c629035c1f4bd88eae29cd51da2576]), partition=RANGE (key) PARTITION 1610612730 <= VALUES < 1879048185
I20260630 12:15:37.272172 14161 tablet_service.cc:1511] Processing CreateTablet for tablet 85fd706315ba403599e052f93b10bc13 (DEFAULT_TABLE table=test-workload [id=92c629035c1f4bd88eae29cd51da2576]), partition=RANGE (key) PARTITION 1879048185 <= VALUES
I20260630 12:15:37.273141 14013 data_dirs.cc:400] Could only allocate 1 dirs of requested 3 for tablet f464e9b96ea945f29a5e8965aca03d2c. 1 dirs total, 0 dirs full, 0 dirs failed
I20260630 12:15:37.273406 14161 data_dirs.cc:400] Could only allocate 1 dirs of requested 3 for tablet 85fd706315ba403599e052f93b10bc13. 1 dirs total, 0 dirs full, 0 dirs failed
I20260630 12:15:37.273180 14087 tablet_service.cc:1511] Processing CreateTablet for tablet 85fd706315ba403599e052f93b10bc13 (DEFAULT_TABLE table=test-workload [id=92c629035c1f4bd88eae29cd51da2576]), partition=RANGE (key) PARTITION 1879048185 <= VALUES
I20260630 12:15:37.279417 14162 tablet_service.cc:1511] Processing CreateTablet for tablet f464e9b96ea945f29a5e8965aca03d2c (DEFAULT_TABLE table=test-workload [id=92c629035c1f4bd88eae29cd51da2576]), partition=RANGE (key) PARTITION 1610612730 <= VALUES < 1879048185
I20260630 12:15:37.280035 14016 tablet_service.cc:1511] Processing CreateTablet for tablet 85fd706315ba403599e052f93b10bc13 (DEFAULT_TABLE table=test-workload [id=92c629035c1f4bd88eae29cd51da2576]), partition=RANGE (key) PARTITION 1879048185 <= VALUES
I20260630 12:15:37.280648 14162 data_dirs.cc:400] Could only allocate 1 dirs of requested 3 for tablet f464e9b96ea945f29a5e8965aca03d2c. 1 dirs total, 0 dirs full, 0 dirs failed
I20260630 12:15:37.281268 14016 data_dirs.cc:400] Could only allocate 1 dirs of requested 3 for tablet 85fd706315ba403599e052f93b10bc13. 1 dirs total, 0 dirs full, 0 dirs failed
I20260630 12:15:37.286883 14164 tablet_service.cc:1511] Processing CreateTablet for tablet 4b68367551c74be69637ec38e43302e3 (DEFAULT_TABLE table=test-workload [id=92c629035c1f4bd88eae29cd51da2576]), partition=RANGE (key) PARTITION 1073741820 <= VALUES < 1342177275
I20260630 12:15:37.288110 14164 data_dirs.cc:400] Could only allocate 1 dirs of requested 3 for tablet 4b68367551c74be69637ec38e43302e3. 1 dirs total, 0 dirs full, 0 dirs failed
I20260630 12:15:37.288041 14163 tablet_service.cc:1511] Processing CreateTablet for tablet 391aa480f1ce4cfbb2cdf2513dd63e82 (DEFAULT_TABLE table=test-workload [id=92c629035c1f4bd88eae29cd51da2576]), partition=RANGE (key) PARTITION 1342177275 <= VALUES < 1610612730
I20260630 12:15:37.289696 14165 tablet_service.cc:1511] Processing CreateTablet for tablet 022730770a924c0eb03de849cc8ca1c6 (DEFAULT_TABLE table=test-workload [id=92c629035c1f4bd88eae29cd51da2576]), partition=RANGE (key) PARTITION 805306365 <= VALUES < 1073741820
I20260630 12:15:37.290508 14163 data_dirs.cc:400] Could only allocate 1 dirs of requested 3 for tablet 391aa480f1ce4cfbb2cdf2513dd63e82. 1 dirs total, 0 dirs full, 0 dirs failed
I20260630 12:15:37.292795 14091 data_dirs.cc:400] Could only allocate 1 dirs of requested 3 for tablet 022730770a924c0eb03de849cc8ca1c6. 1 dirs total, 0 dirs full, 0 dirs failed
I20260630 12:15:37.294600 14088 data_dirs.cc:400] Could only allocate 1 dirs of requested 3 for tablet f464e9b96ea945f29a5e8965aca03d2c. 1 dirs total, 0 dirs full, 0 dirs failed
I20260630 12:15:37.294493 14165 data_dirs.cc:400] Could only allocate 1 dirs of requested 3 for tablet 022730770a924c0eb03de849cc8ca1c6. 1 dirs total, 0 dirs full, 0 dirs failed
I20260630 12:15:37.295426 14087 data_dirs.cc:400] Could only allocate 1 dirs of requested 3 for tablet 85fd706315ba403599e052f93b10bc13. 1 dirs total, 0 dirs full, 0 dirs failed
I20260630 12:15:37.308876 14223 tablet_bootstrap.cc:492] T 878802c55f9e49be886fd2e11b157416 P 340e24c82570459ab8ce8168033fe22b: Bootstrap starting.
I20260630 12:15:37.332722 14224 tablet_bootstrap.cc:492] T 30a5c6439ae34f5daa90daa9a9efdda1 P 24a7944ef53d4b6e80397aee02a2336f: Bootstrap starting.
I20260630 12:15:37.338924 14224 tablet_bootstrap.cc:654] T 30a5c6439ae34f5daa90daa9a9efdda1 P 24a7944ef53d4b6e80397aee02a2336f: Neither blocks nor log segments found. Creating new log.
I20260630 12:15:37.352219 14223 tablet_bootstrap.cc:654] T 878802c55f9e49be886fd2e11b157416 P 340e24c82570459ab8ce8168033fe22b: Neither blocks nor log segments found. Creating new log.
I20260630 12:15:37.364040 14225 tablet_bootstrap.cc:492] T 878802c55f9e49be886fd2e11b157416 P e27fa6f5e98c48b1a144fd03a9c4226a: Bootstrap starting.
I20260630 12:15:37.368147 14223 tablet_bootstrap.cc:492] T 878802c55f9e49be886fd2e11b157416 P 340e24c82570459ab8ce8168033fe22b: No bootstrap required, opened a new log
I20260630 12:15:37.368530 14223 ts_tablet_manager.cc:1403] T 878802c55f9e49be886fd2e11b157416 P 340e24c82570459ab8ce8168033fe22b: Time spent bootstrapping tablet: real 0.060s	user 0.006s	sys 0.007s
I20260630 12:15:37.369088 14224 tablet_bootstrap.cc:492] T 30a5c6439ae34f5daa90daa9a9efdda1 P 24a7944ef53d4b6e80397aee02a2336f: No bootstrap required, opened a new log
I20260630 12:15:37.369504 14224 ts_tablet_manager.cc:1403] T 30a5c6439ae34f5daa90daa9a9efdda1 P 24a7944ef53d4b6e80397aee02a2336f: Time spent bootstrapping tablet: real 0.037s	user 0.012s	sys 0.010s
I20260630 12:15:37.369757 14225 tablet_bootstrap.cc:654] T 878802c55f9e49be886fd2e11b157416 P e27fa6f5e98c48b1a144fd03a9c4226a: Neither blocks nor log segments found. Creating new log.
I20260630 12:15:37.370461 14223 raft_consensus.cc:359] T 878802c55f9e49be886fd2e11b157416 P 340e24c82570459ab8ce8168033fe22b [term 0 FOLLOWER]: Replica starting. Triggering 0 pending ops. Active config: opid_index: -1 OBSOLETE_local: false peers { permanent_uuid: "340e24c82570459ab8ce8168033fe22b" member_type: VOTER last_known_addr { host: "127.13.12.65" port: 43231 } } peers { permanent_uuid: "24a7944ef53d4b6e80397aee02a2336f" member_type: VOTER last_known_addr { host: "127.13.12.66" port: 33657 } } peers { permanent_uuid: "e27fa6f5e98c48b1a144fd03a9c4226a" member_type: VOTER last_known_addr { host: "127.13.12.67" port: 45527 } }
I20260630 12:15:37.370983 14223 raft_consensus.cc:385] T 878802c55f9e49be886fd2e11b157416 P 340e24c82570459ab8ce8168033fe22b [term 0 FOLLOWER]: Consensus starting up: Expiring failure detector timer to make a prompt election more likely
I20260630 12:15:37.371201 14223 raft_consensus.cc:740] T 878802c55f9e49be886fd2e11b157416 P 340e24c82570459ab8ce8168033fe22b [term 0 FOLLOWER]: Becoming Follower/Learner. State: Replica: 340e24c82570459ab8ce8168033fe22b, State: Initialized, Role: FOLLOWER
I20260630 12:15:37.371786 14223 consensus_queue.cc:260] T 878802c55f9e49be886fd2e11b157416 P 340e24c82570459ab8ce8168033fe22b [NON_LEADER]: Queue going to NON_LEADER mode. State: All replicated index: 0, Majority replicated index: 0, Committed index: 0, Last appended: 0.0, Last appended by leader: 0, Current term: 0, Majority size: -1, State: 0, Mode: NON_LEADER, active raft config: opid_index: -1 OBSOLETE_local: false peers { permanent_uuid: "340e24c82570459ab8ce8168033fe22b" member_type: VOTER last_known_addr { host: "127.13.12.65" port: 43231 } } peers { permanent_uuid: "24a7944ef53d4b6e80397aee02a2336f" member_type: VOTER last_known_addr { host: "127.13.12.66" port: 33657 } } peers { permanent_uuid: "e27fa6f5e98c48b1a144fd03a9c4226a" member_type: VOTER last_known_addr { host: "127.13.12.67" port: 45527 } }
I20260630 12:15:37.371920 14224 raft_consensus.cc:359] T 30a5c6439ae34f5daa90daa9a9efdda1 P 24a7944ef53d4b6e80397aee02a2336f [term 0 FOLLOWER]: Replica starting. Triggering 0 pending ops. Active config: opid_index: -1 OBSOLETE_local: false peers { permanent_uuid: "340e24c82570459ab8ce8168033fe22b" member_type: VOTER last_known_addr { host: "127.13.12.65" port: 43231 } } peers { permanent_uuid: "e27fa6f5e98c48b1a144fd03a9c4226a" member_type: VOTER last_known_addr { host: "127.13.12.67" port: 45527 } } peers { permanent_uuid: "24a7944ef53d4b6e80397aee02a2336f" member_type: VOTER last_known_addr { host: "127.13.12.66" port: 33657 } }
I20260630 12:15:37.372669 14224 raft_consensus.cc:385] T 30a5c6439ae34f5daa90daa9a9efdda1 P 24a7944ef53d4b6e80397aee02a2336f [term 0 FOLLOWER]: Consensus starting up: Expiring failure detector timer to make a prompt election more likely
I20260630 12:15:37.372928 14224 raft_consensus.cc:740] T 30a5c6439ae34f5daa90daa9a9efdda1 P 24a7944ef53d4b6e80397aee02a2336f [term 0 FOLLOWER]: Becoming Follower/Learner. State: Replica: 24a7944ef53d4b6e80397aee02a2336f, State: Initialized, Role: FOLLOWER
I20260630 12:15:37.373592 14224 consensus_queue.cc:260] T 30a5c6439ae34f5daa90daa9a9efdda1 P 24a7944ef53d4b6e80397aee02a2336f [NON_LEADER]: Queue going to NON_LEADER mode. State: All replicated index: 0, Majority replicated index: 0, Committed index: 0, Last appended: 0.0, Last appended by leader: 0, Current term: 0, Majority size: -1, State: 0, Mode: NON_LEADER, active raft config: opid_index: -1 OBSOLETE_local: false peers { permanent_uuid: "340e24c82570459ab8ce8168033fe22b" member_type: VOTER last_known_addr { host: "127.13.12.65" port: 43231 } } peers { permanent_uuid: "e27fa6f5e98c48b1a144fd03a9c4226a" member_type: VOTER last_known_addr { host: "127.13.12.67" port: 45527 } } peers { permanent_uuid: "24a7944ef53d4b6e80397aee02a2336f" member_type: VOTER last_known_addr { host: "127.13.12.66" port: 33657 } }
I20260630 12:15:37.374289 14225 tablet_bootstrap.cc:492] T 878802c55f9e49be886fd2e11b157416 P e27fa6f5e98c48b1a144fd03a9c4226a: No bootstrap required, opened a new log
I20260630 12:15:37.374703 14225 ts_tablet_manager.cc:1403] T 878802c55f9e49be886fd2e11b157416 P e27fa6f5e98c48b1a144fd03a9c4226a: Time spent bootstrapping tablet: real 0.011s	user 0.009s	sys 0.000s
I20260630 12:15:37.376276 14224 ts_tablet_manager.cc:1434] T 30a5c6439ae34f5daa90daa9a9efdda1 P 24a7944ef53d4b6e80397aee02a2336f: Time spent starting tablet: real 0.006s	user 0.008s	sys 0.000s
I20260630 12:15:37.377204 14224 tablet_bootstrap.cc:492] T 878802c55f9e49be886fd2e11b157416 P 24a7944ef53d4b6e80397aee02a2336f: Bootstrap starting.
I20260630 12:15:37.377199 14225 raft_consensus.cc:359] T 878802c55f9e49be886fd2e11b157416 P e27fa6f5e98c48b1a144fd03a9c4226a [term 0 FOLLOWER]: Replica starting. Triggering 0 pending ops. Active config: opid_index: -1 OBSOLETE_local: false peers { permanent_uuid: "340e24c82570459ab8ce8168033fe22b" member_type: VOTER last_known_addr { host: "127.13.12.65" port: 43231 } } peers { permanent_uuid: "24a7944ef53d4b6e80397aee02a2336f" member_type: VOTER last_known_addr { host: "127.13.12.66" port: 33657 } } peers { permanent_uuid: "e27fa6f5e98c48b1a144fd03a9c4226a" member_type: VOTER last_known_addr { host: "127.13.12.67" port: 45527 } }
I20260630 12:15:37.378046 14225 raft_consensus.cc:385] T 878802c55f9e49be886fd2e11b157416 P e27fa6f5e98c48b1a144fd03a9c4226a [term 0 FOLLOWER]: Consensus starting up: Expiring failure detector timer to make a prompt election more likely
I20260630 12:15:37.378376 14225 raft_consensus.cc:740] T 878802c55f9e49be886fd2e11b157416 P e27fa6f5e98c48b1a144fd03a9c4226a [term 0 FOLLOWER]: Becoming Follower/Learner. State: Replica: e27fa6f5e98c48b1a144fd03a9c4226a, State: Initialized, Role: FOLLOWER
I20260630 12:15:37.379083 14225 consensus_queue.cc:260] T 878802c55f9e49be886fd2e11b157416 P e27fa6f5e98c48b1a144fd03a9c4226a [NON_LEADER]: Queue going to NON_LEADER mode. State: All replicated index: 0, Majority replicated index: 0, Committed index: 0, Last appended: 0.0, Last appended by leader: 0, Current term: 0, Majority size: -1, State: 0, Mode: NON_LEADER, active raft config: opid_index: -1 OBSOLETE_local: false peers { permanent_uuid: "340e24c82570459ab8ce8168033fe22b" member_type: VOTER last_known_addr { host: "127.13.12.65" port: 43231 } } peers { permanent_uuid: "24a7944ef53d4b6e80397aee02a2336f" member_type: VOTER last_known_addr { host: "127.13.12.66" port: 33657 } } peers { permanent_uuid: "e27fa6f5e98c48b1a144fd03a9c4226a" member_type: VOTER last_known_addr { host: "127.13.12.67" port: 45527 } }
I20260630 12:15:37.380582 14223 ts_tablet_manager.cc:1434] T 878802c55f9e49be886fd2e11b157416 P 340e24c82570459ab8ce8168033fe22b: Time spent starting tablet: real 0.012s	user 0.006s	sys 0.005s
I20260630 12:15:37.385411 14224 tablet_bootstrap.cc:654] T 878802c55f9e49be886fd2e11b157416 P 24a7944ef53d4b6e80397aee02a2336f: Neither blocks nor log segments found. Creating new log.
I20260630 12:15:37.387990 14223 tablet_bootstrap.cc:492] T 31646b42034e495c8f67d0337b83c6a8 P 340e24c82570459ab8ce8168033fe22b: Bootstrap starting.
I20260630 12:15:37.391783 14223 tablet_bootstrap.cc:654] T 31646b42034e495c8f67d0337b83c6a8 P 340e24c82570459ab8ce8168033fe22b: Neither blocks nor log segments found. Creating new log.
I20260630 12:15:37.396395 14224 tablet_bootstrap.cc:492] T 878802c55f9e49be886fd2e11b157416 P 24a7944ef53d4b6e80397aee02a2336f: No bootstrap required, opened a new log
I20260630 12:15:37.396922 14224 ts_tablet_manager.cc:1403] T 878802c55f9e49be886fd2e11b157416 P 24a7944ef53d4b6e80397aee02a2336f: Time spent bootstrapping tablet: real 0.020s	user 0.010s	sys 0.007s
