I20260630 12:16:52.050278 16539 raft_consensus.cc:3060] T c1c46b50000c40cb92e77709a8ab19a5 P 3662938665a84ec6bc909af08b1fe017 [term 0 FOLLOWER]: Advancing to term 1
I20260630 12:16:52.053728 16551 raft_consensus.cc:515] T f2812979129d4d2b8d1e4f55c4dc941a P ba8ec7543d6f43f8943e16588aa468c0 [term 1 FOLLOWER]: Starting leader election with config: opid_index: -1 OBSOLETE_local: false peers { permanent_uuid: "3662938665a84ec6bc909af08b1fe017" member_type: VOTER last_known_addr { host: "127.13.12.66" port: 39395 } } peers { permanent_uuid: "ba8ec7543d6f43f8943e16588aa468c0" member_type: VOTER last_known_addr { host: "127.13.12.65" port: 35657 } } peers { permanent_uuid: "75f36883a0994dc082c4ba013171f8ed" member_type: VOTER last_known_addr { host: "127.13.12.67" port: 43471 } }
I20260630 12:16:52.054214 16525 raft_consensus.cc:2804] T c3a60a21d81145f7af11a383c1b4c391 P ba8ec7543d6f43f8943e16588aa468c0 [term 0 FOLLOWER]: Leader pre-election won for term 1
I20260630 12:16:52.054612 16525 raft_consensus.cc:493] T c3a60a21d81145f7af11a383c1b4c391 P ba8ec7543d6f43f8943e16588aa468c0 [term 0 FOLLOWER]: Starting leader election (no leader contacted us within the election timeout)
I20260630 12:16:52.054944 16525 raft_consensus.cc:3060] T c3a60a21d81145f7af11a383c1b4c391 P ba8ec7543d6f43f8943e16588aa468c0 [term 0 FOLLOWER]: Advancing to term 1
I20260630 12:16:52.057081 16539 raft_consensus.cc:515] T c1c46b50000c40cb92e77709a8ab19a5 P 3662938665a84ec6bc909af08b1fe017 [term 1 FOLLOWER]: Starting leader election with config: opid_index: -1 OBSOLETE_local: false peers { permanent_uuid: "ba8ec7543d6f43f8943e16588aa468c0" member_type: VOTER last_known_addr { host: "127.13.12.65" port: 35657 } } peers { permanent_uuid: "3662938665a84ec6bc909af08b1fe017" member_type: VOTER last_known_addr { host: "127.13.12.66" port: 39395 } } peers { permanent_uuid: "75f36883a0994dc082c4ba013171f8ed" member_type: VOTER last_known_addr { host: "127.13.12.67" port: 43471 } }
I20260630 12:16:52.058010 16402 tablet_service.cc:1917] Received RequestConsensusVote() RPC: tablet_id: "f2812979129d4d2b8d1e4f55c4dc941a" candidate_uuid: "ba8ec7543d6f43f8943e16588aa468c0" candidate_term: 1 candidate_status { last_received { term: 0 index: 0 } } ignore_live_leader: false dest_uuid: "3662938665a84ec6bc909af08b1fe017"
I20260630 12:16:52.058686 16402 raft_consensus.cc:3060] T f2812979129d4d2b8d1e4f55c4dc941a P 3662938665a84ec6bc909af08b1fe017 [term 0 FOLLOWER]: Advancing to term 1
I20260630 12:16:52.046828 16520 raft_consensus.cc:359] T 3ef96a14a4454191946d83f066830dbe P 3662938665a84ec6bc909af08b1fe017 [term 0 FOLLOWER]: Replica starting. Triggering 0 pending ops. Active config: opid_index: -1 OBSOLETE_local: false peers { permanent_uuid: "3662938665a84ec6bc909af08b1fe017" member_type: VOTER last_known_addr { host: "127.13.12.66" port: 39395 } } peers { permanent_uuid: "ba8ec7543d6f43f8943e16588aa468c0" member_type: VOTER last_known_addr { host: "127.13.12.65" port: 35657 } } peers { permanent_uuid: "75f36883a0994dc082c4ba013171f8ed" member_type: VOTER last_known_addr { host: "127.13.12.67" port: 43471 } }
I20260630 12:16:52.060351 16520 raft_consensus.cc:385] T 3ef96a14a4454191946d83f066830dbe P 3662938665a84ec6bc909af08b1fe017 [term 0 FOLLOWER]: Consensus starting up: Expiring failure detector timer to make a prompt election more likely
I20260630 12:16:52.060662 16520 raft_consensus.cc:740] T 3ef96a14a4454191946d83f066830dbe P 3662938665a84ec6bc909af08b1fe017 [term 0 FOLLOWER]: Becoming Follower/Learner. State: Replica: 3662938665a84ec6bc909af08b1fe017, State: Initialized, Role: FOLLOWER
I20260630 12:16:52.061743 16477 tablet_service.cc:1917] Received RequestConsensusVote() RPC: tablet_id: "c1c46b50000c40cb92e77709a8ab19a5" candidate_uuid: "3662938665a84ec6bc909af08b1fe017" candidate_term: 1 candidate_status { last_received { term: 0 index: 0 } } ignore_live_leader: false dest_uuid: "75f36883a0994dc082c4ba013171f8ed"
W20260630 12:16:52.063062 16368 leader_election.cc:343] T c1c46b50000c40cb92e77709a8ab19a5 P 3662938665a84ec6bc909af08b1fe017 [CANDIDATE]: Term 1 election: Tablet error from VoteRequest() call to peer 75f36883a0994dc082c4ba013171f8ed (127.13.12.67:43471): Illegal state: must be running to vote when last-logged opid is not known
I20260630 12:16:52.063603 16551 leader_election.cc:290] T f2812979129d4d2b8d1e4f55c4dc941a P ba8ec7543d6f43f8943e16588aa468c0 [CANDIDATE]: Term 1 election: Requested vote from peers 3662938665a84ec6bc909af08b1fe017 (127.13.12.66:39395), 75f36883a0994dc082c4ba013171f8ed (127.13.12.67:43471)
I20260630 12:16:52.061467 16520 consensus_queue.cc:260] T 3ef96a14a4454191946d83f066830dbe P 3662938665a84ec6bc909af08b1fe017 [NON_LEADER]: Queue going to NON_LEADER mode. State: All replicated index: 0, Majority replicated index: 0, Committed index: 0, Last appended: 0.0, Last appended by leader: 0, Current term: 0, Majority size: -1, State: 0, Mode: NON_LEADER, active raft config: opid_index: -1 OBSOLETE_local: false peers { permanent_uuid: "3662938665a84ec6bc909af08b1fe017" member_type: VOTER last_known_addr { host: "127.13.12.66" port: 39395 } } peers { permanent_uuid: "ba8ec7543d6f43f8943e16588aa468c0" member_type: VOTER last_known_addr { host: "127.13.12.65" port: 35657 } } peers { permanent_uuid: "75f36883a0994dc082c4ba013171f8ed" member_type: VOTER last_known_addr { host: "127.13.12.67" port: 43471 } }
I20260630 12:16:52.064774 16328 tablet_service.cc:1917] Received RequestConsensusVote() RPC: tablet_id: "c1c46b50000c40cb92e77709a8ab19a5" candidate_uuid: "3662938665a84ec6bc909af08b1fe017" candidate_term: 1 candidate_status { last_received { term: 0 index: 0 } } ignore_live_leader: false dest_uuid: "ba8ec7543d6f43f8943e16588aa468c0"
I20260630 12:16:52.065296 16328 raft_consensus.cc:3060] T c1c46b50000c40cb92e77709a8ab19a5 P ba8ec7543d6f43f8943e16588aa468c0 [term 0 FOLLOWER]: Advancing to term 1
I20260630 12:16:52.066464 16520 ts_tablet_manager.cc:1434] T 3ef96a14a4454191946d83f066830dbe P 3662938665a84ec6bc909af08b1fe017: Time spent starting tablet: real 0.027s	user 0.001s	sys 0.005s
I20260630 12:16:52.067430 16520 tablet_bootstrap.cc:492] T f3c7ecf1e5e441cc94a4117c5f6081c2 P 3662938665a84ec6bc909af08b1fe017: Bootstrap starting.
I20260630 12:16:52.071996 16328 raft_consensus.cc:2468] T c1c46b50000c40cb92e77709a8ab19a5 P ba8ec7543d6f43f8943e16588aa468c0 [term 1 FOLLOWER]: Leader election vote request: Granting yes vote for candidate 3662938665a84ec6bc909af08b1fe017 in term 1.
I20260630 12:16:52.058871 16539 leader_election.cc:290] T c1c46b50000c40cb92e77709a8ab19a5 P 3662938665a84ec6bc909af08b1fe017 [CANDIDATE]: Term 1 election: Requested vote from peers ba8ec7543d6f43f8943e16588aa468c0 (127.13.12.65:35657), 75f36883a0994dc082c4ba013171f8ed (127.13.12.67:43471)
I20260630 12:16:52.088361 16477 tablet_service.cc:1917] Received RequestConsensusVote() RPC: tablet_id: "f2812979129d4d2b8d1e4f55c4dc941a" candidate_uuid: "ba8ec7543d6f43f8943e16588aa468c0" candidate_term: 1 candidate_status { last_received { term: 0 index: 0 } } ignore_live_leader: false dest_uuid: "75f36883a0994dc082c4ba013171f8ed" is_pre_election: true
W20260630 12:16:52.088886 16274 auto_rebalancer.cc:298] Could not retrieve cluster info: Service unavailable: Tablet not running
I20260630 12:16:52.087831 16223 catalog_manager.cc:5697] T 2a79931b3630410aa53e0a8146396f97 P ba8ec7543d6f43f8943e16588aa468c0 reported cstate change: term changed from 0 to 1, leader changed from <none> to ba8ec7543d6f43f8943e16588aa468c0 (127.13.12.65). New cstate: current_term: 1 leader_uuid: "ba8ec7543d6f43f8943e16588aa468c0" committed_config { opid_index: -1 OBSOLETE_local: false peers { permanent_uuid: "3662938665a84ec6bc909af08b1fe017" member_type: VOTER last_known_addr { host: "127.13.12.66" port: 39395 } health_report { overall_health: UNKNOWN } } peers { permanent_uuid: "ba8ec7543d6f43f8943e16588aa468c0" member_type: VOTER last_known_addr { host: "127.13.12.65" port: 35657 } health_report { overall_health: HEALTHY } } peers { permanent_uuid: "75f36883a0994dc082c4ba013171f8ed" member_type: VOTER last_known_addr { host: "127.13.12.67" port: 43471 } health_report { overall_health: UNKNOWN } } }
I20260630 12:16:52.089557 16476 tablet_service.cc:1917] Received RequestConsensusVote() RPC: tablet_id: "c3a60a21d81145f7af11a383c1b4c391" candidate_uuid: "ba8ec7543d6f43f8943e16588aa468c0" candidate_term: 1 candidate_status { last_received { term: 0 index: 0 } } ignore_live_leader: false dest_uuid: "75f36883a0994dc082c4ba013171f8ed" is_pre_election: true
I20260630 12:16:52.091166 16476 tablet_service.cc:1917] Received RequestConsensusVote() RPC: tablet_id: "f2812979129d4d2b8d1e4f55c4dc941a" candidate_uuid: "ba8ec7543d6f43f8943e16588aa468c0" candidate_term: 1 candidate_status { last_received { term: 0 index: 0 } } ignore_live_leader: false dest_uuid: "75f36883a0994dc082c4ba013171f8ed"
I20260630 12:16:52.090842 16223 catalog_manager.cc:5697] T 9d12057d0b0e4591a78d83b5ad6bc4db P ba8ec7543d6f43f8943e16588aa468c0 reported cstate change: term changed from 0 to 1, leader changed from <none> to ba8ec7543d6f43f8943e16588aa468c0 (127.13.12.65). New cstate: current_term: 1 leader_uuid: "ba8ec7543d6f43f8943e16588aa468c0" committed_config { opid_index: -1 OBSOLETE_local: false peers { permanent_uuid: "3662938665a84ec6bc909af08b1fe017" member_type: VOTER last_known_addr { host: "127.13.12.66" port: 39395 } health_report { overall_health: UNKNOWN } } peers { permanent_uuid: "ba8ec7543d6f43f8943e16588aa468c0" member_type: VOTER last_known_addr { host: "127.13.12.65" port: 35657 } health_report { overall_health: HEALTHY } } peers { permanent_uuid: "75f36883a0994dc082c4ba013171f8ed" member_type: VOTER last_known_addr { host: "127.13.12.67" port: 43471 } health_report { overall_health: UNKNOWN } } }
I20260630 12:16:52.091702 16279 auto_leader_rebalancer.cc:141] leader rebalance for table range_aware_rebalance_new_range
W20260630 12:16:52.092530 16293 leader_election.cc:343] T c3a60a21d81145f7af11a383c1b4c391 P ba8ec7543d6f43f8943e16588aa468c0 [CANDIDATE]: Term 1 pre-election: Tablet error from VoteRequest() call to peer 75f36883a0994dc082c4ba013171f8ed (127.13.12.67:43471): Illegal state: must be running to vote when last-logged opid is not known
I20260630 12:16:52.089075 16477 raft_consensus.cc:2468] T f2812979129d4d2b8d1e4f55c4dc941a P 75f36883a0994dc082c4ba013171f8ed [term 0 FOLLOWER]: Leader pre-election vote request: Granting yes vote for candidate ba8ec7543d6f43f8943e16588aa468c0 in term 0.
W20260630 12:16:52.092701 16279 auto_leader_rebalancer.cc:524] the master instance isn't leader: Service unavailable: Tablet not running
I20260630 12:16:52.094152 16525 raft_consensus.cc:515] T c3a60a21d81145f7af11a383c1b4c391 P ba8ec7543d6f43f8943e16588aa468c0 [term 1 FOLLOWER]: Starting leader election with config: opid_index: -1 OBSOLETE_local: false peers { permanent_uuid: "ba8ec7543d6f43f8943e16588aa468c0" member_type: VOTER last_known_addr { host: "127.13.12.65" port: 35657 } } peers { permanent_uuid: "3662938665a84ec6bc909af08b1fe017" member_type: VOTER last_known_addr { host: "127.13.12.66" port: 39395 } } peers { permanent_uuid: "75f36883a0994dc082c4ba013171f8ed" member_type: VOTER last_known_addr { host: "127.13.12.67" port: 43471 } }
I20260630 12:16:52.094823 16328 tablet_service.cc:1917] Received RequestConsensusVote() RPC: tablet_id: "f2812979129d4d2b8d1e4f55c4dc941a" candidate_uuid: "75f36883a0994dc082c4ba013171f8ed" candidate_term: 1 candidate_status { last_received { term: 0 index: 0 } } ignore_live_leader: false dest_uuid: "ba8ec7543d6f43f8943e16588aa468c0" is_pre_election: true
I20260630 12:16:52.095696 16328 raft_consensus.cc:2393] T f2812979129d4d2b8d1e4f55c4dc941a P ba8ec7543d6f43f8943e16588aa468c0 [term 1 FOLLOWER]: Leader pre-election vote request: Denying vote to candidate 75f36883a0994dc082c4ba013171f8ed in current term 1: Already voted for candidate ba8ec7543d6f43f8943e16588aa468c0 in this term.
I20260630 12:16:52.097481 16520 tablet_bootstrap.cc:654] T f3c7ecf1e5e441cc94a4117c5f6081c2 P 3662938665a84ec6bc909af08b1fe017: Neither blocks nor log segments found. Creating new log.
I20260630 12:16:52.099973 16525 leader_election.cc:290] T c3a60a21d81145f7af11a383c1b4c391 P ba8ec7543d6f43f8943e16588aa468c0 [CANDIDATE]: Term 1 election: Requested vote from peers 3662938665a84ec6bc909af08b1fe017 (127.13.12.66:39395), 75f36883a0994dc082c4ba013171f8ed (127.13.12.67:43471)
I20260630 12:16:52.100723 16402 raft_consensus.cc:2468] T f2812979129d4d2b8d1e4f55c4dc941a P 3662938665a84ec6bc909af08b1fe017 [term 1 FOLLOWER]: Leader election vote request: Granting yes vote for candidate ba8ec7543d6f43f8943e16588aa468c0 in term 1.
I20260630 12:16:52.099743 16368 leader_election.cc:304] T c1c46b50000c40cb92e77709a8ab19a5 P 3662938665a84ec6bc909af08b1fe017 [CANDIDATE]: Term 1 election: Election decided. Result: candidate won. Election summary: received 3 responses out of 3 voters: 2 yes votes; 1 no votes. yes voters: 3662938665a84ec6bc909af08b1fe017, ba8ec7543d6f43f8943e16588aa468c0; no voters: 75f36883a0994dc082c4ba013171f8ed
I20260630 12:16:52.101392 16477 tablet_service.cc:1917] Received RequestConsensusVote() RPC: tablet_id: "c3a60a21d81145f7af11a383c1b4c391" candidate_uuid: "ba8ec7543d6f43f8943e16588aa468c0" candidate_term: 1 candidate_status { last_received { term: 0 index: 0 } } ignore_live_leader: false dest_uuid: "75f36883a0994dc082c4ba013171f8ed"
W20260630 12:16:52.102604 16293 leader_election.cc:343] T c3a60a21d81145f7af11a383c1b4c391 P ba8ec7543d6f43f8943e16588aa468c0 [CANDIDATE]: Term 1 election: Tablet error from VoteRequest() call to peer 75f36883a0994dc082c4ba013171f8ed (127.13.12.67:43471): Illegal state: must be running to vote when last-logged opid is not known
I20260630 12:16:52.103576 16539 raft_consensus.cc:2804] T c1c46b50000c40cb92e77709a8ab19a5 P 3662938665a84ec6bc909af08b1fe017 [term 1 FOLLOWER]: Leader election won for term 1
I20260630 12:16:52.104085 16539 raft_consensus.cc:697] T c1c46b50000c40cb92e77709a8ab19a5 P 3662938665a84ec6bc909af08b1fe017 [term 1 LEADER]: Becoming Leader. State: Replica: 3662938665a84ec6bc909af08b1fe017, State: Running, Role: LEADER
I20260630 12:16:52.104861 16403 tablet_service.cc:1917] Received RequestConsensusVote() RPC: tablet_id: "f2812979129d4d2b8d1e4f55c4dc941a" candidate_uuid: "75f36883a0994dc082c4ba013171f8ed" candidate_term: 1 candidate_status { last_received { term: 0 index: 0 } } ignore_live_leader: false dest_uuid: "3662938665a84ec6bc909af08b1fe017" is_pre_election: true
I20260630 12:16:52.105477 16403 raft_consensus.cc:2393] T f2812979129d4d2b8d1e4f55c4dc941a P 3662938665a84ec6bc909af08b1fe017 [term 1 FOLLOWER]: Leader pre-election vote request: Denying vote to candidate 75f36883a0994dc082c4ba013171f8ed in current term 1: Already voted for candidate ba8ec7543d6f43f8943e16588aa468c0 in this term.
I20260630 12:16:52.104957 16539 consensus_queue.cc:237] T c1c46b50000c40cb92e77709a8ab19a5 P 3662938665a84ec6bc909af08b1fe017 [LEADER]: Queue going to LEADER mode. State: All replicated index: 0, Majority replicated index: 0, Committed index: 0, Last appended: 0.0, Last appended by leader: 0, Current term: 1, Majority size: 2, State: 0, Mode: LEADER, active raft config: opid_index: -1 OBSOLETE_local: false peers { permanent_uuid: "ba8ec7543d6f43f8943e16588aa468c0" member_type: VOTER last_known_addr { host: "127.13.12.65" port: 35657 } } peers { permanent_uuid: "3662938665a84ec6bc909af08b1fe017" member_type: VOTER last_known_addr { host: "127.13.12.66" port: 39395 } } peers { permanent_uuid: "75f36883a0994dc082c4ba013171f8ed" member_type: VOTER last_known_addr { host: "127.13.12.67" port: 43471 } }
I20260630 12:16:52.106531 16528 tablet_bootstrap.cc:492] T c3a60a21d81145f7af11a383c1b4c391 P 75f36883a0994dc082c4ba013171f8ed: No bootstrap required, opened a new log
I20260630 12:16:52.106585 16443 leader_election.cc:304] T f2812979129d4d2b8d1e4f55c4dc941a P 75f36883a0994dc082c4ba013171f8ed [CANDIDATE]: Term 1 pre-election: Election decided. Result: candidate lost. Election summary: received 3 responses out of 3 voters: 1 yes votes; 2 no votes. yes voters: 75f36883a0994dc082c4ba013171f8ed; no voters: 3662938665a84ec6bc909af08b1fe017, ba8ec7543d6f43f8943e16588aa468c0
I20260630 12:16:52.106927 16294 leader_election.cc:304] T f2812979129d4d2b8d1e4f55c4dc941a P ba8ec7543d6f43f8943e16588aa468c0 [CANDIDATE]: Term 1 election: Election decided. Result: candidate won. Election summary: received 3 responses out of 3 voters: 2 yes votes; 1 no votes. yes voters: 3662938665a84ec6bc909af08b1fe017, ba8ec7543d6f43f8943e16588aa468c0; no voters: 75f36883a0994dc082c4ba013171f8ed
I20260630 12:16:52.107223 16528 ts_tablet_manager.cc:1403] T c3a60a21d81145f7af11a383c1b4c391 P 75f36883a0994dc082c4ba013171f8ed: Time spent bootstrapping tablet: real 0.079s	user 0.041s	sys 0.028s
I20260630 12:16:52.107764 16525 raft_consensus.cc:2804] T f2812979129d4d2b8d1e4f55c4dc941a P ba8ec7543d6f43f8943e16588aa468c0 [term 1 FOLLOWER]: Leader election won for term 1
I20260630 12:16:52.107929 16536 raft_consensus.cc:3060] T f2812979129d4d2b8d1e4f55c4dc941a P 75f36883a0994dc082c4ba013171f8ed [term 0 FOLLOWER]: Advancing to term 1
I20260630 12:16:52.108338 16402 tablet_service.cc:1917] Received RequestConsensusVote() RPC: tablet_id: "c3a60a21d81145f7af11a383c1b4c391" candidate_uuid: "ba8ec7543d6f43f8943e16588aa468c0" candidate_term: 1 candidate_status { last_received { term: 0 index: 0 } } ignore_live_leader: false dest_uuid: "3662938665a84ec6bc909af08b1fe017"
I20260630 12:16:52.108448 16525 raft_consensus.cc:697] T f2812979129d4d2b8d1e4f55c4dc941a P ba8ec7543d6f43f8943e16588aa468c0 [term 1 LEADER]: Becoming Leader. State: Replica: ba8ec7543d6f43f8943e16588aa468c0, State: Running, Role: LEADER
I20260630 12:16:52.109634 16525 consensus_queue.cc:237] T f2812979129d4d2b8d1e4f55c4dc941a P ba8ec7543d6f43f8943e16588aa468c0 [LEADER]: Queue going to LEADER mode. State: All replicated index: 0, Majority replicated index: 0, Committed index: 0, Last appended: 0.0, Last appended by leader: 0, Current term: 1, Majority size: 2, State: 0, Mode: LEADER, active raft config: opid_index: -1 OBSOLETE_local: false peers { permanent_uuid: "3662938665a84ec6bc909af08b1fe017" member_type: VOTER last_known_addr { host: "127.13.12.66" port: 39395 } } peers { permanent_uuid: "ba8ec7543d6f43f8943e16588aa468c0" member_type: VOTER last_known_addr { host: "127.13.12.65" port: 35657 } } peers { permanent_uuid: "75f36883a0994dc082c4ba013171f8ed" member_type: VOTER last_known_addr { host: "127.13.12.67" port: 43471 } }
I20260630 12:16:52.110121 16528 raft_consensus.cc:359] T c3a60a21d81145f7af11a383c1b4c391 P 75f36883a0994dc082c4ba013171f8ed [term 0 FOLLOWER]: Replica starting. Triggering 0 pending ops. Active config: opid_index: -1 OBSOLETE_local: false peers { permanent_uuid: "ba8ec7543d6f43f8943e16588aa468c0" member_type: VOTER last_known_addr { host: "127.13.12.65" port: 35657 } } peers { permanent_uuid: "3662938665a84ec6bc909af08b1fe017" member_type: VOTER last_known_addr { host: "127.13.12.66" port: 39395 } } peers { permanent_uuid: "75f36883a0994dc082c4ba013171f8ed" member_type: VOTER last_known_addr { host: "127.13.12.67" port: 43471 } }
I20260630 12:16:52.108987 16402 raft_consensus.cc:3060] T c3a60a21d81145f7af11a383c1b4c391 P 3662938665a84ec6bc909af08b1fe017 [term 0 FOLLOWER]: Advancing to term 1
I20260630 12:16:52.110836 16528 raft_consensus.cc:385] T c3a60a21d81145f7af11a383c1b4c391 P 75f36883a0994dc082c4ba013171f8ed [term 0 FOLLOWER]: Consensus starting up: Expiring failure detector timer to make a prompt election more likely
I20260630 12:16:52.111181 16528 raft_consensus.cc:740] T c3a60a21d81145f7af11a383c1b4c391 P 75f36883a0994dc082c4ba013171f8ed [term 0 FOLLOWER]: Becoming Follower/Learner. State: Replica: 75f36883a0994dc082c4ba013171f8ed, State: Initialized, Role: FOLLOWER
I20260630 12:16:52.109017 16520 tablet_bootstrap.cc:492] T f3c7ecf1e5e441cc94a4117c5f6081c2 P 3662938665a84ec6bc909af08b1fe017: No bootstrap required, opened a new log
I20260630 12:16:52.112023 16528 consensus_queue.cc:260] T c3a60a21d81145f7af11a383c1b4c391 P 75f36883a0994dc082c4ba013171f8ed [NON_LEADER]: Queue going to NON_LEADER mode. State: All replicated index: 0, Majority replicated index: 0, Committed index: 0, Last appended: 0.0, Last appended by leader: 0, Current term: 0, Majority size: -1, State: 0, Mode: NON_LEADER, active raft config: opid_index: -1 OBSOLETE_local: false peers { permanent_uuid: "ba8ec7543d6f43f8943e16588aa468c0" member_type: VOTER last_known_addr { host: "127.13.12.65" port: 35657 } } peers { permanent_uuid: "3662938665a84ec6bc909af08b1fe017" member_type: VOTER last_known_addr { host: "127.13.12.66" port: 39395 } } peers { permanent_uuid: "75f36883a0994dc082c4ba013171f8ed" member_type: VOTER last_known_addr { host: "127.13.12.67" port: 43471 } }
I20260630 12:16:52.112986 16520 ts_tablet_manager.cc:1403] T f3c7ecf1e5e441cc94a4117c5f6081c2 P 3662938665a84ec6bc909af08b1fe017: Time spent bootstrapping tablet: real 0.046s	user 0.005s	sys 0.005s
I20260630 12:16:52.115551 16536 raft_consensus.cc:2749] T f2812979129d4d2b8d1e4f55c4dc941a P 75f36883a0994dc082c4ba013171f8ed [term 1 FOLLOWER]: Leader pre-election lost for term 1. Reason: could not achieve majority
I20260630 12:16:52.118103 16520 raft_consensus.cc:359] T f3c7ecf1e5e441cc94a4117c5f6081c2 P 3662938665a84ec6bc909af08b1fe017 [term 0 FOLLOWER]: Replica starting. Triggering 0 pending ops. Active config: opid_index: -1 OBSOLETE_local: false peers { permanent_uuid: "ba8ec7543d6f43f8943e16588aa468c0" member_type: VOTER last_known_addr { host: "127.13.12.65" port: 35657 } } peers { permanent_uuid: "3662938665a84ec6bc909af08b1fe017" member_type: VOTER last_known_addr { host: "127.13.12.66" port: 39395 } } peers { permanent_uuid: "75f36883a0994dc082c4ba013171f8ed" member_type: VOTER last_known_addr { host: "127.13.12.67" port: 43471 } }
I20260630 12:16:52.118743 16520 raft_consensus.cc:385] T f3c7ecf1e5e441cc94a4117c5f6081c2 P 3662938665a84ec6bc909af08b1fe017 [term 0 FOLLOWER]: Consensus starting up: Expiring failure detector timer to make a prompt election more likely
I20260630 12:16:52.118989 16520 raft_consensus.cc:740] T f3c7ecf1e5e441cc94a4117c5f6081c2 P 3662938665a84ec6bc909af08b1fe017 [term 0 FOLLOWER]: Becoming Follower/Learner. State: Replica: 3662938665a84ec6bc909af08b1fe017, State: Initialized, Role: FOLLOWER
I20260630 12:16:52.119695 16520 consensus_queue.cc:260] T f3c7ecf1e5e441cc94a4117c5f6081c2 P 3662938665a84ec6bc909af08b1fe017 [NON_LEADER]: Queue going to NON_LEADER mode. State: All replicated index: 0, Majority replicated index: 0, Committed index: 0, Last appended: 0.0, Last appended by leader: 0, Current term: 0, Majority size: -1, State: 0, Mode: NON_LEADER, active raft config: opid_index: -1 OBSOLETE_local: false peers { permanent_uuid: "ba8ec7543d6f43f8943e16588aa468c0" member_type: VOTER last_known_addr { host: "127.13.12.65" port: 35657 } } peers { permanent_uuid: "3662938665a84ec6bc909af08b1fe017" member_type: VOTER last_known_addr { host: "127.13.12.66" port: 39395 } } peers { permanent_uuid: "75f36883a0994dc082c4ba013171f8ed" member_type: VOTER last_known_addr { host: "127.13.12.67" port: 43471 } }
I20260630 12:16:52.121784 16520 ts_tablet_manager.cc:1434] T f3c7ecf1e5e441cc94a4117c5f6081c2 P 3662938665a84ec6bc909af08b1fe017: Time spent starting tablet: real 0.006s	user 0.005s	sys 0.000s
I20260630 12:16:52.129479 16528 ts_tablet_manager.cc:1434] T c3a60a21d81145f7af11a383c1b4c391 P 75f36883a0994dc082c4ba013171f8ed: Time spent starting tablet: real 0.022s	user 0.003s	sys 0.012s
I20260630 12:16:52.130504 16528 tablet_bootstrap.cc:492] T 33dd70378a694c75a3942d1bcad97e0b P 75f36883a0994dc082c4ba013171f8ed: Bootstrap starting.
I20260630 12:16:52.133900 16402 raft_consensus.cc:2468] T c3a60a21d81145f7af11a383c1b4c391 P 3662938665a84ec6bc909af08b1fe017 [term 1 FOLLOWER]: Leader election vote request: Granting yes vote for candidate ba8ec7543d6f43f8943e16588aa468c0 in term 1.
I20260630 12:16:52.135252 16294 leader_election.cc:304] T c3a60a21d81145f7af11a383c1b4c391 P ba8ec7543d6f43f8943e16588aa468c0 [CANDIDATE]: Term 1 election: Election decided. Result: candidate won. Election summary: received 3 responses out of 3 voters: 2 yes votes; 1 no votes. yes voters: 3662938665a84ec6bc909af08b1fe017, ba8ec7543d6f43f8943e16588aa468c0; no voters: 75f36883a0994dc082c4ba013171f8ed
I20260630 12:16:52.136376 16528 tablet_bootstrap.cc:654] T 33dd70378a694c75a3942d1bcad97e0b P 75f36883a0994dc082c4ba013171f8ed: Neither blocks nor log segments found. Creating new log.
I20260630 12:16:52.136554 16525 raft_consensus.cc:2804] T c3a60a21d81145f7af11a383c1b4c391 P ba8ec7543d6f43f8943e16588aa468c0 [term 1 FOLLOWER]: Leader election won for term 1
I20260630 12:16:52.137120 16525 raft_consensus.cc:697] T c3a60a21d81145f7af11a383c1b4c391 P ba8ec7543d6f43f8943e16588aa468c0 [term 1 LEADER]: Becoming Leader. State: Replica: ba8ec7543d6f43f8943e16588aa468c0, State: Running, Role: LEADER
I20260630 12:16:52.138002 16525 consensus_queue.cc:237] T c3a60a21d81145f7af11a383c1b4c391 P ba8ec7543d6f43f8943e16588aa468c0 [LEADER]: Queue going to LEADER mode. State: All replicated index: 0, Majority replicated index: 0, Committed index: 0, Last appended: 0.0, Last appended by leader: 0, Current term: 1, Majority size: 2, State: 0, Mode: LEADER, active raft config: opid_index: -1 OBSOLETE_local: false peers { permanent_uuid: "ba8ec7543d6f43f8943e16588aa468c0" member_type: VOTER last_known_addr { host: "127.13.12.65" port: 35657 } } peers { permanent_uuid: "3662938665a84ec6bc909af08b1fe017" member_type: VOTER last_known_addr { host: "127.13.12.66" port: 39395 } } peers { permanent_uuid: "75f36883a0994dc082c4ba013171f8ed" member_type: VOTER last_known_addr { host: "127.13.12.67" port: 43471 } }
I20260630 12:16:52.141573 16528 tablet_bootstrap.cc:492] T 33dd70378a694c75a3942d1bcad97e0b P 75f36883a0994dc082c4ba013171f8ed: No bootstrap required, opened a new log
I20260630 12:16:52.142095 16528 ts_tablet_manager.cc:1403] T 33dd70378a694c75a3942d1bcad97e0b P 75f36883a0994dc082c4ba013171f8ed: Time spent bootstrapping tablet: real 0.012s	user 0.008s	sys 0.001s
I20260630 12:16:52.146095 16528 raft_consensus.cc:359] T 33dd70378a694c75a3942d1bcad97e0b P 75f36883a0994dc082c4ba013171f8ed [term 0 FOLLOWER]: Replica starting. Triggering 0 pending ops. Active config: opid_index: -1 OBSOLETE_local: false peers { permanent_uuid: "ba8ec7543d6f43f8943e16588aa468c0" member_type: VOTER last_known_addr { host: "127.13.12.65" port: 35657 } } peers { permanent_uuid: "3662938665a84ec6bc909af08b1fe017" member_type: VOTER last_known_addr { host: "127.13.12.66" port: 39395 } } peers { permanent_uuid: "75f36883a0994dc082c4ba013171f8ed" member_type: VOTER last_known_addr { host: "127.13.12.67" port: 43471 } }
I20260630 12:16:52.146711 16528 raft_consensus.cc:385] T 33dd70378a694c75a3942d1bcad97e0b P 75f36883a0994dc082c4ba013171f8ed [term 0 FOLLOWER]: Consensus starting up: Expiring failure detector timer to make a prompt election more likely
I20260630 12:16:52.146934 16528 raft_consensus.cc:740] T 33dd70378a694c75a3942d1bcad97e0b P 75f36883a0994dc082c4ba013171f8ed [term 0 FOLLOWER]: Becoming Follower/Learner. State: Replica: 75f36883a0994dc082c4ba013171f8ed, State: Initialized, Role: FOLLOWER
I20260630 12:16:52.147244 16539 raft_consensus.cc:493] T 3ef96a14a4454191946d83f066830dbe P 3662938665a84ec6bc909af08b1fe017 [term 0 FOLLOWER]: Starting pre-election (no leader contacted us within the election timeout)
I20260630 12:16:52.147665 16539 raft_consensus.cc:515] T 3ef96a14a4454191946d83f066830dbe P 3662938665a84ec6bc909af08b1fe017 [term 0 FOLLOWER]: Starting pre-election with config: opid_index: -1 OBSOLETE_local: false peers { permanent_uuid: "3662938665a84ec6bc909af08b1fe017" member_type: VOTER last_known_addr { host: "127.13.12.66" port: 39395 } } peers { permanent_uuid: "ba8ec7543d6f43f8943e16588aa468c0" member_type: VOTER last_known_addr { host: "127.13.12.65" port: 35657 } } peers { permanent_uuid: "75f36883a0994dc082c4ba013171f8ed" member_type: VOTER last_known_addr { host: "127.13.12.67" port: 43471 } }
I20260630 12:16:52.147625 16528 consensus_queue.cc:260] T 33dd70378a694c75a3942d1bcad97e0b P 75f36883a0994dc082c4ba013171f8ed [NON_LEADER]: Queue going to NON_LEADER mode. State: All replicated index: 0, Majority replicated index: 0, Committed index: 0, Last appended: 0.0, Last appended by leader: 0, Current term: 0, Majority size: -1, State: 0, Mode: NON_LEADER, active raft config: opid_index: -1 OBSOLETE_local: false peers { permanent_uuid: "ba8ec7543d6f43f8943e16588aa468c0" member_type: VOTER last_known_addr { host: "127.13.12.65" port: 35657 } } peers { permanent_uuid: "3662938665a84ec6bc909af08b1fe017" member_type: VOTER last_known_addr { host: "127.13.12.66" port: 39395 } } peers { permanent_uuid: "75f36883a0994dc082c4ba013171f8ed" member_type: VOTER last_known_addr { host: "127.13.12.67" port: 43471 } }
I20260630 12:16:52.148630 16225 catalog_manager.cc:5697] T c1c46b50000c40cb92e77709a8ab19a5 P 3662938665a84ec6bc909af08b1fe017 reported cstate change: term changed from 0 to 1, leader changed from <none> to 3662938665a84ec6bc909af08b1fe017 (127.13.12.66). New cstate: current_term: 1 leader_uuid: "3662938665a84ec6bc909af08b1fe017" committed_config { opid_index: -1 OBSOLETE_local: false peers { permanent_uuid: "ba8ec7543d6f43f8943e16588aa468c0" member_type: VOTER last_known_addr { host: "127.13.12.65" port: 35657 } health_report { overall_health: UNKNOWN } } peers { permanent_uuid: "3662938665a84ec6bc909af08b1fe017" member_type: VOTER last_known_addr { host: "127.13.12.66" port: 39395 } health_report { overall_health: HEALTHY } } peers { permanent_uuid: "75f36883a0994dc082c4ba013171f8ed" member_type: VOTER last_known_addr { host: "127.13.12.67" port: 43471 } health_report { overall_health: UNKNOWN } } }
I20260630 12:16:52.149789 16539 leader_election.cc:290] T 3ef96a14a4454191946d83f066830dbe P 3662938665a84ec6bc909af08b1fe017 [CANDIDATE]: Term 1 pre-election: Requested pre-vote from peers ba8ec7543d6f43f8943e16588aa468c0 (127.13.12.65:35657), 75f36883a0994dc082c4ba013171f8ed (127.13.12.67:43471)
I20260630 12:16:52.149930 16528 ts_tablet_manager.cc:1434] T 33dd70378a694c75a3942d1bcad97e0b P 75f36883a0994dc082c4ba013171f8ed: Time spent starting tablet: real 0.007s	user 0.007s	sys 0.000s
I20260630 12:16:52.153260 16528 tablet_bootstrap.cc:492] T c1c46b50000c40cb92e77709a8ab19a5 P 75f36883a0994dc082c4ba013171f8ed: Bootstrap starting.
I20260630 12:16:52.154222 16477 tablet_service.cc:1917] Received RequestConsensusVote() RPC: tablet_id: "3ef96a14a4454191946d83f066830dbe" candidate_uuid: "3662938665a84ec6bc909af08b1fe017" candidate_term: 1 candidate_status { last_received { term: 0 index: 0 } } ignore_live_leader: false dest_uuid: "75f36883a0994dc082c4ba013171f8ed" is_pre_election: true
I20260630 12:16:52.154812 16477 raft_consensus.cc:2468] T 3ef96a14a4454191946d83f066830dbe P 75f36883a0994dc082c4ba013171f8ed [term 0 FOLLOWER]: Leader pre-election vote request: Granting yes vote for candidate 3662938665a84ec6bc909af08b1fe017 in term 0.
I20260630 12:16:52.154242 16328 tablet_service.cc:1917] Received RequestConsensusVote() RPC: tablet_id: "3ef96a14a4454191946d83f066830dbe" candidate_uuid: "3662938665a84ec6bc909af08b1fe017" candidate_term: 1 candidate_status { last_received { term: 0 index: 0 } } ignore_live_leader: false dest_uuid: "ba8ec7543d6f43f8943e16588aa468c0" is_pre_election: true
I20260630 12:16:52.155983 16368 leader_election.cc:304] T 3ef96a14a4454191946d83f066830dbe P 3662938665a84ec6bc909af08b1fe017 [CANDIDATE]: Term 1 pre-election: Election decided. Result: candidate won. Election summary: received 2 responses out of 3 voters: 2 yes votes; 0 no votes. yes voters: 3662938665a84ec6bc909af08b1fe017, 75f36883a0994dc082c4ba013171f8ed; no voters: 
I20260630 12:16:52.156236 16328 raft_consensus.cc:2468] T 3ef96a14a4454191946d83f066830dbe P ba8ec7543d6f43f8943e16588aa468c0 [term 0 FOLLOWER]: Leader pre-election vote request: Granting yes vote for candidate 3662938665a84ec6bc909af08b1fe017 in term 0.
I20260630 12:16:52.157449 16539 raft_consensus.cc:2804] T 3ef96a14a4454191946d83f066830dbe P 3662938665a84ec6bc909af08b1fe017 [term 0 FOLLOWER]: Leader pre-election won for term 1
I20260630 12:16:52.157842 16539 raft_consensus.cc:493] T 3ef96a14a4454191946d83f066830dbe P 3662938665a84ec6bc909af08b1fe017 [term 0 FOLLOWER]: Starting leader election (no leader contacted us within the election timeout)
I20260630 12:16:52.158195 16539 raft_consensus.cc:3060] T 3ef96a14a4454191946d83f066830dbe P 3662938665a84ec6bc909af08b1fe017 [term 0 FOLLOWER]: Advancing to term 1
I20260630 12:16:52.158849 16528 tablet_bootstrap.cc:654] T c1c46b50000c40cb92e77709a8ab19a5 P 75f36883a0994dc082c4ba013171f8ed: Neither blocks nor log segments found. Creating new log.
I20260630 12:16:52.157620 16226 catalog_manager.cc:5697] T f2812979129d4d2b8d1e4f55c4dc941a P ba8ec7543d6f43f8943e16588aa468c0 reported cstate change: term changed from 0 to 1, leader changed from <none> to ba8ec7543d6f43f8943e16588aa468c0 (127.13.12.65). New cstate: current_term: 1 leader_uuid: "ba8ec7543d6f43f8943e16588aa468c0" committed_config { opid_index: -1 OBSOLETE_local: false peers { permanent_uuid: "3662938665a84ec6bc909af08b1fe017" member_type: VOTER last_known_addr { host: "127.13.12.66" port: 39395 } health_report { overall_health: UNKNOWN } } peers { permanent_uuid: "ba8ec7543d6f43f8943e16588aa468c0" member_type: VOTER last_known_addr { host: "127.13.12.65" port: 35657 } health_report { overall_health: HEALTHY } } peers { permanent_uuid: "75f36883a0994dc082c4ba013171f8ed" member_type: VOTER last_known_addr { host: "127.13.12.67" port: 43471 } health_report { overall_health: UNKNOWN } } }
I20260630 12:16:52.161536 16226 catalog_manager.cc:5697] T c3a60a21d81145f7af11a383c1b4c391 P ba8ec7543d6f43f8943e16588aa468c0 reported cstate change: term changed from 0 to 1, leader changed from <none> to ba8ec7543d6f43f8943e16588aa468c0 (127.13.12.65). New cstate: current_term: 1 leader_uuid: "ba8ec7543d6f43f8943e16588aa468c0" committed_config { opid_index: -1 OBSOLETE_local: false peers { permanent_uuid: "ba8ec7543d6f43f8943e16588aa468c0" member_type: VOTER last_known_addr { host: "127.13.12.65" port: 35657 } health_report { overall_health: HEALTHY } } peers { permanent_uuid: "3662938665a84ec6bc909af08b1fe017" member_type: VOTER last_known_addr { host: "127.13.12.66" port: 39395 } health_report { overall_health: UNKNOWN } } peers { permanent_uuid: "75f36883a0994dc082c4ba013171f8ed" member_type: VOTER last_known_addr { host: "127.13.12.67" port: 43471 } health_report { overall_health: UNKNOWN } } }
I20260630 12:16:52.164740 16528 tablet_bootstrap.cc:492] T c1c46b50000c40cb92e77709a8ab19a5 P 75f36883a0994dc082c4ba013171f8ed: No bootstrap required, opened a new log
I20260630 12:16:52.165181 16528 ts_tablet_manager.cc:1403] T c1c46b50000c40cb92e77709a8ab19a5 P 75f36883a0994dc082c4ba013171f8ed: Time spent bootstrapping tablet: real 0.012s	user 0.010s	sys 0.000s
I20260630 12:16:52.167460 16527 raft_consensus.cc:493] T 33dd70378a694c75a3942d1bcad97e0b P 3662938665a84ec6bc909af08b1fe017 [term 0 FOLLOWER]: Starting pre-election (no leader contacted us within the election timeout)
I20260630 12:16:52.166508 16539 raft_consensus.cc:515] T 3ef96a14a4454191946d83f066830dbe P 3662938665a84ec6bc909af08b1fe017 [term 1 FOLLOWER]: Starting leader election with config: opid_index: -1 OBSOLETE_local: false peers { permanent_uuid: "3662938665a84ec6bc909af08b1fe017" member_type: VOTER last_known_addr { host: "127.13.12.66" port: 39395 } } peers { permanent_uuid: "ba8ec7543d6f43f8943e16588aa468c0" member_type: VOTER last_known_addr { host: "127.13.12.65" port: 35657 } } peers { permanent_uuid: "75f36883a0994dc082c4ba013171f8ed" member_type: VOTER last_known_addr { host: "127.13.12.67" port: 43471 } }
I20260630 12:16:52.167804 16528 raft_consensus.cc:359] T c1c46b50000c40cb92e77709a8ab19a5 P 75f36883a0994dc082c4ba013171f8ed [term 0 FOLLOWER]: Replica starting. Triggering 0 pending ops. Active config: opid_index: -1 OBSOLETE_local: false peers { permanent_uuid: "ba8ec7543d6f43f8943e16588aa468c0" member_type: VOTER last_known_addr { host: "127.13.12.65" port: 35657 } } peers { permanent_uuid: "3662938665a84ec6bc909af08b1fe017" member_type: VOTER last_known_addr { host: "127.13.12.66" port: 39395 } } peers { permanent_uuid: "75f36883a0994dc082c4ba013171f8ed" member_type: VOTER last_known_addr { host: "127.13.12.67" port: 43471 } }
I20260630 12:16:52.167943 16527 raft_consensus.cc:515] T 33dd70378a694c75a3942d1bcad97e0b P 3662938665a84ec6bc909af08b1fe017 [term 0 FOLLOWER]: Starting pre-election with config: opid_index: -1 OBSOLETE_local: false peers { permanent_uuid: "ba8ec7543d6f43f8943e16588aa468c0" member_type: VOTER last_known_addr { host: "127.13.12.65" port: 35657 } } peers { permanent_uuid: "3662938665a84ec6bc909af08b1fe017" member_type: VOTER last_known_addr { host: "127.13.12.66" port: 39395 } } peers { permanent_uuid: "75f36883a0994dc082c4ba013171f8ed" member_type: VOTER last_known_addr { host: "127.13.12.67" port: 43471 } }
I20260630 12:16:52.168516 16528 raft_consensus.cc:385] T c1c46b50000c40cb92e77709a8ab19a5 P 75f36883a0994dc082c4ba013171f8ed [term 0 FOLLOWER]: Consensus starting up: Expiring failure detector timer to make a prompt election more likely
I20260630 12:16:52.168849 16528 raft_consensus.cc:740] T c1c46b50000c40cb92e77709a8ab19a5 P 75f36883a0994dc082c4ba013171f8ed [term 0 FOLLOWER]: Becoming Follower/Learner. State: Replica: 75f36883a0994dc082c4ba013171f8ed, State: Initialized, Role: FOLLOWER
I20260630 12:16:52.169649 16528 consensus_queue.cc:260] T c1c46b50000c40cb92e77709a8ab19a5 P 75f36883a0994dc082c4ba013171f8ed [NON_LEADER]: Queue going to NON_LEADER mode. State: All replicated index: 0, Majority replicated index: 0, Committed index: 0, Last appended: 0.0, Last appended by leader: 0, Current term: 0, Majority size: -1, State: 0, Mode: NON_LEADER, active raft config: opid_index: -1 OBSOLETE_local: false peers { permanent_uuid: "ba8ec7543d6f43f8943e16588aa468c0" member_type: VOTER last_known_addr { host: "127.13.12.65" port: 35657 } } peers { permanent_uuid: "3662938665a84ec6bc909af08b1fe017" member_type: VOTER last_known_addr { host: "127.13.12.66" port: 39395 } } peers { permanent_uuid: "75f36883a0994dc082c4ba013171f8ed" member_type: VOTER last_known_addr { host: "127.13.12.67" port: 43471 } }
I20260630 12:16:52.169984 16328 tablet_service.cc:1917] Received RequestConsensusVote() RPC: tablet_id: "3ef96a14a4454191946d83f066830dbe" candidate_uuid: "3662938665a84ec6bc909af08b1fe017" candidate_term: 1 candidate_status { last_received { term: 0 index: 0 } } ignore_live_leader: false dest_uuid: "ba8ec7543d6f43f8943e16588aa468c0"
I20260630 12:16:52.170579 16328 raft_consensus.cc:3060] T 3ef96a14a4454191946d83f066830dbe P ba8ec7543d6f43f8943e16588aa468c0 [term 0 FOLLOWER]: Advancing to term 1
I20260630 12:16:52.171797 16528 ts_tablet_manager.cc:1434] T c1c46b50000c40cb92e77709a8ab19a5 P 75f36883a0994dc082c4ba013171f8ed: Time spent starting tablet: real 0.006s	user 0.005s	sys 0.000s
I20260630 12:16:52.172883 16528 tablet_bootstrap.cc:492] T f3c7ecf1e5e441cc94a4117c5f6081c2 P 75f36883a0994dc082c4ba013171f8ed: Bootstrap starting.
I20260630 12:16:52.175907 16527 leader_election.cc:290] T 33dd70378a694c75a3942d1bcad97e0b P 3662938665a84ec6bc909af08b1fe017 [CANDIDATE]: Term 1 pre-election: Requested pre-vote from peers ba8ec7543d6f43f8943e16588aa468c0 (127.13.12.65:35657), 75f36883a0994dc082c4ba013171f8ed (127.13.12.67:43471)
I20260630 12:16:52.178714 16328 raft_consensus.cc:2468] T 3ef96a14a4454191946d83f066830dbe P ba8ec7543d6f43f8943e16588aa468c0 [term 1 FOLLOWER]: Leader election vote request: Granting yes vote for candidate 3662938665a84ec6bc909af08b1fe017 in term 1.
I20260630 12:16:52.178969 16477 tablet_service.cc:1917] Received RequestConsensusVote() RPC: tablet_id: "3ef96a14a4454191946d83f066830dbe" candidate_uuid: "3662938665a84ec6bc909af08b1fe017" candidate_term: 1 candidate_status { last_received { term: 0 index: 0 } } ignore_live_leader: false dest_uuid: "75f36883a0994dc082c4ba013171f8ed"
I20260630 12:16:52.179504 16528 tablet_bootstrap.cc:654] T f3c7ecf1e5e441cc94a4117c5f6081c2 P 75f36883a0994dc082c4ba013171f8ed: Neither blocks nor log segments found. Creating new log.
I20260630 12:16:52.179692 16477 raft_consensus.cc:3060] T 3ef96a14a4454191946d83f066830dbe P 75f36883a0994dc082c4ba013171f8ed [term 0 FOLLOWER]: Advancing to term 1
I20260630 12:16:52.180713 16327 tablet_service.cc:1917] Received RequestConsensusVote() RPC: tablet_id: "33dd70378a694c75a3942d1bcad97e0b" candidate_uuid: "3662938665a84ec6bc909af08b1fe017" candidate_term: 1 candidate_status { last_received { term: 0 index: 0 } } ignore_live_leader: false dest_uuid: "ba8ec7543d6f43f8943e16588aa468c0" is_pre_election: true
I20260630 12:16:52.181389 16327 raft_consensus.cc:2468] T 33dd70378a694c75a3942d1bcad97e0b P ba8ec7543d6f43f8943e16588aa468c0 [term 0 FOLLOWER]: Leader pre-election vote request: Granting yes vote for candidate 3662938665a84ec6bc909af08b1fe017 in term 0.
I20260630 12:16:52.182739 16368 leader_election.cc:304] T 33dd70378a694c75a3942d1bcad97e0b P 3662938665a84ec6bc909af08b1fe017 [CANDIDATE]: Term 1 pre-election: Election decided. Result: candidate won. Election summary: received 2 responses out of 3 voters: 2 yes votes; 0 no votes. yes voters: 3662938665a84ec6bc909af08b1fe017, ba8ec7543d6f43f8943e16588aa468c0; no voters: 
I20260630 12:16:52.179637 16476 tablet_service.cc:1917] Received RequestConsensusVote() RPC: tablet_id: "33dd70378a694c75a3942d1bcad97e0b" candidate_uuid: "3662938665a84ec6bc909af08b1fe017" candidate_term: 1 candidate_status { last_received { term: 0 index: 0 } } ignore_live_leader: false dest_uuid: "75f36883a0994dc082c4ba013171f8ed" is_pre_election: true
I20260630 12:16:52.183349 16527 raft_consensus.cc:2804] T 33dd70378a694c75a3942d1bcad97e0b P 3662938665a84ec6bc909af08b1fe017 [term 0 FOLLOWER]: Leader pre-election won for term 1
I20260630 12:16:52.183691 16527 raft_consensus.cc:493] T 33dd70378a694c75a3942d1bcad97e0b P 3662938665a84ec6bc909af08b1fe017 [term 0 FOLLOWER]: Starting leader election (no leader contacted us within the election timeout)
I20260630 12:16:52.183787 16476 raft_consensus.cc:2468] T 33dd70378a694c75a3942d1bcad97e0b P 75f36883a0994dc082c4ba013171f8ed [term 0 FOLLOWER]: Leader pre-election vote request: Granting yes vote for candidate 3662938665a84ec6bc909af08b1fe017 in term 0.
I20260630 12:16:52.184031 16527 raft_consensus.cc:3060] T 33dd70378a694c75a3942d1bcad97e0b P 3662938665a84ec6bc909af08b1fe017 [term 0 FOLLOWER]: Advancing to term 1
I20260630 12:16:52.185251 16368 leader_election.cc:304] T 3ef96a14a4454191946d83f066830dbe P 3662938665a84ec6bc909af08b1fe017 [CANDIDATE]: Term 1 election: Election decided. Result: candidate won. Election summary: received 2 responses out of 3 voters: 2 yes votes; 0 no votes. yes voters: 3662938665a84ec6bc909af08b1fe017, ba8ec7543d6f43f8943e16588aa468c0; no voters: 
I20260630 12:16:52.185839 16477 raft_consensus.cc:2468] T 3ef96a14a4454191946d83f066830dbe P 75f36883a0994dc082c4ba013171f8ed [term 1 FOLLOWER]: Leader election vote request: Granting yes vote for candidate 3662938665a84ec6bc909af08b1fe017 in term 1.
I20260630 12:16:52.191923 16539 leader_election.cc:290] T 3ef96a14a4454191946d83f066830dbe P 3662938665a84ec6bc909af08b1fe017 [CANDIDATE]: Term 1 election: Requested vote from peers ba8ec7543d6f43f8943e16588aa468c0 (127.13.12.65:35657), 75f36883a0994dc082c4ba013171f8ed (127.13.12.67:43471)
I20260630 12:16:52.192376 16528 tablet_bootstrap.cc:492] T f3c7ecf1e5e441cc94a4117c5f6081c2 P 75f36883a0994dc082c4ba013171f8ed: No bootstrap required, opened a new log
I20260630 12:16:52.190834 16527 raft_consensus.cc:515] T 33dd70378a694c75a3942d1bcad97e0b P 3662938665a84ec6bc909af08b1fe017 [term 1 FOLLOWER]: Starting leader election with config: opid_index: -1 OBSOLETE_local: false peers { permanent_uuid: "ba8ec7543d6f43f8943e16588aa468c0" member_type: VOTER last_known_addr { host: "127.13.12.65" port: 35657 } } peers { permanent_uuid: "3662938665a84ec6bc909af08b1fe017" member_type: VOTER last_known_addr { host: "127.13.12.66" port: 39395 } } peers { permanent_uuid: "75f36883a0994dc082c4ba013171f8ed" member_type: VOTER last_known_addr { host: "127.13.12.67" port: 43471 } }
I20260630 12:16:52.192910 16528 ts_tablet_manager.cc:1403] T f3c7ecf1e5e441cc94a4117c5f6081c2 P 75f36883a0994dc082c4ba013171f8ed: Time spent bootstrapping tablet: real 0.020s	user 0.011s	sys 0.000s
I20260630 12:16:52.193935 16527 leader_election.cc:290] T 33dd70378a694c75a3942d1bcad97e0b P 3662938665a84ec6bc909af08b1fe017 [CANDIDATE]: Term 1 election: Requested vote from peers ba8ec7543d6f43f8943e16588aa468c0 (127.13.12.65:35657), 75f36883a0994dc082c4ba013171f8ed (127.13.12.67:43471)
I20260630 12:16:52.192467 16539 raft_consensus.cc:2804] T 3ef96a14a4454191946d83f066830dbe P 3662938665a84ec6bc909af08b1fe017 [term 1 FOLLOWER]: Leader election won for term 1
I20260630 12:16:52.194495 16539 raft_consensus.cc:697] T 3ef96a14a4454191946d83f066830dbe P 3662938665a84ec6bc909af08b1fe017 [term 1 LEADER]: Becoming Leader. State: Replica: 3662938665a84ec6bc909af08b1fe017, State: Running, Role: LEADER
I20260630 12:16:52.195297 16539 consensus_queue.cc:237] T 3ef96a14a4454191946d83f066830dbe P 3662938665a84ec6bc909af08b1fe017 [LEADER]: Queue going to LEADER mode. State: All replicated index: 0, Majority replicated index: 0, Committed index: 0, Last appended: 0.0, Last appended by leader: 0, Current term: 1, Majority size: 2, State: 0, Mode: LEADER, active raft config: opid_index: -1 OBSOLETE_local: false peers { permanent_uuid: "3662938665a84ec6bc909af08b1fe017" member_type: VOTER last_known_addr { host: "127.13.12.66" port: 39395 } } peers { permanent_uuid: "ba8ec7543d6f43f8943e16588aa468c0" member_type: VOTER last_known_addr { host: "127.13.12.65" port: 35657 } } peers { permanent_uuid: "75f36883a0994dc082c4ba013171f8ed" member_type: VOTER last_known_addr { host: "127.13.12.67" port: 43471 } }
I20260630 12:16:52.195475 16528 raft_consensus.cc:359] T f3c7ecf1e5e441cc94a4117c5f6081c2 P 75f36883a0994dc082c4ba013171f8ed [term 0 FOLLOWER]: Replica starting. Triggering 0 pending ops. Active config: opid_index: -1 OBSOLETE_local: false peers { permanent_uuid: "ba8ec7543d6f43f8943e16588aa468c0" member_type: VOTER last_known_addr { host: "127.13.12.65" port: 35657 } } peers { permanent_uuid: "3662938665a84ec6bc909af08b1fe017" member_type: VOTER last_known_addr { host: "127.13.12.66" port: 39395 } } peers { permanent_uuid: "75f36883a0994dc082c4ba013171f8ed" member_type: VOTER last_known_addr { host: "127.13.12.67" port: 43471 } }
I20260630 12:16:52.196085 16528 raft_consensus.cc:385] T f3c7ecf1e5e441cc94a4117c5f6081c2 P 75f36883a0994dc082c4ba013171f8ed [term 0 FOLLOWER]: Consensus starting up: Expiring failure detector timer to make a prompt election more likely
I20260630 12:16:52.196368 16528 raft_consensus.cc:740] T f3c7ecf1e5e441cc94a4117c5f6081c2 P 75f36883a0994dc082c4ba013171f8ed [term 0 FOLLOWER]: Becoming Follower/Learner. State: Replica: 75f36883a0994dc082c4ba013171f8ed, State: Initialized, Role: FOLLOWER
I20260630 12:16:52.197011 16528 consensus_queue.cc:260] T f3c7ecf1e5e441cc94a4117c5f6081c2 P 75f36883a0994dc082c4ba013171f8ed [NON_LEADER]: Queue going to NON_LEADER mode. State: All replicated index: 0, Majority replicated index: 0, Committed index: 0, Last appended: 0.0, Last appended by leader: 0, Current term: 0, Majority size: -1, State: 0, Mode: NON_LEADER, active raft config: opid_index: -1 OBSOLETE_local: false peers { permanent_uuid: "ba8ec7543d6f43f8943e16588aa468c0" member_type: VOTER last_known_addr { host: "127.13.12.65" port: 35657 } } peers { permanent_uuid: "3662938665a84ec6bc909af08b1fe017" member_type: VOTER last_known_addr { host: "127.13.12.66" port: 39395 } } peers { permanent_uuid: "75f36883a0994dc082c4ba013171f8ed" member_type: VOTER last_known_addr { host: "127.13.12.67" port: 43471 } }
I20260630 12:16:52.197477 16328 tablet_service.cc:1917] Received RequestConsensusVote() RPC: tablet_id: "33dd70378a694c75a3942d1bcad97e0b" candidate_uuid: "3662938665a84ec6bc909af08b1fe017" candidate_term: 1 candidate_status { last_received { term: 0 index: 0 } } ignore_live_leader: false dest_uuid: "ba8ec7543d6f43f8943e16588aa468c0"
I20260630 12:16:52.197713 16477 tablet_service.cc:1917] Received RequestConsensusVote() RPC: tablet_id: "33dd70378a694c75a3942d1bcad97e0b" candidate_uuid: "3662938665a84ec6bc909af08b1fe017" candidate_term: 1 candidate_status { last_received { term: 0 index: 0 } } ignore_live_leader: false dest_uuid: "75f36883a0994dc082c4ba013171f8ed"
I20260630 12:16:52.198320 16477 raft_consensus.cc:3060] T 33dd70378a694c75a3942d1bcad97e0b P 75f36883a0994dc082c4ba013171f8ed [term 0 FOLLOWER]: Advancing to term 1
I20260630 12:16:52.198323 16328 raft_consensus.cc:3060] T 33dd70378a694c75a3942d1bcad97e0b P ba8ec7543d6f43f8943e16588aa468c0 [term 0 FOLLOWER]: Advancing to term 1
I20260630 12:16:52.198920 16528 ts_tablet_manager.cc:1434] T f3c7ecf1e5e441cc94a4117c5f6081c2 P 75f36883a0994dc082c4ba013171f8ed: Time spent starting tablet: real 0.006s	user 0.004s	sys 0.000s
I20260630 12:16:52.205363 16328 raft_consensus.cc:2468] T 33dd70378a694c75a3942d1bcad97e0b P ba8ec7543d6f43f8943e16588aa468c0 [term 1 FOLLOWER]: Leader election vote request: Granting yes vote for candidate 3662938665a84ec6bc909af08b1fe017 in term 1.
I20260630 12:16:52.205610 16477 raft_consensus.cc:2468] T 33dd70378a694c75a3942d1bcad97e0b P 75f36883a0994dc082c4ba013171f8ed [term 1 FOLLOWER]: Leader election vote request: Granting yes vote for candidate 3662938665a84ec6bc909af08b1fe017 in term 1.
