I20260630 12:15:41.786336 14953 raft_consensus.cc:359] T 72c9f98753c340fbb7302867985f0b65 P b432f81dca9c43308c70ef298359021d [term 0 FOLLOWER]: Replica starting. Triggering 0 pending ops. Active config: opid_index: -1 OBSOLETE_local: false peers { permanent_uuid: "ff9f66d6437849ee9e36af773aafc161" member_type: VOTER last_known_addr { host: "127.13.191.3" port: 45089 } } peers { permanent_uuid: "b432f81dca9c43308c70ef298359021d" member_type: VOTER last_known_addr { host: "127.13.191.2" port: 35721 } } peers { permanent_uuid: "2448da4b02224ea49a09f47eb0d8be75" member_type: VOTER last_known_addr { host: "127.13.191.1" port: 44825 } }
I20260630 12:15:41.786993 14951 raft_consensus.cc:385] T 3deb209ad8e6499cbdd890ec32928dcd P ff9f66d6437849ee9e36af773aafc161 [term 0 FOLLOWER]: Consensus starting up: Expiring failure detector timer to make a prompt election more likely
I20260630 12:15:41.787228 14953 raft_consensus.cc:385] T 72c9f98753c340fbb7302867985f0b65 P b432f81dca9c43308c70ef298359021d [term 0 FOLLOWER]: Consensus starting up: Expiring failure detector timer to make a prompt election more likely
I20260630 12:15:41.787318 14951 raft_consensus.cc:740] T 3deb209ad8e6499cbdd890ec32928dcd P ff9f66d6437849ee9e36af773aafc161 [term 0 FOLLOWER]: Becoming Follower/Learner. State: Replica: ff9f66d6437849ee9e36af773aafc161, State: Initialized, Role: FOLLOWER
I20260630 12:15:41.787751 14953 raft_consensus.cc:740] T 72c9f98753c340fbb7302867985f0b65 P b432f81dca9c43308c70ef298359021d [term 0 FOLLOWER]: Becoming Follower/Learner. State: Replica: b432f81dca9c43308c70ef298359021d, State: Initialized, Role: FOLLOWER
I20260630 12:15:41.788439 14951 consensus_queue.cc:260] T 3deb209ad8e6499cbdd890ec32928dcd P ff9f66d6437849ee9e36af773aafc161 [NON_LEADER]: Queue going to NON_LEADER mode. State: All replicated index: 0, Majority replicated index: 0, Committed index: 0, Last appended: 0.0, Last appended by leader: 0, Current term: 0, Majority size: -1, State: 0, Mode: NON_LEADER, active raft config: opid_index: -1 OBSOLETE_local: false peers { permanent_uuid: "2448da4b02224ea49a09f47eb0d8be75" member_type: VOTER last_known_addr { host: "127.13.191.1" port: 44825 } } peers { permanent_uuid: "b432f81dca9c43308c70ef298359021d" member_type: VOTER last_known_addr { host: "127.13.191.2" port: 35721 } } peers { permanent_uuid: "ff9f66d6437849ee9e36af773aafc161" member_type: VOTER last_known_addr { host: "127.13.191.3" port: 45089 } }
I20260630 12:15:41.788733 14953 consensus_queue.cc:260] T 72c9f98753c340fbb7302867985f0b65 P b432f81dca9c43308c70ef298359021d [NON_LEADER]: Queue going to NON_LEADER mode. State: All replicated index: 0, Majority replicated index: 0, Committed index: 0, Last appended: 0.0, Last appended by leader: 0, Current term: 0, Majority size: -1, State: 0, Mode: NON_LEADER, active raft config: opid_index: -1 OBSOLETE_local: false peers { permanent_uuid: "ff9f66d6437849ee9e36af773aafc161" member_type: VOTER last_known_addr { host: "127.13.191.3" port: 45089 } } peers { permanent_uuid: "b432f81dca9c43308c70ef298359021d" member_type: VOTER last_known_addr { host: "127.13.191.2" port: 35721 } } peers { permanent_uuid: "2448da4b02224ea49a09f47eb0d8be75" member_type: VOTER last_known_addr { host: "127.13.191.1" port: 44825 } }
I20260630 12:15:41.790895 14951 ts_tablet_manager.cc:1434] T 3deb209ad8e6499cbdd890ec32928dcd P ff9f66d6437849ee9e36af773aafc161: Time spent starting tablet: real 0.024s	user 0.006s	sys 0.000s
I20260630 12:15:41.791945 14951 tablet_bootstrap.cc:492] T cbe4c381ca2c47129dc35b2f2c62be03 P ff9f66d6437849ee9e36af773aafc161: Bootstrap starting.
I20260630 12:15:41.795608 14953 ts_tablet_manager.cc:1434] T 72c9f98753c340fbb7302867985f0b65 P b432f81dca9c43308c70ef298359021d: Time spent starting tablet: real 0.015s	user 0.003s	sys 0.003s
I20260630 12:15:41.801470 14952 tablet_bootstrap.cc:492] T a2cb2d46e736453b9c7cf13f612398c4 P 2448da4b02224ea49a09f47eb0d8be75: No bootstrap required, opened a new log
I20260630 12:15:41.802157 14952 ts_tablet_manager.cc:1403] T a2cb2d46e736453b9c7cf13f612398c4 P 2448da4b02224ea49a09f47eb0d8be75: Time spent bootstrapping tablet: real 0.102s	user 0.012s	sys 0.016s
I20260630 12:15:41.804294 14959 raft_consensus.cc:493] T 3deb209ad8e6499cbdd890ec32928dcd P b432f81dca9c43308c70ef298359021d [term 0 FOLLOWER]: Starting pre-election (no leader contacted us within the election timeout)
I20260630 12:15:41.804590 14951 tablet_bootstrap.cc:654] T cbe4c381ca2c47129dc35b2f2c62be03 P ff9f66d6437849ee9e36af773aafc161: Neither blocks nor log segments found. Creating new log.
I20260630 12:15:41.804980 14959 raft_consensus.cc:515] T 3deb209ad8e6499cbdd890ec32928dcd P b432f81dca9c43308c70ef298359021d [term 0 FOLLOWER]: Starting pre-election with config: opid_index: -1 OBSOLETE_local: false peers { permanent_uuid: "2448da4b02224ea49a09f47eb0d8be75" member_type: VOTER last_known_addr { host: "127.13.191.1" port: 44825 } } peers { permanent_uuid: "b432f81dca9c43308c70ef298359021d" member_type: VOTER last_known_addr { host: "127.13.191.2" port: 35721 } } peers { permanent_uuid: "ff9f66d6437849ee9e36af773aafc161" member_type: VOTER last_known_addr { host: "127.13.191.3" port: 45089 } }
I20260630 12:15:41.801543 14953 tablet_bootstrap.cc:492] T cbe4c381ca2c47129dc35b2f2c62be03 P b432f81dca9c43308c70ef298359021d: Bootstrap starting.
I20260630 12:15:41.806860 14959 leader_election.cc:290] T 3deb209ad8e6499cbdd890ec32928dcd P b432f81dca9c43308c70ef298359021d [CANDIDATE]: Term 1 pre-election: Requested pre-vote from peers 2448da4b02224ea49a09f47eb0d8be75 (127.13.191.1:44825), ff9f66d6437849ee9e36af773aafc161 (127.13.191.3:45089)
I20260630 12:15:41.807793 14756 tablet_service.cc:1917] Received RequestConsensusVote() RPC: tablet_id: "3deb209ad8e6499cbdd890ec32928dcd" candidate_uuid: "b432f81dca9c43308c70ef298359021d" candidate_term: 1 candidate_status { last_received { term: 0 index: 0 } } ignore_live_leader: false dest_uuid: "2448da4b02224ea49a09f47eb0d8be75" is_pre_election: true
I20260630 12:15:41.808501 14756 raft_consensus.cc:2468] T 3deb209ad8e6499cbdd890ec32928dcd P 2448da4b02224ea49a09f47eb0d8be75 [term 0 FOLLOWER]: Leader pre-election vote request: Granting yes vote for candidate b432f81dca9c43308c70ef298359021d in term 0.
I20260630 12:15:41.809952 14795 leader_election.cc:304] T 3deb209ad8e6499cbdd890ec32928dcd P b432f81dca9c43308c70ef298359021d [CANDIDATE]: Term 1 pre-election: Election decided. Result: candidate won. Election summary: received 2 responses out of 3 voters: 2 yes votes; 0 no votes. yes voters: 2448da4b02224ea49a09f47eb0d8be75, b432f81dca9c43308c70ef298359021d; no voters: 
I20260630 12:15:41.809985 14952 raft_consensus.cc:359] T a2cb2d46e736453b9c7cf13f612398c4 P 2448da4b02224ea49a09f47eb0d8be75 [term 0 FOLLOWER]: Replica starting. Triggering 0 pending ops. Active config: opid_index: -1 OBSOLETE_local: false peers { permanent_uuid: "2448da4b02224ea49a09f47eb0d8be75" member_type: VOTER last_known_addr { host: "127.13.191.1" port: 44825 } } peers { permanent_uuid: "b432f81dca9c43308c70ef298359021d" member_type: VOTER last_known_addr { host: "127.13.191.2" port: 35721 } } peers { permanent_uuid: "ff9f66d6437849ee9e36af773aafc161" member_type: VOTER last_known_addr { host: "127.13.191.3" port: 45089 } }
I20260630 12:15:41.817687 14952 raft_consensus.cc:385] T a2cb2d46e736453b9c7cf13f612398c4 P 2448da4b02224ea49a09f47eb0d8be75 [term 0 FOLLOWER]: Consensus starting up: Expiring failure detector timer to make a prompt election more likely
I20260630 12:15:41.818086 14952 raft_consensus.cc:740] T a2cb2d46e736453b9c7cf13f612398c4 P 2448da4b02224ea49a09f47eb0d8be75 [term 0 FOLLOWER]: Becoming Follower/Learner. State: Replica: 2448da4b02224ea49a09f47eb0d8be75, State: Initialized, Role: FOLLOWER
I20260630 12:15:41.819075 14952 consensus_queue.cc:260] T a2cb2d46e736453b9c7cf13f612398c4 P 2448da4b02224ea49a09f47eb0d8be75 [NON_LEADER]: Queue going to NON_LEADER mode. State: All replicated index: 0, Majority replicated index: 0, Committed index: 0, Last appended: 0.0, Last appended by leader: 0, Current term: 0, Majority size: -1, State: 0, Mode: NON_LEADER, active raft config: opid_index: -1 OBSOLETE_local: false peers { permanent_uuid: "2448da4b02224ea49a09f47eb0d8be75" member_type: VOTER last_known_addr { host: "127.13.191.1" port: 44825 } } peers { permanent_uuid: "b432f81dca9c43308c70ef298359021d" member_type: VOTER last_known_addr { host: "127.13.191.2" port: 35721 } } peers { permanent_uuid: "ff9f66d6437849ee9e36af773aafc161" member_type: VOTER last_known_addr { host: "127.13.191.3" port: 45089 } }
I20260630 12:15:41.826068 14959 raft_consensus.cc:2804] T 3deb209ad8e6499cbdd890ec32928dcd P b432f81dca9c43308c70ef298359021d [term 0 FOLLOWER]: Leader pre-election won for term 1
I20260630 12:15:41.838478 14984 raft_consensus.cc:493] T a2cb2d46e736453b9c7cf13f612398c4 P 2448da4b02224ea49a09f47eb0d8be75 [term 0 FOLLOWER]: Starting pre-election (no leader contacted us within the election timeout)
I20260630 12:15:41.839144 14984 raft_consensus.cc:515] T a2cb2d46e736453b9c7cf13f612398c4 P 2448da4b02224ea49a09f47eb0d8be75 [term 0 FOLLOWER]: Starting pre-election with config: opid_index: -1 OBSOLETE_local: false peers { permanent_uuid: "2448da4b02224ea49a09f47eb0d8be75" member_type: VOTER last_known_addr { host: "127.13.191.1" port: 44825 } } peers { permanent_uuid: "b432f81dca9c43308c70ef298359021d" member_type: VOTER last_known_addr { host: "127.13.191.2" port: 35721 } } peers { permanent_uuid: "ff9f66d6437849ee9e36af773aafc161" member_type: VOTER last_known_addr { host: "127.13.191.3" port: 45089 } }
I20260630 12:15:41.839774 14906 tablet_service.cc:1917] Received RequestConsensusVote() RPC: tablet_id: "3deb209ad8e6499cbdd890ec32928dcd" candidate_uuid: "b432f81dca9c43308c70ef298359021d" candidate_term: 1 candidate_status { last_received { term: 0 index: 0 } } ignore_live_leader: false dest_uuid: "ff9f66d6437849ee9e36af773aafc161" is_pre_election: true
I20260630 12:15:41.840435 14906 raft_consensus.cc:2468] T 3deb209ad8e6499cbdd890ec32928dcd P ff9f66d6437849ee9e36af773aafc161 [term 0 FOLLOWER]: Leader pre-election vote request: Granting yes vote for candidate b432f81dca9c43308c70ef298359021d in term 0.
I20260630 12:15:41.837524 14959 raft_consensus.cc:493] T 3deb209ad8e6499cbdd890ec32928dcd P b432f81dca9c43308c70ef298359021d [term 0 FOLLOWER]: Starting leader election (no leader contacted us within the election timeout)
I20260630 12:15:41.841830 14959 raft_consensus.cc:3060] T 3deb209ad8e6499cbdd890ec32928dcd P b432f81dca9c43308c70ef298359021d [term 0 FOLLOWER]: Advancing to term 1
I20260630 12:15:41.846714 14952 ts_tablet_manager.cc:1434] T a2cb2d46e736453b9c7cf13f612398c4 P 2448da4b02224ea49a09f47eb0d8be75: Time spent starting tablet: real 0.044s	user 0.006s	sys 0.002s
I20260630 12:15:41.849236 14951 tablet_bootstrap.cc:492] T cbe4c381ca2c47129dc35b2f2c62be03 P ff9f66d6437849ee9e36af773aafc161: No bootstrap required, opened a new log
I20260630 12:15:41.850039 14951 ts_tablet_manager.cc:1403] T cbe4c381ca2c47129dc35b2f2c62be03 P ff9f66d6437849ee9e36af773aafc161: Time spent bootstrapping tablet: real 0.058s	user 0.012s	sys 0.006s
I20260630 12:15:41.850579 14952 tablet_bootstrap.cc:492] T 62ab4f8e3e384ccca5fc85df3bf92eda P 2448da4b02224ea49a09f47eb0d8be75: Bootstrap starting.
I20260630 12:15:41.853086 14951 raft_consensus.cc:359] T cbe4c381ca2c47129dc35b2f2c62be03 P ff9f66d6437849ee9e36af773aafc161 [term 0 FOLLOWER]: Replica starting. Triggering 0 pending ops. Active config: opid_index: -1 OBSOLETE_local: false peers { permanent_uuid: "2448da4b02224ea49a09f47eb0d8be75" member_type: VOTER last_known_addr { host: "127.13.191.1" port: 44825 } } peers { permanent_uuid: "b432f81dca9c43308c70ef298359021d" member_type: VOTER last_known_addr { host: "127.13.191.2" port: 35721 } } peers { permanent_uuid: "ff9f66d6437849ee9e36af773aafc161" member_type: VOTER last_known_addr { host: "127.13.191.3" port: 45089 } }
I20260630 12:15:41.853389 14830 tablet_service.cc:1917] Received RequestConsensusVote() RPC: tablet_id: "a2cb2d46e736453b9c7cf13f612398c4" candidate_uuid: "2448da4b02224ea49a09f47eb0d8be75" candidate_term: 1 candidate_status { last_received { term: 0 index: 0 } } ignore_live_leader: false dest_uuid: "b432f81dca9c43308c70ef298359021d" is_pre_election: true
I20260630 12:15:41.853785 14951 raft_consensus.cc:385] T cbe4c381ca2c47129dc35b2f2c62be03 P ff9f66d6437849ee9e36af773aafc161 [term 0 FOLLOWER]: Consensus starting up: Expiring failure detector timer to make a prompt election more likely
I20260630 12:15:41.854013 14951 raft_consensus.cc:740] T cbe4c381ca2c47129dc35b2f2c62be03 P ff9f66d6437849ee9e36af773aafc161 [term 0 FOLLOWER]: Becoming Follower/Learner. State: Replica: ff9f66d6437849ee9e36af773aafc161, State: Initialized, Role: FOLLOWER
I20260630 12:15:41.854250 14830 raft_consensus.cc:2393] T a2cb2d46e736453b9c7cf13f612398c4 P b432f81dca9c43308c70ef298359021d [term 1 FOLLOWER]: Leader pre-election vote request: Denying vote to candidate 2448da4b02224ea49a09f47eb0d8be75 in current term 1: Already voted for candidate ff9f66d6437849ee9e36af773aafc161 in this term.
I20260630 12:15:41.855408 14951 consensus_queue.cc:260] T cbe4c381ca2c47129dc35b2f2c62be03 P ff9f66d6437849ee9e36af773aafc161 [NON_LEADER]: Queue going to NON_LEADER mode. State: All replicated index: 0, Majority replicated index: 0, Committed index: 0, Last appended: 0.0, Last appended by leader: 0, Current term: 0, Majority size: -1, State: 0, Mode: NON_LEADER, active raft config: opid_index: -1 OBSOLETE_local: false peers { permanent_uuid: "2448da4b02224ea49a09f47eb0d8be75" member_type: VOTER last_known_addr { host: "127.13.191.1" port: 44825 } } peers { permanent_uuid: "b432f81dca9c43308c70ef298359021d" member_type: VOTER last_known_addr { host: "127.13.191.2" port: 35721 } } peers { permanent_uuid: "ff9f66d6437849ee9e36af773aafc161" member_type: VOTER last_known_addr { host: "127.13.191.3" port: 45089 } }
I20260630 12:15:41.856895 14953 tablet_bootstrap.cc:654] T cbe4c381ca2c47129dc35b2f2c62be03 P b432f81dca9c43308c70ef298359021d: Neither blocks nor log segments found. Creating new log.
I20260630 12:15:41.857170 14951 ts_tablet_manager.cc:1434] T cbe4c381ca2c47129dc35b2f2c62be03 P ff9f66d6437849ee9e36af773aafc161: Time spent starting tablet: real 0.007s	user 0.006s	sys 0.000s
I20260630 12:15:41.859336 14984 leader_election.cc:290] T a2cb2d46e736453b9c7cf13f612398c4 P 2448da4b02224ea49a09f47eb0d8be75 [CANDIDATE]: Term 1 pre-election: Requested pre-vote from peers b432f81dca9c43308c70ef298359021d (127.13.191.2:35721), ff9f66d6437849ee9e36af773aafc161 (127.13.191.3:45089)
I20260630 12:15:41.859557 14906 tablet_service.cc:1917] Received RequestConsensusVote() RPC: tablet_id: "a2cb2d46e736453b9c7cf13f612398c4" candidate_uuid: "2448da4b02224ea49a09f47eb0d8be75" candidate_term: 1 candidate_status { last_received { term: 0 index: 0 } } ignore_live_leader: false dest_uuid: "ff9f66d6437849ee9e36af773aafc161" is_pre_election: true
I20260630 12:15:41.861320 14721 leader_election.cc:304] T a2cb2d46e736453b9c7cf13f612398c4 P 2448da4b02224ea49a09f47eb0d8be75 [CANDIDATE]: Term 1 pre-election: Election decided. Result: candidate lost. Election summary: received 3 responses out of 3 voters: 1 yes votes; 2 no votes. yes voters: 2448da4b02224ea49a09f47eb0d8be75; no voters: b432f81dca9c43308c70ef298359021d, ff9f66d6437849ee9e36af773aafc161
I20260630 12:15:41.861531 14959 raft_consensus.cc:515] T 3deb209ad8e6499cbdd890ec32928dcd P b432f81dca9c43308c70ef298359021d [term 1 FOLLOWER]: Starting leader election with config: opid_index: -1 OBSOLETE_local: false peers { permanent_uuid: "2448da4b02224ea49a09f47eb0d8be75" member_type: VOTER last_known_addr { host: "127.13.191.1" port: 44825 } } peers { permanent_uuid: "b432f81dca9c43308c70ef298359021d" member_type: VOTER last_known_addr { host: "127.13.191.2" port: 35721 } } peers { permanent_uuid: "ff9f66d6437849ee9e36af773aafc161" member_type: VOTER last_known_addr { host: "127.13.191.3" port: 45089 } }
I20260630 12:15:41.862511 14984 raft_consensus.cc:3060] T a2cb2d46e736453b9c7cf13f612398c4 P 2448da4b02224ea49a09f47eb0d8be75 [term 0 FOLLOWER]: Advancing to term 1
I20260630 12:15:41.865059 14756 tablet_service.cc:1917] Received RequestConsensusVote() RPC: tablet_id: "3deb209ad8e6499cbdd890ec32928dcd" candidate_uuid: "b432f81dca9c43308c70ef298359021d" candidate_term: 1 candidate_status { last_received { term: 0 index: 0 } } ignore_live_leader: false dest_uuid: "2448da4b02224ea49a09f47eb0d8be75"
I20260630 12:15:41.865907 14756 raft_consensus.cc:3060] T 3deb209ad8e6499cbdd890ec32928dcd P 2448da4b02224ea49a09f47eb0d8be75 [term 0 FOLLOWER]: Advancing to term 1
I20260630 12:15:41.869494 14952 tablet_bootstrap.cc:654] T 62ab4f8e3e384ccca5fc85df3bf92eda P 2448da4b02224ea49a09f47eb0d8be75: Neither blocks nor log segments found. Creating new log.
I20260630 12:15:41.869671 14654 catalog_manager.cc:5697] T f47706b689b94188aba5208c2b47ff9b P ff9f66d6437849ee9e36af773aafc161 reported cstate change: term changed from 0 to 1, leader changed from <none> to ff9f66d6437849ee9e36af773aafc161 (127.13.191.3). New cstate: current_term: 1 leader_uuid: "ff9f66d6437849ee9e36af773aafc161" committed_config { opid_index: -1 OBSOLETE_local: false peers { permanent_uuid: "2448da4b02224ea49a09f47eb0d8be75" member_type: VOTER last_known_addr { host: "127.13.191.1" port: 44825 } health_report { overall_health: UNKNOWN } } peers { permanent_uuid: "b432f81dca9c43308c70ef298359021d" member_type: VOTER last_known_addr { host: "127.13.191.2" port: 35721 } health_report { overall_health: UNKNOWN } } peers { permanent_uuid: "ff9f66d6437849ee9e36af773aafc161" member_type: VOTER last_known_addr { host: "127.13.191.3" port: 45089 } health_report { overall_health: HEALTHY } } }
I20260630 12:15:41.872711 14959 leader_election.cc:290] T 3deb209ad8e6499cbdd890ec32928dcd P b432f81dca9c43308c70ef298359021d [CANDIDATE]: Term 1 election: Requested vote from peers 2448da4b02224ea49a09f47eb0d8be75 (127.13.191.1:44825), ff9f66d6437849ee9e36af773aafc161 (127.13.191.3:45089)
I20260630 12:15:41.873375 14906 tablet_service.cc:1917] Received RequestConsensusVote() RPC: tablet_id: "3deb209ad8e6499cbdd890ec32928dcd" candidate_uuid: "b432f81dca9c43308c70ef298359021d" candidate_term: 1 candidate_status { last_received { term: 0 index: 0 } } ignore_live_leader: false dest_uuid: "ff9f66d6437849ee9e36af773aafc161"
I20260630 12:15:41.873890 14906 raft_consensus.cc:3060] T 3deb209ad8e6499cbdd890ec32928dcd P ff9f66d6437849ee9e36af773aafc161 [term 0 FOLLOWER]: Advancing to term 1
I20260630 12:15:41.875018 14984 raft_consensus.cc:2749] T a2cb2d46e736453b9c7cf13f612398c4 P 2448da4b02224ea49a09f47eb0d8be75 [term 1 FOLLOWER]: Leader pre-election lost for term 1. Reason: could not achieve majority
I20260630 12:15:41.872015 14654 catalog_manager.cc:5697] T a11d36c4cf184f2886537f4bb36ae308 P ff9f66d6437849ee9e36af773aafc161 reported cstate change: term changed from 0 to 1, leader changed from <none> to ff9f66d6437849ee9e36af773aafc161 (127.13.191.3). New cstate: current_term: 1 leader_uuid: "ff9f66d6437849ee9e36af773aafc161" committed_config { opid_index: -1 OBSOLETE_local: false peers { permanent_uuid: "2448da4b02224ea49a09f47eb0d8be75" member_type: VOTER last_known_addr { host: "127.13.191.1" port: 44825 } health_report { overall_health: UNKNOWN } } peers { permanent_uuid: "b432f81dca9c43308c70ef298359021d" member_type: VOTER last_known_addr { host: "127.13.191.2" port: 35721 } health_report { overall_health: UNKNOWN } } peers { permanent_uuid: "ff9f66d6437849ee9e36af773aafc161" member_type: VOTER last_known_addr { host: "127.13.191.3" port: 45089 } health_report { overall_health: HEALTHY } } }
I20260630 12:15:41.877507 14654 catalog_manager.cc:5697] T a2cb2d46e736453b9c7cf13f612398c4 P ff9f66d6437849ee9e36af773aafc161 reported cstate change: term changed from 0 to 1, leader changed from <none> to ff9f66d6437849ee9e36af773aafc161 (127.13.191.3). New cstate: current_term: 1 leader_uuid: "ff9f66d6437849ee9e36af773aafc161" committed_config { opid_index: -1 OBSOLETE_local: false peers { permanent_uuid: "2448da4b02224ea49a09f47eb0d8be75" member_type: VOTER last_known_addr { host: "127.13.191.1" port: 44825 } health_report { overall_health: UNKNOWN } } peers { permanent_uuid: "b432f81dca9c43308c70ef298359021d" member_type: VOTER last_known_addr { host: "127.13.191.2" port: 35721 } health_report { overall_health: UNKNOWN } } peers { permanent_uuid: "ff9f66d6437849ee9e36af773aafc161" member_type: VOTER last_known_addr { host: "127.13.191.3" port: 45089 } health_report { overall_health: HEALTHY } } }
I20260630 12:15:41.879254 14654 catalog_manager.cc:5697] T 62ab4f8e3e384ccca5fc85df3bf92eda P ff9f66d6437849ee9e36af773aafc161 reported cstate change: term changed from 0 to 1, leader changed from <none> to ff9f66d6437849ee9e36af773aafc161 (127.13.191.3). New cstate: current_term: 1 leader_uuid: "ff9f66d6437849ee9e36af773aafc161" committed_config { opid_index: -1 OBSOLETE_local: false peers { permanent_uuid: "2448da4b02224ea49a09f47eb0d8be75" member_type: VOTER last_known_addr { host: "127.13.191.1" port: 44825 } health_report { overall_health: UNKNOWN } } peers { permanent_uuid: "b432f81dca9c43308c70ef298359021d" member_type: VOTER last_known_addr { host: "127.13.191.2" port: 35721 } health_report { overall_health: UNKNOWN } } peers { permanent_uuid: "ff9f66d6437849ee9e36af773aafc161" member_type: VOTER last_known_addr { host: "127.13.191.3" port: 45089 } health_report { overall_health: HEALTHY } } }
I20260630 12:15:41.873479 14953 tablet_bootstrap.cc:492] T cbe4c381ca2c47129dc35b2f2c62be03 P b432f81dca9c43308c70ef298359021d: No bootstrap required, opened a new log
I20260630 12:15:41.880753 14953 ts_tablet_manager.cc:1403] T cbe4c381ca2c47129dc35b2f2c62be03 P b432f81dca9c43308c70ef298359021d: Time spent bootstrapping tablet: real 0.079s	user 0.010s	sys 0.012s
I20260630 12:15:41.880877 14756 raft_consensus.cc:2468] T 3deb209ad8e6499cbdd890ec32928dcd P 2448da4b02224ea49a09f47eb0d8be75 [term 1 FOLLOWER]: Leader election vote request: Granting yes vote for candidate b432f81dca9c43308c70ef298359021d in term 1.
I20260630 12:15:41.882117 14795 leader_election.cc:304] T 3deb209ad8e6499cbdd890ec32928dcd P b432f81dca9c43308c70ef298359021d [CANDIDATE]: Term 1 election: Election decided. Result: candidate won. Election summary: received 2 responses out of 3 voters: 2 yes votes; 0 no votes. yes voters: 2448da4b02224ea49a09f47eb0d8be75, b432f81dca9c43308c70ef298359021d; no voters: 
I20260630 12:15:41.882967 14959 raft_consensus.cc:2804] T 3deb209ad8e6499cbdd890ec32928dcd P b432f81dca9c43308c70ef298359021d [term 1 FOLLOWER]: Leader election won for term 1
I20260630 12:15:41.884601 14953 raft_consensus.cc:359] T cbe4c381ca2c47129dc35b2f2c62be03 P b432f81dca9c43308c70ef298359021d [term 0 FOLLOWER]: Replica starting. Triggering 0 pending ops. Active config: opid_index: -1 OBSOLETE_local: false peers { permanent_uuid: "2448da4b02224ea49a09f47eb0d8be75" member_type: VOTER last_known_addr { host: "127.13.191.1" port: 44825 } } peers { permanent_uuid: "b432f81dca9c43308c70ef298359021d" member_type: VOTER last_known_addr { host: "127.13.191.2" port: 35721 } } peers { permanent_uuid: "ff9f66d6437849ee9e36af773aafc161" member_type: VOTER last_known_addr { host: "127.13.191.3" port: 45089 } }
I20260630 12:15:41.885754 14953 raft_consensus.cc:385] T cbe4c381ca2c47129dc35b2f2c62be03 P b432f81dca9c43308c70ef298359021d [term 0 FOLLOWER]: Consensus starting up: Expiring failure detector timer to make a prompt election more likely
I20260630 12:15:41.886190 14953 raft_consensus.cc:740] T cbe4c381ca2c47129dc35b2f2c62be03 P b432f81dca9c43308c70ef298359021d [term 0 FOLLOWER]: Becoming Follower/Learner. State: Replica: b432f81dca9c43308c70ef298359021d, State: Initialized, Role: FOLLOWER
I20260630 12:15:41.887169 14953 consensus_queue.cc:260] T cbe4c381ca2c47129dc35b2f2c62be03 P b432f81dca9c43308c70ef298359021d [NON_LEADER]: Queue going to NON_LEADER mode. State: All replicated index: 0, Majority replicated index: 0, Committed index: 0, Last appended: 0.0, Last appended by leader: 0, Current term: 0, Majority size: -1, State: 0, Mode: NON_LEADER, active raft config: opid_index: -1 OBSOLETE_local: false peers { permanent_uuid: "2448da4b02224ea49a09f47eb0d8be75" member_type: VOTER last_known_addr { host: "127.13.191.1" port: 44825 } } peers { permanent_uuid: "b432f81dca9c43308c70ef298359021d" member_type: VOTER last_known_addr { host: "127.13.191.2" port: 35721 } } peers { permanent_uuid: "ff9f66d6437849ee9e36af773aafc161" member_type: VOTER last_known_addr { host: "127.13.191.3" port: 45089 } }
I20260630 12:15:41.887771 14906 raft_consensus.cc:2468] T 3deb209ad8e6499cbdd890ec32928dcd P ff9f66d6437849ee9e36af773aafc161 [term 1 FOLLOWER]: Leader election vote request: Granting yes vote for candidate b432f81dca9c43308c70ef298359021d in term 1.
I20260630 12:15:41.892074 14952 tablet_bootstrap.cc:492] T 62ab4f8e3e384ccca5fc85df3bf92eda P 2448da4b02224ea49a09f47eb0d8be75: No bootstrap required, opened a new log
I20260630 12:15:41.892865 14952 ts_tablet_manager.cc:1403] T 62ab4f8e3e384ccca5fc85df3bf92eda P 2448da4b02224ea49a09f47eb0d8be75: Time spent bootstrapping tablet: real 0.043s	user 0.010s	sys 0.010s
I20260630 12:15:41.895293 14959 raft_consensus.cc:697] T 3deb209ad8e6499cbdd890ec32928dcd P b432f81dca9c43308c70ef298359021d [term 1 LEADER]: Becoming Leader. State: Replica: b432f81dca9c43308c70ef298359021d, State: Running, Role: LEADER
I20260630 12:15:41.896898 14959 consensus_queue.cc:237] T 3deb209ad8e6499cbdd890ec32928dcd P b432f81dca9c43308c70ef298359021d [LEADER]: Queue going to LEADER mode. State: All replicated index: 0, Majority replicated index: 0, Committed index: 0, Last appended: 0.0, Last appended by leader: 0, Current term: 1, Majority size: 2, State: 0, Mode: LEADER, active raft config: opid_index: -1 OBSOLETE_local: false peers { permanent_uuid: "2448da4b02224ea49a09f47eb0d8be75" member_type: VOTER last_known_addr { host: "127.13.191.1" port: 44825 } } peers { permanent_uuid: "b432f81dca9c43308c70ef298359021d" member_type: VOTER last_known_addr { host: "127.13.191.2" port: 35721 } } peers { permanent_uuid: "ff9f66d6437849ee9e36af773aafc161" member_type: VOTER last_known_addr { host: "127.13.191.3" port: 45089 } }
I20260630 12:15:41.898738 14953 ts_tablet_manager.cc:1434] T cbe4c381ca2c47129dc35b2f2c62be03 P b432f81dca9c43308c70ef298359021d: Time spent starting tablet: real 0.017s	user 0.006s	sys 0.005s
I20260630 12:15:41.896772 14952 raft_consensus.cc:359] T 62ab4f8e3e384ccca5fc85df3bf92eda P 2448da4b02224ea49a09f47eb0d8be75 [term 0 FOLLOWER]: Replica starting. Triggering 0 pending ops. Active config: opid_index: -1 OBSOLETE_local: false peers { permanent_uuid: "2448da4b02224ea49a09f47eb0d8be75" member_type: VOTER last_known_addr { host: "127.13.191.1" port: 44825 } } peers { permanent_uuid: "b432f81dca9c43308c70ef298359021d" member_type: VOTER last_known_addr { host: "127.13.191.2" port: 35721 } } peers { permanent_uuid: "ff9f66d6437849ee9e36af773aafc161" member_type: VOTER last_known_addr { host: "127.13.191.3" port: 45089 } }
I20260630 12:15:41.899550 14952 raft_consensus.cc:385] T 62ab4f8e3e384ccca5fc85df3bf92eda P 2448da4b02224ea49a09f47eb0d8be75 [term 0 FOLLOWER]: Consensus starting up: Expiring failure detector timer to make a prompt election more likely
I20260630 12:15:41.899896 14952 raft_consensus.cc:740] T 62ab4f8e3e384ccca5fc85df3bf92eda P 2448da4b02224ea49a09f47eb0d8be75 [term 0 FOLLOWER]: Becoming Follower/Learner. State: Replica: 2448da4b02224ea49a09f47eb0d8be75, State: Initialized, Role: FOLLOWER
I20260630 12:15:41.900744 14952 consensus_queue.cc:260] T 62ab4f8e3e384ccca5fc85df3bf92eda P 2448da4b02224ea49a09f47eb0d8be75 [NON_LEADER]: Queue going to NON_LEADER mode. State: All replicated index: 0, Majority replicated index: 0, Committed index: 0, Last appended: 0.0, Last appended by leader: 0, Current term: 0, Majority size: -1, State: 0, Mode: NON_LEADER, active raft config: opid_index: -1 OBSOLETE_local: false peers { permanent_uuid: "2448da4b02224ea49a09f47eb0d8be75" member_type: VOTER last_known_addr { host: "127.13.191.1" port: 44825 } } peers { permanent_uuid: "b432f81dca9c43308c70ef298359021d" member_type: VOTER last_known_addr { host: "127.13.191.2" port: 35721 } } peers { permanent_uuid: "ff9f66d6437849ee9e36af773aafc161" member_type: VOTER last_known_addr { host: "127.13.191.3" port: 45089 } }
I20260630 12:15:41.903146 14952 ts_tablet_manager.cc:1434] T 62ab4f8e3e384ccca5fc85df3bf92eda P 2448da4b02224ea49a09f47eb0d8be75: Time spent starting tablet: real 0.010s	user 0.004s	sys 0.003s
I20260630 12:15:41.904405 14952 tablet_bootstrap.cc:492] T f47706b689b94188aba5208c2b47ff9b P 2448da4b02224ea49a09f47eb0d8be75: Bootstrap starting.
I20260630 12:15:41.906646 14655 catalog_manager.cc:5697] T 3deb209ad8e6499cbdd890ec32928dcd P b432f81dca9c43308c70ef298359021d reported cstate change: term changed from 0 to 1, leader changed from <none> to b432f81dca9c43308c70ef298359021d (127.13.191.2). New cstate: current_term: 1 leader_uuid: "b432f81dca9c43308c70ef298359021d" committed_config { opid_index: -1 OBSOLETE_local: false peers { permanent_uuid: "2448da4b02224ea49a09f47eb0d8be75" member_type: VOTER last_known_addr { host: "127.13.191.1" port: 44825 } health_report { overall_health: UNKNOWN } } peers { permanent_uuid: "b432f81dca9c43308c70ef298359021d" member_type: VOTER last_known_addr { host: "127.13.191.2" port: 35721 } health_report { overall_health: HEALTHY } } peers { permanent_uuid: "ff9f66d6437849ee9e36af773aafc161" member_type: VOTER last_known_addr { host: "127.13.191.3" port: 45089 } health_report { overall_health: UNKNOWN } } }
I20260630 12:15:41.910768 14952 tablet_bootstrap.cc:654] T f47706b689b94188aba5208c2b47ff9b P 2448da4b02224ea49a09f47eb0d8be75: Neither blocks nor log segments found. Creating new log.
I20260630 12:15:41.916373 14952 tablet_bootstrap.cc:492] T f47706b689b94188aba5208c2b47ff9b P 2448da4b02224ea49a09f47eb0d8be75: No bootstrap required, opened a new log
I20260630 12:15:41.916855 14952 ts_tablet_manager.cc:1403] T f47706b689b94188aba5208c2b47ff9b P 2448da4b02224ea49a09f47eb0d8be75: Time spent bootstrapping tablet: real 0.013s	user 0.012s	sys 0.000s
I20260630 12:15:41.919163 14952 raft_consensus.cc:359] T f47706b689b94188aba5208c2b47ff9b P 2448da4b02224ea49a09f47eb0d8be75 [term 0 FOLLOWER]: Replica starting. Triggering 0 pending ops. Active config: opid_index: -1 OBSOLETE_local: false peers { permanent_uuid: "2448da4b02224ea49a09f47eb0d8be75" member_type: VOTER last_known_addr { host: "127.13.191.1" port: 44825 } } peers { permanent_uuid: "b432f81dca9c43308c70ef298359021d" member_type: VOTER last_known_addr { host: "127.13.191.2" port: 35721 } } peers { permanent_uuid: "ff9f66d6437849ee9e36af773aafc161" member_type: VOTER last_known_addr { host: "127.13.191.3" port: 45089 } }
I20260630 12:15:41.919788 14952 raft_consensus.cc:385] T f47706b689b94188aba5208c2b47ff9b P 2448da4b02224ea49a09f47eb0d8be75 [term 0 FOLLOWER]: Consensus starting up: Expiring failure detector timer to make a prompt election more likely
I20260630 12:15:41.920006 14952 raft_consensus.cc:740] T f47706b689b94188aba5208c2b47ff9b P 2448da4b02224ea49a09f47eb0d8be75 [term 0 FOLLOWER]: Becoming Follower/Learner. State: Replica: 2448da4b02224ea49a09f47eb0d8be75, State: Initialized, Role: FOLLOWER
I20260630 12:15:41.920536 14952 consensus_queue.cc:260] T f47706b689b94188aba5208c2b47ff9b P 2448da4b02224ea49a09f47eb0d8be75 [NON_LEADER]: Queue going to NON_LEADER mode. State: All replicated index: 0, Majority replicated index: 0, Committed index: 0, Last appended: 0.0, Last appended by leader: 0, Current term: 0, Majority size: -1, State: 0, Mode: NON_LEADER, active raft config: opid_index: -1 OBSOLETE_local: false peers { permanent_uuid: "2448da4b02224ea49a09f47eb0d8be75" member_type: VOTER last_known_addr { host: "127.13.191.1" port: 44825 } } peers { permanent_uuid: "b432f81dca9c43308c70ef298359021d" member_type: VOTER last_known_addr { host: "127.13.191.2" port: 35721 } } peers { permanent_uuid: "ff9f66d6437849ee9e36af773aafc161" member_type: VOTER last_known_addr { host: "127.13.191.3" port: 45089 } }
I20260630 12:15:41.922058 14952 ts_tablet_manager.cc:1434] T f47706b689b94188aba5208c2b47ff9b P 2448da4b02224ea49a09f47eb0d8be75: Time spent starting tablet: real 0.005s	user 0.004s	sys 0.000s
I20260630 12:15:41.957973 14984 raft_consensus.cc:493] T f47706b689b94188aba5208c2b47ff9b P 2448da4b02224ea49a09f47eb0d8be75 [term 0 FOLLOWER]: Starting pre-election (no leader contacted us within the election timeout)
I20260630 12:15:41.958530 14984 raft_consensus.cc:515] T f47706b689b94188aba5208c2b47ff9b P 2448da4b02224ea49a09f47eb0d8be75 [term 0 FOLLOWER]: Starting pre-election with config: opid_index: -1 OBSOLETE_local: false peers { permanent_uuid: "2448da4b02224ea49a09f47eb0d8be75" member_type: VOTER last_known_addr { host: "127.13.191.1" port: 44825 } } peers { permanent_uuid: "b432f81dca9c43308c70ef298359021d" member_type: VOTER last_known_addr { host: "127.13.191.2" port: 35721 } } peers { permanent_uuid: "ff9f66d6437849ee9e36af773aafc161" member_type: VOTER last_known_addr { host: "127.13.191.3" port: 45089 } }
I20260630 12:15:41.959944 14958 raft_consensus.cc:493] T 62ab4f8e3e384ccca5fc85df3bf92eda P 2448da4b02224ea49a09f47eb0d8be75 [term 0 FOLLOWER]: Starting pre-election (no leader contacted us within the election timeout)
I20260630 12:15:41.960527 14984 leader_election.cc:290] T f47706b689b94188aba5208c2b47ff9b P 2448da4b02224ea49a09f47eb0d8be75 [CANDIDATE]: Term 1 pre-election: Requested pre-vote from peers b432f81dca9c43308c70ef298359021d (127.13.191.2:35721), ff9f66d6437849ee9e36af773aafc161 (127.13.191.3:45089)
I20260630 12:15:41.960503 14958 raft_consensus.cc:515] T 62ab4f8e3e384ccca5fc85df3bf92eda P 2448da4b02224ea49a09f47eb0d8be75 [term 0 FOLLOWER]: Starting pre-election with config: opid_index: -1 OBSOLETE_local: false peers { permanent_uuid: "2448da4b02224ea49a09f47eb0d8be75" member_type: VOTER last_known_addr { host: "127.13.191.1" port: 44825 } } peers { permanent_uuid: "b432f81dca9c43308c70ef298359021d" member_type: VOTER last_known_addr { host: "127.13.191.2" port: 35721 } } peers { permanent_uuid: "ff9f66d6437849ee9e36af773aafc161" member_type: VOTER last_known_addr { host: "127.13.191.3" port: 45089 } }
I20260630 12:15:41.961411 14830 tablet_service.cc:1917] Received RequestConsensusVote() RPC: tablet_id: "f47706b689b94188aba5208c2b47ff9b" candidate_uuid: "2448da4b02224ea49a09f47eb0d8be75" candidate_term: 1 candidate_status { last_received { term: 0 index: 0 } } ignore_live_leader: false dest_uuid: "b432f81dca9c43308c70ef298359021d" is_pre_election: true
I20260630 12:15:41.961637 14906 tablet_service.cc:1917] Received RequestConsensusVote() RPC: tablet_id: "f47706b689b94188aba5208c2b47ff9b" candidate_uuid: "2448da4b02224ea49a09f47eb0d8be75" candidate_term: 1 candidate_status { last_received { term: 0 index: 0 } } ignore_live_leader: false dest_uuid: "ff9f66d6437849ee9e36af773aafc161" is_pre_election: true
I20260630 12:15:41.962289 14830 raft_consensus.cc:2393] T f47706b689b94188aba5208c2b47ff9b P b432f81dca9c43308c70ef298359021d [term 1 FOLLOWER]: Leader pre-election vote request: Denying vote to candidate 2448da4b02224ea49a09f47eb0d8be75 in current term 1: Already voted for candidate ff9f66d6437849ee9e36af773aafc161 in this term.
I20260630 12:15:41.963680 14958 leader_election.cc:290] T 62ab4f8e3e384ccca5fc85df3bf92eda P 2448da4b02224ea49a09f47eb0d8be75 [CANDIDATE]: Term 1 pre-election: Requested pre-vote from peers b432f81dca9c43308c70ef298359021d (127.13.191.2:35721), ff9f66d6437849ee9e36af773aafc161 (127.13.191.3:45089)
I20260630 12:15:41.963768 14721 leader_election.cc:304] T f47706b689b94188aba5208c2b47ff9b P 2448da4b02224ea49a09f47eb0d8be75 [CANDIDATE]: Term 1 pre-election: Election decided. Result: candidate lost. Election summary: received 3 responses out of 3 voters: 1 yes votes; 2 no votes. yes voters: 2448da4b02224ea49a09f47eb0d8be75; no voters: b432f81dca9c43308c70ef298359021d, ff9f66d6437849ee9e36af773aafc161
I20260630 12:15:41.964143 14830 tablet_service.cc:1917] Received RequestConsensusVote() RPC: tablet_id: "62ab4f8e3e384ccca5fc85df3bf92eda" candidate_uuid: "2448da4b02224ea49a09f47eb0d8be75" candidate_term: 1 candidate_status { last_received { term: 0 index: 0 } } ignore_live_leader: false dest_uuid: "b432f81dca9c43308c70ef298359021d" is_pre_election: true
I20260630 12:15:41.964774 14958 raft_consensus.cc:3060] T f47706b689b94188aba5208c2b47ff9b P 2448da4b02224ea49a09f47eb0d8be75 [term 0 FOLLOWER]: Advancing to term 1
I20260630 12:15:41.964933 14830 raft_consensus.cc:2393] T 62ab4f8e3e384ccca5fc85df3bf92eda P b432f81dca9c43308c70ef298359021d [term 1 FOLLOWER]: Leader pre-election vote request: Denying vote to candidate 2448da4b02224ea49a09f47eb0d8be75 in current term 1: Already voted for candidate ff9f66d6437849ee9e36af773aafc161 in this term.
I20260630 12:15:41.965975 14906 tablet_service.cc:1917] Received RequestConsensusVote() RPC: tablet_id: "62ab4f8e3e384ccca5fc85df3bf92eda" candidate_uuid: "2448da4b02224ea49a09f47eb0d8be75" candidate_term: 1 candidate_status { last_received { term: 0 index: 0 } } ignore_live_leader: false dest_uuid: "ff9f66d6437849ee9e36af773aafc161" is_pre_election: true
I20260630 12:15:41.967216 14721 leader_election.cc:304] T 62ab4f8e3e384ccca5fc85df3bf92eda P 2448da4b02224ea49a09f47eb0d8be75 [CANDIDATE]: Term 1 pre-election: Election decided. Result: candidate lost. Election summary: received 3 responses out of 3 voters: 1 yes votes; 2 no votes. yes voters: 2448da4b02224ea49a09f47eb0d8be75; no voters: b432f81dca9c43308c70ef298359021d, ff9f66d6437849ee9e36af773aafc161
I20260630 12:15:41.968050 14984 raft_consensus.cc:3060] T 62ab4f8e3e384ccca5fc85df3bf92eda P 2448da4b02224ea49a09f47eb0d8be75 [term 0 FOLLOWER]: Advancing to term 1
I20260630 12:15:41.970654 14958 raft_consensus.cc:2749] T f47706b689b94188aba5208c2b47ff9b P 2448da4b02224ea49a09f47eb0d8be75 [term 1 FOLLOWER]: Leader pre-election lost for term 1. Reason: could not achieve majority
I20260630 12:15:41.972729 14984 raft_consensus.cc:2749] T 62ab4f8e3e384ccca5fc85df3bf92eda P 2448da4b02224ea49a09f47eb0d8be75 [term 1 FOLLOWER]: Leader pre-election lost for term 1. Reason: could not achieve majority
I20260630 12:15:42.027683 14984 raft_consensus.cc:493] T a11d36c4cf184f2886537f4bb36ae308 P 2448da4b02224ea49a09f47eb0d8be75 [term 0 FOLLOWER]: Starting pre-election (no leader contacted us within the election timeout)
I20260630 12:15:42.028172 14984 raft_consensus.cc:515] T a11d36c4cf184f2886537f4bb36ae308 P 2448da4b02224ea49a09f47eb0d8be75 [term 0 FOLLOWER]: Starting pre-election with config: opid_index: -1 OBSOLETE_local: false peers { permanent_uuid: "2448da4b02224ea49a09f47eb0d8be75" member_type: VOTER last_known_addr { host: "127.13.191.1" port: 44825 } } peers { permanent_uuid: "b432f81dca9c43308c70ef298359021d" member_type: VOTER last_known_addr { host: "127.13.191.2" port: 35721 } } peers { permanent_uuid: "ff9f66d6437849ee9e36af773aafc161" member_type: VOTER last_known_addr { host: "127.13.191.3" port: 45089 } }
I20260630 12:15:42.029791 14984 leader_election.cc:290] T a11d36c4cf184f2886537f4bb36ae308 P 2448da4b02224ea49a09f47eb0d8be75 [CANDIDATE]: Term 1 pre-election: Requested pre-vote from peers b432f81dca9c43308c70ef298359021d (127.13.191.2:35721), ff9f66d6437849ee9e36af773aafc161 (127.13.191.3:45089)
I20260630 12:15:42.030699 14830 tablet_service.cc:1917] Received RequestConsensusVote() RPC: tablet_id: "a11d36c4cf184f2886537f4bb36ae308" candidate_uuid: "2448da4b02224ea49a09f47eb0d8be75" candidate_term: 1 candidate_status { last_received { term: 0 index: 0 } } ignore_live_leader: false dest_uuid: "b432f81dca9c43308c70ef298359021d" is_pre_election: true
I20260630 12:15:42.030937 14906 tablet_service.cc:1917] Received RequestConsensusVote() RPC: tablet_id: "a11d36c4cf184f2886537f4bb36ae308" candidate_uuid: "2448da4b02224ea49a09f47eb0d8be75" candidate_term: 1 candidate_status { last_received { term: 0 index: 0 } } ignore_live_leader: false dest_uuid: "ff9f66d6437849ee9e36af773aafc161" is_pre_election: true
I20260630 12:15:42.031371 14830 raft_consensus.cc:2393] T a11d36c4cf184f2886537f4bb36ae308 P b432f81dca9c43308c70ef298359021d [term 1 FOLLOWER]: Leader pre-election vote request: Denying vote to candidate 2448da4b02224ea49a09f47eb0d8be75 in current term 1: Already voted for candidate ff9f66d6437849ee9e36af773aafc161 in this term.
I20260630 12:15:42.032518 14721 leader_election.cc:304] T a11d36c4cf184f2886537f4bb36ae308 P 2448da4b02224ea49a09f47eb0d8be75 [CANDIDATE]: Term 1 pre-election: Election decided. Result: candidate lost. Election summary: received 3 responses out of 3 voters: 1 yes votes; 2 no votes. yes voters: 2448da4b02224ea49a09f47eb0d8be75; no voters: b432f81dca9c43308c70ef298359021d, ff9f66d6437849ee9e36af773aafc161
I20260630 12:15:42.033236 14984 raft_consensus.cc:3060] T a11d36c4cf184f2886537f4bb36ae308 P 2448da4b02224ea49a09f47eb0d8be75 [term 0 FOLLOWER]: Advancing to term 1
I20260630 12:15:42.037521 14984 raft_consensus.cc:2749] T a11d36c4cf184f2886537f4bb36ae308 P 2448da4b02224ea49a09f47eb0d8be75 [term 1 FOLLOWER]: Leader pre-election lost for term 1. Reason: could not achieve majority
I20260630 12:15:42.040413 14959 raft_consensus.cc:493] T 72c9f98753c340fbb7302867985f0b65 P b432f81dca9c43308c70ef298359021d [term 0 FOLLOWER]: Starting pre-election (no leader contacted us within the election timeout)
I20260630 12:15:42.040912 14959 raft_consensus.cc:515] T 72c9f98753c340fbb7302867985f0b65 P b432f81dca9c43308c70ef298359021d [term 0 FOLLOWER]: Starting pre-election with config: opid_index: -1 OBSOLETE_local: false peers { permanent_uuid: "ff9f66d6437849ee9e36af773aafc161" member_type: VOTER last_known_addr { host: "127.13.191.3" port: 45089 } } peers { permanent_uuid: "b432f81dca9c43308c70ef298359021d" member_type: VOTER last_known_addr { host: "127.13.191.2" port: 35721 } } peers { permanent_uuid: "2448da4b02224ea49a09f47eb0d8be75" member_type: VOTER last_known_addr { host: "127.13.191.1" port: 44825 } }
I20260630 12:15:42.042567 14959 leader_election.cc:290] T 72c9f98753c340fbb7302867985f0b65 P b432f81dca9c43308c70ef298359021d [CANDIDATE]: Term 1 pre-election: Requested pre-vote from peers ff9f66d6437849ee9e36af773aafc161 (127.13.191.3:45089), 2448da4b02224ea49a09f47eb0d8be75 (127.13.191.1:44825)
I20260630 12:15:42.043548 14906 tablet_service.cc:1917] Received RequestConsensusVote() RPC: tablet_id: "72c9f98753c340fbb7302867985f0b65" candidate_uuid: "b432f81dca9c43308c70ef298359021d" candidate_term: 1 candidate_status { last_received { term: 0 index: 0 } } ignore_live_leader: false dest_uuid: "ff9f66d6437849ee9e36af773aafc161" is_pre_election: true
I20260630 12:15:42.043670 14756 tablet_service.cc:1917] Received RequestConsensusVote() RPC: tablet_id: "72c9f98753c340fbb7302867985f0b65" candidate_uuid: "b432f81dca9c43308c70ef298359021d" candidate_term: 1 candidate_status { last_received { term: 0 index: 0 } } ignore_live_leader: false dest_uuid: "2448da4b02224ea49a09f47eb0d8be75" is_pre_election: true
I20260630 12:15:42.044219 14906 raft_consensus.cc:2393] T 72c9f98753c340fbb7302867985f0b65 P ff9f66d6437849ee9e36af773aafc161 [term 1 FOLLOWER]: Leader pre-election vote request: Denying vote to candidate b432f81dca9c43308c70ef298359021d in current term 1: Already voted for candidate 2448da4b02224ea49a09f47eb0d8be75 in this term.
I20260630 12:15:42.045182 14796 leader_election.cc:304] T 72c9f98753c340fbb7302867985f0b65 P b432f81dca9c43308c70ef298359021d [CANDIDATE]: Term 1 pre-election: Election decided. Result: candidate lost. Election summary: received 3 responses out of 3 voters: 1 yes votes; 2 no votes. yes voters: b432f81dca9c43308c70ef298359021d; no voters: 2448da4b02224ea49a09f47eb0d8be75, ff9f66d6437849ee9e36af773aafc161
I20260630 12:15:42.045799 14959 raft_consensus.cc:3060] T 72c9f98753c340fbb7302867985f0b65 P b432f81dca9c43308c70ef298359021d [term 0 FOLLOWER]: Advancing to term 1
I20260630 12:15:42.050127 14959 raft_consensus.cc:2749] T 72c9f98753c340fbb7302867985f0b65 P b432f81dca9c43308c70ef298359021d [term 1 FOLLOWER]: Leader pre-election lost for term 1. Reason: could not achieve majority
I20260630 12:15:42.069643 14981 raft_consensus.cc:493] T cbe4c381ca2c47129dc35b2f2c62be03 P ff9f66d6437849ee9e36af773aafc161 [term 0 FOLLOWER]: Starting pre-election (no leader contacted us within the election timeout)
I20260630 12:15:42.070150 14981 raft_consensus.cc:515] T cbe4c381ca2c47129dc35b2f2c62be03 P ff9f66d6437849ee9e36af773aafc161 [term 0 FOLLOWER]: Starting pre-election with config: opid_index: -1 OBSOLETE_local: false peers { permanent_uuid: "2448da4b02224ea49a09f47eb0d8be75" member_type: VOTER last_known_addr { host: "127.13.191.1" port: 44825 } } peers { permanent_uuid: "b432f81dca9c43308c70ef298359021d" member_type: VOTER last_known_addr { host: "127.13.191.2" port: 35721 } } peers { permanent_uuid: "ff9f66d6437849ee9e36af773aafc161" member_type: VOTER last_known_addr { host: "127.13.191.3" port: 45089 } }
I20260630 12:15:42.072019 14981 leader_election.cc:290] T cbe4c381ca2c47129dc35b2f2c62be03 P ff9f66d6437849ee9e36af773aafc161 [CANDIDATE]: Term 1 pre-election: Requested pre-vote from peers 2448da4b02224ea49a09f47eb0d8be75 (127.13.191.1:44825), b432f81dca9c43308c70ef298359021d (127.13.191.2:35721)
I20260630 12:15:42.072861 14756 tablet_service.cc:1917] Received RequestConsensusVote() RPC: tablet_id: "cbe4c381ca2c47129dc35b2f2c62be03" candidate_uuid: "ff9f66d6437849ee9e36af773aafc161" candidate_term: 1 candidate_status { last_received { term: 0 index: 0 } } ignore_live_leader: false dest_uuid: "2448da4b02224ea49a09f47eb0d8be75" is_pre_election: true
I20260630 12:15:42.073153 14830 tablet_service.cc:1917] Received RequestConsensusVote() RPC: tablet_id: "cbe4c381ca2c47129dc35b2f2c62be03" candidate_uuid: "ff9f66d6437849ee9e36af773aafc161" candidate_term: 1 candidate_status { last_received { term: 0 index: 0 } } ignore_live_leader: false dest_uuid: "b432f81dca9c43308c70ef298359021d" is_pre_election: true
I20260630 12:15:42.073465 14756 raft_consensus.cc:2468] T cbe4c381ca2c47129dc35b2f2c62be03 P 2448da4b02224ea49a09f47eb0d8be75 [term 0 FOLLOWER]: Leader pre-election vote request: Granting yes vote for candidate ff9f66d6437849ee9e36af773aafc161 in term 0.
I20260630 12:15:42.073873 14830 raft_consensus.cc:2468] T cbe4c381ca2c47129dc35b2f2c62be03 P b432f81dca9c43308c70ef298359021d [term 0 FOLLOWER]: Leader pre-election vote request: Granting yes vote for candidate ff9f66d6437849ee9e36af773aafc161 in term 0.
I20260630 12:15:42.074508 14869 leader_election.cc:304] T cbe4c381ca2c47129dc35b2f2c62be03 P ff9f66d6437849ee9e36af773aafc161 [CANDIDATE]: Term 1 pre-election: Election decided. Result: candidate won. Election summary: received 2 responses out of 3 voters: 2 yes votes; 0 no votes. yes voters: 2448da4b02224ea49a09f47eb0d8be75, ff9f66d6437849ee9e36af773aafc161; no voters: 
I20260630 12:15:42.075286 14981 raft_consensus.cc:2804] T cbe4c381ca2c47129dc35b2f2c62be03 P ff9f66d6437849ee9e36af773aafc161 [term 0 FOLLOWER]: Leader pre-election won for term 1
I20260630 12:15:42.075649 14981 raft_consensus.cc:493] T cbe4c381ca2c47129dc35b2f2c62be03 P ff9f66d6437849ee9e36af773aafc161 [term 0 FOLLOWER]: Starting leader election (no leader contacted us within the election timeout)
I20260630 12:15:42.075928 14981 raft_consensus.cc:3060] T cbe4c381ca2c47129dc35b2f2c62be03 P ff9f66d6437849ee9e36af773aafc161 [term 0 FOLLOWER]: Advancing to term 1
I20260630 12:15:42.080435 14981 raft_consensus.cc:515] T cbe4c381ca2c47129dc35b2f2c62be03 P ff9f66d6437849ee9e36af773aafc161 [term 1 FOLLOWER]: Starting leader election with config: opid_index: -1 OBSOLETE_local: false peers { permanent_uuid: "2448da4b02224ea49a09f47eb0d8be75" member_type: VOTER last_known_addr { host: "127.13.191.1" port: 44825 } } peers { permanent_uuid: "b432f81dca9c43308c70ef298359021d" member_type: VOTER last_known_addr { host: "127.13.191.2" port: 35721 } } peers { permanent_uuid: "ff9f66d6437849ee9e36af773aafc161" member_type: VOTER last_known_addr { host: "127.13.191.3" port: 45089 } }
I20260630 12:15:42.082186 14981 leader_election.cc:290] T cbe4c381ca2c47129dc35b2f2c62be03 P ff9f66d6437849ee9e36af773aafc161 [CANDIDATE]: Term 1 election: Requested vote from peers 2448da4b02224ea49a09f47eb0d8be75 (127.13.191.1:44825), b432f81dca9c43308c70ef298359021d (127.13.191.2:35721)
I20260630 12:15:42.082978 14756 tablet_service.cc:1917] Received RequestConsensusVote() RPC: tablet_id: "cbe4c381ca2c47129dc35b2f2c62be03" candidate_uuid: "ff9f66d6437849ee9e36af773aafc161" candidate_term: 1 candidate_status { last_received { term: 0 index: 0 } } ignore_live_leader: false dest_uuid: "2448da4b02224ea49a09f47eb0d8be75"
I20260630 12:15:42.083535 14756 raft_consensus.cc:3060] T cbe4c381ca2c47129dc35b2f2c62be03 P 2448da4b02224ea49a09f47eb0d8be75 [term 0 FOLLOWER]: Advancing to term 1
I20260630 12:15:42.083678 14830 tablet_service.cc:1917] Received RequestConsensusVote() RPC: tablet_id: "cbe4c381ca2c47129dc35b2f2c62be03" candidate_uuid: "ff9f66d6437849ee9e36af773aafc161" candidate_term: 1 candidate_status { last_received { term: 0 index: 0 } } ignore_live_leader: false dest_uuid: "b432f81dca9c43308c70ef298359021d"
I20260630 12:15:42.084261 14830 raft_consensus.cc:3060] T cbe4c381ca2c47129dc35b2f2c62be03 P b432f81dca9c43308c70ef298359021d [term 0 FOLLOWER]: Advancing to term 1
I20260630 12:15:42.084998 14981 consensus_queue.cc:1048] T f47706b689b94188aba5208c2b47ff9b P ff9f66d6437849ee9e36af773aafc161 [LEADER]: Connected to new peer: Peer: permanent_uuid: "2448da4b02224ea49a09f47eb0d8be75" member_type: VOTER last_known_addr { host: "127.13.191.1" port: 44825 }, Status: LMP_MISMATCH, Last received: 0.0, Next index: 1, Last known committed idx: 0, Time since last communication: 0.000s
