I20260630 12:17:05.645004 14076 fs_manager.cc:647] Opened local filesystem: /tmp/dist-test-taskFp7lC7/test-tmp/auto_rebalancer-test.0.AutoRebalancerTest.NoReplicaMovesIfLocationLoadSkewedByOne.1782821728264380-14076-0/minicluster-data/ts-0-root
uuid: "697d8af6134e4f2c80485630a25b6b7a"
format_stamp: "Formatted at 2026-06-30 12:17:05 on dist-test-slave-vp4m"
I20260630 12:17:05.645234 14076 fs_report.cc:389] FS layout report
--------------------
wal directory: /tmp/dist-test-taskFp7lC7/test-tmp/auto_rebalancer-test.0.AutoRebalancerTest.NoReplicaMovesIfLocationLoadSkewedByOne.1782821728264380-14076-0/minicluster-data/ts-0-root
metadata directory: /tmp/dist-test-taskFp7lC7/test-tmp/auto_rebalancer-test.0.AutoRebalancerTest.NoReplicaMovesIfLocationLoadSkewedByOne.1782821728264380-14076-0/minicluster-data/ts-0-root
1 data directories: /tmp/dist-test-taskFp7lC7/test-tmp/auto_rebalancer-test.0.AutoRebalancerTest.NoReplicaMovesIfLocationLoadSkewedByOne.1782821728264380-14076-0/minicluster-data/ts-0-root/data
Total live blocks: 0
Total live bytes: 0
Total live bytes (after alignment): 0
Total number of LBM containers: 0 (0 full)
Did not check for missing blocks
Did not check for orphaned blocks
Total full LBM containers with extra space: 0 (0 repaired)
Total full LBM container extra space in bytes: 0 (0 repaired)
Total incomplete LBM containers: 0 (0 repaired)
Total LBM partial records: 0 (0 repaired)
Total corrupted LBM metadata records in RocksDB: 0 (0 repaired)
I20260630 12:17:05.665005 14076 rpc_server.cc:225] running with OpenSSL 1.1.1  11 Sep 2018
I20260630 12:17:05.666082 14076 kserver.cc:163] Server-wide thread pool size limit: 3276
I20260630 12:17:05.667503 14076 txn_system_client.cc:432] TxnSystemClient initialization is disabled...
I20260630 12:17:05.669833 14076 ts_tablet_manager.cc:585] Loaded tablet metadata (0 total tablets, 0 live tablets)
I20260630 12:17:05.670019 14076 ts_tablet_manager.cc:531] Time spent load tablet metadata: real 0.000s	user 0.000s	sys 0.000s
I20260630 12:17:05.670329 14076 ts_tablet_manager.cc:616] Registered 0 tablets
I20260630 12:17:05.670491 14076 ts_tablet_manager.cc:595] Time spent register tablets: real 0.000s	user 0.000s	sys 0.000s
I20260630 12:17:05.711567 14076 rpc_server.cc:307] RPC server started. Bound to: 127.13.191.1:45507
I20260630 12:17:05.711652 17836 acceptor_pool.cc:272] collecting diagnostics on the listening RPC socket 127.13.191.1:45507 every 8 connection(s)
I20260630 12:17:05.716929 14076 file_cache.cc:492] Constructed file cache file cache with capacity 419430
W20260630 12:17:05.723846 17841 instance_detector.cc:116] could not retrieve AWS instance metadata: Network error: curl error: HTTP response code said error: The requested URL returned error: 404
I20260630 12:17:05.727190 14076 server_base.cc:1061] running on GCE node
W20260630 12:17:05.727550 17842 instance_detector.cc:116] could not retrieve Azure instance metadata: Network error: curl error: HTTP response code said error: The requested URL returned error: 404
W20260630 12:17:05.728186 17844 instance_detector.cc:116] could not retrieve OpenStack instance metadata: Network error: curl error: HTTP response code said error: The requested URL returned error: 404
I20260630 12:17:05.729295 14076 hybrid_clock.cc:584] initializing the hybrid clock with 'system_unsync' time source
W20260630 12:17:05.729565 14076 system_unsync_time.cc:38] NTP support is disabled. Clock error bounds will not be accurate. This configuration is not suitable for distributed clusters.
I20260630 12:17:05.729806 14076 hybrid_clock.cc:648] HybridClock initialized: now 1782821825729786 us; error 0 us; skew 500 ppm
I20260630 12:17:05.730001 17837 heartbeater.cc:344] Connected to a master server at 127.13.191.62:45289
I20260630 12:17:05.730365 17837 heartbeater.cc:461] Registering TS with master...
I20260630 12:17:05.730377 14076 server_base.cc:861] Flag tcmalloc_max_total_thread_cache_bytes is not working since tcmalloc is not enabled.
I20260630 12:17:05.731218 17837 heartbeater.cc:507] Master 127.13.191.62:45289 requested a full tablet report, sending...
I20260630 12:17:05.733147 14076 webserver.cc:533] Webserver started at http://127.13.191.2:38131/ using document root <none> and password file <none>
I20260630 12:17:05.733631 17710 ts_manager.cc:194] Registered new tserver with Master: 697d8af6134e4f2c80485630a25b6b7a (127.13.191.1:45507)
I20260630 12:17:05.733807 14076 fs_manager.cc:362] Metadata directory not provided
I20260630 12:17:05.734114 14076 fs_manager.cc:368] Using write-ahead log directory (fs_wal_dir) as metadata directory
I20260630 12:17:05.734495 14076 server_base.cc:909] This appears to be a new deployment of Kudu; creating new FS layout
I20260630 12:17:05.735930 14076 fs_manager.cc:1068] Generated new instance metadata in path /tmp/dist-test-taskFp7lC7/test-tmp/auto_rebalancer-test.0.AutoRebalancerTest.NoReplicaMovesIfLocationLoadSkewedByOne.1782821728264380-14076-0/minicluster-data/ts-1-root/instance:
uuid: "123be2484920451db4842e9802314b32"
format_stamp: "Formatted at 2026-06-30 12:17:05 on dist-test-slave-vp4m"
I20260630 12:17:05.736101 17710 master_service.cc:502] Signed X509 certificate for tserver {username='slave'} at 127.0.0.1:46348
I20260630 12:17:05.740703 14076 fs_manager.cc:696] Time spent creating directory manager: real 0.004s	user 0.006s	sys 0.000s
I20260630 12:17:05.744131 17849 log_block_manager.cc:4031] Time spent loading block containers with low live blocks: real 0.000s	user 0.000s	sys 0.000s
I20260630 12:17:05.745141 14076 fs_manager.cc:730] Time spent opening block manager: real 0.002s	user 0.003s	sys 0.000s
I20260630 12:17:05.745462 14076 fs_manager.cc:647] Opened local filesystem: /tmp/dist-test-taskFp7lC7/test-tmp/auto_rebalancer-test.0.AutoRebalancerTest.NoReplicaMovesIfLocationLoadSkewedByOne.1782821728264380-14076-0/minicluster-data/ts-1-root
uuid: "123be2484920451db4842e9802314b32"
format_stamp: "Formatted at 2026-06-30 12:17:05 on dist-test-slave-vp4m"
I20260630 12:17:05.745762 14076 fs_report.cc:389] FS layout report
--------------------
wal directory: /tmp/dist-test-taskFp7lC7/test-tmp/auto_rebalancer-test.0.AutoRebalancerTest.NoReplicaMovesIfLocationLoadSkewedByOne.1782821728264380-14076-0/minicluster-data/ts-1-root
metadata directory: /tmp/dist-test-taskFp7lC7/test-tmp/auto_rebalancer-test.0.AutoRebalancerTest.NoReplicaMovesIfLocationLoadSkewedByOne.1782821728264380-14076-0/minicluster-data/ts-1-root
1 data directories: /tmp/dist-test-taskFp7lC7/test-tmp/auto_rebalancer-test.0.AutoRebalancerTest.NoReplicaMovesIfLocationLoadSkewedByOne.1782821728264380-14076-0/minicluster-data/ts-1-root/data
Total live blocks: 0
Total live bytes: 0
Total live bytes (after alignment): 0
Total number of LBM containers: 0 (0 full)
Did not check for missing blocks
Did not check for orphaned blocks
Total full LBM containers with extra space: 0 (0 repaired)
Total full LBM container extra space in bytes: 0 (0 repaired)
Total incomplete LBM containers: 0 (0 repaired)
Total LBM partial records: 0 (0 repaired)
Total corrupted LBM metadata records in RocksDB: 0 (0 repaired)
I20260630 12:17:05.765980 14076 rpc_server.cc:225] running with OpenSSL 1.1.1  11 Sep 2018
I20260630 12:17:05.767179 14076 kserver.cc:163] Server-wide thread pool size limit: 3276
I20260630 12:17:05.768739 14076 txn_system_client.cc:432] TxnSystemClient initialization is disabled...
I20260630 12:17:05.771018 14076 ts_tablet_manager.cc:585] Loaded tablet metadata (0 total tablets, 0 live tablets)
I20260630 12:17:05.771265 14076 ts_tablet_manager.cc:531] Time spent load tablet metadata: real 0.000s	user 0.000s	sys 0.000s
I20260630 12:17:05.771497 14076 ts_tablet_manager.cc:616] Registered 0 tablets
I20260630 12:17:05.771669 14076 ts_tablet_manager.cc:595] Time spent register tablets: real 0.000s	user 0.000s	sys 0.000s
I20260630 12:17:05.816951 14076 rpc_server.cc:307] RPC server started. Bound to: 127.13.191.2:45115
I20260630 12:17:05.817049 17911 acceptor_pool.cc:272] collecting diagnostics on the listening RPC socket 127.13.191.2:45115 every 8 connection(s)
I20260630 12:17:05.821949 14076 file_cache.cc:492] Constructed file cache file cache with capacity 419430
W20260630 12:17:05.828933 17915 instance_detector.cc:116] could not retrieve AWS instance metadata: Network error: curl error: HTTP response code said error: The requested URL returned error: 404
W20260630 12:17:05.829885 17916 instance_detector.cc:116] could not retrieve Azure instance metadata: Network error: curl error: HTTP response code said error: The requested URL returned error: 404
W20260630 12:17:05.833565 17918 instance_detector.cc:116] could not retrieve OpenStack instance metadata: Network error: curl error: HTTP response code said error: The requested URL returned error: 404
I20260630 12:17:05.833988 14076 server_base.cc:1061] running on GCE node
I20260630 12:17:05.834291 17912 heartbeater.cc:344] Connected to a master server at 127.13.191.62:45289
I20260630 12:17:05.834791 17912 heartbeater.cc:461] Registering TS with master...
I20260630 12:17:05.835172 14076 hybrid_clock.cc:584] initializing the hybrid clock with 'system_unsync' time source
W20260630 12:17:05.835444 14076 system_unsync_time.cc:38] NTP support is disabled. Clock error bounds will not be accurate. This configuration is not suitable for distributed clusters.
I20260630 12:17:05.835695 14076 hybrid_clock.cc:648] HybridClock initialized: now 1782821825835673 us; error 0 us; skew 500 ppm
I20260630 12:17:05.835702 17912 heartbeater.cc:507] Master 127.13.191.62:45289 requested a full tablet report, sending...
I20260630 12:17:05.836498 14076 server_base.cc:861] Flag tcmalloc_max_total_thread_cache_bytes is not working since tcmalloc is not enabled.
I20260630 12:17:05.838243 17710 ts_manager.cc:194] Registered new tserver with Master: 123be2484920451db4842e9802314b32 (127.13.191.2:45115)
I20260630 12:17:05.839231 14076 webserver.cc:533] Webserver started at http://127.13.191.3:41841/ using document root <none> and password file <none>
I20260630 12:17:05.839728 14076 fs_manager.cc:362] Metadata directory not provided
I20260630 12:17:05.839916 14076 fs_manager.cc:368] Using write-ahead log directory (fs_wal_dir) as metadata directory
I20260630 12:17:05.839797 17710 master_service.cc:502] Signed X509 certificate for tserver {username='slave'} at 127.0.0.1:46350
I20260630 12:17:05.840282 14076 server_base.cc:909] This appears to be a new deployment of Kudu; creating new FS layout
I20260630 12:17:05.841544 14076 fs_manager.cc:1068] Generated new instance metadata in path /tmp/dist-test-taskFp7lC7/test-tmp/auto_rebalancer-test.0.AutoRebalancerTest.NoReplicaMovesIfLocationLoadSkewedByOne.1782821728264380-14076-0/minicluster-data/ts-2-root/instance:
uuid: "1a92743722504123a86126347ee9487c"
format_stamp: "Formatted at 2026-06-30 12:17:05 on dist-test-slave-vp4m"
I20260630 12:17:05.845953 14076 fs_manager.cc:696] Time spent creating directory manager: real 0.004s	user 0.005s	sys 0.000s
I20260630 12:17:05.849606 17923 log_block_manager.cc:4031] Time spent loading block containers with low live blocks: real 0.000s	user 0.000s	sys 0.000s
I20260630 12:17:05.850453 14076 fs_manager.cc:730] Time spent opening block manager: real 0.002s	user 0.004s	sys 0.000s
I20260630 12:17:05.850768 14076 fs_manager.cc:647] Opened local filesystem: /tmp/dist-test-taskFp7lC7/test-tmp/auto_rebalancer-test.0.AutoRebalancerTest.NoReplicaMovesIfLocationLoadSkewedByOne.1782821728264380-14076-0/minicluster-data/ts-2-root
uuid: "1a92743722504123a86126347ee9487c"
format_stamp: "Formatted at 2026-06-30 12:17:05 on dist-test-slave-vp4m"
I20260630 12:17:05.851054 14076 fs_report.cc:389] FS layout report
--------------------
wal directory: /tmp/dist-test-taskFp7lC7/test-tmp/auto_rebalancer-test.0.AutoRebalancerTest.NoReplicaMovesIfLocationLoadSkewedByOne.1782821728264380-14076-0/minicluster-data/ts-2-root
metadata directory: /tmp/dist-test-taskFp7lC7/test-tmp/auto_rebalancer-test.0.AutoRebalancerTest.NoReplicaMovesIfLocationLoadSkewedByOne.1782821728264380-14076-0/minicluster-data/ts-2-root
1 data directories: /tmp/dist-test-taskFp7lC7/test-tmp/auto_rebalancer-test.0.AutoRebalancerTest.NoReplicaMovesIfLocationLoadSkewedByOne.1782821728264380-14076-0/minicluster-data/ts-2-root/data
Total live blocks: 0
Total live bytes: 0
Total live bytes (after alignment): 0
Total number of LBM containers: 0 (0 full)
Did not check for missing blocks
Did not check for orphaned blocks
Total full LBM containers with extra space: 0 (0 repaired)
Total full LBM container extra space in bytes: 0 (0 repaired)
Total incomplete LBM containers: 0 (0 repaired)
Total LBM partial records: 0 (0 repaired)
Total corrupted LBM metadata records in RocksDB: 0 (0 repaired)
I20260630 12:17:05.873466 14076 rpc_server.cc:225] running with OpenSSL 1.1.1  11 Sep 2018
I20260630 12:17:05.874679 14076 kserver.cc:163] Server-wide thread pool size limit: 3276
I20260630 12:17:05.876138 14076 txn_system_client.cc:432] TxnSystemClient initialization is disabled...
I20260630 12:17:05.878417 14076 ts_tablet_manager.cc:585] Loaded tablet metadata (0 total tablets, 0 live tablets)
I20260630 12:17:05.878652 14076 ts_tablet_manager.cc:531] Time spent load tablet metadata: real 0.000s	user 0.000s	sys 0.000s
I20260630 12:17:05.878895 14076 ts_tablet_manager.cc:616] Registered 0 tablets
I20260630 12:17:05.879065 14076 ts_tablet_manager.cc:595] Time spent register tablets: real 0.000s	user 0.000s	sys 0.000s
I20260630 12:17:05.918761 14076 rpc_server.cc:307] RPC server started. Bound to: 127.13.191.3:34709
I20260630 12:17:05.918861 17985 acceptor_pool.cc:272] collecting diagnostics on the listening RPC socket 127.13.191.3:34709 every 8 connection(s)
I20260630 12:17:05.923498 14076 file_cache.cc:492] Constructed file cache file cache with capacity 419430
W20260630 12:17:05.930765 17989 instance_detector.cc:116] could not retrieve AWS instance metadata: Network error: curl error: HTTP response code said error: The requested URL returned error: 404
W20260630 12:17:05.931792 17990 instance_detector.cc:116] could not retrieve Azure instance metadata: Network error: curl error: HTTP response code said error: The requested URL returned error: 404
I20260630 12:17:05.935499 14076 server_base.cc:1061] running on GCE node
W20260630 12:17:05.936259 17992 instance_detector.cc:116] could not retrieve OpenStack instance metadata: Network error: curl error: HTTP response code said error: The requested URL returned error: 404
I20260630 12:17:05.936918 17986 heartbeater.cc:344] Connected to a master server at 127.13.191.62:45289
I20260630 12:17:05.937273 17986 heartbeater.cc:461] Registering TS with master...
I20260630 12:17:05.937311 14076 hybrid_clock.cc:584] initializing the hybrid clock with 'system_unsync' time source
W20260630 12:17:05.937655 14076 system_unsync_time.cc:38] NTP support is disabled. Clock error bounds will not be accurate. This configuration is not suitable for distributed clusters.
I20260630 12:17:05.937837 14076 hybrid_clock.cc:648] HybridClock initialized: now 1782821825937820 us; error 0 us; skew 500 ppm
I20260630 12:17:05.938158 17986 heartbeater.cc:507] Master 127.13.191.62:45289 requested a full tablet report, sending...
I20260630 12:17:05.938421 14076 server_base.cc:861] Flag tcmalloc_max_total_thread_cache_bytes is not working since tcmalloc is not enabled.
I20260630 12:17:05.940459 17710 ts_manager.cc:194] Registered new tserver with Master: 1a92743722504123a86126347ee9487c (127.13.191.3:34709)
I20260630 12:17:05.941342 14076 webserver.cc:533] Webserver started at http://127.13.191.4:45187/ using document root <none> and password file <none>
I20260630 12:17:05.941980 14076 fs_manager.cc:362] Metadata directory not provided
I20260630 12:17:05.942215 14076 fs_manager.cc:368] Using write-ahead log directory (fs_wal_dir) as metadata directory
I20260630 12:17:05.942338 17710 master_service.cc:502] Signed X509 certificate for tserver {username='slave'} at 127.0.0.1:46364
I20260630 12:17:05.942574 14076 server_base.cc:909] This appears to be a new deployment of Kudu; creating new FS layout
I20260630 12:17:05.943964 14076 fs_manager.cc:1068] Generated new instance metadata in path /tmp/dist-test-taskFp7lC7/test-tmp/auto_rebalancer-test.0.AutoRebalancerTest.NoReplicaMovesIfLocationLoadSkewedByOne.1782821728264380-14076-0/minicluster-data/ts-3-root/instance:
uuid: "416a4c5ff5a54da691c541c2356203b0"
format_stamp: "Formatted at 2026-06-30 12:17:05 on dist-test-slave-vp4m"
I20260630 12:17:05.948810 14076 fs_manager.cc:696] Time spent creating directory manager: real 0.004s	user 0.007s	sys 0.000s
I20260630 12:17:05.951965 17997 log_block_manager.cc:4031] Time spent loading block containers with low live blocks: real 0.000s	user 0.000s	sys 0.000s
I20260630 12:17:05.952854 14076 fs_manager.cc:730] Time spent opening block manager: real 0.002s	user 0.003s	sys 0.000s
I20260630 12:17:05.953150 14076 fs_manager.cc:647] Opened local filesystem: /tmp/dist-test-taskFp7lC7/test-tmp/auto_rebalancer-test.0.AutoRebalancerTest.NoReplicaMovesIfLocationLoadSkewedByOne.1782821728264380-14076-0/minicluster-data/ts-3-root
uuid: "416a4c5ff5a54da691c541c2356203b0"
format_stamp: "Formatted at 2026-06-30 12:17:05 on dist-test-slave-vp4m"
I20260630 12:17:05.953438 14076 fs_report.cc:389] FS layout report
--------------------
wal directory: /tmp/dist-test-taskFp7lC7/test-tmp/auto_rebalancer-test.0.AutoRebalancerTest.NoReplicaMovesIfLocationLoadSkewedByOne.1782821728264380-14076-0/minicluster-data/ts-3-root
metadata directory: /tmp/dist-test-taskFp7lC7/test-tmp/auto_rebalancer-test.0.AutoRebalancerTest.NoReplicaMovesIfLocationLoadSkewedByOne.1782821728264380-14076-0/minicluster-data/ts-3-root
1 data directories: /tmp/dist-test-taskFp7lC7/test-tmp/auto_rebalancer-test.0.AutoRebalancerTest.NoReplicaMovesIfLocationLoadSkewedByOne.1782821728264380-14076-0/minicluster-data/ts-3-root/data
Total live blocks: 0
Total live bytes: 0
Total live bytes (after alignment): 0
Total number of LBM containers: 0 (0 full)
Did not check for missing blocks
Did not check for orphaned blocks
Total full LBM containers with extra space: 0 (0 repaired)
Total full LBM container extra space in bytes: 0 (0 repaired)
Total incomplete LBM containers: 0 (0 repaired)
Total LBM partial records: 0 (0 repaired)
Total corrupted LBM metadata records in RocksDB: 0 (0 repaired)
I20260630 12:17:05.982333 14076 rpc_server.cc:225] running with OpenSSL 1.1.1  11 Sep 2018
I20260630 12:17:05.983698 14076 kserver.cc:163] Server-wide thread pool size limit: 3276
I20260630 12:17:05.985183 14076 txn_system_client.cc:432] TxnSystemClient initialization is disabled...
I20260630 12:17:05.987452 14076 ts_tablet_manager.cc:585] Loaded tablet metadata (0 total tablets, 0 live tablets)
I20260630 12:17:05.987704 14076 ts_tablet_manager.cc:531] Time spent load tablet metadata: real 0.000s	user 0.000s	sys 0.000s
I20260630 12:17:05.987946 14076 ts_tablet_manager.cc:616] Registered 0 tablets
I20260630 12:17:05.988125 14076 ts_tablet_manager.cc:595] Time spent register tablets: real 0.000s	user 0.000s	sys 0.000s
I20260630 12:17:06.026790 14076 rpc_server.cc:307] RPC server started. Bound to: 127.13.191.4:44091
I20260630 12:17:06.026885 18059 acceptor_pool.cc:272] collecting diagnostics on the listening RPC socket 127.13.191.4:44091 every 8 connection(s)
I20260630 12:17:06.040628 18060 heartbeater.cc:344] Connected to a master server at 127.13.191.62:45289
I20260630 12:17:06.041090 18060 heartbeater.cc:461] Registering TS with master...
I20260630 12:17:06.041837 18060 heartbeater.cc:507] Master 127.13.191.62:45289 requested a full tablet report, sending...
I20260630 12:17:06.043744 17710 ts_manager.cc:194] Registered new tserver with Master: 416a4c5ff5a54da691c541c2356203b0 (127.13.191.4:44091)
I20260630 12:17:06.044766 14076 internal_mini_cluster.cc:371] 4 TS(s) registered with all masters after 0.014680278s
I20260630 12:17:06.045220 17710 master_service.cc:502] Signed X509 certificate for tserver {username='slave'} at 127.0.0.1:46372
I20260630 12:17:06.599920 17710 catalog_manager.cc:2283] Servicing CreateTable request from {username='slave'} at 127.0.0.1:46404:
name: "test-workload"
schema {
  columns {
    name: "key"
    type: INT32
    is_key: true
    is_nullable: false
    encoding: AUTO_ENCODING
    compression: DEFAULT_COMPRESSION
    cfile_block_size: 0
    immutable: false
  }
  columns {
    name: "int_val"
    type: INT32
    is_key: false
    is_nullable: false
    encoding: AUTO_ENCODING
    compression: DEFAULT_COMPRESSION
    cfile_block_size: 0
    immutable: false
  }
  columns {
    name: "string_val"
    type: STRING
    is_key: false
    is_nullable: true
    encoding: AUTO_ENCODING
    compression: DEFAULT_COMPRESSION
    cfile_block_size: 0
    immutable: false
  }
}
num_replicas: 3
split_rows_range_bounds {
}
partition_schema {
  range_schema {
    columns {
      name: "key"
    }
  }
}
I20260630 12:17:06.650020 17877 tablet_service.cc:1511] Processing CreateTablet for tablet 4a27fcc4fd814761af0bb34ed02f6d68 (DEFAULT_TABLE table=test-workload [id=621854c23d9f4f8fbd8f7af4c2001364]), partition=RANGE (key) PARTITION UNBOUNDED
I20260630 12:17:06.651345 17877 data_dirs.cc:400] Could only allocate 1 dirs of requested 3 for tablet 4a27fcc4fd814761af0bb34ed02f6d68. 1 dirs total, 0 dirs full, 0 dirs failed
I20260630 12:17:06.658552 17951 tablet_service.cc:1511] Processing CreateTablet for tablet 4a27fcc4fd814761af0bb34ed02f6d68 (DEFAULT_TABLE table=test-workload [id=621854c23d9f4f8fbd8f7af4c2001364]), partition=RANGE (key) PARTITION UNBOUNDED
I20260630 12:17:06.659884 17951 data_dirs.cc:400] Could only allocate 1 dirs of requested 3 for tablet 4a27fcc4fd814761af0bb34ed02f6d68. 1 dirs total, 0 dirs full, 0 dirs failed
I20260630 12:17:06.661027 17802 tablet_service.cc:1511] Processing CreateTablet for tablet 4a27fcc4fd814761af0bb34ed02f6d68 (DEFAULT_TABLE table=test-workload [id=621854c23d9f4f8fbd8f7af4c2001364]), partition=RANGE (key) PARTITION UNBOUNDED
I20260630 12:17:06.662006 17802 data_dirs.cc:400] Could only allocate 1 dirs of requested 3 for tablet 4a27fcc4fd814761af0bb34ed02f6d68. 1 dirs total, 0 dirs full, 0 dirs failed
I20260630 12:17:06.669775 18081 tablet_bootstrap.cc:492] T 4a27fcc4fd814761af0bb34ed02f6d68 P 123be2484920451db4842e9802314b32: Bootstrap starting.
I20260630 12:17:06.677297 18082 tablet_bootstrap.cc:492] T 4a27fcc4fd814761af0bb34ed02f6d68 P 1a92743722504123a86126347ee9487c: Bootstrap starting.
I20260630 12:17:06.678334 18081 tablet_bootstrap.cc:654] T 4a27fcc4fd814761af0bb34ed02f6d68 P 123be2484920451db4842e9802314b32: Neither blocks nor log segments found. Creating new log.
I20260630 12:17:06.679318 18083 tablet_bootstrap.cc:492] T 4a27fcc4fd814761af0bb34ed02f6d68 P 697d8af6134e4f2c80485630a25b6b7a: Bootstrap starting.
I20260630 12:17:06.684155 18082 tablet_bootstrap.cc:654] T 4a27fcc4fd814761af0bb34ed02f6d68 P 1a92743722504123a86126347ee9487c: Neither blocks nor log segments found. Creating new log.
I20260630 12:17:06.684538 18083 tablet_bootstrap.cc:654] T 4a27fcc4fd814761af0bb34ed02f6d68 P 697d8af6134e4f2c80485630a25b6b7a: Neither blocks nor log segments found. Creating new log.
I20260630 12:17:06.684567 18081 tablet_bootstrap.cc:492] T 4a27fcc4fd814761af0bb34ed02f6d68 P 123be2484920451db4842e9802314b32: No bootstrap required, opened a new log
I20260630 12:17:06.685393 18081 ts_tablet_manager.cc:1403] T 4a27fcc4fd814761af0bb34ed02f6d68 P 123be2484920451db4842e9802314b32: Time spent bootstrapping tablet: real 0.016s	user 0.002s	sys 0.010s
I20260630 12:17:06.688932 18082 tablet_bootstrap.cc:492] T 4a27fcc4fd814761af0bb34ed02f6d68 P 1a92743722504123a86126347ee9487c: No bootstrap required, opened a new log
I20260630 12:17:06.689445 18082 ts_tablet_manager.cc:1403] T 4a27fcc4fd814761af0bb34ed02f6d68 P 1a92743722504123a86126347ee9487c: Time spent bootstrapping tablet: real 0.012s	user 0.011s	sys 0.000s
I20260630 12:17:06.691450 18082 raft_consensus.cc:359] T 4a27fcc4fd814761af0bb34ed02f6d68 P 1a92743722504123a86126347ee9487c [term 0 FOLLOWER]: Replica starting. Triggering 0 pending ops. Active config: opid_index: -1 OBSOLETE_local: false peers { permanent_uuid: "123be2484920451db4842e9802314b32" member_type: VOTER last_known_addr { host: "127.13.191.2" port: 45115 } } peers { permanent_uuid: "697d8af6134e4f2c80485630a25b6b7a" member_type: VOTER last_known_addr { host: "127.13.191.1" port: 45507 } } peers { permanent_uuid: "1a92743722504123a86126347ee9487c" member_type: VOTER last_known_addr { host: "127.13.191.3" port: 34709 } }
I20260630 12:17:06.688624 18081 raft_consensus.cc:359] T 4a27fcc4fd814761af0bb34ed02f6d68 P 123be2484920451db4842e9802314b32 [term 0 FOLLOWER]: Replica starting. Triggering 0 pending ops. Active config: opid_index: -1 OBSOLETE_local: false peers { permanent_uuid: "123be2484920451db4842e9802314b32" member_type: VOTER last_known_addr { host: "127.13.191.2" port: 45115 } } peers { permanent_uuid: "697d8af6134e4f2c80485630a25b6b7a" member_type: VOTER last_known_addr { host: "127.13.191.1" port: 45507 } } peers { permanent_uuid: "1a92743722504123a86126347ee9487c" member_type: VOTER last_known_addr { host: "127.13.191.3" port: 34709 } }
I20260630 12:17:06.692014 18082 raft_consensus.cc:385] T 4a27fcc4fd814761af0bb34ed02f6d68 P 1a92743722504123a86126347ee9487c [term 0 FOLLOWER]: Consensus starting up: Expiring failure detector timer to make a prompt election more likely
I20260630 12:17:06.692183 18081 raft_consensus.cc:385] T 4a27fcc4fd814761af0bb34ed02f6d68 P 123be2484920451db4842e9802314b32 [term 0 FOLLOWER]: Consensus starting up: Expiring failure detector timer to make a prompt election more likely
I20260630 12:17:06.692438 18082 raft_consensus.cc:740] T 4a27fcc4fd814761af0bb34ed02f6d68 P 1a92743722504123a86126347ee9487c [term 0 FOLLOWER]: Becoming Follower/Learner. State: Replica: 1a92743722504123a86126347ee9487c, State: Initialized, Role: FOLLOWER
I20260630 12:17:06.692567 18081 raft_consensus.cc:740] T 4a27fcc4fd814761af0bb34ed02f6d68 P 123be2484920451db4842e9802314b32 [term 0 FOLLOWER]: Becoming Follower/Learner. State: Replica: 123be2484920451db4842e9802314b32, State: Initialized, Role: FOLLOWER
I20260630 12:17:06.693675 18081 consensus_queue.cc:260] T 4a27fcc4fd814761af0bb34ed02f6d68 P 123be2484920451db4842e9802314b32 [NON_LEADER]: Queue going to NON_LEADER mode. State: All replicated index: 0, Majority replicated index: 0, Committed index: 0, Last appended: 0.0, Last appended by leader: 0, Current term: 0, Majority size: -1, State: 0, Mode: NON_LEADER, active raft config: opid_index: -1 OBSOLETE_local: false peers { permanent_uuid: "123be2484920451db4842e9802314b32" member_type: VOTER last_known_addr { host: "127.13.191.2" port: 45115 } } peers { permanent_uuid: "697d8af6134e4f2c80485630a25b6b7a" member_type: VOTER last_known_addr { host: "127.13.191.1" port: 45507 } } peers { permanent_uuid: "1a92743722504123a86126347ee9487c" member_type: VOTER last_known_addr { host: "127.13.191.3" port: 34709 } }
I20260630 12:17:06.693703 18082 consensus_queue.cc:260] T 4a27fcc4fd814761af0bb34ed02f6d68 P 1a92743722504123a86126347ee9487c [NON_LEADER]: Queue going to NON_LEADER mode. State: All replicated index: 0, Majority replicated index: 0, Committed index: 0, Last appended: 0.0, Last appended by leader: 0, Current term: 0, Majority size: -1, State: 0, Mode: NON_LEADER, active raft config: opid_index: -1 OBSOLETE_local: false peers { permanent_uuid: "123be2484920451db4842e9802314b32" member_type: VOTER last_known_addr { host: "127.13.191.2" port: 45115 } } peers { permanent_uuid: "697d8af6134e4f2c80485630a25b6b7a" member_type: VOTER last_known_addr { host: "127.13.191.1" port: 45507 } } peers { permanent_uuid: "1a92743722504123a86126347ee9487c" member_type: VOTER last_known_addr { host: "127.13.191.3" port: 34709 } }
I20260630 12:17:06.695341 18083 tablet_bootstrap.cc:492] T 4a27fcc4fd814761af0bb34ed02f6d68 P 697d8af6134e4f2c80485630a25b6b7a: No bootstrap required, opened a new log
I20260630 12:17:06.695914 18083 ts_tablet_manager.cc:1403] T 4a27fcc4fd814761af0bb34ed02f6d68 P 697d8af6134e4f2c80485630a25b6b7a: Time spent bootstrapping tablet: real 0.017s	user 0.012s	sys 0.004s
I20260630 12:17:06.696753 17912 heartbeater.cc:499] Master 127.13.191.62:45289 was elected leader, sending a full tablet report...
I20260630 12:17:06.697449 18081 ts_tablet_manager.cc:1434] T 4a27fcc4fd814761af0bb34ed02f6d68 P 123be2484920451db4842e9802314b32: Time spent starting tablet: real 0.012s	user 0.008s	sys 0.001s
I20260630 12:17:06.697566 17986 heartbeater.cc:499] Master 127.13.191.62:45289 was elected leader, sending a full tablet report...
I20260630 12:17:06.698086 18082 ts_tablet_manager.cc:1434] T 4a27fcc4fd814761af0bb34ed02f6d68 P 1a92743722504123a86126347ee9487c: Time spent starting tablet: real 0.008s	user 0.006s	sys 0.000s
I20260630 12:17:06.701009 18083 raft_consensus.cc:359] T 4a27fcc4fd814761af0bb34ed02f6d68 P 697d8af6134e4f2c80485630a25b6b7a [term 0 FOLLOWER]: Replica starting. Triggering 0 pending ops. Active config: opid_index: -1 OBSOLETE_local: false peers { permanent_uuid: "123be2484920451db4842e9802314b32" member_type: VOTER last_known_addr { host: "127.13.191.2" port: 45115 } } peers { permanent_uuid: "697d8af6134e4f2c80485630a25b6b7a" member_type: VOTER last_known_addr { host: "127.13.191.1" port: 45507 } } peers { permanent_uuid: "1a92743722504123a86126347ee9487c" member_type: VOTER last_known_addr { host: "127.13.191.3" port: 34709 } }
I20260630 12:17:06.701829 18083 raft_consensus.cc:385] T 4a27fcc4fd814761af0bb34ed02f6d68 P 697d8af6134e4f2c80485630a25b6b7a [term 0 FOLLOWER]: Consensus starting up: Expiring failure detector timer to make a prompt election more likely
I20260630 12:17:06.702142 18083 raft_consensus.cc:740] T 4a27fcc4fd814761af0bb34ed02f6d68 P 697d8af6134e4f2c80485630a25b6b7a [term 0 FOLLOWER]: Becoming Follower/Learner. State: Replica: 697d8af6134e4f2c80485630a25b6b7a, State: Initialized, Role: FOLLOWER
I20260630 12:17:06.702893 18083 consensus_queue.cc:260] T 4a27fcc4fd814761af0bb34ed02f6d68 P 697d8af6134e4f2c80485630a25b6b7a [NON_LEADER]: Queue going to NON_LEADER mode. State: All replicated index: 0, Majority replicated index: 0, Committed index: 0, Last appended: 0.0, Last appended by leader: 0, Current term: 0, Majority size: -1, State: 0, Mode: NON_LEADER, active raft config: opid_index: -1 OBSOLETE_local: false peers { permanent_uuid: "123be2484920451db4842e9802314b32" member_type: VOTER last_known_addr { host: "127.13.191.2" port: 45115 } } peers { permanent_uuid: "697d8af6134e4f2c80485630a25b6b7a" member_type: VOTER last_known_addr { host: "127.13.191.1" port: 45507 } } peers { permanent_uuid: "1a92743722504123a86126347ee9487c" member_type: VOTER last_known_addr { host: "127.13.191.3" port: 34709 } }
I20260630 12:17:06.706075 17837 heartbeater.cc:499] Master 127.13.191.62:45289 was elected leader, sending a full tablet report...
I20260630 12:17:06.707194 18083 ts_tablet_manager.cc:1434] T 4a27fcc4fd814761af0bb34ed02f6d68 P 697d8af6134e4f2c80485630a25b6b7a: Time spent starting tablet: real 0.011s	user 0.003s	sys 0.004s
I20260630 12:17:06.939374 18087 raft_consensus.cc:493] T 4a27fcc4fd814761af0bb34ed02f6d68 P 123be2484920451db4842e9802314b32 [term 0 FOLLOWER]: Starting pre-election (no leader contacted us within the election timeout)
I20260630 12:17:06.939909 18087 raft_consensus.cc:515] T 4a27fcc4fd814761af0bb34ed02f6d68 P 123be2484920451db4842e9802314b32 [term 0 FOLLOWER]: Starting pre-election with config: opid_index: -1 OBSOLETE_local: false peers { permanent_uuid: "123be2484920451db4842e9802314b32" member_type: VOTER last_known_addr { host: "127.13.191.2" port: 45115 } } peers { permanent_uuid: "697d8af6134e4f2c80485630a25b6b7a" member_type: VOTER last_known_addr { host: "127.13.191.1" port: 45507 } } peers { permanent_uuid: "1a92743722504123a86126347ee9487c" member_type: VOTER last_known_addr { host: "127.13.191.3" port: 34709 } }
I20260630 12:17:06.941939 18087 leader_election.cc:290] T 4a27fcc4fd814761af0bb34ed02f6d68 P 123be2484920451db4842e9802314b32 [CANDIDATE]: Term 1 pre-election: Requested pre-vote from peers 697d8af6134e4f2c80485630a25b6b7a (127.13.191.1:45507), 1a92743722504123a86126347ee9487c (127.13.191.3:34709)
I20260630 12:17:06.954506 17961 tablet_service.cc:1917] Received RequestConsensusVote() RPC: tablet_id: "4a27fcc4fd814761af0bb34ed02f6d68" candidate_uuid: "123be2484920451db4842e9802314b32" candidate_term: 1 candidate_status { last_received { term: 0 index: 0 } } ignore_live_leader: false dest_uuid: "1a92743722504123a86126347ee9487c" is_pre_election: true
I20260630 12:17:06.955315 17961 raft_consensus.cc:2468] T 4a27fcc4fd814761af0bb34ed02f6d68 P 1a92743722504123a86126347ee9487c [term 0 FOLLOWER]: Leader pre-election vote request: Granting yes vote for candidate 123be2484920451db4842e9802314b32 in term 0.
I20260630 12:17:06.955395 17812 tablet_service.cc:1917] Received RequestConsensusVote() RPC: tablet_id: "4a27fcc4fd814761af0bb34ed02f6d68" candidate_uuid: "123be2484920451db4842e9802314b32" candidate_term: 1 candidate_status { last_received { term: 0 index: 0 } } ignore_live_leader: false dest_uuid: "697d8af6134e4f2c80485630a25b6b7a" is_pre_election: true
I20260630 12:17:06.956099 17812 raft_consensus.cc:2468] T 4a27fcc4fd814761af0bb34ed02f6d68 P 697d8af6134e4f2c80485630a25b6b7a [term 0 FOLLOWER]: Leader pre-election vote request: Granting yes vote for candidate 123be2484920451db4842e9802314b32 in term 0.
I20260630 12:17:06.956455 17851 leader_election.cc:304] T 4a27fcc4fd814761af0bb34ed02f6d68 P 123be2484920451db4842e9802314b32 [CANDIDATE]: Term 1 pre-election: Election decided. Result: candidate won. Election summary: received 2 responses out of 3 voters: 2 yes votes; 0 no votes. yes voters: 123be2484920451db4842e9802314b32, 1a92743722504123a86126347ee9487c; no voters: 
I20260630 12:17:06.957258 18087 raft_consensus.cc:2804] T 4a27fcc4fd814761af0bb34ed02f6d68 P 123be2484920451db4842e9802314b32 [term 0 FOLLOWER]: Leader pre-election won for term 1
I20260630 12:17:06.957625 18087 raft_consensus.cc:493] T 4a27fcc4fd814761af0bb34ed02f6d68 P 123be2484920451db4842e9802314b32 [term 0 FOLLOWER]: Starting leader election (no leader contacted us within the election timeout)
I20260630 12:17:06.957911 18087 raft_consensus.cc:3060] T 4a27fcc4fd814761af0bb34ed02f6d68 P 123be2484920451db4842e9802314b32 [term 0 FOLLOWER]: Advancing to term 1
I20260630 12:17:06.962502 18087 raft_consensus.cc:515] T 4a27fcc4fd814761af0bb34ed02f6d68 P 123be2484920451db4842e9802314b32 [term 1 FOLLOWER]: Starting leader election with config: opid_index: -1 OBSOLETE_local: false peers { permanent_uuid: "123be2484920451db4842e9802314b32" member_type: VOTER last_known_addr { host: "127.13.191.2" port: 45115 } } peers { permanent_uuid: "697d8af6134e4f2c80485630a25b6b7a" member_type: VOTER last_known_addr { host: "127.13.191.1" port: 45507 } } peers { permanent_uuid: "1a92743722504123a86126347ee9487c" member_type: VOTER last_known_addr { host: "127.13.191.3" port: 34709 } }
I20260630 12:17:06.964214 18087 leader_election.cc:290] T 4a27fcc4fd814761af0bb34ed02f6d68 P 123be2484920451db4842e9802314b32 [CANDIDATE]: Term 1 election: Requested vote from peers 697d8af6134e4f2c80485630a25b6b7a (127.13.191.1:45507), 1a92743722504123a86126347ee9487c (127.13.191.3:34709)
I20260630 12:17:06.965060 17812 tablet_service.cc:1917] Received RequestConsensusVote() RPC: tablet_id: "4a27fcc4fd814761af0bb34ed02f6d68" candidate_uuid: "123be2484920451db4842e9802314b32" candidate_term: 1 candidate_status { last_received { term: 0 index: 0 } } ignore_live_leader: false dest_uuid: "697d8af6134e4f2c80485630a25b6b7a"
I20260630 12:17:06.965214 17961 tablet_service.cc:1917] Received RequestConsensusVote() RPC: tablet_id: "4a27fcc4fd814761af0bb34ed02f6d68" candidate_uuid: "123be2484920451db4842e9802314b32" candidate_term: 1 candidate_status { last_received { term: 0 index: 0 } } ignore_live_leader: false dest_uuid: "1a92743722504123a86126347ee9487c"
I20260630 12:17:06.965683 17812 raft_consensus.cc:3060] T 4a27fcc4fd814761af0bb34ed02f6d68 P 697d8af6134e4f2c80485630a25b6b7a [term 0 FOLLOWER]: Advancing to term 1
I20260630 12:17:06.965705 17961 raft_consensus.cc:3060] T 4a27fcc4fd814761af0bb34ed02f6d68 P 1a92743722504123a86126347ee9487c [term 0 FOLLOWER]: Advancing to term 1
I20260630 12:17:06.973027 17961 raft_consensus.cc:2468] T 4a27fcc4fd814761af0bb34ed02f6d68 P 1a92743722504123a86126347ee9487c [term 1 FOLLOWER]: Leader election vote request: Granting yes vote for candidate 123be2484920451db4842e9802314b32 in term 1.
I20260630 12:17:06.973040 17812 raft_consensus.cc:2468] T 4a27fcc4fd814761af0bb34ed02f6d68 P 697d8af6134e4f2c80485630a25b6b7a [term 1 FOLLOWER]: Leader election vote request: Granting yes vote for candidate 123be2484920451db4842e9802314b32 in term 1.
I20260630 12:17:06.974557 17852 leader_election.cc:304] T 4a27fcc4fd814761af0bb34ed02f6d68 P 123be2484920451db4842e9802314b32 [CANDIDATE]: Term 1 election: Election decided. Result: candidate won. Election summary: received 2 responses out of 3 voters: 2 yes votes; 0 no votes. yes voters: 123be2484920451db4842e9802314b32, 697d8af6134e4f2c80485630a25b6b7a; no voters: 
I20260630 12:17:06.975299 18087 raft_consensus.cc:2804] T 4a27fcc4fd814761af0bb34ed02f6d68 P 123be2484920451db4842e9802314b32 [term 1 FOLLOWER]: Leader election won for term 1
I20260630 12:17:06.976377 18087 raft_consensus.cc:697] T 4a27fcc4fd814761af0bb34ed02f6d68 P 123be2484920451db4842e9802314b32 [term 1 LEADER]: Becoming Leader. State: Replica: 123be2484920451db4842e9802314b32, State: Running, Role: LEADER
I20260630 12:17:06.977169 18087 consensus_queue.cc:237] T 4a27fcc4fd814761af0bb34ed02f6d68 P 123be2484920451db4842e9802314b32 [LEADER]: Queue going to LEADER mode. State: All replicated index: 0, Majority replicated index: 0, Committed index: 0, Last appended: 0.0, Last appended by leader: 0, Current term: 1, Majority size: 2, State: 0, Mode: LEADER, active raft config: opid_index: -1 OBSOLETE_local: false peers { permanent_uuid: "123be2484920451db4842e9802314b32" member_type: VOTER last_known_addr { host: "127.13.191.2" port: 45115 } } peers { permanent_uuid: "697d8af6134e4f2c80485630a25b6b7a" member_type: VOTER last_known_addr { host: "127.13.191.1" port: 45507 } } peers { permanent_uuid: "1a92743722504123a86126347ee9487c" member_type: VOTER last_known_addr { host: "127.13.191.3" port: 34709 } }
I20260630 12:17:06.985036 17708 catalog_manager.cc:5697] T 4a27fcc4fd814761af0bb34ed02f6d68 P 123be2484920451db4842e9802314b32 reported cstate change: term changed from 0 to 1, leader changed from <none> to 123be2484920451db4842e9802314b32 (127.13.191.2). New cstate: current_term: 1 leader_uuid: "123be2484920451db4842e9802314b32" committed_config { opid_index: -1 OBSOLETE_local: false peers { permanent_uuid: "123be2484920451db4842e9802314b32" member_type: VOTER last_known_addr { host: "127.13.191.2" port: 45115 } health_report { overall_health: HEALTHY } } peers { permanent_uuid: "697d8af6134e4f2c80485630a25b6b7a" member_type: VOTER last_known_addr { host: "127.13.191.1" port: 45507 } health_report { overall_health: UNKNOWN } } peers { permanent_uuid: "1a92743722504123a86126347ee9487c" member_type: VOTER last_known_addr { host: "127.13.191.3" port: 34709 } health_report { overall_health: UNKNOWN } } }
I20260630 12:17:07.047899 18060 heartbeater.cc:499] Master 127.13.191.62:45289 was elected leader, sending a full tablet report...
I20260630 12:17:07.451196 18087 consensus_queue.cc:1048] T 4a27fcc4fd814761af0bb34ed02f6d68 P 123be2484920451db4842e9802314b32 [LEADER]: Connected to new peer: Peer: permanent_uuid: "1a92743722504123a86126347ee9487c" member_type: VOTER last_known_addr { host: "127.13.191.3" port: 34709 }, Status: LMP_MISMATCH, Last received: 0.0, Next index: 1, Last known committed idx: 0, Time since last communication: 0.000s
I20260630 12:17:07.465413 18098 consensus_queue.cc:1048] T 4a27fcc4fd814761af0bb34ed02f6d68 P 123be2484920451db4842e9802314b32 [LEADER]: Connected to new peer: Peer: permanent_uuid: "697d8af6134e4f2c80485630a25b6b7a" member_type: VOTER last_known_addr { host: "127.13.191.1" port: 45507 }, Status: LMP_MISMATCH, Last received: 0.0, Next index: 1, Last known committed idx: 0, Time since last communication: 0.000s
I20260630 12:17:07.553710 17763 auto_leader_rebalancer.cc:141] leader rebalance for table test-workload
I20260630 12:17:07.555135 17763 auto_leader_rebalancer.cc:440] table: test-workload, leader rebalance finish, leader transfer count: 0
I20260630 12:17:07.555480 17763 auto_leader_rebalancer.cc:515] All tables' leader rebalancing finished this round
I20260630 12:17:09.556629 17763 auto_leader_rebalancer.cc:141] leader rebalance for table test-workload
I20260630 12:17:09.558315 17763 auto_leader_rebalancer.cc:440] table: test-workload, leader rebalance finish, leader transfer count: 0
I20260630 12:17:09.558679 17763 auto_leader_rebalancer.cc:515] All tables' leader rebalancing finished this round
I20260630 12:17:11.559621 17763 auto_leader_rebalancer.cc:141] leader rebalance for table test-workload
I20260630 12:17:11.560978 17763 auto_leader_rebalancer.cc:440] table: test-workload, leader rebalance finish, leader transfer count: 0
I20260630 12:17:11.561333 17763 auto_leader_rebalancer.cc:515] All tables' leader rebalancing finished this round
I20260630 12:17:13.562286 17763 auto_leader_rebalancer.cc:141] leader rebalance for table test-workload
I20260630 12:17:13.563602 17763 auto_leader_rebalancer.cc:440] table: test-workload, leader rebalance finish, leader transfer count: 0
I20260630 12:17:13.563952 17763 auto_leader_rebalancer.cc:515] All tables' leader rebalancing finished this round
I20260630 12:17:15.564966 17763 auto_leader_rebalancer.cc:141] leader rebalance for table test-workload
I20260630 12:17:15.566270 17763 auto_leader_rebalancer.cc:440] table: test-workload, leader rebalance finish, leader transfer count: 0
I20260630 12:17:15.566622 17763 auto_leader_rebalancer.cc:515] All tables' leader rebalancing finished this round
I20260630 12:17:17.567518 17763 auto_leader_rebalancer.cc:141] leader rebalance for table test-workload
I20260630 12:17:17.568893 17763 auto_leader_rebalancer.cc:440] table: test-workload, leader rebalance finish, leader transfer count: 0
I20260630 12:17:17.569254 17763 auto_leader_rebalancer.cc:515] All tables' leader rebalancing finished this round
I20260630 12:17:18.084971 14076 tablet_server.cc:179] TabletServer@127.13.191.1:0 shutting down...
I20260630 12:17:18.114418 14076 ts_tablet_manager.cc:1507] Shutting down tablet manager...
I20260630 12:17:18.115276 14076 tablet_replica.cc:333] T 4a27fcc4fd814761af0bb34ed02f6d68 P 697d8af6134e4f2c80485630a25b6b7a: stopping tablet replica
I20260630 12:17:18.115864 14076 raft_consensus.cc:2243] T 4a27fcc4fd814761af0bb34ed02f6d68 P 697d8af6134e4f2c80485630a25b6b7a [term 1 FOLLOWER]: Raft consensus shutting down.
I20260630 12:17:18.116460 14076 raft_consensus.cc:2272] T 4a27fcc4fd814761af0bb34ed02f6d68 P 697d8af6134e4f2c80485630a25b6b7a [term 1 FOLLOWER]: Raft consensus is shut down!
I20260630 12:17:18.137308 14076 tablet_server.cc:196] TabletServer@127.13.191.1:0 shutdown complete.
I20260630 12:17:18.149925 14076 tablet_server.cc:179] TabletServer@127.13.191.2:0 shutting down...
I20260630 12:17:18.172427 14076 ts_tablet_manager.cc:1507] Shutting down tablet manager...
I20260630 12:17:18.173223 14076 tablet_replica.cc:333] T 4a27fcc4fd814761af0bb34ed02f6d68 P 123be2484920451db4842e9802314b32: stopping tablet replica
I20260630 12:17:18.173840 14076 raft_consensus.cc:2243] T 4a27fcc4fd814761af0bb34ed02f6d68 P 123be2484920451db4842e9802314b32 [term 1 LEADER]: Raft consensus shutting down.
I20260630 12:17:18.174712 14076 raft_consensus.cc:2272] T 4a27fcc4fd814761af0bb34ed02f6d68 P 123be2484920451db4842e9802314b32 [term 1 FOLLOWER]: Raft consensus is shut down!
I20260630 12:17:18.194180 14076 tablet_server.cc:196] TabletServer@127.13.191.2:0 shutdown complete.
I20260630 12:17:18.205155 14076 tablet_server.cc:179] TabletServer@127.13.191.3:0 shutting down...
I20260630 12:17:18.226217 14076 ts_tablet_manager.cc:1507] Shutting down tablet manager...
I20260630 12:17:18.226926 14076 tablet_replica.cc:333] T 4a27fcc4fd814761af0bb34ed02f6d68 P 1a92743722504123a86126347ee9487c: stopping tablet replica
I20260630 12:17:18.227458 14076 raft_consensus.cc:2243] T 4a27fcc4fd814761af0bb34ed02f6d68 P 1a92743722504123a86126347ee9487c [term 1 FOLLOWER]: Raft consensus shutting down.
I20260630 12:17:18.227945 14076 raft_consensus.cc:2272] T 4a27fcc4fd814761af0bb34ed02f6d68 P 1a92743722504123a86126347ee9487c [term 1 FOLLOWER]: Raft consensus is shut down!
I20260630 12:17:18.247560 14076 tablet_server.cc:196] TabletServer@127.13.191.3:0 shutdown complete.
I20260630 12:17:18.258735 14076 tablet_server.cc:179] TabletServer@127.13.191.4:0 shutting down...
I20260630 12:17:18.285799 14076 ts_tablet_manager.cc:1507] Shutting down tablet manager...
I20260630 12:17:18.301993 14076 tablet_server.cc:196] TabletServer@127.13.191.4:0 shutdown complete.
I20260630 12:17:18.310945 14076 master.cc:562] Master@127.13.191.62:45289 shutting down...
I20260630 12:17:18.330773 14076 raft_consensus.cc:2243] T 00000000000000000000000000000000 P 05285c471b0844b8b5cb8d939d810e20 [term 1 LEADER]: Raft consensus shutting down.
I20260630 12:17:18.331439 14076 raft_consensus.cc:2272] T 00000000000000000000000000000000 P 05285c471b0844b8b5cb8d939d810e20 [term 1 FOLLOWER]: Raft consensus is shut down!
I20260630 12:17:18.331774 14076 tablet_replica.cc:333] T 00000000000000000000000000000000 P 05285c471b0844b8b5cb8d939d810e20: stopping tablet replica
I20260630 12:17:18.351562 14076 master.cc:584] Master@127.13.191.62:45289 shutdown complete.
[       OK ] AutoRebalancerTest.NoReplicaMovesIfLocationLoadSkewedByOne (12970 ms)
[ RUN      ] AutoRebalancerTest.NoReplicaMovesIfCannotFixPlacementPolicy
I20260630 12:17:18.388091 14076 internal_mini_cluster.cc:156] Creating distributed mini masters. Addrs: 127.13.191.62:33527
I20260630 12:17:18.389353 14076 file_cache.cc:492] Constructed file cache file cache with capacity 419430
W20260630 12:17:18.395210 18107 instance_detector.cc:116] could not retrieve AWS instance metadata: Network error: curl error: HTTP response code said error: The requested URL returned error: 404
W20260630 12:17:18.395431 18108 instance_detector.cc:116] could not retrieve Azure instance metadata: Network error: curl error: HTTP response code said error: The requested URL returned error: 404
I20260630 12:17:18.396780 14076 server_base.cc:1061] running on GCE node
W20260630 12:17:18.396824 18110 instance_detector.cc:116] could not retrieve OpenStack instance metadata: Network error: curl error: HTTP response code said error: The requested URL returned error: 404
I20260630 12:17:18.397965 14076 hybrid_clock.cc:584] initializing the hybrid clock with 'system_unsync' time source
W20260630 12:17:18.398160 14076 system_unsync_time.cc:38] NTP support is disabled. Clock error bounds will not be accurate. This configuration is not suitable for distributed clusters.
I20260630 12:17:18.398384 14076 hybrid_clock.cc:648] HybridClock initialized: now 1782821838398342 us; error 0 us; skew 500 ppm
I20260630 12:17:18.398919 14076 server_base.cc:861] Flag tcmalloc_max_total_thread_cache_bytes is not working since tcmalloc is not enabled.
I20260630 12:17:18.401739 14076 webserver.cc:533] Webserver started at http://127.13.191.62:40591/ using document root <none> and password file <none>
I20260630 12:17:18.402279 14076 fs_manager.cc:362] Metadata directory not provided
I20260630 12:17:18.402495 14076 fs_manager.cc:368] Using write-ahead log directory (fs_wal_dir) as metadata directory
I20260630 12:17:18.402786 14076 server_base.cc:909] This appears to be a new deployment of Kudu; creating new FS layout
I20260630 12:17:18.403964 14076 fs_manager.cc:1068] Generated new instance metadata in path /tmp/dist-test-taskFp7lC7/test-tmp/auto_rebalancer-test.0.AutoRebalancerTest.NoReplicaMovesIfCannotFixPlacementPolicy.1782821728264380-14076-0/minicluster-data/master-0-root/instance:
uuid: "fd5983e9cb574a0a901af1c35b566db0"
format_stamp: "Formatted at 2026-06-30 12:17:18 on dist-test-slave-vp4m"
I20260630 12:17:18.408623 14076 fs_manager.cc:696] Time spent creating directory manager: real 0.004s	user 0.002s	sys 0.004s
I20260630 12:17:18.412133 18115 log_block_manager.cc:4031] Time spent loading block containers with low live blocks: real 0.000s	user 0.000s	sys 0.000s
I20260630 12:17:18.413043 14076 fs_manager.cc:730] Time spent opening block manager: real 0.002s	user 0.000s	sys 0.003s
I20260630 12:17:18.413341 14076 fs_manager.cc:647] Opened local filesystem: /tmp/dist-test-taskFp7lC7/test-tmp/auto_rebalancer-test.0.AutoRebalancerTest.NoReplicaMovesIfCannotFixPlacementPolicy.1782821728264380-14076-0/minicluster-data/master-0-root
uuid: "fd5983e9cb574a0a901af1c35b566db0"
format_stamp: "Formatted at 2026-06-30 12:17:18 on dist-test-slave-vp4m"
I20260630 12:17:18.413662 14076 fs_report.cc:389] FS layout report
--------------------
wal directory: /tmp/dist-test-taskFp7lC7/test-tmp/auto_rebalancer-test.0.AutoRebalancerTest.NoReplicaMovesIfCannotFixPlacementPolicy.1782821728264380-14076-0/minicluster-data/master-0-root
metadata directory: /tmp/dist-test-taskFp7lC7/test-tmp/auto_rebalancer-test.0.AutoRebalancerTest.NoReplicaMovesIfCannotFixPlacementPolicy.1782821728264380-14076-0/minicluster-data/master-0-root
1 data directories: /tmp/dist-test-taskFp7lC7/test-tmp/auto_rebalancer-test.0.AutoRebalancerTest.NoReplicaMovesIfCannotFixPlacementPolicy.1782821728264380-14076-0/minicluster-data/master-0-root/data
Total live blocks: 0
Total live bytes: 0
Total live bytes (after alignment): 0
Total number of LBM containers: 0 (0 full)
Did not check for missing blocks
Did not check for orphaned blocks
Total full LBM containers with extra space: 0 (0 repaired)
Total full LBM container extra space in bytes: 0 (0 repaired)
