I20260630 12:16:50.059602 20844 raft_consensus.cc:2955] T 741bfe2ea7c74f85a9f5139ca90f7176 P 90b24e1f8e3541c9bab51cda61c92a29 [term 1 FOLLOWER]: Committing config change with OpId 1.3: config changed from index 2 to 3, 12f02fdffe7044d28cab7a7d8afbbf16 (127.17.98.196) changed from NON_VOTER to VOTER. New config: { opid_index: 3 OBSOLETE_local: false peers { permanent_uuid: "6477e7d4ba424f3785c9259b2527115a" member_type: VOTER last_known_addr { host: "127.17.98.193" port: 40473 } attrs { replace: true } } peers { permanent_uuid: "90b24e1f8e3541c9bab51cda61c92a29" member_type: VOTER last_known_addr { host: "127.17.98.194" port: 35885 } } peers { permanent_uuid: "9718d1359a804f58bca10d4ce1be4d62" member_type: VOTER last_known_addr { host: "127.17.98.195" port: 35767 } } peers { permanent_uuid: "12f02fdffe7044d28cab7a7d8afbbf16" member_type: VOTER last_known_addr { host: "127.17.98.196" port: 39199 } attrs { promote: false } } }
I20260630 12:16:50.065868 21071 raft_consensus.cc:2955] T 741bfe2ea7c74f85a9f5139ca90f7176 P 12f02fdffe7044d28cab7a7d8afbbf16 [term 1 FOLLOWER]: Committing config change with OpId 1.3: config changed from index 2 to 3, 12f02fdffe7044d28cab7a7d8afbbf16 (127.17.98.196) changed from NON_VOTER to VOTER. New config: { opid_index: 3 OBSOLETE_local: false peers { permanent_uuid: "6477e7d4ba424f3785c9259b2527115a" member_type: VOTER last_known_addr { host: "127.17.98.193" port: 40473 } attrs { replace: true } } peers { permanent_uuid: "90b24e1f8e3541c9bab51cda61c92a29" member_type: VOTER last_known_addr { host: "127.17.98.194" port: 35885 } } peers { permanent_uuid: "9718d1359a804f58bca10d4ce1be4d62" member_type: VOTER last_known_addr { host: "127.17.98.195" port: 35767 } } peers { permanent_uuid: "12f02fdffe7044d28cab7a7d8afbbf16" member_type: VOTER last_known_addr { host: "127.17.98.196" port: 39199 } attrs { promote: false } } }
I20260630 12:16:50.072620 20665 catalog_manager.cc:5697] T 741bfe2ea7c74f85a9f5139ca90f7176 P 90b24e1f8e3541c9bab51cda61c92a29 reported cstate change: config changed from index 2 to 3, 12f02fdffe7044d28cab7a7d8afbbf16 (127.17.98.196) changed from NON_VOTER to VOTER. New cstate: current_term: 1 leader_uuid: "9718d1359a804f58bca10d4ce1be4d62" committed_config { opid_index: 3 OBSOLETE_local: false peers { permanent_uuid: "6477e7d4ba424f3785c9259b2527115a" member_type: VOTER last_known_addr { host: "127.17.98.193" port: 40473 } attrs { replace: true } } peers { permanent_uuid: "90b24e1f8e3541c9bab51cda61c92a29" member_type: VOTER last_known_addr { host: "127.17.98.194" port: 35885 } } peers { permanent_uuid: "9718d1359a804f58bca10d4ce1be4d62" member_type: VOTER last_known_addr { host: "127.17.98.195" port: 35767 } } peers { permanent_uuid: "12f02fdffe7044d28cab7a7d8afbbf16" member_type: VOTER last_known_addr { host: "127.17.98.196" port: 39199 } attrs { promote: false } } }
I20260630 12:16:50.087918 21224 raft_consensus.cc:2955] T 741bfe2ea7c74f85a9f5139ca90f7176 P 9718d1359a804f58bca10d4ce1be4d62 [term 1 LEADER]: Committing config change with OpId 1.3: config changed from index 2 to 3, 12f02fdffe7044d28cab7a7d8afbbf16 (127.17.98.196) changed from NON_VOTER to VOTER. New config: { opid_index: 3 OBSOLETE_local: false peers { permanent_uuid: "6477e7d4ba424f3785c9259b2527115a" member_type: VOTER last_known_addr { host: "127.17.98.193" port: 40473 } attrs { replace: true } } peers { permanent_uuid: "90b24e1f8e3541c9bab51cda61c92a29" member_type: VOTER last_known_addr { host: "127.17.98.194" port: 35885 } } peers { permanent_uuid: "9718d1359a804f58bca10d4ce1be4d62" member_type: VOTER last_known_addr { host: "127.17.98.195" port: 35767 } } peers { permanent_uuid: "12f02fdffe7044d28cab7a7d8afbbf16" member_type: VOTER last_known_addr { host: "127.17.98.196" port: 39199 } attrs { promote: false } } }
I20260630 12:16:50.096582 20768 raft_consensus.cc:2955] T 741bfe2ea7c74f85a9f5139ca90f7176 P 6477e7d4ba424f3785c9259b2527115a [term 1 FOLLOWER]: Committing config change with OpId 1.3: config changed from index 2 to 3, 12f02fdffe7044d28cab7a7d8afbbf16 (127.17.98.196) changed from NON_VOTER to VOTER. New config: { opid_index: 3 OBSOLETE_local: false peers { permanent_uuid: "6477e7d4ba424f3785c9259b2527115a" member_type: VOTER last_known_addr { host: "127.17.98.193" port: 40473 } attrs { replace: true } } peers { permanent_uuid: "90b24e1f8e3541c9bab51cda61c92a29" member_type: VOTER last_known_addr { host: "127.17.98.194" port: 35885 } } peers { permanent_uuid: "9718d1359a804f58bca10d4ce1be4d62" member_type: VOTER last_known_addr { host: "127.17.98.195" port: 35767 } } peers { permanent_uuid: "12f02fdffe7044d28cab7a7d8afbbf16" member_type: VOTER last_known_addr { host: "127.17.98.196" port: 39199 } attrs { promote: false } } }
I20260630 12:16:50.098534 21252 ts_tablet_manager.cc:1929] T 28d7ac4856584757a135406f4b567264 P 9718d1359a804f58bca10d4ce1be4d62: tablet deleted with delete type TABLET_DATA_TOMBSTONED: last-logged OpId 1.3
I20260630 12:16:50.099059 21252 log.cc:1199] T 28d7ac4856584757a135406f4b567264 P 9718d1359a804f58bca10d4ce1be4d62: Deleting WAL directory at /tmp/dist-test-taskbmVtca/test-tmp/auto_rebalancer-test.0.AutoRebalancerTest.RangeAwareRebalancesNewRangeReplicas.1782821726875102-17803-0/minicluster-data/ts-2-root/wals/28d7ac4856584757a135406f4b567264
I20260630 12:16:50.100838 20652 catalog_manager.cc:5028] TS 9718d1359a804f58bca10d4ce1be4d62 (127.17.98.195:35767): tablet 28d7ac4856584757a135406f4b567264 (table range_aware_rebalance_new_range [id=5f167d65173a4c70b4f8465a9cdcd0aa]) successfully deleted
I20260630 12:16:50.104621 20916 consensus_queue.cc:237] T 741bfe2ea7c74f85a9f5139ca90f7176 P 9718d1359a804f58bca10d4ce1be4d62 [LEADER]: Queue going to LEADER mode. State: All replicated index: 0, Majority replicated index: 3, Committed index: 3, Last appended: 1.3, Last appended by leader: 0, Current term: 1, Majority size: 2, State: 0, Mode: LEADER, active raft config: opid_index: 4 OBSOLETE_local: false peers { permanent_uuid: "90b24e1f8e3541c9bab51cda61c92a29" member_type: VOTER last_known_addr { host: "127.17.98.194" port: 35885 } } peers { permanent_uuid: "9718d1359a804f58bca10d4ce1be4d62" member_type: VOTER last_known_addr { host: "127.17.98.195" port: 35767 } } peers { permanent_uuid: "12f02fdffe7044d28cab7a7d8afbbf16" member_type: VOTER last_known_addr { host: "127.17.98.196" port: 39199 } attrs { promote: false } }
I20260630 12:16:50.111050 21071 raft_consensus.cc:1275] T 741bfe2ea7c74f85a9f5139ca90f7176 P 12f02fdffe7044d28cab7a7d8afbbf16 [term 1 FOLLOWER]: Refusing update from remote peer 9718d1359a804f58bca10d4ce1be4d62: Log matching property violated. Preceding OpId in replica: term: 1 index: 3. Preceding OpId from leader: term: 1 index: 4. (index mismatch)
I20260630 12:16:50.111764 20844 raft_consensus.cc:1275] T 741bfe2ea7c74f85a9f5139ca90f7176 P 90b24e1f8e3541c9bab51cda61c92a29 [term 1 FOLLOWER]: Refusing update from remote peer 9718d1359a804f58bca10d4ce1be4d62: Log matching property violated. Preceding OpId in replica: term: 1 index: 3. Preceding OpId from leader: term: 1 index: 4. (index mismatch)
I20260630 12:16:50.112517 21143 consensus_queue.cc:1048] T 741bfe2ea7c74f85a9f5139ca90f7176 P 9718d1359a804f58bca10d4ce1be4d62 [LEADER]: Connected to new peer: Peer: permanent_uuid: "12f02fdffe7044d28cab7a7d8afbbf16" member_type: VOTER last_known_addr { host: "127.17.98.196" port: 39199 } attrs { promote: false }, Status: LMP_MISMATCH, Last received: 0.0, Next index: 4, Last known committed idx: 3, Time since last communication: 0.000s
I20260630 12:16:50.113134 21253 consensus_queue.cc:1048] T 741bfe2ea7c74f85a9f5139ca90f7176 P 9718d1359a804f58bca10d4ce1be4d62 [LEADER]: Connected to new peer: Peer: permanent_uuid: "90b24e1f8e3541c9bab51cda61c92a29" member_type: VOTER last_known_addr { host: "127.17.98.194" port: 35885 }, Status: LMP_MISMATCH, Last received: 0.0, Next index: 4, Last known committed idx: 3, Time since last communication: 0.000s
I20260630 12:16:50.118844 21235 raft_consensus.cc:2955] T 741bfe2ea7c74f85a9f5139ca90f7176 P 9718d1359a804f58bca10d4ce1be4d62 [term 1 LEADER]: Committing config change with OpId 1.4: config changed from index 3 to 4, VOTER 6477e7d4ba424f3785c9259b2527115a (127.17.98.193) evicted. New config: { opid_index: 4 OBSOLETE_local: false peers { permanent_uuid: "90b24e1f8e3541c9bab51cda61c92a29" member_type: VOTER last_known_addr { host: "127.17.98.194" port: 35885 } } peers { permanent_uuid: "9718d1359a804f58bca10d4ce1be4d62" member_type: VOTER last_known_addr { host: "127.17.98.195" port: 35767 } } peers { permanent_uuid: "12f02fdffe7044d28cab7a7d8afbbf16" member_type: VOTER last_known_addr { host: "127.17.98.196" port: 39199 } attrs { promote: false } } }
I20260630 12:16:50.120330 21071 raft_consensus.cc:2955] T 741bfe2ea7c74f85a9f5139ca90f7176 P 12f02fdffe7044d28cab7a7d8afbbf16 [term 1 FOLLOWER]: Committing config change with OpId 1.4: config changed from index 3 to 4, VOTER 6477e7d4ba424f3785c9259b2527115a (127.17.98.193) evicted. New config: { opid_index: 4 OBSOLETE_local: false peers { permanent_uuid: "90b24e1f8e3541c9bab51cda61c92a29" member_type: VOTER last_known_addr { host: "127.17.98.194" port: 35885 } } peers { permanent_uuid: "9718d1359a804f58bca10d4ce1be4d62" member_type: VOTER last_known_addr { host: "127.17.98.195" port: 35767 } } peers { permanent_uuid: "12f02fdffe7044d28cab7a7d8afbbf16" member_type: VOTER last_known_addr { host: "127.17.98.196" port: 39199 } attrs { promote: false } } }
I20260630 12:16:50.126236 20844 raft_consensus.cc:2955] T 741bfe2ea7c74f85a9f5139ca90f7176 P 90b24e1f8e3541c9bab51cda61c92a29 [term 1 FOLLOWER]: Committing config change with OpId 1.4: config changed from index 3 to 4, VOTER 6477e7d4ba424f3785c9259b2527115a (127.17.98.193) evicted. New config: { opid_index: 4 OBSOLETE_local: false peers { permanent_uuid: "90b24e1f8e3541c9bab51cda61c92a29" member_type: VOTER last_known_addr { host: "127.17.98.194" port: 35885 } } peers { permanent_uuid: "9718d1359a804f58bca10d4ce1be4d62" member_type: VOTER last_known_addr { host: "127.17.98.195" port: 35767 } } peers { permanent_uuid: "12f02fdffe7044d28cab7a7d8afbbf16" member_type: VOTER last_known_addr { host: "127.17.98.196" port: 39199 } attrs { promote: false } } }
I20260630 12:16:50.127172 20652 catalog_manager.cc:5210] ChangeConfig:REMOVE_PEER RPC for tablet 741bfe2ea7c74f85a9f5139ca90f7176 with cas_config_opid_index 3: ChangeConfig:REMOVE_PEER succeeded (attempt 1)
I20260630 12:16:50.133634 20663 catalog_manager.cc:5697] T 741bfe2ea7c74f85a9f5139ca90f7176 P 12f02fdffe7044d28cab7a7d8afbbf16 reported cstate change: config changed from index 3 to 4, VOTER 6477e7d4ba424f3785c9259b2527115a (127.17.98.193) evicted. New cstate: current_term: 1 leader_uuid: "9718d1359a804f58bca10d4ce1be4d62" committed_config { opid_index: 4 OBSOLETE_local: false peers { permanent_uuid: "90b24e1f8e3541c9bab51cda61c92a29" member_type: VOTER last_known_addr { host: "127.17.98.194" port: 35885 } } peers { permanent_uuid: "9718d1359a804f58bca10d4ce1be4d62" member_type: VOTER last_known_addr { host: "127.17.98.195" port: 35767 } } peers { permanent_uuid: "12f02fdffe7044d28cab7a7d8afbbf16" member_type: VOTER last_known_addr { host: "127.17.98.196" port: 39199 } attrs { promote: false } } }
I20260630 12:16:50.141911 21111 raft_consensus.cc:1064] T 253af649b5de4a699573dd84b0082c83 P 6477e7d4ba424f3785c9259b2527115a: attempting to promote NON_VOTER 12f02fdffe7044d28cab7a7d8afbbf16 to VOTER
I20260630 12:16:50.144261 21111 consensus_queue.cc:237] T 253af649b5de4a699573dd84b0082c83 P 6477e7d4ba424f3785c9259b2527115a [LEADER]: Queue going to LEADER mode. State: All replicated index: 0, Majority replicated index: 2, Committed index: 2, Last appended: 1.2, Last appended by leader: 0, Current term: 1, Majority size: 3, State: 0, Mode: LEADER, active raft config: opid_index: 3 OBSOLETE_local: false peers { permanent_uuid: "90b24e1f8e3541c9bab51cda61c92a29" member_type: VOTER last_known_addr { host: "127.17.98.194" port: 35885 } attrs { replace: true } } peers { permanent_uuid: "6477e7d4ba424f3785c9259b2527115a" member_type: VOTER last_known_addr { host: "127.17.98.193" port: 40473 } } peers { permanent_uuid: "9718d1359a804f58bca10d4ce1be4d62" member_type: VOTER last_known_addr { host: "127.17.98.195" port: 35767 } } peers { permanent_uuid: "12f02fdffe7044d28cab7a7d8afbbf16" member_type: VOTER last_known_addr { host: "127.17.98.196" port: 39199 } attrs { promote: false } }
I20260630 12:16:50.146447 20755 tablet_service.cc:1558] Processing DeleteTablet for tablet 741bfe2ea7c74f85a9f5139ca90f7176 with delete_type TABLET_DATA_TOMBSTONED (TS 6477e7d4ba424f3785c9259b2527115a not found in new config with opid_index 4) from {username='slave'} at 127.0.0.1:51128
I20260630 12:16:50.148355 21254 tablet_replica.cc:333] T 741bfe2ea7c74f85a9f5139ca90f7176 P 6477e7d4ba424f3785c9259b2527115a: stopping tablet replica
I20260630 12:16:50.149374 21254 raft_consensus.cc:2243] T 741bfe2ea7c74f85a9f5139ca90f7176 P 6477e7d4ba424f3785c9259b2527115a [term 1 FOLLOWER]: Raft consensus shutting down.
I20260630 12:16:50.150137 21254 raft_consensus.cc:2272] T 741bfe2ea7c74f85a9f5139ca90f7176 P 6477e7d4ba424f3785c9259b2527115a [term 1 FOLLOWER]: Raft consensus is shut down!
I20260630 12:16:50.154439 21254 ts_tablet_manager.cc:1916] T 741bfe2ea7c74f85a9f5139ca90f7176 P 6477e7d4ba424f3785c9259b2527115a: Deleting tablet data with delete state TABLET_DATA_TOMBSTONED
I20260630 12:16:50.159531 21071 raft_consensus.cc:1275] T 253af649b5de4a699573dd84b0082c83 P 12f02fdffe7044d28cab7a7d8afbbf16 [term 1 LEARNER]: Refusing update from remote peer 6477e7d4ba424f3785c9259b2527115a: Log matching property violated. Preceding OpId in replica: term: 1 index: 2. Preceding OpId from leader: term: 1 index: 3. (index mismatch)
I20260630 12:16:50.159901 20916 raft_consensus.cc:1275] T 253af649b5de4a699573dd84b0082c83 P 9718d1359a804f58bca10d4ce1be4d62 [term 1 FOLLOWER]: Refusing update from remote peer 6477e7d4ba424f3785c9259b2527115a: Log matching property violated. Preceding OpId in replica: term: 1 index: 2. Preceding OpId from leader: term: 1 index: 3. (index mismatch)
I20260630 12:16:50.160297 20844 raft_consensus.cc:1275] T 253af649b5de4a699573dd84b0082c83 P 90b24e1f8e3541c9bab51cda61c92a29 [term 1 FOLLOWER]: Refusing update from remote peer 6477e7d4ba424f3785c9259b2527115a: Log matching property violated. Preceding OpId in replica: term: 1 index: 2. Preceding OpId from leader: term: 1 index: 3. (index mismatch)
I20260630 12:16:50.161195 21195 consensus_queue.cc:1048] T 253af649b5de4a699573dd84b0082c83 P 6477e7d4ba424f3785c9259b2527115a [LEADER]: Connected to new peer: Peer: permanent_uuid: "12f02fdffe7044d28cab7a7d8afbbf16" member_type: VOTER last_known_addr { host: "127.17.98.196" port: 39199 } attrs { promote: false }, Status: LMP_MISMATCH, Last received: 0.0, Next index: 3, Last known committed idx: 2, Time since last communication: 0.000s
I20260630 12:16:50.162191 21240 consensus_queue.cc:1048] T 253af649b5de4a699573dd84b0082c83 P 6477e7d4ba424f3785c9259b2527115a [LEADER]: Connected to new peer: Peer: permanent_uuid: "9718d1359a804f58bca10d4ce1be4d62" member_type: VOTER last_known_addr { host: "127.17.98.195" port: 35767 }, Status: LMP_MISMATCH, Last received: 0.0, Next index: 3, Last known committed idx: 2, Time since last communication: 0.000s
I20260630 12:16:50.163784 21195 consensus_queue.cc:1048] T 253af649b5de4a699573dd84b0082c83 P 6477e7d4ba424f3785c9259b2527115a [LEADER]: Connected to new peer: Peer: permanent_uuid: "90b24e1f8e3541c9bab51cda61c92a29" member_type: VOTER last_known_addr { host: "127.17.98.194" port: 35885 } attrs { replace: true }, Status: LMP_MISMATCH, Last received: 0.0, Next index: 3, Last known committed idx: 2, Time since last communication: 0.000s
I20260630 12:16:50.172184 21254 ts_tablet_manager.cc:1929] T 741bfe2ea7c74f85a9f5139ca90f7176 P 6477e7d4ba424f3785c9259b2527115a: tablet deleted with delete type TABLET_DATA_TOMBSTONED: last-logged OpId 1.3
I20260630 12:16:50.172770 21254 log.cc:1199] T 741bfe2ea7c74f85a9f5139ca90f7176 P 6477e7d4ba424f3785c9259b2527115a: Deleting WAL directory at /tmp/dist-test-taskbmVtca/test-tmp/auto_rebalancer-test.0.AutoRebalancerTest.RangeAwareRebalancesNewRangeReplicas.1782821726875102-17803-0/minicluster-data/ts-0-root/wals/741bfe2ea7c74f85a9f5139ca90f7176
I20260630 12:16:50.174754 20651 catalog_manager.cc:5028] TS 6477e7d4ba424f3785c9259b2527115a (127.17.98.193:40473): tablet 741bfe2ea7c74f85a9f5139ca90f7176 (table range_aware_rebalance_new_range [id=5f167d65173a4c70b4f8465a9cdcd0aa]) successfully deleted
I20260630 12:16:50.184567 21111 raft_consensus.cc:2955] T 253af649b5de4a699573dd84b0082c83 P 6477e7d4ba424f3785c9259b2527115a [term 1 LEADER]: Committing config change with OpId 1.3: config changed from index 2 to 3, 12f02fdffe7044d28cab7a7d8afbbf16 (127.17.98.196) changed from NON_VOTER to VOTER. New config: { opid_index: 3 OBSOLETE_local: false peers { permanent_uuid: "90b24e1f8e3541c9bab51cda61c92a29" member_type: VOTER last_known_addr { host: "127.17.98.194" port: 35885 } attrs { replace: true } } peers { permanent_uuid: "6477e7d4ba424f3785c9259b2527115a" member_type: VOTER last_known_addr { host: "127.17.98.193" port: 40473 } } peers { permanent_uuid: "9718d1359a804f58bca10d4ce1be4d62" member_type: VOTER last_known_addr { host: "127.17.98.195" port: 35767 } } peers { permanent_uuid: "12f02fdffe7044d28cab7a7d8afbbf16" member_type: VOTER last_known_addr { host: "127.17.98.196" port: 39199 } attrs { promote: false } } }
I20260630 12:16:50.186299 21070 raft_consensus.cc:2955] T 253af649b5de4a699573dd84b0082c83 P 12f02fdffe7044d28cab7a7d8afbbf16 [term 1 FOLLOWER]: Committing config change with OpId 1.3: config changed from index 2 to 3, 12f02fdffe7044d28cab7a7d8afbbf16 (127.17.98.196) changed from NON_VOTER to VOTER. New config: { opid_index: 3 OBSOLETE_local: false peers { permanent_uuid: "90b24e1f8e3541c9bab51cda61c92a29" member_type: VOTER last_known_addr { host: "127.17.98.194" port: 35885 } attrs { replace: true } } peers { permanent_uuid: "6477e7d4ba424f3785c9259b2527115a" member_type: VOTER last_known_addr { host: "127.17.98.193" port: 40473 } } peers { permanent_uuid: "9718d1359a804f58bca10d4ce1be4d62" member_type: VOTER last_known_addr { host: "127.17.98.195" port: 35767 } } peers { permanent_uuid: "12f02fdffe7044d28cab7a7d8afbbf16" member_type: VOTER last_known_addr { host: "127.17.98.196" port: 39199 } attrs { promote: false } } }
I20260630 12:16:50.190590 20916 raft_consensus.cc:2955] T 253af649b5de4a699573dd84b0082c83 P 9718d1359a804f58bca10d4ce1be4d62 [term 1 FOLLOWER]: Committing config change with OpId 1.3: config changed from index 2 to 3, 12f02fdffe7044d28cab7a7d8afbbf16 (127.17.98.196) changed from NON_VOTER to VOTER. New config: { opid_index: 3 OBSOLETE_local: false peers { permanent_uuid: "90b24e1f8e3541c9bab51cda61c92a29" member_type: VOTER last_known_addr { host: "127.17.98.194" port: 35885 } attrs { replace: true } } peers { permanent_uuid: "6477e7d4ba424f3785c9259b2527115a" member_type: VOTER last_known_addr { host: "127.17.98.193" port: 40473 } } peers { permanent_uuid: "9718d1359a804f58bca10d4ce1be4d62" member_type: VOTER last_known_addr { host: "127.17.98.195" port: 35767 } } peers { permanent_uuid: "12f02fdffe7044d28cab7a7d8afbbf16" member_type: VOTER last_known_addr { host: "127.17.98.196" port: 39199 } attrs { promote: false } } }
I20260630 12:16:50.193569 20844 raft_consensus.cc:2955] T 253af649b5de4a699573dd84b0082c83 P 90b24e1f8e3541c9bab51cda61c92a29 [term 1 FOLLOWER]: Committing config change with OpId 1.3: config changed from index 2 to 3, 12f02fdffe7044d28cab7a7d8afbbf16 (127.17.98.196) changed from NON_VOTER to VOTER. New config: { opid_index: 3 OBSOLETE_local: false peers { permanent_uuid: "90b24e1f8e3541c9bab51cda61c92a29" member_type: VOTER last_known_addr { host: "127.17.98.194" port: 35885 } attrs { replace: true } } peers { permanent_uuid: "6477e7d4ba424f3785c9259b2527115a" member_type: VOTER last_known_addr { host: "127.17.98.193" port: 40473 } } peers { permanent_uuid: "9718d1359a804f58bca10d4ce1be4d62" member_type: VOTER last_known_addr { host: "127.17.98.195" port: 35767 } } peers { permanent_uuid: "12f02fdffe7044d28cab7a7d8afbbf16" member_type: VOTER last_known_addr { host: "127.17.98.196" port: 39199 } attrs { promote: false } } }
I20260630 12:16:50.196605 20663 catalog_manager.cc:5697] T 253af649b5de4a699573dd84b0082c83 P 6477e7d4ba424f3785c9259b2527115a reported cstate change: config changed from index 2 to 3, 12f02fdffe7044d28cab7a7d8afbbf16 (127.17.98.196) changed from NON_VOTER to VOTER. New cstate: current_term: 1 leader_uuid: "6477e7d4ba424f3785c9259b2527115a" committed_config { opid_index: 3 OBSOLETE_local: false peers { permanent_uuid: "90b24e1f8e3541c9bab51cda61c92a29" member_type: VOTER last_known_addr { host: "127.17.98.194" port: 35885 } attrs { replace: true } health_report { overall_health: HEALTHY } } peers { permanent_uuid: "6477e7d4ba424f3785c9259b2527115a" member_type: VOTER last_known_addr { host: "127.17.98.193" port: 40473 } health_report { overall_health: HEALTHY } } peers { permanent_uuid: "9718d1359a804f58bca10d4ce1be4d62" member_type: VOTER last_known_addr { host: "127.17.98.195" port: 35767 } health_report { overall_health: HEALTHY } } peers { permanent_uuid: "12f02fdffe7044d28cab7a7d8afbbf16" member_type: VOTER last_known_addr { host: "127.17.98.196" port: 39199 } attrs { promote: false } health_report { overall_health: HEALTHY } } }
I20260630 12:16:50.210824 20768 consensus_queue.cc:237] T 253af649b5de4a699573dd84b0082c83 P 6477e7d4ba424f3785c9259b2527115a [LEADER]: Queue going to LEADER mode. State: All replicated index: 0, Majority replicated index: 3, Committed index: 3, Last appended: 1.3, Last appended by leader: 0, Current term: 1, Majority size: 2, State: 0, Mode: LEADER, active raft config: opid_index: 4 OBSOLETE_local: false peers { permanent_uuid: "6477e7d4ba424f3785c9259b2527115a" member_type: VOTER last_known_addr { host: "127.17.98.193" port: 40473 } } peers { permanent_uuid: "9718d1359a804f58bca10d4ce1be4d62" member_type: VOTER last_known_addr { host: "127.17.98.195" port: 35767 } } peers { permanent_uuid: "12f02fdffe7044d28cab7a7d8afbbf16" member_type: VOTER last_known_addr { host: "127.17.98.196" port: 39199 } attrs { promote: false } }
I20260630 12:16:50.216095 21070 raft_consensus.cc:1275] T 253af649b5de4a699573dd84b0082c83 P 12f02fdffe7044d28cab7a7d8afbbf16 [term 1 FOLLOWER]: Refusing update from remote peer 6477e7d4ba424f3785c9259b2527115a: Log matching property violated. Preceding OpId in replica: term: 1 index: 3. Preceding OpId from leader: term: 1 index: 4. (index mismatch)
I20260630 12:16:50.216418 20916 raft_consensus.cc:1275] T 253af649b5de4a699573dd84b0082c83 P 9718d1359a804f58bca10d4ce1be4d62 [term 1 FOLLOWER]: Refusing update from remote peer 6477e7d4ba424f3785c9259b2527115a: Log matching property violated. Preceding OpId in replica: term: 1 index: 3. Preceding OpId from leader: term: 1 index: 4. (index mismatch)
I20260630 12:16:50.217279 21111 consensus_queue.cc:1048] T 253af649b5de4a699573dd84b0082c83 P 6477e7d4ba424f3785c9259b2527115a [LEADER]: Connected to new peer: Peer: permanent_uuid: "12f02fdffe7044d28cab7a7d8afbbf16" member_type: VOTER last_known_addr { host: "127.17.98.196" port: 39199 } attrs { promote: false }, Status: LMP_MISMATCH, Last received: 0.0, Next index: 4, Last known committed idx: 3, Time since last communication: 0.000s
I20260630 12:16:50.218103 21240 consensus_queue.cc:1048] T 253af649b5de4a699573dd84b0082c83 P 6477e7d4ba424f3785c9259b2527115a [LEADER]: Connected to new peer: Peer: permanent_uuid: "9718d1359a804f58bca10d4ce1be4d62" member_type: VOTER last_known_addr { host: "127.17.98.195" port: 35767 }, Status: LMP_MISMATCH, Last received: 0.0, Next index: 4, Last known committed idx: 3, Time since last communication: 0.000s
I20260630 12:16:50.223951 21118 raft_consensus.cc:2955] T 253af649b5de4a699573dd84b0082c83 P 6477e7d4ba424f3785c9259b2527115a [term 1 LEADER]: Committing config change with OpId 1.4: config changed from index 3 to 4, VOTER 90b24e1f8e3541c9bab51cda61c92a29 (127.17.98.194) evicted. New config: { opid_index: 4 OBSOLETE_local: false peers { permanent_uuid: "6477e7d4ba424f3785c9259b2527115a" member_type: VOTER last_known_addr { host: "127.17.98.193" port: 40473 } } peers { permanent_uuid: "9718d1359a804f58bca10d4ce1be4d62" member_type: VOTER last_known_addr { host: "127.17.98.195" port: 35767 } } peers { permanent_uuid: "12f02fdffe7044d28cab7a7d8afbbf16" member_type: VOTER last_known_addr { host: "127.17.98.196" port: 39199 } attrs { promote: false } } }
I20260630 12:16:50.225489 21071 raft_consensus.cc:2955] T 253af649b5de4a699573dd84b0082c83 P 12f02fdffe7044d28cab7a7d8afbbf16 [term 1 FOLLOWER]: Committing config change with OpId 1.4: config changed from index 3 to 4, VOTER 90b24e1f8e3541c9bab51cda61c92a29 (127.17.98.194) evicted. New config: { opid_index: 4 OBSOLETE_local: false peers { permanent_uuid: "6477e7d4ba424f3785c9259b2527115a" member_type: VOTER last_known_addr { host: "127.17.98.193" port: 40473 } } peers { permanent_uuid: "9718d1359a804f58bca10d4ce1be4d62" member_type: VOTER last_known_addr { host: "127.17.98.195" port: 35767 } } peers { permanent_uuid: "12f02fdffe7044d28cab7a7d8afbbf16" member_type: VOTER last_known_addr { host: "127.17.98.196" port: 39199 } attrs { promote: false } } }
I20260630 12:16:50.233603 20651 catalog_manager.cc:5210] ChangeConfig:REMOVE_PEER RPC for tablet 253af649b5de4a699573dd84b0082c83 with cas_config_opid_index 3: ChangeConfig:REMOVE_PEER succeeded (attempt 1)
I20260630 12:16:50.231537 20916 raft_consensus.cc:2955] T 253af649b5de4a699573dd84b0082c83 P 9718d1359a804f58bca10d4ce1be4d62 [term 1 FOLLOWER]: Committing config change with OpId 1.4: config changed from index 3 to 4, VOTER 90b24e1f8e3541c9bab51cda61c92a29 (127.17.98.194) evicted. New config: { opid_index: 4 OBSOLETE_local: false peers { permanent_uuid: "6477e7d4ba424f3785c9259b2527115a" member_type: VOTER last_known_addr { host: "127.17.98.193" port: 40473 } } peers { permanent_uuid: "9718d1359a804f58bca10d4ce1be4d62" member_type: VOTER last_known_addr { host: "127.17.98.195" port: 35767 } } peers { permanent_uuid: "12f02fdffe7044d28cab7a7d8afbbf16" member_type: VOTER last_known_addr { host: "127.17.98.196" port: 39199 } attrs { promote: false } } }
I20260630 12:16:50.237684 20665 catalog_manager.cc:5697] T 253af649b5de4a699573dd84b0082c83 P 6477e7d4ba424f3785c9259b2527115a reported cstate change: config changed from index 3 to 4, VOTER 90b24e1f8e3541c9bab51cda61c92a29 (127.17.98.194) evicted. New cstate: current_term: 1 leader_uuid: "6477e7d4ba424f3785c9259b2527115a" committed_config { opid_index: 4 OBSOLETE_local: false peers { permanent_uuid: "6477e7d4ba424f3785c9259b2527115a" member_type: VOTER last_known_addr { host: "127.17.98.193" port: 40473 } health_report { overall_health: HEALTHY } } peers { permanent_uuid: "9718d1359a804f58bca10d4ce1be4d62" member_type: VOTER last_known_addr { host: "127.17.98.195" port: 35767 } health_report { overall_health: HEALTHY } } peers { permanent_uuid: "12f02fdffe7044d28cab7a7d8afbbf16" member_type: VOTER last_known_addr { host: "127.17.98.196" port: 39199 } attrs { promote: false } health_report { overall_health: HEALTHY } } }
I20260630 12:16:50.240563 21259 raft_consensus.cc:1064] T f04c811657244d0db9c6e317e4205425 P 90b24e1f8e3541c9bab51cda61c92a29: attempting to promote NON_VOTER 12f02fdffe7044d28cab7a7d8afbbf16 to VOTER
I20260630 12:16:50.242931 21259 consensus_queue.cc:237] T f04c811657244d0db9c6e317e4205425 P 90b24e1f8e3541c9bab51cda61c92a29 [LEADER]: Queue going to LEADER mode. State: All replicated index: 0, Majority replicated index: 2, Committed index: 2, Last appended: 1.2, Last appended by leader: 0, Current term: 1, Majority size: 3, State: 0, Mode: LEADER, active raft config: opid_index: 3 OBSOLETE_local: false peers { permanent_uuid: "90b24e1f8e3541c9bab51cda61c92a29" member_type: VOTER last_known_addr { host: "127.17.98.194" port: 35885 } } peers { permanent_uuid: "6477e7d4ba424f3785c9259b2527115a" member_type: VOTER last_known_addr { host: "127.17.98.193" port: 40473 } attrs { replace: true } } peers { permanent_uuid: "9718d1359a804f58bca10d4ce1be4d62" member_type: VOTER last_known_addr { host: "127.17.98.195" port: 35767 } } peers { permanent_uuid: "12f02fdffe7044d28cab7a7d8afbbf16" member_type: VOTER last_known_addr { host: "127.17.98.196" port: 39199 } attrs { promote: false } }
I20260630 12:16:50.252092 21071 raft_consensus.cc:1275] T f04c811657244d0db9c6e317e4205425 P 12f02fdffe7044d28cab7a7d8afbbf16 [term 1 LEARNER]: Refusing update from remote peer 90b24e1f8e3541c9bab51cda61c92a29: Log matching property violated. Preceding OpId in replica: term: 1 index: 2. Preceding OpId from leader: term: 1 index: 3. (index mismatch)
I20260630 12:16:50.253217 20768 raft_consensus.cc:1275] T f04c811657244d0db9c6e317e4205425 P 6477e7d4ba424f3785c9259b2527115a [term 1 FOLLOWER]: Refusing update from remote peer 90b24e1f8e3541c9bab51cda61c92a29: Log matching property violated. Preceding OpId in replica: term: 1 index: 2. Preceding OpId from leader: term: 1 index: 3. (index mismatch)
I20260630 12:16:50.254383 20916 raft_consensus.cc:1275] T f04c811657244d0db9c6e317e4205425 P 9718d1359a804f58bca10d4ce1be4d62 [term 1 FOLLOWER]: Refusing update from remote peer 90b24e1f8e3541c9bab51cda61c92a29: Log matching property violated. Preceding OpId in replica: term: 1 index: 2. Preceding OpId from leader: term: 1 index: 3. (index mismatch)
I20260630 12:16:50.256042 21122 consensus_queue.cc:1048] T f04c811657244d0db9c6e317e4205425 P 90b24e1f8e3541c9bab51cda61c92a29 [LEADER]: Connected to new peer: Peer: permanent_uuid: "6477e7d4ba424f3785c9259b2527115a" member_type: VOTER last_known_addr { host: "127.17.98.193" port: 40473 } attrs { replace: true }, Status: LMP_MISMATCH, Last received: 0.0, Next index: 3, Last known committed idx: 2, Time since last communication: 0.000s
I20260630 12:16:50.260389 21261 consensus_queue.cc:1048] T f04c811657244d0db9c6e317e4205425 P 90b24e1f8e3541c9bab51cda61c92a29 [LEADER]: Connected to new peer: Peer: permanent_uuid: "9718d1359a804f58bca10d4ce1be4d62" member_type: VOTER last_known_addr { host: "127.17.98.195" port: 35767 }, Status: LMP_MISMATCH, Last received: 0.0, Next index: 3, Last known committed idx: 2, Time since last communication: 0.001s
I20260630 12:16:50.269342 21262 consensus_queue.cc:1048] T f04c811657244d0db9c6e317e4205425 P 90b24e1f8e3541c9bab51cda61c92a29 [LEADER]: Connected to new peer: Peer: permanent_uuid: "12f02fdffe7044d28cab7a7d8afbbf16" member_type: VOTER last_known_addr { host: "127.17.98.196" port: 39199 } attrs { promote: false }, Status: LMP_MISMATCH, Last received: 0.0, Next index: 3, Last known committed idx: 2, Time since last communication: 0.001s
I20260630 12:16:50.269819 20830 tablet_service.cc:1558] Processing DeleteTablet for tablet 253af649b5de4a699573dd84b0082c83 with delete_type TABLET_DATA_TOMBSTONED (TS 90b24e1f8e3541c9bab51cda61c92a29 not found in new config with opid_index 4) from {username='slave'} at 127.0.0.1:51360
I20260630 12:16:50.273456 21265 tablet_replica.cc:333] T 253af649b5de4a699573dd84b0082c83 P 90b24e1f8e3541c9bab51cda61c92a29: stopping tablet replica
I20260630 12:16:50.274190 21265 raft_consensus.cc:2243] T 253af649b5de4a699573dd84b0082c83 P 90b24e1f8e3541c9bab51cda61c92a29 [term 1 FOLLOWER]: Raft consensus shutting down.
I20260630 12:16:50.274719 21265 raft_consensus.cc:2272] T 253af649b5de4a699573dd84b0082c83 P 90b24e1f8e3541c9bab51cda61c92a29 [term 1 FOLLOWER]: Raft consensus is shut down!
I20260630 12:16:50.277925 21265 ts_tablet_manager.cc:1916] T 253af649b5de4a699573dd84b0082c83 P 90b24e1f8e3541c9bab51cda61c92a29: Deleting tablet data with delete state TABLET_DATA_TOMBSTONED
I20260630 12:16:50.287453 21259 raft_consensus.cc:2955] T f04c811657244d0db9c6e317e4205425 P 90b24e1f8e3541c9bab51cda61c92a29 [term 1 LEADER]: Committing config change with OpId 1.3: config changed from index 2 to 3, 12f02fdffe7044d28cab7a7d8afbbf16 (127.17.98.196) changed from NON_VOTER to VOTER. New config: { opid_index: 3 OBSOLETE_local: false peers { permanent_uuid: "90b24e1f8e3541c9bab51cda61c92a29" member_type: VOTER last_known_addr { host: "127.17.98.194" port: 35885 } } peers { permanent_uuid: "6477e7d4ba424f3785c9259b2527115a" member_type: VOTER last_known_addr { host: "127.17.98.193" port: 40473 } attrs { replace: true } } peers { permanent_uuid: "9718d1359a804f58bca10d4ce1be4d62" member_type: VOTER last_known_addr { host: "127.17.98.195" port: 35767 } } peers { permanent_uuid: "12f02fdffe7044d28cab7a7d8afbbf16" member_type: VOTER last_known_addr { host: "127.17.98.196" port: 39199 } attrs { promote: false } } }
I20260630 12:16:50.289475 21071 raft_consensus.cc:2955] T f04c811657244d0db9c6e317e4205425 P 12f02fdffe7044d28cab7a7d8afbbf16 [term 1 FOLLOWER]: Committing config change with OpId 1.3: config changed from index 2 to 3, 12f02fdffe7044d28cab7a7d8afbbf16 (127.17.98.196) changed from NON_VOTER to VOTER. New config: { opid_index: 3 OBSOLETE_local: false peers { permanent_uuid: "90b24e1f8e3541c9bab51cda61c92a29" member_type: VOTER last_known_addr { host: "127.17.98.194" port: 35885 } } peers { permanent_uuid: "6477e7d4ba424f3785c9259b2527115a" member_type: VOTER last_known_addr { host: "127.17.98.193" port: 40473 } attrs { replace: true } } peers { permanent_uuid: "9718d1359a804f58bca10d4ce1be4d62" member_type: VOTER last_known_addr { host: "127.17.98.195" port: 35767 } } peers { permanent_uuid: "12f02fdffe7044d28cab7a7d8afbbf16" member_type: VOTER last_known_addr { host: "127.17.98.196" port: 39199 } attrs { promote: false } } }
I20260630 12:16:50.294199 21265 ts_tablet_manager.cc:1929] T 253af649b5de4a699573dd84b0082c83 P 90b24e1f8e3541c9bab51cda61c92a29: tablet deleted with delete type TABLET_DATA_TOMBSTONED: last-logged OpId 1.3
I20260630 12:16:50.294673 21265 log.cc:1199] T 253af649b5de4a699573dd84b0082c83 P 90b24e1f8e3541c9bab51cda61c92a29: Deleting WAL directory at /tmp/dist-test-taskbmVtca/test-tmp/auto_rebalancer-test.0.AutoRebalancerTest.RangeAwareRebalancesNewRangeReplicas.1782821726875102-17803-0/minicluster-data/ts-1-root/wals/253af649b5de4a699573dd84b0082c83
I20260630 12:16:50.296373 20652 catalog_manager.cc:5028] TS 90b24e1f8e3541c9bab51cda61c92a29 (127.17.98.194:35885): tablet 253af649b5de4a699573dd84b0082c83 (table range_aware_rebalance_new_range [id=5f167d65173a4c70b4f8465a9cdcd0aa]) successfully deleted
I20260630 12:16:50.299122 20768 raft_consensus.cc:2955] T f04c811657244d0db9c6e317e4205425 P 6477e7d4ba424f3785c9259b2527115a [term 1 FOLLOWER]: Committing config change with OpId 1.3: config changed from index 2 to 3, 12f02fdffe7044d28cab7a7d8afbbf16 (127.17.98.196) changed from NON_VOTER to VOTER. New config: { opid_index: 3 OBSOLETE_local: false peers { permanent_uuid: "90b24e1f8e3541c9bab51cda61c92a29" member_type: VOTER last_known_addr { host: "127.17.98.194" port: 35885 } } peers { permanent_uuid: "6477e7d4ba424f3785c9259b2527115a" member_type: VOTER last_known_addr { host: "127.17.98.193" port: 40473 } attrs { replace: true } } peers { permanent_uuid: "9718d1359a804f58bca10d4ce1be4d62" member_type: VOTER last_known_addr { host: "127.17.98.195" port: 35767 } } peers { permanent_uuid: "12f02fdffe7044d28cab7a7d8afbbf16" member_type: VOTER last_known_addr { host: "127.17.98.196" port: 39199 } attrs { promote: false } } }
I20260630 12:16:50.303066 20918 raft_consensus.cc:2955] T f04c811657244d0db9c6e317e4205425 P 9718d1359a804f58bca10d4ce1be4d62 [term 1 FOLLOWER]: Committing config change with OpId 1.3: config changed from index 2 to 3, 12f02fdffe7044d28cab7a7d8afbbf16 (127.17.98.196) changed from NON_VOTER to VOTER. New config: { opid_index: 3 OBSOLETE_local: false peers { permanent_uuid: "90b24e1f8e3541c9bab51cda61c92a29" member_type: VOTER last_known_addr { host: "127.17.98.194" port: 35885 } } peers { permanent_uuid: "6477e7d4ba424f3785c9259b2527115a" member_type: VOTER last_known_addr { host: "127.17.98.193" port: 40473 } attrs { replace: true } } peers { permanent_uuid: "9718d1359a804f58bca10d4ce1be4d62" member_type: VOTER last_known_addr { host: "127.17.98.195" port: 35767 } } peers { permanent_uuid: "12f02fdffe7044d28cab7a7d8afbbf16" member_type: VOTER last_known_addr { host: "127.17.98.196" port: 39199 } attrs { promote: false } } }
I20260630 12:16:50.304657 20665 catalog_manager.cc:5697] T f04c811657244d0db9c6e317e4205425 P 12f02fdffe7044d28cab7a7d8afbbf16 reported cstate change: config changed from index 2 to 3, 12f02fdffe7044d28cab7a7d8afbbf16 (127.17.98.196) changed from NON_VOTER to VOTER. New cstate: current_term: 1 leader_uuid: "90b24e1f8e3541c9bab51cda61c92a29" committed_config { opid_index: 3 OBSOLETE_local: false peers { permanent_uuid: "90b24e1f8e3541c9bab51cda61c92a29" member_type: VOTER last_known_addr { host: "127.17.98.194" port: 35885 } } peers { permanent_uuid: "6477e7d4ba424f3785c9259b2527115a" member_type: VOTER last_known_addr { host: "127.17.98.193" port: 40473 } attrs { replace: true } } peers { permanent_uuid: "9718d1359a804f58bca10d4ce1be4d62" member_type: VOTER last_known_addr { host: "127.17.98.195" port: 35767 } } peers { permanent_uuid: "12f02fdffe7044d28cab7a7d8afbbf16" member_type: VOTER last_known_addr { host: "127.17.98.196" port: 39199 } attrs { promote: false } } }
I20260630 12:16:50.319811 20844 consensus_queue.cc:237] T f04c811657244d0db9c6e317e4205425 P 90b24e1f8e3541c9bab51cda61c92a29 [LEADER]: Queue going to LEADER mode. State: All replicated index: 0, Majority replicated index: 3, Committed index: 3, Last appended: 1.3, Last appended by leader: 0, Current term: 1, Majority size: 2, State: 0, Mode: LEADER, active raft config: opid_index: 4 OBSOLETE_local: false peers { permanent_uuid: "90b24e1f8e3541c9bab51cda61c92a29" member_type: VOTER last_known_addr { host: "127.17.98.194" port: 35885 } } peers { permanent_uuid: "9718d1359a804f58bca10d4ce1be4d62" member_type: VOTER last_known_addr { host: "127.17.98.195" port: 35767 } } peers { permanent_uuid: "12f02fdffe7044d28cab7a7d8afbbf16" member_type: VOTER last_known_addr { host: "127.17.98.196" port: 39199 } attrs { promote: false } }
I20260630 12:16:50.325436 21071 raft_consensus.cc:1275] T f04c811657244d0db9c6e317e4205425 P 12f02fdffe7044d28cab7a7d8afbbf16 [term 1 FOLLOWER]: Refusing update from remote peer 90b24e1f8e3541c9bab51cda61c92a29: Log matching property violated. Preceding OpId in replica: term: 1 index: 3. Preceding OpId from leader: term: 1 index: 4. (index mismatch)
I20260630 12:16:50.325511 20918 raft_consensus.cc:1275] T f04c811657244d0db9c6e317e4205425 P 9718d1359a804f58bca10d4ce1be4d62 [term 1 FOLLOWER]: Refusing update from remote peer 90b24e1f8e3541c9bab51cda61c92a29: Log matching property violated. Preceding OpId in replica: term: 1 index: 3. Preceding OpId from leader: term: 1 index: 4. (index mismatch)
I20260630 12:16:50.326946 21262 consensus_queue.cc:1048] T f04c811657244d0db9c6e317e4205425 P 90b24e1f8e3541c9bab51cda61c92a29 [LEADER]: Connected to new peer: Peer: permanent_uuid: "12f02fdffe7044d28cab7a7d8afbbf16" member_type: VOTER last_known_addr { host: "127.17.98.196" port: 39199 } attrs { promote: false }, Status: LMP_MISMATCH, Last received: 0.0, Next index: 4, Last known committed idx: 3, Time since last communication: 0.000s
I20260630 12:16:50.327646 21259 consensus_queue.cc:1048] T f04c811657244d0db9c6e317e4205425 P 90b24e1f8e3541c9bab51cda61c92a29 [LEADER]: Connected to new peer: Peer: permanent_uuid: "9718d1359a804f58bca10d4ce1be4d62" member_type: VOTER last_known_addr { host: "127.17.98.195" port: 35767 }, Status: LMP_MISMATCH, Last received: 0.0, Next index: 4, Last known committed idx: 3, Time since last communication: 0.000s
I20260630 12:16:50.334048 21264 raft_consensus.cc:2955] T f04c811657244d0db9c6e317e4205425 P 90b24e1f8e3541c9bab51cda61c92a29 [term 1 LEADER]: Committing config change with OpId 1.4: config changed from index 3 to 4, VOTER 6477e7d4ba424f3785c9259b2527115a (127.17.98.193) evicted. New config: { opid_index: 4 OBSOLETE_local: false peers { permanent_uuid: "90b24e1f8e3541c9bab51cda61c92a29" member_type: VOTER last_known_addr { host: "127.17.98.194" port: 35885 } } peers { permanent_uuid: "9718d1359a804f58bca10d4ce1be4d62" member_type: VOTER last_known_addr { host: "127.17.98.195" port: 35767 } } peers { permanent_uuid: "12f02fdffe7044d28cab7a7d8afbbf16" member_type: VOTER last_known_addr { host: "127.17.98.196" port: 39199 } attrs { promote: false } } }
I20260630 12:16:50.335490 21071 raft_consensus.cc:2955] T f04c811657244d0db9c6e317e4205425 P 12f02fdffe7044d28cab7a7d8afbbf16 [term 1 FOLLOWER]: Committing config change with OpId 1.4: config changed from index 3 to 4, VOTER 6477e7d4ba424f3785c9259b2527115a (127.17.98.193) evicted. New config: { opid_index: 4 OBSOLETE_local: false peers { permanent_uuid: "90b24e1f8e3541c9bab51cda61c92a29" member_type: VOTER last_known_addr { host: "127.17.98.194" port: 35885 } } peers { permanent_uuid: "9718d1359a804f58bca10d4ce1be4d62" member_type: VOTER last_known_addr { host: "127.17.98.195" port: 35767 } } peers { permanent_uuid: "12f02fdffe7044d28cab7a7d8afbbf16" member_type: VOTER last_known_addr { host: "127.17.98.196" port: 39199 } attrs { promote: false } } }
I20260630 12:16:50.344285 20652 catalog_manager.cc:5210] ChangeConfig:REMOVE_PEER RPC for tablet f04c811657244d0db9c6e317e4205425 with cas_config_opid_index 3: ChangeConfig:REMOVE_PEER succeeded (attempt 1)
I20260630 12:16:50.342012 20918 raft_consensus.cc:2955] T f04c811657244d0db9c6e317e4205425 P 9718d1359a804f58bca10d4ce1be4d62 [term 1 FOLLOWER]: Committing config change with OpId 1.4: config changed from index 3 to 4, VOTER 6477e7d4ba424f3785c9259b2527115a (127.17.98.193) evicted. New config: { opid_index: 4 OBSOLETE_local: false peers { permanent_uuid: "90b24e1f8e3541c9bab51cda61c92a29" member_type: VOTER last_known_addr { host: "127.17.98.194" port: 35885 } } peers { permanent_uuid: "9718d1359a804f58bca10d4ce1be4d62" member_type: VOTER last_known_addr { host: "127.17.98.195" port: 35767 } } peers { permanent_uuid: "12f02fdffe7044d28cab7a7d8afbbf16" member_type: VOTER last_known_addr { host: "127.17.98.196" port: 39199 } attrs { promote: false } } }
I20260630 12:16:50.346813 20665 catalog_manager.cc:5697] T f04c811657244d0db9c6e317e4205425 P 12f02fdffe7044d28cab7a7d8afbbf16 reported cstate change: config changed from index 3 to 4, VOTER 6477e7d4ba424f3785c9259b2527115a (127.17.98.193) evicted. New cstate: current_term: 1 leader_uuid: "90b24e1f8e3541c9bab51cda61c92a29" committed_config { opid_index: 4 OBSOLETE_local: false peers { permanent_uuid: "90b24e1f8e3541c9bab51cda61c92a29" member_type: VOTER last_known_addr { host: "127.17.98.194" port: 35885 } } peers { permanent_uuid: "9718d1359a804f58bca10d4ce1be4d62" member_type: VOTER last_known_addr { host: "127.17.98.195" port: 35767 } } peers { permanent_uuid: "12f02fdffe7044d28cab7a7d8afbbf16" member_type: VOTER last_known_addr { host: "127.17.98.196" port: 39199 } attrs { promote: false } } }
I20260630 12:16:50.357506 20755 tablet_service.cc:1558] Processing DeleteTablet for tablet f04c811657244d0db9c6e317e4205425 with delete_type TABLET_DATA_TOMBSTONED (TS 6477e7d4ba424f3785c9259b2527115a not found in new config with opid_index 4) from {username='slave'} at 127.0.0.1:51128
I20260630 12:16:50.358379 21254 tablet_replica.cc:333] T f04c811657244d0db9c6e317e4205425 P 6477e7d4ba424f3785c9259b2527115a: stopping tablet replica
I20260630 12:16:50.359083 21254 raft_consensus.cc:2243] T f04c811657244d0db9c6e317e4205425 P 6477e7d4ba424f3785c9259b2527115a [term 1 FOLLOWER]: Raft consensus shutting down.
I20260630 12:16:50.359699 21254 raft_consensus.cc:2272] T f04c811657244d0db9c6e317e4205425 P 6477e7d4ba424f3785c9259b2527115a [term 1 FOLLOWER]: Raft consensus is shut down!
I20260630 12:16:50.362473 21254 ts_tablet_manager.cc:1916] T f04c811657244d0db9c6e317e4205425 P 6477e7d4ba424f3785c9259b2527115a: Deleting tablet data with delete state TABLET_DATA_TOMBSTONED
I20260630 12:16:50.364413 20720 auto_leader_rebalancer.cc:141] leader rebalance for table range_aware_rebalance_new_range
I20260630 12:16:50.376063 21254 ts_tablet_manager.cc:1929] T f04c811657244d0db9c6e317e4205425 P 6477e7d4ba424f3785c9259b2527115a: tablet deleted with delete type TABLET_DATA_TOMBSTONED: last-logged OpId 1.3
I20260630 12:16:50.376499 21254 log.cc:1199] T f04c811657244d0db9c6e317e4205425 P 6477e7d4ba424f3785c9259b2527115a: Deleting WAL directory at /tmp/dist-test-taskbmVtca/test-tmp/auto_rebalancer-test.0.AutoRebalancerTest.RangeAwareRebalancesNewRangeReplicas.1782821726875102-17803-0/minicluster-data/ts-0-root/wals/f04c811657244d0db9c6e317e4205425
I20260630 12:16:50.377859 20651 catalog_manager.cc:5028] TS 6477e7d4ba424f3785c9259b2527115a (127.17.98.193:40473): tablet f04c811657244d0db9c6e317e4205425 (table range_aware_rebalance_new_range [id=5f167d65173a4c70b4f8465a9cdcd0aa]) successfully deleted
I20260630 12:16:50.380399 20768 tablet_service.cc:2072] Received LeaderStepDown RPC: tablet_id: "0492bd7c0d074ecd87e92e24a0606c57"
dest_uuid: "6477e7d4ba424f3785c9259b2527115a"
mode: GRACEFUL
new_leader_uuid: "12f02fdffe7044d28cab7a7d8afbbf16"
 from {username='slave'} at 127.0.0.1:51162
I20260630 12:16:50.380918 20768 raft_consensus.cc:606] T 0492bd7c0d074ecd87e92e24a0606c57 P 6477e7d4ba424f3785c9259b2527115a [term 1 LEADER]: Received request to transfer leadership to TS 12f02fdffe7044d28cab7a7d8afbbf16
I20260630 12:16:50.382009 20720 auto_leader_rebalancer.cc:440] table: range_aware_rebalance_new_range, leader rebalance finish, leader transfer count: 1
I20260630 12:16:50.382759 20720 auto_leader_rebalancer.cc:515] All tables' leader rebalancing finished this round
I20260630 12:16:50.444216 21111 raft_consensus.cc:993] T 0492bd7c0d074ecd87e92e24a0606c57 P 6477e7d4ba424f3785c9259b2527115a: : Instructing follower 12f02fdffe7044d28cab7a7d8afbbf16 to start an election
I20260630 12:16:50.444584 21118 raft_consensus.cc:1081] T 0492bd7c0d074ecd87e92e24a0606c57 P 6477e7d4ba424f3785c9259b2527115a [term 1 LEADER]: Signalling peer 12f02fdffe7044d28cab7a7d8afbbf16 to start an election
I20260630 12:16:50.445930 21071 tablet_service.cc:2044] Received Run Leader Election RPC: tablet_id: "0492bd7c0d074ecd87e92e24a0606c57"
dest_uuid: "12f02fdffe7044d28cab7a7d8afbbf16"
 from {username='slave'} at 127.0.0.1:35620
I20260630 12:16:50.446353 21071 raft_consensus.cc:493] T 0492bd7c0d074ecd87e92e24a0606c57 P 12f02fdffe7044d28cab7a7d8afbbf16 [term 1 FOLLOWER]: Starting forced leader election (received explicit request)
I20260630 12:16:50.446642 21071 raft_consensus.cc:3060] T 0492bd7c0d074ecd87e92e24a0606c57 P 12f02fdffe7044d28cab7a7d8afbbf16 [term 1 FOLLOWER]: Advancing to term 2
I20260630 12:16:50.451354 21071 raft_consensus.cc:515] T 0492bd7c0d074ecd87e92e24a0606c57 P 12f02fdffe7044d28cab7a7d8afbbf16 [term 2 FOLLOWER]: Starting forced leader election with config: opid_index: -1 OBSOLETE_local: false peers { permanent_uuid: "6477e7d4ba424f3785c9259b2527115a" member_type: VOTER last_known_addr { host: "127.17.98.193" port: 40473 } } peers { permanent_uuid: "12f02fdffe7044d28cab7a7d8afbbf16" member_type: VOTER last_known_addr { host: "127.17.98.196" port: 39199 } } peers { permanent_uuid: "9718d1359a804f58bca10d4ce1be4d62" member_type: VOTER last_known_addr { host: "127.17.98.195" port: 35767 } }
I20260630 12:16:50.452858 21071 leader_election.cc:290] T 0492bd7c0d074ecd87e92e24a0606c57 P 12f02fdffe7044d28cab7a7d8afbbf16 [CANDIDATE]: Term 2 election: Requested vote from peers 6477e7d4ba424f3785c9259b2527115a (127.17.98.193:40473), 9718d1359a804f58bca10d4ce1be4d62 (127.17.98.195:35767)
I20260630 12:16:50.453496 20766 tablet_service.cc:1917] Received RequestConsensusVote() RPC: tablet_id: "0492bd7c0d074ecd87e92e24a0606c57" candidate_uuid: "12f02fdffe7044d28cab7a7d8afbbf16" candidate_term: 2 candidate_status { last_received { term: 1 index: 1 } } ignore_live_leader: true dest_uuid: "6477e7d4ba424f3785c9259b2527115a"
I20260630 12:16:50.453668 20918 tablet_service.cc:1917] Received RequestConsensusVote() RPC: tablet_id: "0492bd7c0d074ecd87e92e24a0606c57" candidate_uuid: "12f02fdffe7044d28cab7a7d8afbbf16" candidate_term: 2 candidate_status { last_received { term: 1 index: 1 } } ignore_live_leader: true dest_uuid: "9718d1359a804f58bca10d4ce1be4d62"
I20260630 12:16:50.454077 20766 raft_consensus.cc:3055] T 0492bd7c0d074ecd87e92e24a0606c57 P 6477e7d4ba424f3785c9259b2527115a [term 1 LEADER]: Stepping down as leader of term 1
I20260630 12:16:50.454172 20918 raft_consensus.cc:3060] T 0492bd7c0d074ecd87e92e24a0606c57 P 9718d1359a804f58bca10d4ce1be4d62 [term 1 FOLLOWER]: Advancing to term 2
I20260630 12:16:50.454412 20766 raft_consensus.cc:740] T 0492bd7c0d074ecd87e92e24a0606c57 P 6477e7d4ba424f3785c9259b2527115a [term 1 LEADER]: Becoming Follower/Learner. State: Replica: 6477e7d4ba424f3785c9259b2527115a, State: Running, Role: LEADER
I20260630 12:16:50.455108 20766 consensus_queue.cc:260] T 0492bd7c0d074ecd87e92e24a0606c57 P 6477e7d4ba424f3785c9259b2527115a [NON_LEADER]: Queue going to NON_LEADER mode. State: All replicated index: 0, Majority replicated index: 1, Committed index: 1, Last appended: 1.1, Last appended by leader: 1, Current term: 1, Majority size: -1, State: 0, Mode: NON_LEADER, active raft config: opid_index: -1 OBSOLETE_local: false peers { permanent_uuid: "6477e7d4ba424f3785c9259b2527115a" member_type: VOTER last_known_addr { host: "127.17.98.193" port: 40473 } } peers { permanent_uuid: "12f02fdffe7044d28cab7a7d8afbbf16" member_type: VOTER last_known_addr { host: "127.17.98.196" port: 39199 } } peers { permanent_uuid: "9718d1359a804f58bca10d4ce1be4d62" member_type: VOTER last_known_addr { host: "127.17.98.195" port: 35767 } }
I20260630 12:16:50.455937 20766 raft_consensus.cc:3060] T 0492bd7c0d074ecd87e92e24a0606c57 P 6477e7d4ba424f3785c9259b2527115a [term 1 FOLLOWER]: Advancing to term 2
