I20260630 12:16:48.404618 20969 consensus_queue.cc:1048] T 1899f95a9255450a8602bf3cc5494e25 P 90b24e1f8e3541c9bab51cda61c92a29 [LEADER]: Connected to new peer: Peer: permanent_uuid: "12f02fdffe7044d28cab7a7d8afbbf16" member_type: VOTER last_known_addr { host: "127.17.98.196" port: 39199 }, Status: LMP_MISMATCH, Last received: 0.0, Next index: 1, Last known committed idx: 0, Time since last communication: 0.000s
I20260630 12:16:48.410638 20768 raft_consensus.cc:515] T 1899f95a9255450a8602bf3cc5494e25 P 6477e7d4ba424f3785c9259b2527115a [term 2 FOLLOWER]: Starting forced leader election with config: opid_index: -1 OBSOLETE_local: false peers { permanent_uuid: "6477e7d4ba424f3785c9259b2527115a" member_type: VOTER last_known_addr { host: "127.17.98.193" port: 40473 } } peers { permanent_uuid: "12f02fdffe7044d28cab7a7d8afbbf16" member_type: VOTER last_known_addr { host: "127.17.98.196" port: 39199 } } peers { permanent_uuid: "90b24e1f8e3541c9bab51cda61c92a29" member_type: VOTER last_known_addr { host: "127.17.98.194" port: 35885 } }
I20260630 12:16:48.411721 20766 raft_consensus.cc:1240] T 1899f95a9255450a8602bf3cc5494e25 P 6477e7d4ba424f3785c9259b2527115a [term 2 FOLLOWER]: Rejecting Update request from peer 90b24e1f8e3541c9bab51cda61c92a29 for earlier term 1. Current term is 2. Ops: []
I20260630 12:16:48.415323 20768 leader_election.cc:290] T 1899f95a9255450a8602bf3cc5494e25 P 6477e7d4ba424f3785c9259b2527115a [CANDIDATE]: Term 2 election: Requested vote from peers 12f02fdffe7044d28cab7a7d8afbbf16 (127.17.98.196:39199), 90b24e1f8e3541c9bab51cda61c92a29 (127.17.98.194:35885)
I20260630 12:16:48.418077 21071 tablet_service.cc:1917] Received RequestConsensusVote() RPC: tablet_id: "1899f95a9255450a8602bf3cc5494e25" candidate_uuid: "6477e7d4ba424f3785c9259b2527115a" candidate_term: 2 candidate_status { last_received { term: 1 index: 1 } } ignore_live_leader: true dest_uuid: "12f02fdffe7044d28cab7a7d8afbbf16"
I20260630 12:16:48.420192 20969 consensus_queue.cc:1059] T 1899f95a9255450a8602bf3cc5494e25 P 90b24e1f8e3541c9bab51cda61c92a29 [LEADER]: Peer responded invalid term: Peer: permanent_uuid: "6477e7d4ba424f3785c9259b2527115a" member_type: VOTER last_known_addr { host: "127.17.98.193" port: 40473 }, Status: INVALID_TERM, Last received: 1.1, Next index: 2, Last known committed idx: 0, Time since last communication: 0.000s
I20260630 12:16:48.419796 20842 tablet_service.cc:1917] Received RequestConsensusVote() RPC: tablet_id: "1899f95a9255450a8602bf3cc5494e25" candidate_uuid: "6477e7d4ba424f3785c9259b2527115a" candidate_term: 2 candidate_status { last_received { term: 1 index: 1 } } ignore_live_leader: true dest_uuid: "90b24e1f8e3541c9bab51cda61c92a29"
I20260630 12:16:48.420986 20842 raft_consensus.cc:3055] T 1899f95a9255450a8602bf3cc5494e25 P 90b24e1f8e3541c9bab51cda61c92a29 [term 1 LEADER]: Stepping down as leader of term 1
I20260630 12:16:48.420871 21195 consensus_queue.cc:1048] T 0492bd7c0d074ecd87e92e24a0606c57 P 6477e7d4ba424f3785c9259b2527115a [LEADER]: Connected to new peer: Peer: permanent_uuid: "12f02fdffe7044d28cab7a7d8afbbf16" member_type: VOTER last_known_addr { host: "127.17.98.196" port: 39199 }, Status: LMP_MISMATCH, Last received: 0.0, Next index: 1, Last known committed idx: 0, Time since last communication: 0.000s
I20260630 12:16:48.421414 20842 raft_consensus.cc:740] T 1899f95a9255450a8602bf3cc5494e25 P 90b24e1f8e3541c9bab51cda61c92a29 [term 1 LEADER]: Becoming Follower/Learner. State: Replica: 90b24e1f8e3541c9bab51cda61c92a29, State: Running, Role: LEADER
I20260630 12:16:48.422180 20842 consensus_queue.cc:260] T 1899f95a9255450a8602bf3cc5494e25 P 90b24e1f8e3541c9bab51cda61c92a29 [NON_LEADER]: Queue going to NON_LEADER mode. State: All replicated index: 0, Majority replicated index: 1, Committed index: 1, Last appended: 1.1, Last appended by leader: 1, Current term: 1, Majority size: -1, State: 0, Mode: NON_LEADER, active raft config: opid_index: -1 OBSOLETE_local: false peers { permanent_uuid: "6477e7d4ba424f3785c9259b2527115a" member_type: VOTER last_known_addr { host: "127.17.98.193" port: 40473 } } peers { permanent_uuid: "12f02fdffe7044d28cab7a7d8afbbf16" member_type: VOTER last_known_addr { host: "127.17.98.196" port: 39199 } } peers { permanent_uuid: "90b24e1f8e3541c9bab51cda61c92a29" member_type: VOTER last_known_addr { host: "127.17.98.194" port: 35885 } }
I20260630 12:16:48.423331 20842 raft_consensus.cc:3060] T 1899f95a9255450a8602bf3cc5494e25 P 90b24e1f8e3541c9bab51cda61c92a29 [term 1 FOLLOWER]: Advancing to term 2
I20260630 12:16:48.429446 20842 raft_consensus.cc:2468] T 1899f95a9255450a8602bf3cc5494e25 P 90b24e1f8e3541c9bab51cda61c92a29 [term 2 FOLLOWER]: Leader election vote request: Granting yes vote for candidate 6477e7d4ba424f3785c9259b2527115a in term 2.
I20260630 12:16:48.432389 21111 consensus_queue.cc:1048] T 0492bd7c0d074ecd87e92e24a0606c57 P 6477e7d4ba424f3785c9259b2527115a [LEADER]: Connected to new peer: Peer: permanent_uuid: "9718d1359a804f58bca10d4ce1be4d62" member_type: VOTER last_known_addr { host: "127.17.98.195" port: 35767 }, Status: LMP_MISMATCH, Last received: 0.0, Next index: 1, Last known committed idx: 0, Time since last communication: 0.000s
W20260630 12:16:48.433449 20969 raft_consensus.cc:936] Couldn't advance consensus term.: Illegal state: Can't advance term to: 2 current term: 2 is higher.
I20260630 12:16:48.433308 20733 leader_election.cc:304] T 1899f95a9255450a8602bf3cc5494e25 P 6477e7d4ba424f3785c9259b2527115a [CANDIDATE]: Term 2 election: Election decided. Result: candidate won. Election summary: received 3 responses out of 3 voters: 2 yes votes; 1 no votes. yes voters: 6477e7d4ba424f3785c9259b2527115a, 90b24e1f8e3541c9bab51cda61c92a29; no voters: 12f02fdffe7044d28cab7a7d8afbbf16
I20260630 12:16:48.436201 21111 raft_consensus.cc:2804] T 1899f95a9255450a8602bf3cc5494e25 P 6477e7d4ba424f3785c9259b2527115a [term 2 FOLLOWER]: Leader election won for term 2
I20260630 12:16:48.436640 21111 raft_consensus.cc:697] T 1899f95a9255450a8602bf3cc5494e25 P 6477e7d4ba424f3785c9259b2527115a [term 2 LEADER]: Becoming Leader. State: Replica: 6477e7d4ba424f3785c9259b2527115a, State: Running, Role: LEADER
I20260630 12:16:48.437372 21111 consensus_queue.cc:237] T 1899f95a9255450a8602bf3cc5494e25 P 6477e7d4ba424f3785c9259b2527115a [LEADER]: Queue going to LEADER mode. State: All replicated index: 0, Majority replicated index: 0, Committed index: 0, Last appended: 1.1, Last appended by leader: 1, Current term: 2, Majority size: 2, State: 0, Mode: LEADER, active raft config: opid_index: -1 OBSOLETE_local: false peers { permanent_uuid: "6477e7d4ba424f3785c9259b2527115a" member_type: VOTER last_known_addr { host: "127.17.98.193" port: 40473 } } peers { permanent_uuid: "12f02fdffe7044d28cab7a7d8afbbf16" member_type: VOTER last_known_addr { host: "127.17.98.196" port: 39199 } } peers { permanent_uuid: "90b24e1f8e3541c9bab51cda61c92a29" member_type: VOTER last_known_addr { host: "127.17.98.194" port: 35885 } }
I20260630 12:16:48.438185 20969 consensus_queue.cc:1048] T a4ac5a5ed4d141aaafec69bb51a1d541 P 90b24e1f8e3541c9bab51cda61c92a29 [LEADER]: Connected to new peer: Peer: permanent_uuid: "12f02fdffe7044d28cab7a7d8afbbf16" member_type: VOTER last_known_addr { host: "127.17.98.196" port: 39199 }, Status: LMP_MISMATCH, Last received: 0.0, Next index: 1, Last known committed idx: 0, Time since last communication: 0.000s
I20260630 12:16:48.448449 20969 raft_consensus.cc:993] T a4ac5a5ed4d141aaafec69bb51a1d541 P 90b24e1f8e3541c9bab51cda61c92a29: : Instructing follower 12f02fdffe7044d28cab7a7d8afbbf16 to start an election
I20260630 12:16:48.449721 20969 raft_consensus.cc:1081] T a4ac5a5ed4d141aaafec69bb51a1d541 P 90b24e1f8e3541c9bab51cda61c92a29 [term 1 LEADER]: Signalling peer 12f02fdffe7044d28cab7a7d8afbbf16 to start an election
I20260630 12:16:48.450398 20667 catalog_manager.cc:5697] T 1899f95a9255450a8602bf3cc5494e25 P 6477e7d4ba424f3785c9259b2527115a reported cstate change: term changed from 1 to 2, leader changed from 90b24e1f8e3541c9bab51cda61c92a29 (127.17.98.194) to 6477e7d4ba424f3785c9259b2527115a (127.17.98.193). New cstate: current_term: 2 leader_uuid: "6477e7d4ba424f3785c9259b2527115a" committed_config { opid_index: -1 OBSOLETE_local: false peers { permanent_uuid: "6477e7d4ba424f3785c9259b2527115a" member_type: VOTER last_known_addr { host: "127.17.98.193" port: 40473 } health_report { overall_health: HEALTHY } } peers { permanent_uuid: "12f02fdffe7044d28cab7a7d8afbbf16" member_type: VOTER last_known_addr { host: "127.17.98.196" port: 39199 } health_report { overall_health: UNKNOWN } } peers { permanent_uuid: "90b24e1f8e3541c9bab51cda61c92a29" member_type: VOTER last_known_addr { host: "127.17.98.194" port: 35885 } health_report { overall_health: UNKNOWN } } }
I20260630 12:16:48.452251 21069 tablet_service.cc:2044] Received Run Leader Election RPC: tablet_id: "a4ac5a5ed4d141aaafec69bb51a1d541"
dest_uuid: "12f02fdffe7044d28cab7a7d8afbbf16"
 from {username='slave'} at 127.0.0.1:35636
I20260630 12:16:48.452812 21069 raft_consensus.cc:493] T a4ac5a5ed4d141aaafec69bb51a1d541 P 12f02fdffe7044d28cab7a7d8afbbf16 [term 1 FOLLOWER]: Starting forced leader election (received explicit request)
I20260630 12:16:48.453159 21069 raft_consensus.cc:3060] T a4ac5a5ed4d141aaafec69bb51a1d541 P 12f02fdffe7044d28cab7a7d8afbbf16 [term 1 FOLLOWER]: Advancing to term 2
I20260630 12:16:48.460587 20969 consensus_queue.cc:1048] T a4ac5a5ed4d141aaafec69bb51a1d541 P 90b24e1f8e3541c9bab51cda61c92a29 [LEADER]: Connected to new peer: Peer: permanent_uuid: "9718d1359a804f58bca10d4ce1be4d62" member_type: VOTER last_known_addr { host: "127.17.98.195" port: 35767 }, Status: LMP_MISMATCH, Last received: 0.0, Next index: 1, Last known committed idx: 0, Time since last communication: 0.000s
I20260630 12:16:48.462245 21069 raft_consensus.cc:515] T a4ac5a5ed4d141aaafec69bb51a1d541 P 12f02fdffe7044d28cab7a7d8afbbf16 [term 2 FOLLOWER]: Starting forced leader election with config: opid_index: -1 OBSOLETE_local: false peers { permanent_uuid: "90b24e1f8e3541c9bab51cda61c92a29" member_type: VOTER last_known_addr { host: "127.17.98.194" port: 35885 } } peers { permanent_uuid: "12f02fdffe7044d28cab7a7d8afbbf16" member_type: VOTER last_known_addr { host: "127.17.98.196" port: 39199 } } peers { permanent_uuid: "9718d1359a804f58bca10d4ce1be4d62" member_type: VOTER last_known_addr { host: "127.17.98.195" port: 35767 } }
I20260630 12:16:48.465025 20842 tablet_service.cc:1917] Received RequestConsensusVote() RPC: tablet_id: "a4ac5a5ed4d141aaafec69bb51a1d541" candidate_uuid: "12f02fdffe7044d28cab7a7d8afbbf16" candidate_term: 2 candidate_status { last_received { term: 1 index: 1 } } ignore_live_leader: true dest_uuid: "90b24e1f8e3541c9bab51cda61c92a29"
I20260630 12:16:48.465561 21069 leader_election.cc:290] T a4ac5a5ed4d141aaafec69bb51a1d541 P 12f02fdffe7044d28cab7a7d8afbbf16 [CANDIDATE]: Term 2 election: Requested vote from peers 90b24e1f8e3541c9bab51cda61c92a29 (127.17.98.194:35885), 9718d1359a804f58bca10d4ce1be4d62 (127.17.98.195:35767)
I20260630 12:16:48.464957 21070 raft_consensus.cc:1240] T a4ac5a5ed4d141aaafec69bb51a1d541 P 12f02fdffe7044d28cab7a7d8afbbf16 [term 2 FOLLOWER]: Rejecting Update request from peer 90b24e1f8e3541c9bab51cda61c92a29 for earlier term 1. Current term is 2. Ops: []
I20260630 12:16:48.468128 20969 consensus_queue.cc:1059] T a4ac5a5ed4d141aaafec69bb51a1d541 P 90b24e1f8e3541c9bab51cda61c92a29 [LEADER]: Peer responded invalid term: Peer: permanent_uuid: "12f02fdffe7044d28cab7a7d8afbbf16" member_type: VOTER last_known_addr { host: "127.17.98.196" port: 39199 }, Status: INVALID_TERM, Last received: 1.1, Next index: 2, Last known committed idx: 0, Time since last communication: 0.000s
I20260630 12:16:48.465683 20842 raft_consensus.cc:3055] T a4ac5a5ed4d141aaafec69bb51a1d541 P 90b24e1f8e3541c9bab51cda61c92a29 [term 1 LEADER]: Stepping down as leader of term 1
I20260630 12:16:48.469352 20842 raft_consensus.cc:740] T a4ac5a5ed4d141aaafec69bb51a1d541 P 90b24e1f8e3541c9bab51cda61c92a29 [term 1 LEADER]: Becoming Follower/Learner. State: Replica: 90b24e1f8e3541c9bab51cda61c92a29, State: Running, Role: LEADER
I20260630 12:16:48.470108 20842 consensus_queue.cc:260] T a4ac5a5ed4d141aaafec69bb51a1d541 P 90b24e1f8e3541c9bab51cda61c92a29 [NON_LEADER]: Queue going to NON_LEADER mode. State: All replicated index: 0, Majority replicated index: 1, Committed index: 1, Last appended: 1.1, Last appended by leader: 1, Current term: 1, Majority size: -1, State: 0, Mode: NON_LEADER, active raft config: opid_index: -1 OBSOLETE_local: false peers { permanent_uuid: "90b24e1f8e3541c9bab51cda61c92a29" member_type: VOTER last_known_addr { host: "127.17.98.194" port: 35885 } } peers { permanent_uuid: "12f02fdffe7044d28cab7a7d8afbbf16" member_type: VOTER last_known_addr { host: "127.17.98.196" port: 39199 } } peers { permanent_uuid: "9718d1359a804f58bca10d4ce1be4d62" member_type: VOTER last_known_addr { host: "127.17.98.195" port: 35767 } }
I20260630 12:16:48.471117 20842 raft_consensus.cc:3060] T a4ac5a5ed4d141aaafec69bb51a1d541 P 90b24e1f8e3541c9bab51cda61c92a29 [term 1 FOLLOWER]: Advancing to term 2
I20260630 12:16:48.471837 20916 tablet_service.cc:1917] Received RequestConsensusVote() RPC: tablet_id: "a4ac5a5ed4d141aaafec69bb51a1d541" candidate_uuid: "12f02fdffe7044d28cab7a7d8afbbf16" candidate_term: 2 candidate_status { last_received { term: 1 index: 1 } } ignore_live_leader: true dest_uuid: "9718d1359a804f58bca10d4ce1be4d62"
I20260630 12:16:48.472383 20916 raft_consensus.cc:3060] T a4ac5a5ed4d141aaafec69bb51a1d541 P 9718d1359a804f58bca10d4ce1be4d62 [term 1 FOLLOWER]: Advancing to term 2
I20260630 12:16:48.477229 20842 raft_consensus.cc:2468] T a4ac5a5ed4d141aaafec69bb51a1d541 P 90b24e1f8e3541c9bab51cda61c92a29 [term 2 FOLLOWER]: Leader election vote request: Granting yes vote for candidate 12f02fdffe7044d28cab7a7d8afbbf16 in term 2.
W20260630 12:16:48.477628 21122 raft_consensus.cc:936] Couldn't advance consensus term.: Illegal state: Can't advance term to: 2 current term: 2 is higher.
I20260630 12:16:48.478060 20916 raft_consensus.cc:2468] T a4ac5a5ed4d141aaafec69bb51a1d541 P 9718d1359a804f58bca10d4ce1be4d62 [term 2 FOLLOWER]: Leader election vote request: Granting yes vote for candidate 12f02fdffe7044d28cab7a7d8afbbf16 in term 2.
I20260630 12:16:48.478751 21030 leader_election.cc:304] T a4ac5a5ed4d141aaafec69bb51a1d541 P 12f02fdffe7044d28cab7a7d8afbbf16 [CANDIDATE]: Term 2 election: Election decided. Result: candidate won. Election summary: received 2 responses out of 3 voters: 2 yes votes; 0 no votes. yes voters: 12f02fdffe7044d28cab7a7d8afbbf16, 90b24e1f8e3541c9bab51cda61c92a29; no voters: 
I20260630 12:16:48.479470 21148 raft_consensus.cc:2804] T a4ac5a5ed4d141aaafec69bb51a1d541 P 12f02fdffe7044d28cab7a7d8afbbf16 [term 2 FOLLOWER]: Leader election won for term 2
I20260630 12:16:48.479921 21148 raft_consensus.cc:697] T a4ac5a5ed4d141aaafec69bb51a1d541 P 12f02fdffe7044d28cab7a7d8afbbf16 [term 2 LEADER]: Becoming Leader. State: Replica: 12f02fdffe7044d28cab7a7d8afbbf16, State: Running, Role: LEADER
I20260630 12:16:48.480644 21148 consensus_queue.cc:237] T a4ac5a5ed4d141aaafec69bb51a1d541 P 12f02fdffe7044d28cab7a7d8afbbf16 [LEADER]: Queue going to LEADER mode. State: All replicated index: 0, Majority replicated index: 0, Committed index: 0, Last appended: 1.1, Last appended by leader: 1, Current term: 2, Majority size: 2, State: 0, Mode: LEADER, active raft config: opid_index: -1 OBSOLETE_local: false peers { permanent_uuid: "90b24e1f8e3541c9bab51cda61c92a29" member_type: VOTER last_known_addr { host: "127.17.98.194" port: 35885 } } peers { permanent_uuid: "12f02fdffe7044d28cab7a7d8afbbf16" member_type: VOTER last_known_addr { host: "127.17.98.196" port: 39199 } } peers { permanent_uuid: "9718d1359a804f58bca10d4ce1be4d62" member_type: VOTER last_known_addr { host: "127.17.98.195" port: 35767 } }
I20260630 12:16:48.488260 20664 catalog_manager.cc:5697] T a4ac5a5ed4d141aaafec69bb51a1d541 P 12f02fdffe7044d28cab7a7d8afbbf16 reported cstate change: term changed from 1 to 2, leader changed from 90b24e1f8e3541c9bab51cda61c92a29 (127.17.98.194) to 12f02fdffe7044d28cab7a7d8afbbf16 (127.17.98.196). New cstate: current_term: 2 leader_uuid: "12f02fdffe7044d28cab7a7d8afbbf16" committed_config { opid_index: -1 OBSOLETE_local: false peers { permanent_uuid: "90b24e1f8e3541c9bab51cda61c92a29" member_type: VOTER last_known_addr { host: "127.17.98.194" port: 35885 } health_report { overall_health: UNKNOWN } } peers { permanent_uuid: "12f02fdffe7044d28cab7a7d8afbbf16" member_type: VOTER last_known_addr { host: "127.17.98.196" port: 39199 } health_report { overall_health: HEALTHY } } peers { permanent_uuid: "9718d1359a804f58bca10d4ce1be4d62" member_type: VOTER last_known_addr { host: "127.17.98.195" port: 35767 } health_report { overall_health: UNKNOWN } } }
I20260630 12:16:48.494532 20842 consensus_queue.cc:237] T f04c811657244d0db9c6e317e4205425 P 90b24e1f8e3541c9bab51cda61c92a29 [LEADER]: Queue going to LEADER mode. State: All replicated index: 0, Majority replicated index: 1, Committed index: 1, Last appended: 1.1, Last appended by leader: 0, Current term: 1, Majority size: 2, State: 0, Mode: LEADER, active raft config: opid_index: 2 OBSOLETE_local: false peers { permanent_uuid: "90b24e1f8e3541c9bab51cda61c92a29" member_type: VOTER last_known_addr { host: "127.17.98.194" port: 35885 } } peers { permanent_uuid: "6477e7d4ba424f3785c9259b2527115a" member_type: VOTER last_known_addr { host: "127.17.98.193" port: 40473 } attrs { replace: true } } peers { permanent_uuid: "9718d1359a804f58bca10d4ce1be4d62" member_type: VOTER last_known_addr { host: "127.17.98.195" port: 35767 } } peers { permanent_uuid: "12f02fdffe7044d28cab7a7d8afbbf16" member_type: NON_VOTER last_known_addr { host: "127.17.98.196" port: 39199 } attrs { promote: true } }
I20260630 12:16:48.500743 20916 raft_consensus.cc:1275] T f04c811657244d0db9c6e317e4205425 P 9718d1359a804f58bca10d4ce1be4d62 [term 1 FOLLOWER]: Refusing update from remote peer 90b24e1f8e3541c9bab51cda61c92a29: Log matching property violated. Preceding OpId in replica: term: 1 index: 1. Preceding OpId from leader: term: 1 index: 2. (index mismatch)
I20260630 12:16:48.501336 20768 raft_consensus.cc:1275] T f04c811657244d0db9c6e317e4205425 P 6477e7d4ba424f3785c9259b2527115a [term 1 FOLLOWER]: Refusing update from remote peer 90b24e1f8e3541c9bab51cda61c92a29: Log matching property violated. Preceding OpId in replica: term: 1 index: 1. Preceding OpId from leader: term: 1 index: 2. (index mismatch)
W20260630 12:16:48.502457 20810 consensus_peers.cc:597] T f04c811657244d0db9c6e317e4205425 P 90b24e1f8e3541c9bab51cda61c92a29 -> Peer 12f02fdffe7044d28cab7a7d8afbbf16 (127.17.98.196:39199): Couldn't send request to peer 12f02fdffe7044d28cab7a7d8afbbf16. Error code: TABLET_NOT_FOUND (6). Status: Not found: Tablet not found: f04c811657244d0db9c6e317e4205425. This is attempt 1: this message will repeat every 5th retry.
I20260630 12:16:48.502430 21122 consensus_queue.cc:1048] T f04c811657244d0db9c6e317e4205425 P 90b24e1f8e3541c9bab51cda61c92a29 [LEADER]: Connected to new peer: Peer: permanent_uuid: "9718d1359a804f58bca10d4ce1be4d62" member_type: VOTER last_known_addr { host: "127.17.98.195" port: 35767 }, Status: LMP_MISMATCH, Last received: 0.0, Next index: 2, Last known committed idx: 1, Time since last communication: 0.001s
I20260630 12:16:48.504182 20969 consensus_queue.cc:1048] T f04c811657244d0db9c6e317e4205425 P 90b24e1f8e3541c9bab51cda61c92a29 [LEADER]: Connected to new peer: Peer: permanent_uuid: "6477e7d4ba424f3785c9259b2527115a" member_type: VOTER last_known_addr { host: "127.17.98.193" port: 40473 } attrs { replace: true }, Status: LMP_MISMATCH, Last received: 0.0, Next index: 2, Last known committed idx: 1, Time since last communication: 0.000s
I20260630 12:16:48.506521 21118 consensus_queue.cc:1048] T 39dc2de1d876445d9e7be04baf697197 P 6477e7d4ba424f3785c9259b2527115a [LEADER]: Connected to new peer: Peer: permanent_uuid: "9718d1359a804f58bca10d4ce1be4d62" member_type: VOTER last_known_addr { host: "127.17.98.195" port: 35767 }, Status: LMP_MISMATCH, Last received: 0.0, Next index: 1, Last known committed idx: 0, Time since last communication: 0.000s
I20260630 12:16:48.514199 21111 raft_consensus.cc:993] T 39dc2de1d876445d9e7be04baf697197 P 6477e7d4ba424f3785c9259b2527115a: : Instructing follower 9718d1359a804f58bca10d4ce1be4d62 to start an election
I20260630 12:16:48.514631 21111 raft_consensus.cc:1081] T 39dc2de1d876445d9e7be04baf697197 P 6477e7d4ba424f3785c9259b2527115a [term 1 LEADER]: Signalling peer 9718d1359a804f58bca10d4ce1be4d62 to start an election
I20260630 12:16:48.517110 21122 raft_consensus.cc:2955] T f04c811657244d0db9c6e317e4205425 P 90b24e1f8e3541c9bab51cda61c92a29 [term 1 LEADER]: Committing config change with OpId 1.2: config changed from index -1 to 2, NON_VOTER 12f02fdffe7044d28cab7a7d8afbbf16 (127.17.98.196) added. New config: { opid_index: 2 OBSOLETE_local: false peers { permanent_uuid: "90b24e1f8e3541c9bab51cda61c92a29" member_type: VOTER last_known_addr { host: "127.17.98.194" port: 35885 } } peers { permanent_uuid: "6477e7d4ba424f3785c9259b2527115a" member_type: VOTER last_known_addr { host: "127.17.98.193" port: 40473 } attrs { replace: true } } peers { permanent_uuid: "9718d1359a804f58bca10d4ce1be4d62" member_type: VOTER last_known_addr { host: "127.17.98.195" port: 35767 } } peers { permanent_uuid: "12f02fdffe7044d28cab7a7d8afbbf16" member_type: NON_VOTER last_known_addr { host: "127.17.98.196" port: 39199 } attrs { promote: true } } }
I20260630 12:16:48.518860 20916 tablet_service.cc:2044] Received Run Leader Election RPC: tablet_id: "39dc2de1d876445d9e7be04baf697197"
dest_uuid: "9718d1359a804f58bca10d4ce1be4d62"
 from {username='slave'} at 127.0.0.1:60334
I20260630 12:16:48.518460 20918 raft_consensus.cc:2955] T f04c811657244d0db9c6e317e4205425 P 9718d1359a804f58bca10d4ce1be4d62 [term 1 FOLLOWER]: Committing config change with OpId 1.2: config changed from index -1 to 2, NON_VOTER 12f02fdffe7044d28cab7a7d8afbbf16 (127.17.98.196) added. New config: { opid_index: 2 OBSOLETE_local: false peers { permanent_uuid: "90b24e1f8e3541c9bab51cda61c92a29" member_type: VOTER last_known_addr { host: "127.17.98.194" port: 35885 } } peers { permanent_uuid: "6477e7d4ba424f3785c9259b2527115a" member_type: VOTER last_known_addr { host: "127.17.98.193" port: 40473 } attrs { replace: true } } peers { permanent_uuid: "9718d1359a804f58bca10d4ce1be4d62" member_type: VOTER last_known_addr { host: "127.17.98.195" port: 35767 } } peers { permanent_uuid: "12f02fdffe7044d28cab7a7d8afbbf16" member_type: NON_VOTER last_known_addr { host: "127.17.98.196" port: 39199 } attrs { promote: true } } }
I20260630 12:16:48.519404 20916 raft_consensus.cc:493] T 39dc2de1d876445d9e7be04baf697197 P 9718d1359a804f58bca10d4ce1be4d62 [term 1 FOLLOWER]: Starting forced leader election (received explicit request)
I20260630 12:16:48.519845 20916 raft_consensus.cc:3060] T 39dc2de1d876445d9e7be04baf697197 P 9718d1359a804f58bca10d4ce1be4d62 [term 1 FOLLOWER]: Advancing to term 2
I20260630 12:16:48.525235 21195 consensus_queue.cc:1048] T 39dc2de1d876445d9e7be04baf697197 P 6477e7d4ba424f3785c9259b2527115a [LEADER]: Connected to new peer: Peer: permanent_uuid: "12f02fdffe7044d28cab7a7d8afbbf16" member_type: VOTER last_known_addr { host: "127.17.98.196" port: 39199 }, Status: LMP_MISMATCH, Last received: 0.0, Next index: 1, Last known committed idx: 0, Time since last communication: 0.000s
I20260630 12:16:48.527428 20916 raft_consensus.cc:515] T 39dc2de1d876445d9e7be04baf697197 P 9718d1359a804f58bca10d4ce1be4d62 [term 2 FOLLOWER]: Starting forced leader election with config: opid_index: -1 OBSOLETE_local: false peers { permanent_uuid: "6477e7d4ba424f3785c9259b2527115a" member_type: VOTER last_known_addr { host: "127.17.98.193" port: 40473 } } peers { permanent_uuid: "12f02fdffe7044d28cab7a7d8afbbf16" member_type: VOTER last_known_addr { host: "127.17.98.196" port: 39199 } } peers { permanent_uuid: "9718d1359a804f58bca10d4ce1be4d62" member_type: VOTER last_known_addr { host: "127.17.98.195" port: 35767 } }
I20260630 12:16:48.534054 20766 tablet_service.cc:1917] Received RequestConsensusVote() RPC: tablet_id: "39dc2de1d876445d9e7be04baf697197" candidate_uuid: "9718d1359a804f58bca10d4ce1be4d62" candidate_term: 2 candidate_status { last_received { term: 1 index: 1 } } ignore_live_leader: true dest_uuid: "6477e7d4ba424f3785c9259b2527115a"
I20260630 12:16:48.534613 20766 raft_consensus.cc:3055] T 39dc2de1d876445d9e7be04baf697197 P 6477e7d4ba424f3785c9259b2527115a [term 1 LEADER]: Stepping down as leader of term 1
I20260630 12:16:48.534922 20766 raft_consensus.cc:740] T 39dc2de1d876445d9e7be04baf697197 P 6477e7d4ba424f3785c9259b2527115a [term 1 LEADER]: Becoming Follower/Learner. State: Replica: 6477e7d4ba424f3785c9259b2527115a, State: Running, Role: LEADER
I20260630 12:16:48.535668 20766 consensus_queue.cc:260] T 39dc2de1d876445d9e7be04baf697197 P 6477e7d4ba424f3785c9259b2527115a [NON_LEADER]: Queue going to NON_LEADER mode. State: All replicated index: 0, Majority replicated index: 1, Committed index: 1, Last appended: 1.1, Last appended by leader: 1, Current term: 1, Majority size: -1, State: 0, Mode: NON_LEADER, active raft config: opid_index: -1 OBSOLETE_local: false peers { permanent_uuid: "6477e7d4ba424f3785c9259b2527115a" member_type: VOTER last_known_addr { host: "127.17.98.193" port: 40473 } } peers { permanent_uuid: "12f02fdffe7044d28cab7a7d8afbbf16" member_type: VOTER last_known_addr { host: "127.17.98.196" port: 39199 } } peers { permanent_uuid: "9718d1359a804f58bca10d4ce1be4d62" member_type: VOTER last_known_addr { host: "127.17.98.195" port: 35767 } }
I20260630 12:16:48.535688 20769 raft_consensus.cc:2955] T f04c811657244d0db9c6e317e4205425 P 6477e7d4ba424f3785c9259b2527115a [term 1 FOLLOWER]: Committing config change with OpId 1.2: config changed from index -1 to 2, NON_VOTER 12f02fdffe7044d28cab7a7d8afbbf16 (127.17.98.196) added. New config: { opid_index: 2 OBSOLETE_local: false peers { permanent_uuid: "90b24e1f8e3541c9bab51cda61c92a29" member_type: VOTER last_known_addr { host: "127.17.98.194" port: 35885 } } peers { permanent_uuid: "6477e7d4ba424f3785c9259b2527115a" member_type: VOTER last_known_addr { host: "127.17.98.193" port: 40473 } attrs { replace: true } } peers { permanent_uuid: "9718d1359a804f58bca10d4ce1be4d62" member_type: VOTER last_known_addr { host: "127.17.98.195" port: 35767 } } peers { permanent_uuid: "12f02fdffe7044d28cab7a7d8afbbf16" member_type: NON_VOTER last_known_addr { host: "127.17.98.196" port: 39199 } attrs { promote: true } } }
I20260630 12:16:48.536665 20766 raft_consensus.cc:3060] T 39dc2de1d876445d9e7be04baf697197 P 6477e7d4ba424f3785c9259b2527115a [term 1 FOLLOWER]: Advancing to term 2
I20260630 12:16:48.544219 20768 consensus_queue.cc:237] T 28d7ac4856584757a135406f4b567264 P 6477e7d4ba424f3785c9259b2527115a [LEADER]: Queue going to LEADER mode. State: All replicated index: 0, Majority replicated index: 1, Committed index: 1, Last appended: 1.1, Last appended by leader: 0, Current term: 1, Majority size: 2, State: 0, Mode: LEADER, active raft config: opid_index: 2 OBSOLETE_local: false peers { permanent_uuid: "6477e7d4ba424f3785c9259b2527115a" member_type: VOTER last_known_addr { host: "127.17.98.193" port: 40473 } } peers { permanent_uuid: "90b24e1f8e3541c9bab51cda61c92a29" member_type: VOTER last_known_addr { host: "127.17.98.194" port: 35885 } } peers { permanent_uuid: "9718d1359a804f58bca10d4ce1be4d62" member_type: VOTER last_known_addr { host: "127.17.98.195" port: 35767 } attrs { replace: true } } peers { permanent_uuid: "12f02fdffe7044d28cab7a7d8afbbf16" member_type: NON_VOTER last_known_addr { host: "127.17.98.196" port: 39199 } attrs { promote: true } }
I20260630 12:16:48.538251 21069 tablet_service.cc:1917] Received RequestConsensusVote() RPC: tablet_id: "39dc2de1d876445d9e7be04baf697197" candidate_uuid: "9718d1359a804f58bca10d4ce1be4d62" candidate_term: 2 candidate_status { last_received { term: 1 index: 1 } } ignore_live_leader: true dest_uuid: "12f02fdffe7044d28cab7a7d8afbbf16"
I20260630 12:16:48.544853 20916 leader_election.cc:290] T 39dc2de1d876445d9e7be04baf697197 P 9718d1359a804f58bca10d4ce1be4d62 [CANDIDATE]: Term 2 election: Requested vote from peers 6477e7d4ba424f3785c9259b2527115a (127.17.98.193:40473), 12f02fdffe7044d28cab7a7d8afbbf16 (127.17.98.196:39199)
I20260630 12:16:48.539239 20664 catalog_manager.cc:5697] T f04c811657244d0db9c6e317e4205425 P 9718d1359a804f58bca10d4ce1be4d62 reported cstate change: config changed from index -1 to 2, NON_VOTER 12f02fdffe7044d28cab7a7d8afbbf16 (127.17.98.196) added. New cstate: current_term: 1 leader_uuid: "90b24e1f8e3541c9bab51cda61c92a29" committed_config { opid_index: 2 OBSOLETE_local: false peers { permanent_uuid: "90b24e1f8e3541c9bab51cda61c92a29" member_type: VOTER last_known_addr { host: "127.17.98.194" port: 35885 } } peers { permanent_uuid: "6477e7d4ba424f3785c9259b2527115a" member_type: VOTER last_known_addr { host: "127.17.98.193" port: 40473 } attrs { replace: true } } peers { permanent_uuid: "9718d1359a804f58bca10d4ce1be4d62" member_type: VOTER last_known_addr { host: "127.17.98.195" port: 35767 } } peers { permanent_uuid: "12f02fdffe7044d28cab7a7d8afbbf16" member_type: NON_VOTER last_known_addr { host: "127.17.98.196" port: 39199 } attrs { promote: true } } }
W20260630 12:16:48.552338 20735 consensus_peers.cc:597] T 28d7ac4856584757a135406f4b567264 P 6477e7d4ba424f3785c9259b2527115a -> Peer 12f02fdffe7044d28cab7a7d8afbbf16 (127.17.98.196:39199): Couldn't send request to peer 12f02fdffe7044d28cab7a7d8afbbf16. Error code: TABLET_NOT_FOUND (6). Status: Not found: Tablet not found: 28d7ac4856584757a135406f4b567264. This is attempt 1: this message will repeat every 5th retry.
I20260630 12:16:48.552423 20916 raft_consensus.cc:1275] T 28d7ac4856584757a135406f4b567264 P 9718d1359a804f58bca10d4ce1be4d62 [term 1 FOLLOWER]: Refusing update from remote peer 6477e7d4ba424f3785c9259b2527115a: Log matching property violated. Preceding OpId in replica: term: 1 index: 1. Preceding OpId from leader: term: 1 index: 2. (index mismatch)
I20260630 12:16:48.554657 20842 raft_consensus.cc:1275] T 28d7ac4856584757a135406f4b567264 P 90b24e1f8e3541c9bab51cda61c92a29 [term 1 FOLLOWER]: Refusing update from remote peer 6477e7d4ba424f3785c9259b2527115a: Log matching property violated. Preceding OpId in replica: term: 1 index: 1. Preceding OpId from leader: term: 1 index: 2. (index mismatch)
I20260630 12:16:48.548405 20766 raft_consensus.cc:2468] T 39dc2de1d876445d9e7be04baf697197 P 6477e7d4ba424f3785c9259b2527115a [term 2 FOLLOWER]: Leader election vote request: Granting yes vote for candidate 9718d1359a804f58bca10d4ce1be4d62 in term 2.
I20260630 12:16:48.557375 20881 leader_election.cc:304] T 39dc2de1d876445d9e7be04baf697197 P 9718d1359a804f58bca10d4ce1be4d62 [CANDIDATE]: Term 2 election: Election decided. Result: candidate won. Election summary: received 3 responses out of 3 voters: 2 yes votes; 1 no votes. yes voters: 6477e7d4ba424f3785c9259b2527115a, 9718d1359a804f58bca10d4ce1be4d62; no voters: 12f02fdffe7044d28cab7a7d8afbbf16
I20260630 12:16:48.558146 21143 raft_consensus.cc:2804] T 39dc2de1d876445d9e7be04baf697197 P 9718d1359a804f58bca10d4ce1be4d62 [term 2 FOLLOWER]: Leader election won for term 2
I20260630 12:16:48.560344 21111 consensus_queue.cc:1048] T 28d7ac4856584757a135406f4b567264 P 6477e7d4ba424f3785c9259b2527115a [LEADER]: Connected to new peer: Peer: permanent_uuid: "90b24e1f8e3541c9bab51cda61c92a29" member_type: VOTER last_known_addr { host: "127.17.98.194" port: 35885 }, Status: LMP_MISMATCH, Last received: 0.0, Next index: 2, Last known committed idx: 1, Time since last communication: 0.001s
I20260630 12:16:48.561842 21195 consensus_queue.cc:1048] T 28d7ac4856584757a135406f4b567264 P 6477e7d4ba424f3785c9259b2527115a [LEADER]: Connected to new peer: Peer: permanent_uuid: "9718d1359a804f58bca10d4ce1be4d62" member_type: VOTER last_known_addr { host: "127.17.98.195" port: 35767 } attrs { replace: true }, Status: LMP_MISMATCH, Last received: 0.0, Next index: 2, Last known committed idx: 1, Time since last communication: 0.000s
I20260630 12:16:48.562242 21143 raft_consensus.cc:697] T 39dc2de1d876445d9e7be04baf697197 P 9718d1359a804f58bca10d4ce1be4d62 [term 2 LEADER]: Becoming Leader. State: Replica: 9718d1359a804f58bca10d4ce1be4d62, State: Running, Role: LEADER
I20260630 12:16:48.563205 21148 consensus_queue.cc:1048] T 141ab57486ac4a40908fb69e1bf97f22 P 12f02fdffe7044d28cab7a7d8afbbf16 [LEADER]: Connected to new peer: Peer: permanent_uuid: "9718d1359a804f58bca10d4ce1be4d62" member_type: VOTER last_known_addr { host: "127.17.98.195" port: 35767 }, Status: LMP_MISMATCH, Last received: 0.0, Next index: 1, Last known committed idx: 0, Time since last communication: 0.000s
I20260630 12:16:48.563213 21143 consensus_queue.cc:237] T 39dc2de1d876445d9e7be04baf697197 P 9718d1359a804f58bca10d4ce1be4d62 [LEADER]: Queue going to LEADER mode. State: All replicated index: 0, Majority replicated index: 1, Committed index: 1, Last appended: 1.1, Last appended by leader: 1, Current term: 2, Majority size: 2, State: 0, Mode: LEADER, active raft config: opid_index: -1 OBSOLETE_local: false peers { permanent_uuid: "6477e7d4ba424f3785c9259b2527115a" member_type: VOTER last_known_addr { host: "127.17.98.193" port: 40473 } } peers { permanent_uuid: "12f02fdffe7044d28cab7a7d8afbbf16" member_type: VOTER last_known_addr { host: "127.17.98.196" port: 39199 } } peers { permanent_uuid: "9718d1359a804f58bca10d4ce1be4d62" member_type: VOTER last_known_addr { host: "127.17.98.195" port: 35767 } }
I20260630 12:16:48.578824 20667 catalog_manager.cc:5697] T 39dc2de1d876445d9e7be04baf697197 P 9718d1359a804f58bca10d4ce1be4d62 reported cstate change: term changed from 1 to 2, leader changed from 6477e7d4ba424f3785c9259b2527115a (127.17.98.193) to 9718d1359a804f58bca10d4ce1be4d62 (127.17.98.195). New cstate: current_term: 2 leader_uuid: "9718d1359a804f58bca10d4ce1be4d62" committed_config { opid_index: -1 OBSOLETE_local: false peers { permanent_uuid: "6477e7d4ba424f3785c9259b2527115a" member_type: VOTER last_known_addr { host: "127.17.98.193" port: 40473 } health_report { overall_health: UNKNOWN } } peers { permanent_uuid: "12f02fdffe7044d28cab7a7d8afbbf16" member_type: VOTER last_known_addr { host: "127.17.98.196" port: 39199 } health_report { overall_health: UNKNOWN } } peers { permanent_uuid: "9718d1359a804f58bca10d4ce1be4d62" member_type: VOTER last_known_addr { host: "127.17.98.195" port: 35767 } health_report { overall_health: HEALTHY } } }
I20260630 12:16:48.582032 21166 consensus_queue.cc:1048] T 141ab57486ac4a40908fb69e1bf97f22 P 12f02fdffe7044d28cab7a7d8afbbf16 [LEADER]: Connected to new peer: Peer: permanent_uuid: "6477e7d4ba424f3785c9259b2527115a" member_type: VOTER last_known_addr { host: "127.17.98.193" port: 40473 }, Status: LMP_MISMATCH, Last received: 0.0, Next index: 1, Last known committed idx: 0, Time since last communication: 0.000s
I20260630 12:16:48.596019 21111 raft_consensus.cc:2955] T 28d7ac4856584757a135406f4b567264 P 6477e7d4ba424f3785c9259b2527115a [term 1 LEADER]: Committing config change with OpId 1.2: config changed from index -1 to 2, NON_VOTER 12f02fdffe7044d28cab7a7d8afbbf16 (127.17.98.196) added. New config: { opid_index: 2 OBSOLETE_local: false peers { permanent_uuid: "6477e7d4ba424f3785c9259b2527115a" member_type: VOTER last_known_addr { host: "127.17.98.193" port: 40473 } } peers { permanent_uuid: "90b24e1f8e3541c9bab51cda61c92a29" member_type: VOTER last_known_addr { host: "127.17.98.194" port: 35885 } } peers { permanent_uuid: "9718d1359a804f58bca10d4ce1be4d62" member_type: VOTER last_known_addr { host: "127.17.98.195" port: 35767 } attrs { replace: true } } peers { permanent_uuid: "12f02fdffe7044d28cab7a7d8afbbf16" member_type: NON_VOTER last_known_addr { host: "127.17.98.196" port: 39199 } attrs { promote: true } } }
I20260630 12:16:48.602094 20916 raft_consensus.cc:2955] T 28d7ac4856584757a135406f4b567264 P 9718d1359a804f58bca10d4ce1be4d62 [term 1 FOLLOWER]: Committing config change with OpId 1.2: config changed from index -1 to 2, NON_VOTER 12f02fdffe7044d28cab7a7d8afbbf16 (127.17.98.196) added. New config: { opid_index: 2 OBSOLETE_local: false peers { permanent_uuid: "6477e7d4ba424f3785c9259b2527115a" member_type: VOTER last_known_addr { host: "127.17.98.193" port: 40473 } } peers { permanent_uuid: "90b24e1f8e3541c9bab51cda61c92a29" member_type: VOTER last_known_addr { host: "127.17.98.194" port: 35885 } } peers { permanent_uuid: "9718d1359a804f58bca10d4ce1be4d62" member_type: VOTER last_known_addr { host: "127.17.98.195" port: 35767 } attrs { replace: true } } peers { permanent_uuid: "12f02fdffe7044d28cab7a7d8afbbf16" member_type: NON_VOTER last_known_addr { host: "127.17.98.196" port: 39199 } attrs { promote: true } } }
I20260630 12:16:48.603653 20842 raft_consensus.cc:2955] T 28d7ac4856584757a135406f4b567264 P 90b24e1f8e3541c9bab51cda61c92a29 [term 1 FOLLOWER]: Committing config change with OpId 1.2: config changed from index -1 to 2, NON_VOTER 12f02fdffe7044d28cab7a7d8afbbf16 (127.17.98.196) added. New config: { opid_index: 2 OBSOLETE_local: false peers { permanent_uuid: "6477e7d4ba424f3785c9259b2527115a" member_type: VOTER last_known_addr { host: "127.17.98.193" port: 40473 } } peers { permanent_uuid: "90b24e1f8e3541c9bab51cda61c92a29" member_type: VOTER last_known_addr { host: "127.17.98.194" port: 35885 } } peers { permanent_uuid: "9718d1359a804f58bca10d4ce1be4d62" member_type: VOTER last_known_addr { host: "127.17.98.195" port: 35767 } attrs { replace: true } } peers { permanent_uuid: "12f02fdffe7044d28cab7a7d8afbbf16" member_type: NON_VOTER last_known_addr { host: "127.17.98.196" port: 39199 } attrs { promote: true } } }
I20260630 12:16:48.609748 20768 consensus_queue.cc:237] T 253af649b5de4a699573dd84b0082c83 P 6477e7d4ba424f3785c9259b2527115a [LEADER]: Queue going to LEADER mode. State: All replicated index: 0, Majority replicated index: 1, Committed index: 1, Last appended: 1.1, Last appended by leader: 0, Current term: 1, Majority size: 2, State: 0, Mode: LEADER, active raft config: opid_index: 2 OBSOLETE_local: false peers { permanent_uuid: "90b24e1f8e3541c9bab51cda61c92a29" member_type: VOTER last_known_addr { host: "127.17.98.194" port: 35885 } attrs { replace: true } } peers { permanent_uuid: "6477e7d4ba424f3785c9259b2527115a" member_type: VOTER last_known_addr { host: "127.17.98.193" port: 40473 } } peers { permanent_uuid: "9718d1359a804f58bca10d4ce1be4d62" member_type: VOTER last_known_addr { host: "127.17.98.195" port: 35767 } } peers { permanent_uuid: "12f02fdffe7044d28cab7a7d8afbbf16" member_type: NON_VOTER last_known_addr { host: "127.17.98.196" port: 39199 } attrs { promote: true } }
I20260630 12:16:48.616475 20663 catalog_manager.cc:5697] T 28d7ac4856584757a135406f4b567264 P 90b24e1f8e3541c9bab51cda61c92a29 reported cstate change: config changed from index -1 to 2, NON_VOTER 12f02fdffe7044d28cab7a7d8afbbf16 (127.17.98.196) added. New cstate: current_term: 1 leader_uuid: "6477e7d4ba424f3785c9259b2527115a" committed_config { opid_index: 2 OBSOLETE_local: false peers { permanent_uuid: "6477e7d4ba424f3785c9259b2527115a" member_type: VOTER last_known_addr { host: "127.17.98.193" port: 40473 } } peers { permanent_uuid: "90b24e1f8e3541c9bab51cda61c92a29" member_type: VOTER last_known_addr { host: "127.17.98.194" port: 35885 } } peers { permanent_uuid: "9718d1359a804f58bca10d4ce1be4d62" member_type: VOTER last_known_addr { host: "127.17.98.195" port: 35767 } attrs { replace: true } } peers { permanent_uuid: "12f02fdffe7044d28cab7a7d8afbbf16" member_type: NON_VOTER last_known_addr { host: "127.17.98.196" port: 39199 } attrs { promote: true } } }
I20260630 12:16:48.639420 20916 raft_consensus.cc:1275] T 253af649b5de4a699573dd84b0082c83 P 9718d1359a804f58bca10d4ce1be4d62 [term 1 FOLLOWER]: Refusing update from remote peer 6477e7d4ba424f3785c9259b2527115a: Log matching property violated. Preceding OpId in replica: term: 1 index: 1. Preceding OpId from leader: term: 1 index: 2. (index mismatch)
W20260630 12:16:48.640443 20735 consensus_peers.cc:597] T 253af649b5de4a699573dd84b0082c83 P 6477e7d4ba424f3785c9259b2527115a -> Peer 12f02fdffe7044d28cab7a7d8afbbf16 (127.17.98.196:39199): Couldn't send request to peer 12f02fdffe7044d28cab7a7d8afbbf16. Error code: TABLET_NOT_FOUND (6). Status: Not found: Tablet not found: 253af649b5de4a699573dd84b0082c83. This is attempt 1: this message will repeat every 5th retry.
I20260630 12:16:48.641263 20842 raft_consensus.cc:1275] T 253af649b5de4a699573dd84b0082c83 P 90b24e1f8e3541c9bab51cda61c92a29 [term 1 FOLLOWER]: Refusing update from remote peer 6477e7d4ba424f3785c9259b2527115a: Log matching property violated. Preceding OpId in replica: term: 1 index: 1. Preceding OpId from leader: term: 1 index: 2. (index mismatch)
I20260630 12:16:48.641065 21111 consensus_queue.cc:1048] T 253af649b5de4a699573dd84b0082c83 P 6477e7d4ba424f3785c9259b2527115a [LEADER]: Connected to new peer: Peer: permanent_uuid: "9718d1359a804f58bca10d4ce1be4d62" member_type: VOTER last_known_addr { host: "127.17.98.195" port: 35767 }, Status: LMP_MISMATCH, Last received: 0.0, Next index: 2, Last known committed idx: 1, Time since last communication: 0.000s
I20260630 12:16:48.642391 21118 consensus_queue.cc:1048] T 253af649b5de4a699573dd84b0082c83 P 6477e7d4ba424f3785c9259b2527115a [LEADER]: Connected to new peer: Peer: permanent_uuid: "90b24e1f8e3541c9bab51cda61c92a29" member_type: VOTER last_known_addr { host: "127.17.98.194" port: 35885 } attrs { replace: true }, Status: LMP_MISMATCH, Last received: 0.0, Next index: 2, Last known committed idx: 1, Time since last communication: 0.000s
I20260630 12:16:48.648412 21111 raft_consensus.cc:2955] T 253af649b5de4a699573dd84b0082c83 P 6477e7d4ba424f3785c9259b2527115a [term 1 LEADER]: Committing config change with OpId 1.2: config changed from index -1 to 2, NON_VOTER 12f02fdffe7044d28cab7a7d8afbbf16 (127.17.98.196) added. New config: { opid_index: 2 OBSOLETE_local: false peers { permanent_uuid: "90b24e1f8e3541c9bab51cda61c92a29" member_type: VOTER last_known_addr { host: "127.17.98.194" port: 35885 } attrs { replace: true } } peers { permanent_uuid: "6477e7d4ba424f3785c9259b2527115a" member_type: VOTER last_known_addr { host: "127.17.98.193" port: 40473 } } peers { permanent_uuid: "9718d1359a804f58bca10d4ce1be4d62" member_type: VOTER last_known_addr { host: "127.17.98.195" port: 35767 } } peers { permanent_uuid: "12f02fdffe7044d28cab7a7d8afbbf16" member_type: NON_VOTER last_known_addr { host: "127.17.98.196" port: 39199 } attrs { promote: true } } }
I20260630 12:16:48.650780 20916 raft_consensus.cc:2955] T 253af649b5de4a699573dd84b0082c83 P 9718d1359a804f58bca10d4ce1be4d62 [term 1 FOLLOWER]: Committing config change with OpId 1.2: config changed from index -1 to 2, NON_VOTER 12f02fdffe7044d28cab7a7d8afbbf16 (127.17.98.196) added. New config: { opid_index: 2 OBSOLETE_local: false peers { permanent_uuid: "90b24e1f8e3541c9bab51cda61c92a29" member_type: VOTER last_known_addr { host: "127.17.98.194" port: 35885 } attrs { replace: true } } peers { permanent_uuid: "6477e7d4ba424f3785c9259b2527115a" member_type: VOTER last_known_addr { host: "127.17.98.193" port: 40473 } } peers { permanent_uuid: "9718d1359a804f58bca10d4ce1be4d62" member_type: VOTER last_known_addr { host: "127.17.98.195" port: 35767 } } peers { permanent_uuid: "12f02fdffe7044d28cab7a7d8afbbf16" member_type: NON_VOTER last_known_addr { host: "127.17.98.196" port: 39199 } attrs { promote: true } } }
I20260630 12:16:48.652100 20844 raft_consensus.cc:2955] T 253af649b5de4a699573dd84b0082c83 P 90b24e1f8e3541c9bab51cda61c92a29 [term 1 FOLLOWER]: Committing config change with OpId 1.2: config changed from index -1 to 2, NON_VOTER 12f02fdffe7044d28cab7a7d8afbbf16 (127.17.98.196) added. New config: { opid_index: 2 OBSOLETE_local: false peers { permanent_uuid: "90b24e1f8e3541c9bab51cda61c92a29" member_type: VOTER last_known_addr { host: "127.17.98.194" port: 35885 } attrs { replace: true } } peers { permanent_uuid: "6477e7d4ba424f3785c9259b2527115a" member_type: VOTER last_known_addr { host: "127.17.98.193" port: 40473 } } peers { permanent_uuid: "9718d1359a804f58bca10d4ce1be4d62" member_type: VOTER last_known_addr { host: "127.17.98.195" port: 35767 } } peers { permanent_uuid: "12f02fdffe7044d28cab7a7d8afbbf16" member_type: NON_VOTER last_known_addr { host: "127.17.98.196" port: 39199 } attrs { promote: true } } }
I20260630 12:16:48.659324 20663 catalog_manager.cc:5697] T 253af649b5de4a699573dd84b0082c83 P 6477e7d4ba424f3785c9259b2527115a reported cstate change: config changed from index -1 to 2, NON_VOTER 12f02fdffe7044d28cab7a7d8afbbf16 (127.17.98.196) added. New cstate: current_term: 1 leader_uuid: "6477e7d4ba424f3785c9259b2527115a" committed_config { opid_index: 2 OBSOLETE_local: false peers { permanent_uuid: "90b24e1f8e3541c9bab51cda61c92a29" member_type: VOTER last_known_addr { host: "127.17.98.194" port: 35885 } attrs { replace: true } health_report { overall_health: HEALTHY } } peers { permanent_uuid: "6477e7d4ba424f3785c9259b2527115a" member_type: VOTER last_known_addr { host: "127.17.98.193" port: 40473 } health_report { overall_health: HEALTHY } } peers { permanent_uuid: "9718d1359a804f58bca10d4ce1be4d62" member_type: VOTER last_known_addr { host: "127.17.98.195" port: 35767 } health_report { overall_health: HEALTHY } } peers { permanent_uuid: "12f02fdffe7044d28cab7a7d8afbbf16" member_type: NON_VOTER last_known_addr { host: "127.17.98.196" port: 39199 } attrs { promote: true } health_report { overall_health: UNKNOWN } } }
I20260630 12:16:48.677328 20916 consensus_queue.cc:237] T 741bfe2ea7c74f85a9f5139ca90f7176 P 9718d1359a804f58bca10d4ce1be4d62 [LEADER]: Queue going to LEADER mode. State: All replicated index: 0, Majority replicated index: 1, Committed index: 1, Last appended: 1.1, Last appended by leader: 0, Current term: 1, Majority size: 2, State: 0, Mode: LEADER, active raft config: opid_index: 2 OBSOLETE_local: false peers { permanent_uuid: "6477e7d4ba424f3785c9259b2527115a" member_type: VOTER last_known_addr { host: "127.17.98.193" port: 40473 } attrs { replace: true } } peers { permanent_uuid: "90b24e1f8e3541c9bab51cda61c92a29" member_type: VOTER last_known_addr { host: "127.17.98.194" port: 35885 } } peers { permanent_uuid: "9718d1359a804f58bca10d4ce1be4d62" member_type: VOTER last_known_addr { host: "127.17.98.195" port: 35767 } } peers { permanent_uuid: "12f02fdffe7044d28cab7a7d8afbbf16" member_type: NON_VOTER last_known_addr { host: "127.17.98.196" port: 39199 } attrs { promote: true } }
I20260630 12:16:48.684152 20844 raft_consensus.cc:1275] T 741bfe2ea7c74f85a9f5139ca90f7176 P 90b24e1f8e3541c9bab51cda61c92a29 [term 1 FOLLOWER]: Refusing update from remote peer 9718d1359a804f58bca10d4ce1be4d62: Log matching property violated. Preceding OpId in replica: term: 1 index: 1. Preceding OpId from leader: term: 1 index: 2. (index mismatch)
W20260630 12:16:48.684875 20884 consensus_peers.cc:597] T 741bfe2ea7c74f85a9f5139ca90f7176 P 9718d1359a804f58bca10d4ce1be4d62 -> Peer 12f02fdffe7044d28cab7a7d8afbbf16 (127.17.98.196:39199): Couldn't send request to peer 12f02fdffe7044d28cab7a7d8afbbf16. Error code: TABLET_NOT_FOUND (6). Status: Not found: Tablet not found: 741bfe2ea7c74f85a9f5139ca90f7176. This is attempt 1: this message will repeat every 5th retry.
I20260630 12:16:48.685194 20768 raft_consensus.cc:1275] T 741bfe2ea7c74f85a9f5139ca90f7176 P 6477e7d4ba424f3785c9259b2527115a [term 1 FOLLOWER]: Refusing update from remote peer 9718d1359a804f58bca10d4ce1be4d62: Log matching property violated. Preceding OpId in replica: term: 1 index: 1. Preceding OpId from leader: term: 1 index: 2. (index mismatch)
I20260630 12:16:48.685596 21212 consensus_queue.cc:1048] T 741bfe2ea7c74f85a9f5139ca90f7176 P 9718d1359a804f58bca10d4ce1be4d62 [LEADER]: Connected to new peer: Peer: permanent_uuid: "90b24e1f8e3541c9bab51cda61c92a29" member_type: VOTER last_known_addr { host: "127.17.98.194" port: 35885 }, Status: LMP_MISMATCH, Last received: 0.0, Next index: 2, Last known committed idx: 1, Time since last communication: 0.000s
I20260630 12:16:48.686411 21143 consensus_queue.cc:1048] T 741bfe2ea7c74f85a9f5139ca90f7176 P 9718d1359a804f58bca10d4ce1be4d62 [LEADER]: Connected to new peer: Peer: permanent_uuid: "6477e7d4ba424f3785c9259b2527115a" member_type: VOTER last_known_addr { host: "127.17.98.193" port: 40473 } attrs { replace: true }, Status: LMP_MISMATCH, Last received: 0.0, Next index: 2, Last known committed idx: 1, Time since last communication: 0.000s
I20260630 12:16:48.694662 21224 raft_consensus.cc:2955] T 741bfe2ea7c74f85a9f5139ca90f7176 P 9718d1359a804f58bca10d4ce1be4d62 [term 1 LEADER]: Committing config change with OpId 1.2: config changed from index -1 to 2, NON_VOTER 12f02fdffe7044d28cab7a7d8afbbf16 (127.17.98.196) added. New config: { opid_index: 2 OBSOLETE_local: false peers { permanent_uuid: "6477e7d4ba424f3785c9259b2527115a" member_type: VOTER last_known_addr { host: "127.17.98.193" port: 40473 } attrs { replace: true } } peers { permanent_uuid: "90b24e1f8e3541c9bab51cda61c92a29" member_type: VOTER last_known_addr { host: "127.17.98.194" port: 35885 } } peers { permanent_uuid: "9718d1359a804f58bca10d4ce1be4d62" member_type: VOTER last_known_addr { host: "127.17.98.195" port: 35767 } } peers { permanent_uuid: "12f02fdffe7044d28cab7a7d8afbbf16" member_type: NON_VOTER last_known_addr { host: "127.17.98.196" port: 39199 } attrs { promote: true } } }
