I20260630 12:16:50.850494 16409 tablet_service.cc:1511] Processing CreateTablet for tablet 709b4085b743408aad7851c656b18cb3 (DEFAULT_TABLE table=range_aware_rebalance_new_range [id=8454822b2fbc4cf194d3f251bdb72b98]), partition=HASH (key) PARTITION 5, RANGE (key) PARTITION 10 <= VALUES < 20
I20260630 12:16:50.852273 16413 tablet_service.cc:1511] Processing CreateTablet for tablet ec62c60ee9954f42a924e3f691e9a645 (DEFAULT_TABLE table=range_aware_rebalance_new_range [id=8454822b2fbc4cf194d3f251bdb72b98]), partition=HASH (key) PARTITION 6, RANGE (key) PARTITION 10 <= VALUES < 20
I20260630 12:16:50.853490 16643 tablet_service.cc:1511] Processing CreateTablet for tablet 709b4085b743408aad7851c656b18cb3 (DEFAULT_TABLE table=range_aware_rebalance_new_range [id=8454822b2fbc4cf194d3f251bdb72b98]), partition=HASH (key) PARTITION 5, RANGE (key) PARTITION 10 <= VALUES < 20
I20260630 12:16:50.855567 16413 data_dirs.cc:400] Could only allocate 1 dirs of requested 3 for tablet ec62c60ee9954f42a924e3f691e9a645. 1 dirs total, 0 dirs full, 0 dirs failed
I20260630 12:16:50.857059 16643 data_dirs.cc:400] Could only allocate 1 dirs of requested 3 for tablet 709b4085b743408aad7851c656b18cb3. 1 dirs total, 0 dirs full, 0 dirs failed
I20260630 12:16:50.867900 16697 tablet_bootstrap.cc:492] T 17a8bb14481149b2bf9a2fdc86417d7e P d05b0e50089540909003aef34ea2ac97: Bootstrap starting.
I20260630 12:16:50.878173 16642 tablet_service.cc:1511] Processing CreateTablet for tablet ec62c60ee9954f42a924e3f691e9a645 (DEFAULT_TABLE table=range_aware_rebalance_new_range [id=8454822b2fbc4cf194d3f251bdb72b98]), partition=HASH (key) PARTITION 6, RANGE (key) PARTITION 10 <= VALUES < 20
I20260630 12:16:50.880427 16642 data_dirs.cc:400] Could only allocate 1 dirs of requested 3 for tablet ec62c60ee9954f42a924e3f691e9a645. 1 dirs total, 0 dirs full, 0 dirs failed
I20260630 12:16:50.883392 16334 tablet_service.cc:1511] Processing CreateTablet for tablet ec62c60ee9954f42a924e3f691e9a645 (DEFAULT_TABLE table=range_aware_rebalance_new_range [id=8454822b2fbc4cf194d3f251bdb72b98]), partition=HASH (key) PARTITION 6, RANGE (key) PARTITION 10 <= VALUES < 20
I20260630 12:16:50.884683 16334 data_dirs.cc:400] Could only allocate 1 dirs of requested 3 for tablet ec62c60ee9954f42a924e3f691e9a645. 1 dirs total, 0 dirs full, 0 dirs failed
I20260630 12:16:50.889606 16409 data_dirs.cc:400] Could only allocate 1 dirs of requested 3 for tablet 709b4085b743408aad7851c656b18cb3. 1 dirs total, 0 dirs full, 0 dirs failed
I20260630 12:16:50.890321 16697 tablet_bootstrap.cc:654] T 17a8bb14481149b2bf9a2fdc86417d7e P d05b0e50089540909003aef34ea2ac97: Neither blocks nor log segments found. Creating new log.
I20260630 12:16:50.900506 16640 tablet_service.cc:1511] Processing CreateTablet for tablet f41b023eacab46888cf7c832ed980a0d (DEFAULT_TABLE table=range_aware_rebalance_new_range [id=8454822b2fbc4cf194d3f251bdb72b98]), partition=HASH (key) PARTITION 7, RANGE (key) PARTITION 10 <= VALUES < 20
I20260630 12:16:50.901932 16640 data_dirs.cc:400] Could only allocate 1 dirs of requested 3 for tablet f41b023eacab46888cf7c832ed980a0d. 1 dirs total, 0 dirs full, 0 dirs failed
I20260630 12:16:50.901633 16487 tablet_service.cc:1511] Processing CreateTablet for tablet f41b023eacab46888cf7c832ed980a0d (DEFAULT_TABLE table=range_aware_rebalance_new_range [id=8454822b2fbc4cf194d3f251bdb72b98]), partition=HASH (key) PARTITION 7, RANGE (key) PARTITION 10 <= VALUES < 20
I20260630 12:16:50.902736 16695 tablet_bootstrap.cc:492] T b76e7d920faf4369afdf136e4860c479 P 859abe038d074efd9f334560efbae1ba: Bootstrap starting.
I20260630 12:16:50.903086 16487 data_dirs.cc:400] Could only allocate 1 dirs of requested 3 for tablet f41b023eacab46888cf7c832ed980a0d. 1 dirs total, 0 dirs full, 0 dirs failed
I20260630 12:16:50.904501 16696 tablet_bootstrap.cc:492] T b76e7d920faf4369afdf136e4860c479 P 860bb2f3f9894039acefbed8180a0799: No bootstrap required, opened a new log
I20260630 12:16:50.904964 16696 ts_tablet_manager.cc:1403] T b76e7d920faf4369afdf136e4860c479 P 860bb2f3f9894039acefbed8180a0799: Time spent bootstrapping tablet: real 0.133s	user 0.019s	sys 0.023s
I20260630 12:16:50.911681 16696 raft_consensus.cc:359] T b76e7d920faf4369afdf136e4860c479 P 860bb2f3f9894039acefbed8180a0799 [term 0 FOLLOWER]: Replica starting. Triggering 0 pending ops. Active config: opid_index: -1 OBSOLETE_local: false peers { permanent_uuid: "d05b0e50089540909003aef34ea2ac97" member_type: VOTER last_known_addr { host: "127.13.12.4" port: 38773 } } peers { permanent_uuid: "859abe038d074efd9f334560efbae1ba" member_type: VOTER last_known_addr { host: "127.13.12.3" port: 45261 } } peers { permanent_uuid: "860bb2f3f9894039acefbed8180a0799" member_type: VOTER last_known_addr { host: "127.13.12.1" port: 41411 } }
I20260630 12:16:50.912478 16696 raft_consensus.cc:385] T b76e7d920faf4369afdf136e4860c479 P 860bb2f3f9894039acefbed8180a0799 [term 0 FOLLOWER]: Consensus starting up: Expiring failure detector timer to make a prompt election more likely
I20260630 12:16:50.912808 16696 raft_consensus.cc:740] T b76e7d920faf4369afdf136e4860c479 P 860bb2f3f9894039acefbed8180a0799 [term 0 FOLLOWER]: Becoming Follower/Learner. State: Replica: 860bb2f3f9894039acefbed8180a0799, State: Initialized, Role: FOLLOWER
I20260630 12:16:50.913708 16696 consensus_queue.cc:260] T b76e7d920faf4369afdf136e4860c479 P 860bb2f3f9894039acefbed8180a0799 [NON_LEADER]: Queue going to NON_LEADER mode. State: All replicated index: 0, Majority replicated index: 0, Committed index: 0, Last appended: 0.0, Last appended by leader: 0, Current term: 0, Majority size: -1, State: 0, Mode: NON_LEADER, active raft config: opid_index: -1 OBSOLETE_local: false peers { permanent_uuid: "d05b0e50089540909003aef34ea2ac97" member_type: VOTER last_known_addr { host: "127.13.12.4" port: 38773 } } peers { permanent_uuid: "859abe038d074efd9f334560efbae1ba" member_type: VOTER last_known_addr { host: "127.13.12.3" port: 45261 } } peers { permanent_uuid: "860bb2f3f9894039acefbed8180a0799" member_type: VOTER last_known_addr { host: "127.13.12.1" port: 41411 } }
I20260630 12:16:50.915832 16694 tablet_bootstrap.cc:654] T 17a8bb14481149b2bf9a2fdc86417d7e P 4b17fb721c944187b429733fcc9d6fca: Neither blocks nor log segments found. Creating new log.
I20260630 12:16:50.918169 16696 ts_tablet_manager.cc:1434] T b76e7d920faf4369afdf136e4860c479 P 860bb2f3f9894039acefbed8180a0799: Time spent starting tablet: real 0.013s	user 0.002s	sys 0.006s
I20260630 12:16:50.922942 16696 tablet_bootstrap.cc:492] T 17a8bb14481149b2bf9a2fdc86417d7e P 860bb2f3f9894039acefbed8180a0799: Bootstrap starting.
I20260630 12:16:50.922706 16332 tablet_service.cc:1511] Processing CreateTablet for tablet f41b023eacab46888cf7c832ed980a0d (DEFAULT_TABLE table=range_aware_rebalance_new_range [id=8454822b2fbc4cf194d3f251bdb72b98]), partition=HASH (key) PARTITION 7, RANGE (key) PARTITION 10 <= VALUES < 20
I20260630 12:16:50.926934 16332 data_dirs.cc:400] Could only allocate 1 dirs of requested 3 for tablet f41b023eacab46888cf7c832ed980a0d. 1 dirs total, 0 dirs full, 0 dirs failed
I20260630 12:16:50.941017 16482 data_dirs.cc:400] Could only allocate 1 dirs of requested 3 for tablet 60053d52abed4eaea4f27473d94e4f9d. 1 dirs total, 0 dirs full, 0 dirs failed
I20260630 12:16:50.942589 16696 tablet_bootstrap.cc:654] T 17a8bb14481149b2bf9a2fdc86417d7e P 860bb2f3f9894039acefbed8180a0799: Neither blocks nor log segments found. Creating new log.
I20260630 12:16:50.963115 16695 tablet_bootstrap.cc:654] T b76e7d920faf4369afdf136e4860c479 P 859abe038d074efd9f334560efbae1ba: Neither blocks nor log segments found. Creating new log.
I20260630 12:16:50.963428 16694 tablet_bootstrap.cc:492] T 17a8bb14481149b2bf9a2fdc86417d7e P 4b17fb721c944187b429733fcc9d6fca: No bootstrap required, opened a new log
I20260630 12:16:50.964322 16697 tablet_bootstrap.cc:492] T 17a8bb14481149b2bf9a2fdc86417d7e P d05b0e50089540909003aef34ea2ac97: No bootstrap required, opened a new log
I20260630 12:16:50.973037 16696 tablet_bootstrap.cc:492] T 17a8bb14481149b2bf9a2fdc86417d7e P 860bb2f3f9894039acefbed8180a0799: No bootstrap required, opened a new log
I20260630 12:16:50.980631 16694 ts_tablet_manager.cc:1403] T 17a8bb14481149b2bf9a2fdc86417d7e P 4b17fb721c944187b429733fcc9d6fca: Time spent bootstrapping tablet: real 0.212s	user 0.014s	sys 0.012s
I20260630 12:16:50.980804 16696 ts_tablet_manager.cc:1403] T 17a8bb14481149b2bf9a2fdc86417d7e P 860bb2f3f9894039acefbed8180a0799: Time spent bootstrapping tablet: real 0.058s	user 0.014s	sys 0.006s
I20260630 12:16:50.980782 16697 ts_tablet_manager.cc:1403] T 17a8bb14481149b2bf9a2fdc86417d7e P d05b0e50089540909003aef34ea2ac97: Time spent bootstrapping tablet: real 0.125s	user 0.021s	sys 0.023s
I20260630 12:16:50.983165 16694 raft_consensus.cc:359] T 17a8bb14481149b2bf9a2fdc86417d7e P 4b17fb721c944187b429733fcc9d6fca [term 0 FOLLOWER]: Replica starting. Triggering 0 pending ops. Active config: opid_index: -1 OBSOLETE_local: false peers { permanent_uuid: "4b17fb721c944187b429733fcc9d6fca" member_type: VOTER last_known_addr { host: "127.13.12.2" port: 41727 } } peers { permanent_uuid: "d05b0e50089540909003aef34ea2ac97" member_type: VOTER last_known_addr { host: "127.13.12.4" port: 38773 } } peers { permanent_uuid: "860bb2f3f9894039acefbed8180a0799" member_type: VOTER last_known_addr { host: "127.13.12.1" port: 41411 } }
I20260630 12:16:50.983722 16694 raft_consensus.cc:385] T 17a8bb14481149b2bf9a2fdc86417d7e P 4b17fb721c944187b429733fcc9d6fca [term 0 FOLLOWER]: Consensus starting up: Expiring failure detector timer to make a prompt election more likely
I20260630 12:16:50.983906 16694 raft_consensus.cc:740] T 17a8bb14481149b2bf9a2fdc86417d7e P 4b17fb721c944187b429733fcc9d6fca [term 0 FOLLOWER]: Becoming Follower/Learner. State: Replica: 4b17fb721c944187b429733fcc9d6fca, State: Initialized, Role: FOLLOWER
I20260630 12:16:50.983951 16697 raft_consensus.cc:359] T 17a8bb14481149b2bf9a2fdc86417d7e P d05b0e50089540909003aef34ea2ac97 [term 0 FOLLOWER]: Replica starting. Triggering 0 pending ops. Active config: opid_index: -1 OBSOLETE_local: false peers { permanent_uuid: "4b17fb721c944187b429733fcc9d6fca" member_type: VOTER last_known_addr { host: "127.13.12.2" port: 41727 } } peers { permanent_uuid: "d05b0e50089540909003aef34ea2ac97" member_type: VOTER last_known_addr { host: "127.13.12.4" port: 38773 } } peers { permanent_uuid: "860bb2f3f9894039acefbed8180a0799" member_type: VOTER last_known_addr { host: "127.13.12.1" port: 41411 } }
I20260630 12:16:50.984397 16694 consensus_queue.cc:260] T 17a8bb14481149b2bf9a2fdc86417d7e P 4b17fb721c944187b429733fcc9d6fca [NON_LEADER]: Queue going to NON_LEADER mode. State: All replicated index: 0, Majority replicated index: 0, Committed index: 0, Last appended: 0.0, Last appended by leader: 0, Current term: 0, Majority size: -1, State: 0, Mode: NON_LEADER, active raft config: opid_index: -1 OBSOLETE_local: false peers { permanent_uuid: "4b17fb721c944187b429733fcc9d6fca" member_type: VOTER last_known_addr { host: "127.13.12.2" port: 41727 } } peers { permanent_uuid: "d05b0e50089540909003aef34ea2ac97" member_type: VOTER last_known_addr { host: "127.13.12.4" port: 38773 } } peers { permanent_uuid: "860bb2f3f9894039acefbed8180a0799" member_type: VOTER last_known_addr { host: "127.13.12.1" port: 41411 } }
I20260630 12:16:50.984167 16696 raft_consensus.cc:359] T 17a8bb14481149b2bf9a2fdc86417d7e P 860bb2f3f9894039acefbed8180a0799 [term 0 FOLLOWER]: Replica starting. Triggering 0 pending ops. Active config: opid_index: -1 OBSOLETE_local: false peers { permanent_uuid: "4b17fb721c944187b429733fcc9d6fca" member_type: VOTER last_known_addr { host: "127.13.12.2" port: 41727 } } peers { permanent_uuid: "d05b0e50089540909003aef34ea2ac97" member_type: VOTER last_known_addr { host: "127.13.12.4" port: 38773 } } peers { permanent_uuid: "860bb2f3f9894039acefbed8180a0799" member_type: VOTER last_known_addr { host: "127.13.12.1" port: 41411 } }
I20260630 12:16:50.984930 16697 raft_consensus.cc:385] T 17a8bb14481149b2bf9a2fdc86417d7e P d05b0e50089540909003aef34ea2ac97 [term 0 FOLLOWER]: Consensus starting up: Expiring failure detector timer to make a prompt election more likely
I20260630 12:16:50.985328 16696 raft_consensus.cc:385] T 17a8bb14481149b2bf9a2fdc86417d7e P 860bb2f3f9894039acefbed8180a0799 [term 0 FOLLOWER]: Consensus starting up: Expiring failure detector timer to make a prompt election more likely
I20260630 12:16:50.985357 16697 raft_consensus.cc:740] T 17a8bb14481149b2bf9a2fdc86417d7e P d05b0e50089540909003aef34ea2ac97 [term 0 FOLLOWER]: Becoming Follower/Learner. State: Replica: d05b0e50089540909003aef34ea2ac97, State: Initialized, Role: FOLLOWER
I20260630 12:16:50.985797 16696 raft_consensus.cc:740] T 17a8bb14481149b2bf9a2fdc86417d7e P 860bb2f3f9894039acefbed8180a0799 [term 0 FOLLOWER]: Becoming Follower/Learner. State: Replica: 860bb2f3f9894039acefbed8180a0799, State: Initialized, Role: FOLLOWER
I20260630 12:16:50.986212 16697 consensus_queue.cc:260] T 17a8bb14481149b2bf9a2fdc86417d7e P d05b0e50089540909003aef34ea2ac97 [NON_LEADER]: Queue going to NON_LEADER mode. State: All replicated index: 0, Majority replicated index: 0, Committed index: 0, Last appended: 0.0, Last appended by leader: 0, Current term: 0, Majority size: -1, State: 0, Mode: NON_LEADER, active raft config: opid_index: -1 OBSOLETE_local: false peers { permanent_uuid: "4b17fb721c944187b429733fcc9d6fca" member_type: VOTER last_known_addr { host: "127.13.12.2" port: 41727 } } peers { permanent_uuid: "d05b0e50089540909003aef34ea2ac97" member_type: VOTER last_known_addr { host: "127.13.12.4" port: 38773 } } peers { permanent_uuid: "860bb2f3f9894039acefbed8180a0799" member_type: VOTER last_known_addr { host: "127.13.12.1" port: 41411 } }
I20260630 12:16:50.986517 16696 consensus_queue.cc:260] T 17a8bb14481149b2bf9a2fdc86417d7e P 860bb2f3f9894039acefbed8180a0799 [NON_LEADER]: Queue going to NON_LEADER mode. State: All replicated index: 0, Majority replicated index: 0, Committed index: 0, Last appended: 0.0, Last appended by leader: 0, Current term: 0, Majority size: -1, State: 0, Mode: NON_LEADER, active raft config: opid_index: -1 OBSOLETE_local: false peers { permanent_uuid: "4b17fb721c944187b429733fcc9d6fca" member_type: VOTER last_known_addr { host: "127.13.12.2" port: 41727 } } peers { permanent_uuid: "d05b0e50089540909003aef34ea2ac97" member_type: VOTER last_known_addr { host: "127.13.12.4" port: 38773 } } peers { permanent_uuid: "860bb2f3f9894039acefbed8180a0799" member_type: VOTER last_known_addr { host: "127.13.12.1" port: 41411 } }
I20260630 12:16:50.986701 16694 ts_tablet_manager.cc:1434] T 17a8bb14481149b2bf9a2fdc86417d7e P 4b17fb721c944187b429733fcc9d6fca: Time spent starting tablet: real 0.006s	user 0.002s	sys 0.000s
I20260630 12:16:50.988260 16694 tablet_bootstrap.cc:492] T 3c8ad8ffa4e34accb2c5b144cdaa035e P 4b17fb721c944187b429733fcc9d6fca: Bootstrap starting.
I20260630 12:16:50.988978 16696 ts_tablet_manager.cc:1434] T 17a8bb14481149b2bf9a2fdc86417d7e P 860bb2f3f9894039acefbed8180a0799: Time spent starting tablet: real 0.008s	user 0.007s	sys 0.000s
I20260630 12:16:50.989997 16696 tablet_bootstrap.cc:492] T 60053d52abed4eaea4f27473d94e4f9d P 860bb2f3f9894039acefbed8180a0799: Bootstrap starting.
W20260630 12:16:50.996479 16295 auto_rebalancer.cc:298] Could not retrieve cluster info: Service unavailable: Tablet not running
I20260630 12:16:50.996516 16696 tablet_bootstrap.cc:654] T 60053d52abed4eaea4f27473d94e4f9d P 860bb2f3f9894039acefbed8180a0799: Neither blocks nor log segments found. Creating new log.
I20260630 12:16:50.997186 16694 tablet_bootstrap.cc:654] T 3c8ad8ffa4e34accb2c5b144cdaa035e P 4b17fb721c944187b429733fcc9d6fca: Neither blocks nor log segments found. Creating new log.
I20260630 12:16:51.008824 16696 tablet_bootstrap.cc:492] T 60053d52abed4eaea4f27473d94e4f9d P 860bb2f3f9894039acefbed8180a0799: No bootstrap required, opened a new log
I20260630 12:16:51.009122 16694 tablet_bootstrap.cc:492] T 3c8ad8ffa4e34accb2c5b144cdaa035e P 4b17fb721c944187b429733fcc9d6fca: No bootstrap required, opened a new log
I20260630 12:16:51.009315 16696 ts_tablet_manager.cc:1403] T 60053d52abed4eaea4f27473d94e4f9d P 860bb2f3f9894039acefbed8180a0799: Time spent bootstrapping tablet: real 0.020s	user 0.012s	sys 0.004s
I20260630 12:16:51.009598 16694 ts_tablet_manager.cc:1403] T 3c8ad8ffa4e34accb2c5b144cdaa035e P 4b17fb721c944187b429733fcc9d6fca: Time spent bootstrapping tablet: real 0.022s	user 0.005s	sys 0.005s
I20260630 12:16:51.012723 16696 raft_consensus.cc:359] T 60053d52abed4eaea4f27473d94e4f9d P 860bb2f3f9894039acefbed8180a0799 [term 0 FOLLOWER]: Replica starting. Triggering 0 pending ops. Active config: opid_index: -1 OBSOLETE_local: false peers { permanent_uuid: "860bb2f3f9894039acefbed8180a0799" member_type: VOTER last_known_addr { host: "127.13.12.1" port: 41411 } } peers { permanent_uuid: "d05b0e50089540909003aef34ea2ac97" member_type: VOTER last_known_addr { host: "127.13.12.4" port: 38773 } } peers { permanent_uuid: "859abe038d074efd9f334560efbae1ba" member_type: VOTER last_known_addr { host: "127.13.12.3" port: 45261 } }
I20260630 12:16:51.013408 16694 raft_consensus.cc:359] T 3c8ad8ffa4e34accb2c5b144cdaa035e P 4b17fb721c944187b429733fcc9d6fca [term 0 FOLLOWER]: Replica starting. Triggering 0 pending ops. Active config: opid_index: -1 OBSOLETE_local: false peers { permanent_uuid: "860bb2f3f9894039acefbed8180a0799" member_type: VOTER last_known_addr { host: "127.13.12.1" port: 41411 } } peers { permanent_uuid: "d05b0e50089540909003aef34ea2ac97" member_type: VOTER last_known_addr { host: "127.13.12.4" port: 38773 } } peers { permanent_uuid: "4b17fb721c944187b429733fcc9d6fca" member_type: VOTER last_known_addr { host: "127.13.12.2" port: 41727 } }
I20260630 12:16:51.013715 16696 raft_consensus.cc:385] T 60053d52abed4eaea4f27473d94e4f9d P 860bb2f3f9894039acefbed8180a0799 [term 0 FOLLOWER]: Consensus starting up: Expiring failure detector timer to make a prompt election more likely
I20260630 12:16:51.014158 16694 raft_consensus.cc:385] T 3c8ad8ffa4e34accb2c5b144cdaa035e P 4b17fb721c944187b429733fcc9d6fca [term 0 FOLLOWER]: Consensus starting up: Expiring failure detector timer to make a prompt election more likely
I20260630 12:16:51.014295 16696 raft_consensus.cc:740] T 60053d52abed4eaea4f27473d94e4f9d P 860bb2f3f9894039acefbed8180a0799 [term 0 FOLLOWER]: Becoming Follower/Learner. State: Replica: 860bb2f3f9894039acefbed8180a0799, State: Initialized, Role: FOLLOWER
I20260630 12:16:51.014531 16694 raft_consensus.cc:740] T 3c8ad8ffa4e34accb2c5b144cdaa035e P 4b17fb721c944187b429733fcc9d6fca [term 0 FOLLOWER]: Becoming Follower/Learner. State: Replica: 4b17fb721c944187b429733fcc9d6fca, State: Initialized, Role: FOLLOWER
I20260630 12:16:51.015475 16696 consensus_queue.cc:260] T 60053d52abed4eaea4f27473d94e4f9d P 860bb2f3f9894039acefbed8180a0799 [NON_LEADER]: Queue going to NON_LEADER mode. State: All replicated index: 0, Majority replicated index: 0, Committed index: 0, Last appended: 0.0, Last appended by leader: 0, Current term: 0, Majority size: -1, State: 0, Mode: NON_LEADER, active raft config: opid_index: -1 OBSOLETE_local: false peers { permanent_uuid: "860bb2f3f9894039acefbed8180a0799" member_type: VOTER last_known_addr { host: "127.13.12.1" port: 41411 } } peers { permanent_uuid: "d05b0e50089540909003aef34ea2ac97" member_type: VOTER last_known_addr { host: "127.13.12.4" port: 38773 } } peers { permanent_uuid: "859abe038d074efd9f334560efbae1ba" member_type: VOTER last_known_addr { host: "127.13.12.3" port: 45261 } }
I20260630 12:16:51.017784 16696 ts_tablet_manager.cc:1434] T 60053d52abed4eaea4f27473d94e4f9d P 860bb2f3f9894039acefbed8180a0799: Time spent starting tablet: real 0.008s	user 0.008s	sys 0.000s
I20260630 12:16:51.018114 16694 consensus_queue.cc:260] T 3c8ad8ffa4e34accb2c5b144cdaa035e P 4b17fb721c944187b429733fcc9d6fca [NON_LEADER]: Queue going to NON_LEADER mode. State: All replicated index: 0, Majority replicated index: 0, Committed index: 0, Last appended: 0.0, Last appended by leader: 0, Current term: 0, Majority size: -1, State: 0, Mode: NON_LEADER, active raft config: opid_index: -1 OBSOLETE_local: false peers { permanent_uuid: "860bb2f3f9894039acefbed8180a0799" member_type: VOTER last_known_addr { host: "127.13.12.1" port: 41411 } } peers { permanent_uuid: "d05b0e50089540909003aef34ea2ac97" member_type: VOTER last_known_addr { host: "127.13.12.4" port: 38773 } } peers { permanent_uuid: "4b17fb721c944187b429733fcc9d6fca" member_type: VOTER last_known_addr { host: "127.13.12.2" port: 41727 } }
I20260630 12:16:51.019043 16696 tablet_bootstrap.cc:492] T 3c8ad8ffa4e34accb2c5b144cdaa035e P 860bb2f3f9894039acefbed8180a0799: Bootstrap starting.
I20260630 12:16:51.020328 16694 ts_tablet_manager.cc:1434] T 3c8ad8ffa4e34accb2c5b144cdaa035e P 4b17fb721c944187b429733fcc9d6fca: Time spent starting tablet: real 0.010s	user 0.007s	sys 0.000s
I20260630 12:16:51.027048 16696 tablet_bootstrap.cc:654] T 3c8ad8ffa4e34accb2c5b144cdaa035e P 860bb2f3f9894039acefbed8180a0799: Neither blocks nor log segments found. Creating new log.
I20260630 12:16:51.021317 16694 tablet_bootstrap.cc:492] T f7d275a16a574fc2bac7faa82a04156d P 4b17fb721c944187b429733fcc9d6fca: Bootstrap starting.
I20260630 12:16:51.036487 16683 heartbeater.cc:499] Master 127.13.12.62:39901 was elected leader, sending a full tablet report...
I20260630 12:16:51.046173 16695 tablet_bootstrap.cc:492] T b76e7d920faf4369afdf136e4860c479 P 859abe038d074efd9f334560efbae1ba: No bootstrap required, opened a new log
I20260630 12:16:51.046702 16695 ts_tablet_manager.cc:1403] T b76e7d920faf4369afdf136e4860c479 P 859abe038d074efd9f334560efbae1ba: Time spent bootstrapping tablet: real 0.158s	user 0.033s	sys 0.010s
I20260630 12:16:51.049458 16695 raft_consensus.cc:359] T b76e7d920faf4369afdf136e4860c479 P 859abe038d074efd9f334560efbae1ba [term 0 FOLLOWER]: Replica starting. Triggering 0 pending ops. Active config: opid_index: -1 OBSOLETE_local: false peers { permanent_uuid: "d05b0e50089540909003aef34ea2ac97" member_type: VOTER last_known_addr { host: "127.13.12.4" port: 38773 } } peers { permanent_uuid: "859abe038d074efd9f334560efbae1ba" member_type: VOTER last_known_addr { host: "127.13.12.3" port: 45261 } } peers { permanent_uuid: "860bb2f3f9894039acefbed8180a0799" member_type: VOTER last_known_addr { host: "127.13.12.1" port: 41411 } }
I20260630 12:16:51.050176 16695 raft_consensus.cc:385] T b76e7d920faf4369afdf136e4860c479 P 859abe038d074efd9f334560efbae1ba [term 0 FOLLOWER]: Consensus starting up: Expiring failure detector timer to make a prompt election more likely
I20260630 12:16:51.050496 16695 raft_consensus.cc:740] T b76e7d920faf4369afdf136e4860c479 P 859abe038d074efd9f334560efbae1ba [term 0 FOLLOWER]: Becoming Follower/Learner. State: Replica: 859abe038d074efd9f334560efbae1ba, State: Initialized, Role: FOLLOWER
I20260630 12:16:51.055333 16695 consensus_queue.cc:260] T b76e7d920faf4369afdf136e4860c479 P 859abe038d074efd9f334560efbae1ba [NON_LEADER]: Queue going to NON_LEADER mode. State: All replicated index: 0, Majority replicated index: 0, Committed index: 0, Last appended: 0.0, Last appended by leader: 0, Current term: 0, Majority size: -1, State: 0, Mode: NON_LEADER, active raft config: opid_index: -1 OBSOLETE_local: false peers { permanent_uuid: "d05b0e50089540909003aef34ea2ac97" member_type: VOTER last_known_addr { host: "127.13.12.4" port: 38773 } } peers { permanent_uuid: "859abe038d074efd9f334560efbae1ba" member_type: VOTER last_known_addr { host: "127.13.12.3" port: 45261 } } peers { permanent_uuid: "860bb2f3f9894039acefbed8180a0799" member_type: VOTER last_known_addr { host: "127.13.12.1" port: 41411 } }
I20260630 12:16:51.056373 16697 ts_tablet_manager.cc:1434] T 17a8bb14481149b2bf9a2fdc86417d7e P d05b0e50089540909003aef34ea2ac97: Time spent starting tablet: real 0.075s	user 0.020s	sys 0.009s
I20260630 12:16:51.057655 16697 tablet_bootstrap.cc:492] T 3c8ad8ffa4e34accb2c5b144cdaa035e P d05b0e50089540909003aef34ea2ac97: Bootstrap starting.
I20260630 12:16:51.058037 16694 tablet_bootstrap.cc:654] T f7d275a16a574fc2bac7faa82a04156d P 4b17fb721c944187b429733fcc9d6fca: Neither blocks nor log segments found. Creating new log.
I20260630 12:16:51.059433 16695 ts_tablet_manager.cc:1434] T b76e7d920faf4369afdf136e4860c479 P 859abe038d074efd9f334560efbae1ba: Time spent starting tablet: real 0.012s	user 0.001s	sys 0.006s
I20260630 12:16:51.060388 16695 tablet_bootstrap.cc:492] T f7d275a16a574fc2bac7faa82a04156d P 859abe038d074efd9f334560efbae1ba: Bootstrap starting.
I20260630 12:16:51.066231 16697 tablet_bootstrap.cc:654] T 3c8ad8ffa4e34accb2c5b144cdaa035e P d05b0e50089540909003aef34ea2ac97: Neither blocks nor log segments found. Creating new log.
I20260630 12:16:51.069454 16696 tablet_bootstrap.cc:492] T 3c8ad8ffa4e34accb2c5b144cdaa035e P 860bb2f3f9894039acefbed8180a0799: No bootstrap required, opened a new log
I20260630 12:16:51.069967 16696 ts_tablet_manager.cc:1403] T 3c8ad8ffa4e34accb2c5b144cdaa035e P 860bb2f3f9894039acefbed8180a0799: Time spent bootstrapping tablet: real 0.051s	user 0.015s	sys 0.034s
I20260630 12:16:51.073421 16694 tablet_bootstrap.cc:492] T f7d275a16a574fc2bac7faa82a04156d P 4b17fb721c944187b429733fcc9d6fca: No bootstrap required, opened a new log
I20260630 12:16:51.073432 16696 raft_consensus.cc:359] T 3c8ad8ffa4e34accb2c5b144cdaa035e P 860bb2f3f9894039acefbed8180a0799 [term 0 FOLLOWER]: Replica starting. Triggering 0 pending ops. Active config: opid_index: -1 OBSOLETE_local: false peers { permanent_uuid: "860bb2f3f9894039acefbed8180a0799" member_type: VOTER last_known_addr { host: "127.13.12.1" port: 41411 } } peers { permanent_uuid: "d05b0e50089540909003aef34ea2ac97" member_type: VOTER last_known_addr { host: "127.13.12.4" port: 38773 } } peers { permanent_uuid: "4b17fb721c944187b429733fcc9d6fca" member_type: VOTER last_known_addr { host: "127.13.12.2" port: 41727 } }
I20260630 12:16:51.074128 16694 ts_tablet_manager.cc:1403] T f7d275a16a574fc2bac7faa82a04156d P 4b17fb721c944187b429733fcc9d6fca: Time spent bootstrapping tablet: real 0.053s	user 0.010s	sys 0.012s
I20260630 12:16:51.074450 16696 raft_consensus.cc:385] T 3c8ad8ffa4e34accb2c5b144cdaa035e P 860bb2f3f9894039acefbed8180a0799 [term 0 FOLLOWER]: Consensus starting up: Expiring failure detector timer to make a prompt election more likely
I20260630 12:16:51.074792 16695 tablet_bootstrap.cc:654] T f7d275a16a574fc2bac7faa82a04156d P 859abe038d074efd9f334560efbae1ba: Neither blocks nor log segments found. Creating new log.
I20260630 12:16:51.074841 16696 raft_consensus.cc:740] T 3c8ad8ffa4e34accb2c5b144cdaa035e P 860bb2f3f9894039acefbed8180a0799 [term 0 FOLLOWER]: Becoming Follower/Learner. State: Replica: 860bb2f3f9894039acefbed8180a0799, State: Initialized, Role: FOLLOWER
I20260630 12:16:51.075855 16696 consensus_queue.cc:260] T 3c8ad8ffa4e34accb2c5b144cdaa035e P 860bb2f3f9894039acefbed8180a0799 [NON_LEADER]: Queue going to NON_LEADER mode. State: All replicated index: 0, Majority replicated index: 0, Committed index: 0, Last appended: 0.0, Last appended by leader: 0, Current term: 0, Majority size: -1, State: 0, Mode: NON_LEADER, active raft config: opid_index: -1 OBSOLETE_local: false peers { permanent_uuid: "860bb2f3f9894039acefbed8180a0799" member_type: VOTER last_known_addr { host: "127.13.12.1" port: 41411 } } peers { permanent_uuid: "d05b0e50089540909003aef34ea2ac97" member_type: VOTER last_known_addr { host: "127.13.12.4" port: 38773 } } peers { permanent_uuid: "4b17fb721c944187b429733fcc9d6fca" member_type: VOTER last_known_addr { host: "127.13.12.2" port: 41727 } }
I20260630 12:16:51.078557 16694 raft_consensus.cc:359] T f7d275a16a574fc2bac7faa82a04156d P 4b17fb721c944187b429733fcc9d6fca [term 0 FOLLOWER]: Replica starting. Triggering 0 pending ops. Active config: opid_index: -1 OBSOLETE_local: false peers { permanent_uuid: "d05b0e50089540909003aef34ea2ac97" member_type: VOTER last_known_addr { host: "127.13.12.4" port: 38773 } } peers { permanent_uuid: "4b17fb721c944187b429733fcc9d6fca" member_type: VOTER last_known_addr { host: "127.13.12.2" port: 41727 } } peers { permanent_uuid: "859abe038d074efd9f334560efbae1ba" member_type: VOTER last_known_addr { host: "127.13.12.3" port: 45261 } }
I20260630 12:16:51.079655 16694 raft_consensus.cc:385] T f7d275a16a574fc2bac7faa82a04156d P 4b17fb721c944187b429733fcc9d6fca [term 0 FOLLOWER]: Consensus starting up: Expiring failure detector timer to make a prompt election more likely
I20260630 12:16:51.080210 16694 raft_consensus.cc:740] T f7d275a16a574fc2bac7faa82a04156d P 4b17fb721c944187b429733fcc9d6fca [term 0 FOLLOWER]: Becoming Follower/Learner. State: Replica: 4b17fb721c944187b429733fcc9d6fca, State: Initialized, Role: FOLLOWER
I20260630 12:16:51.081259 16697 tablet_bootstrap.cc:492] T 3c8ad8ffa4e34accb2c5b144cdaa035e P d05b0e50089540909003aef34ea2ac97: No bootstrap required, opened a new log
I20260630 12:16:51.081732 16697 ts_tablet_manager.cc:1403] T 3c8ad8ffa4e34accb2c5b144cdaa035e P d05b0e50089540909003aef34ea2ac97: Time spent bootstrapping tablet: real 0.024s	user 0.010s	sys 0.005s
I20260630 12:16:51.081668 16694 consensus_queue.cc:260] T f7d275a16a574fc2bac7faa82a04156d P 4b17fb721c944187b429733fcc9d6fca [NON_LEADER]: Queue going to NON_LEADER mode. State: All replicated index: 0, Majority replicated index: 0, Committed index: 0, Last appended: 0.0, Last appended by leader: 0, Current term: 0, Majority size: -1, State: 0, Mode: NON_LEADER, active raft config: opid_index: -1 OBSOLETE_local: false peers { permanent_uuid: "d05b0e50089540909003aef34ea2ac97" member_type: VOTER last_known_addr { host: "127.13.12.4" port: 38773 } } peers { permanent_uuid: "4b17fb721c944187b429733fcc9d6fca" member_type: VOTER last_known_addr { host: "127.13.12.2" port: 41727 } } peers { permanent_uuid: "859abe038d074efd9f334560efbae1ba" member_type: VOTER last_known_addr { host: "127.13.12.3" port: 45261 } }
I20260630 12:16:51.086551 16245 catalog_manager.cc:6242] T 00000000000000000000000000000000 P 8d0e4c4380ab4cf38758e774ff923165: range_aware_rebalance_new_range [id=8454822b2fbc4cf194d3f251bdb72b98] alter complete (version 0)
I20260630 12:16:51.091535 16697 raft_consensus.cc:359] T 3c8ad8ffa4e34accb2c5b144cdaa035e P d05b0e50089540909003aef34ea2ac97 [term 0 FOLLOWER]: Replica starting. Triggering 0 pending ops. Active config: opid_index: -1 OBSOLETE_local: false peers { permanent_uuid: "860bb2f3f9894039acefbed8180a0799" member_type: VOTER last_known_addr { host: "127.13.12.1" port: 41411 } } peers { permanent_uuid: "d05b0e50089540909003aef34ea2ac97" member_type: VOTER last_known_addr { host: "127.13.12.4" port: 38773 } } peers { permanent_uuid: "4b17fb721c944187b429733fcc9d6fca" member_type: VOTER last_known_addr { host: "127.13.12.2" port: 41727 } }
I20260630 12:16:51.092243 16697 raft_consensus.cc:385] T 3c8ad8ffa4e34accb2c5b144cdaa035e P d05b0e50089540909003aef34ea2ac97 [term 0 FOLLOWER]: Consensus starting up: Expiring failure detector timer to make a prompt election more likely
I20260630 12:16:51.092530 16697 raft_consensus.cc:740] T 3c8ad8ffa4e34accb2c5b144cdaa035e P d05b0e50089540909003aef34ea2ac97 [term 0 FOLLOWER]: Becoming Follower/Learner. State: Replica: d05b0e50089540909003aef34ea2ac97, State: Initialized, Role: FOLLOWER
I20260630 12:16:51.093271 16697 consensus_queue.cc:260] T 3c8ad8ffa4e34accb2c5b144cdaa035e P d05b0e50089540909003aef34ea2ac97 [NON_LEADER]: Queue going to NON_LEADER mode. State: All replicated index: 0, Majority replicated index: 0, Committed index: 0, Last appended: 0.0, Last appended by leader: 0, Current term: 0, Majority size: -1, State: 0, Mode: NON_LEADER, active raft config: opid_index: -1 OBSOLETE_local: false peers { permanent_uuid: "860bb2f3f9894039acefbed8180a0799" member_type: VOTER last_known_addr { host: "127.13.12.1" port: 41411 } } peers { permanent_uuid: "d05b0e50089540909003aef34ea2ac97" member_type: VOTER last_known_addr { host: "127.13.12.4" port: 38773 } } peers { permanent_uuid: "4b17fb721c944187b429733fcc9d6fca" member_type: VOTER last_known_addr { host: "127.13.12.2" port: 41727 } }
I20260630 12:16:51.095651 16694 ts_tablet_manager.cc:1434] T f7d275a16a574fc2bac7faa82a04156d P 4b17fb721c944187b429733fcc9d6fca: Time spent starting tablet: real 0.021s	user 0.009s	sys 0.000s
I20260630 12:16:51.096637 16694 tablet_bootstrap.cc:492] T ec62c60ee9954f42a924e3f691e9a645 P 4b17fb721c944187b429733fcc9d6fca: Bootstrap starting.
I20260630 12:16:51.097534 16697 ts_tablet_manager.cc:1434] T 3c8ad8ffa4e34accb2c5b144cdaa035e P d05b0e50089540909003aef34ea2ac97: Time spent starting tablet: real 0.011s	user 0.005s	sys 0.001s
I20260630 12:16:51.098651 16697 tablet_bootstrap.cc:492] T b76e7d920faf4369afdf136e4860c479 P d05b0e50089540909003aef34ea2ac97: Bootstrap starting.
I20260630 12:16:51.099228 16577 raft_consensus.cc:493] T 60053d52abed4eaea4f27473d94e4f9d P 860bb2f3f9894039acefbed8180a0799 [term 0 FOLLOWER]: Starting pre-election (no leader contacted us within the election timeout)
I20260630 12:16:51.099723 16577 raft_consensus.cc:515] T 60053d52abed4eaea4f27473d94e4f9d P 860bb2f3f9894039acefbed8180a0799 [term 0 FOLLOWER]: Starting pre-election with config: opid_index: -1 OBSOLETE_local: false peers { permanent_uuid: "860bb2f3f9894039acefbed8180a0799" member_type: VOTER last_known_addr { host: "127.13.12.1" port: 41411 } } peers { permanent_uuid: "d05b0e50089540909003aef34ea2ac97" member_type: VOTER last_known_addr { host: "127.13.12.4" port: 38773 } } peers { permanent_uuid: "859abe038d074efd9f334560efbae1ba" member_type: VOTER last_known_addr { host: "127.13.12.3" port: 45261 } }
I20260630 12:16:51.101939 16577 leader_election.cc:290] T 60053d52abed4eaea4f27473d94e4f9d P 860bb2f3f9894039acefbed8180a0799 [CANDIDATE]: Term 1 pre-election: Requested pre-vote from peers d05b0e50089540909003aef34ea2ac97 (127.13.12.4:38773), 859abe038d074efd9f334560efbae1ba (127.13.12.3:45261)
I20260630 12:16:51.102252 16696 ts_tablet_manager.cc:1434] T 3c8ad8ffa4e34accb2c5b144cdaa035e P 860bb2f3f9894039acefbed8180a0799: Time spent starting tablet: real 0.032s	user 0.008s	sys 0.001s
I20260630 12:16:51.104252 16695 tablet_bootstrap.cc:492] T f7d275a16a574fc2bac7faa82a04156d P 859abe038d074efd9f334560efbae1ba: No bootstrap required, opened a new log
I20260630 12:16:51.104724 16695 ts_tablet_manager.cc:1403] T f7d275a16a574fc2bac7faa82a04156d P 859abe038d074efd9f334560efbae1ba: Time spent bootstrapping tablet: real 0.045s	user 0.015s	sys 0.007s
I20260630 12:16:51.104615 16497 tablet_service.cc:1917] Received RequestConsensusVote() RPC: tablet_id: "60053d52abed4eaea4f27473d94e4f9d" candidate_uuid: "860bb2f3f9894039acefbed8180a0799" candidate_term: 1 candidate_status { last_received { term: 0 index: 0 } } ignore_live_leader: false dest_uuid: "859abe038d074efd9f334560efbae1ba" is_pre_election: true
I20260630 12:16:51.105199 16697 tablet_bootstrap.cc:654] T b76e7d920faf4369afdf136e4860c479 P d05b0e50089540909003aef34ea2ac97: Neither blocks nor log segments found. Creating new log.
I20260630 12:16:51.105479 16696 tablet_bootstrap.cc:492] T ec62c60ee9954f42a924e3f691e9a645 P 860bb2f3f9894039acefbed8180a0799: Bootstrap starting.
W20260630 12:16:51.107643 16312 leader_election.cc:343] T 60053d52abed4eaea4f27473d94e4f9d P 860bb2f3f9894039acefbed8180a0799 [CANDIDATE]: Term 1 pre-election: Tablet error from VoteRequest() call to peer 859abe038d074efd9f334560efbae1ba (127.13.12.3:45261): Illegal state: must be running to vote when last-logged opid is not known
I20260630 12:16:51.107681 16695 raft_consensus.cc:359] T f7d275a16a574fc2bac7faa82a04156d P 859abe038d074efd9f334560efbae1ba [term 0 FOLLOWER]: Replica starting. Triggering 0 pending ops. Active config: opid_index: -1 OBSOLETE_local: false peers { permanent_uuid: "d05b0e50089540909003aef34ea2ac97" member_type: VOTER last_known_addr { host: "127.13.12.4" port: 38773 } } peers { permanent_uuid: "4b17fb721c944187b429733fcc9d6fca" member_type: VOTER last_known_addr { host: "127.13.12.2" port: 41727 } } peers { permanent_uuid: "859abe038d074efd9f334560efbae1ba" member_type: VOTER last_known_addr { host: "127.13.12.3" port: 45261 } }
I20260630 12:16:51.108507 16695 raft_consensus.cc:385] T f7d275a16a574fc2bac7faa82a04156d P 859abe038d074efd9f334560efbae1ba [term 0 FOLLOWER]: Consensus starting up: Expiring failure detector timer to make a prompt election more likely
I20260630 12:16:51.108850 16695 raft_consensus.cc:740] T f7d275a16a574fc2bac7faa82a04156d P 859abe038d074efd9f334560efbae1ba [term 0 FOLLOWER]: Becoming Follower/Learner. State: Replica: 859abe038d074efd9f334560efbae1ba, State: Initialized, Role: FOLLOWER
I20260630 12:16:51.113281 16694 tablet_bootstrap.cc:654] T ec62c60ee9954f42a924e3f691e9a645 P 4b17fb721c944187b429733fcc9d6fca: Neither blocks nor log segments found. Creating new log.
I20260630 12:16:51.113698 16696 tablet_bootstrap.cc:654] T ec62c60ee9954f42a924e3f691e9a645 P 860bb2f3f9894039acefbed8180a0799: Neither blocks nor log segments found. Creating new log.
I20260630 12:16:51.116452 16695 consensus_queue.cc:260] T f7d275a16a574fc2bac7faa82a04156d P 859abe038d074efd9f334560efbae1ba [NON_LEADER]: Queue going to NON_LEADER mode. State: All replicated index: 0, Majority replicated index: 0, Committed index: 0, Last appended: 0.0, Last appended by leader: 0, Current term: 0, Majority size: -1, State: 0, Mode: NON_LEADER, active raft config: opid_index: -1 OBSOLETE_local: false peers { permanent_uuid: "d05b0e50089540909003aef34ea2ac97" member_type: VOTER last_known_addr { host: "127.13.12.4" port: 38773 } } peers { permanent_uuid: "4b17fb721c944187b429733fcc9d6fca" member_type: VOTER last_known_addr { host: "127.13.12.2" port: 41727 } } peers { permanent_uuid: "859abe038d074efd9f334560efbae1ba" member_type: VOTER last_known_addr { host: "127.13.12.3" port: 45261 } }
I20260630 12:16:51.121483 16695 ts_tablet_manager.cc:1434] T f7d275a16a574fc2bac7faa82a04156d P 859abe038d074efd9f334560efbae1ba: Time spent starting tablet: real 0.016s	user 0.009s	sys 0.000s
I20260630 12:16:51.122458 16695 tablet_bootstrap.cc:492] T 709b4085b743408aad7851c656b18cb3 P 859abe038d074efd9f334560efbae1ba: Bootstrap starting.
I20260630 12:16:51.132360 16696 tablet_bootstrap.cc:492] T ec62c60ee9954f42a924e3f691e9a645 P 860bb2f3f9894039acefbed8180a0799: No bootstrap required, opened a new log
I20260630 12:16:51.132962 16696 ts_tablet_manager.cc:1403] T ec62c60ee9954f42a924e3f691e9a645 P 860bb2f3f9894039acefbed8180a0799: Time spent bootstrapping tablet: real 0.028s	user 0.013s	sys 0.013s
I20260630 12:16:51.135869 16696 raft_consensus.cc:359] T ec62c60ee9954f42a924e3f691e9a645 P 860bb2f3f9894039acefbed8180a0799 [term 0 FOLLOWER]: Replica starting. Triggering 0 pending ops. Active config: opid_index: -1 OBSOLETE_local: false peers { permanent_uuid: "4b17fb721c944187b429733fcc9d6fca" member_type: VOTER last_known_addr { host: "127.13.12.2" port: 41727 } } peers { permanent_uuid: "d05b0e50089540909003aef34ea2ac97" member_type: VOTER last_known_addr { host: "127.13.12.4" port: 38773 } } peers { permanent_uuid: "860bb2f3f9894039acefbed8180a0799" member_type: VOTER last_known_addr { host: "127.13.12.1" port: 41411 } }
I20260630 12:16:51.136572 16696 raft_consensus.cc:385] T ec62c60ee9954f42a924e3f691e9a645 P 860bb2f3f9894039acefbed8180a0799 [term 0 FOLLOWER]: Consensus starting up: Expiring failure detector timer to make a prompt election more likely
I20260630 12:16:51.136901 16694 tablet_bootstrap.cc:492] T ec62c60ee9954f42a924e3f691e9a645 P 4b17fb721c944187b429733fcc9d6fca: No bootstrap required, opened a new log
I20260630 12:16:51.136915 16696 raft_consensus.cc:740] T ec62c60ee9954f42a924e3f691e9a645 P 860bb2f3f9894039acefbed8180a0799 [term 0 FOLLOWER]: Becoming Follower/Learner. State: Replica: 860bb2f3f9894039acefbed8180a0799, State: Initialized, Role: FOLLOWER
I20260630 12:16:51.137499 16694 ts_tablet_manager.cc:1403] T ec62c60ee9954f42a924e3f691e9a645 P 4b17fb721c944187b429733fcc9d6fca: Time spent bootstrapping tablet: real 0.041s	user 0.004s	sys 0.008s
I20260630 12:16:51.138377 16696 consensus_queue.cc:260] T ec62c60ee9954f42a924e3f691e9a645 P 860bb2f3f9894039acefbed8180a0799 [NON_LEADER]: Queue going to NON_LEADER mode. State: All replicated index: 0, Majority replicated index: 0, Committed index: 0, Last appended: 0.0, Last appended by leader: 0, Current term: 0, Majority size: -1, State: 0, Mode: NON_LEADER, active raft config: opid_index: -1 OBSOLETE_local: false peers { permanent_uuid: "4b17fb721c944187b429733fcc9d6fca" member_type: VOTER last_known_addr { host: "127.13.12.2" port: 41727 } } peers { permanent_uuid: "d05b0e50089540909003aef34ea2ac97" member_type: VOTER last_known_addr { host: "127.13.12.4" port: 38773 } } peers { permanent_uuid: "860bb2f3f9894039acefbed8180a0799" member_type: VOTER last_known_addr { host: "127.13.12.1" port: 41411 } }
I20260630 12:16:51.141062 16694 raft_consensus.cc:359] T ec62c60ee9954f42a924e3f691e9a645 P 4b17fb721c944187b429733fcc9d6fca [term 0 FOLLOWER]: Replica starting. Triggering 0 pending ops. Active config: opid_index: -1 OBSOLETE_local: false peers { permanent_uuid: "4b17fb721c944187b429733fcc9d6fca" member_type: VOTER last_known_addr { host: "127.13.12.2" port: 41727 } } peers { permanent_uuid: "d05b0e50089540909003aef34ea2ac97" member_type: VOTER last_known_addr { host: "127.13.12.4" port: 38773 } } peers { permanent_uuid: "860bb2f3f9894039acefbed8180a0799" member_type: VOTER last_known_addr { host: "127.13.12.1" port: 41411 } }
I20260630 12:16:51.141827 16696 ts_tablet_manager.cc:1434] T ec62c60ee9954f42a924e3f691e9a645 P 860bb2f3f9894039acefbed8180a0799: Time spent starting tablet: real 0.009s	user 0.009s	sys 0.001s
I20260630 12:16:51.143224 16696 tablet_bootstrap.cc:492] T f41b023eacab46888cf7c832ed980a0d P 860bb2f3f9894039acefbed8180a0799: Bootstrap starting.
I20260630 12:16:51.146135 16551 raft_consensus.cc:493] T f7d275a16a574fc2bac7faa82a04156d P 859abe038d074efd9f334560efbae1ba [term 0 FOLLOWER]: Starting pre-election (no leader contacted us within the election timeout)
I20260630 12:16:51.146589 16551 raft_consensus.cc:515] T f7d275a16a574fc2bac7faa82a04156d P 859abe038d074efd9f334560efbae1ba [term 0 FOLLOWER]: Starting pre-election with config: opid_index: -1 OBSOLETE_local: false peers { permanent_uuid: "d05b0e50089540909003aef34ea2ac97" member_type: VOTER last_known_addr { host: "127.13.12.4" port: 38773 } } peers { permanent_uuid: "4b17fb721c944187b429733fcc9d6fca" member_type: VOTER last_known_addr { host: "127.13.12.2" port: 41727 } } peers { permanent_uuid: "859abe038d074efd9f334560efbae1ba" member_type: VOTER last_known_addr { host: "127.13.12.3" port: 45261 } }
I20260630 12:16:51.148809 16551 leader_election.cc:290] T f7d275a16a574fc2bac7faa82a04156d P 859abe038d074efd9f334560efbae1ba [CANDIDATE]: Term 1 pre-election: Requested pre-vote from peers d05b0e50089540909003aef34ea2ac97 (127.13.12.4:38773), 4b17fb721c944187b429733fcc9d6fca (127.13.12.2:41727)
I20260630 12:16:51.151899 16696 tablet_bootstrap.cc:654] T f41b023eacab46888cf7c832ed980a0d P 860bb2f3f9894039acefbed8180a0799: Neither blocks nor log segments found. Creating new log.
I20260630 12:16:51.155747 16695 tablet_bootstrap.cc:654] T 709b4085b743408aad7851c656b18cb3 P 859abe038d074efd9f334560efbae1ba: Neither blocks nor log segments found. Creating new log.
I20260630 12:16:51.159132 16694 raft_consensus.cc:385] T ec62c60ee9954f42a924e3f691e9a645 P 4b17fb721c944187b429733fcc9d6fca [term 0 FOLLOWER]: Consensus starting up: Expiring failure detector timer to make a prompt election more likely
I20260630 12:16:51.159602 16694 raft_consensus.cc:740] T ec62c60ee9954f42a924e3f691e9a645 P 4b17fb721c944187b429733fcc9d6fca [term 0 FOLLOWER]: Becoming Follower/Learner. State: Replica: 4b17fb721c944187b429733fcc9d6fca, State: Initialized, Role: FOLLOWER
I20260630 12:16:51.161788 16694 consensus_queue.cc:260] T ec62c60ee9954f42a924e3f691e9a645 P 4b17fb721c944187b429733fcc9d6fca [NON_LEADER]: Queue going to NON_LEADER mode. State: All replicated index: 0, Majority replicated index: 0, Committed index: 0, Last appended: 0.0, Last appended by leader: 0, Current term: 0, Majority size: -1, State: 0, Mode: NON_LEADER, active raft config: opid_index: -1 OBSOLETE_local: false peers { permanent_uuid: "4b17fb721c944187b429733fcc9d6fca" member_type: VOTER last_known_addr { host: "127.13.12.2" port: 41727 } } peers { permanent_uuid: "d05b0e50089540909003aef34ea2ac97" member_type: VOTER last_known_addr { host: "127.13.12.4" port: 38773 } } peers { permanent_uuid: "860bb2f3f9894039acefbed8180a0799" member_type: VOTER last_known_addr { host: "127.13.12.1" port: 41411 } }
I20260630 12:16:51.171068 16694 ts_tablet_manager.cc:1434] T ec62c60ee9954f42a924e3f691e9a645 P 4b17fb721c944187b429733fcc9d6fca: Time spent starting tablet: real 0.033s	user 0.004s	sys 0.004s
I20260630 12:16:51.172075 16694 tablet_bootstrap.cc:492] T 709b4085b743408aad7851c656b18cb3 P 4b17fb721c944187b429733fcc9d6fca: Bootstrap starting.
I20260630 12:16:51.185626 16694 tablet_bootstrap.cc:654] T 709b4085b743408aad7851c656b18cb3 P 4b17fb721c944187b429733fcc9d6fca: Neither blocks nor log segments found. Creating new log.
I20260630 12:16:51.186517 16702 raft_consensus.cc:493] T 3c8ad8ffa4e34accb2c5b144cdaa035e P d05b0e50089540909003aef34ea2ac97 [term 0 FOLLOWER]: Starting pre-election (no leader contacted us within the election timeout)
I20260630 12:16:51.187163 16702 raft_consensus.cc:515] T 3c8ad8ffa4e34accb2c5b144cdaa035e P d05b0e50089540909003aef34ea2ac97 [term 0 FOLLOWER]: Starting pre-election with config: opid_index: -1 OBSOLETE_local: false peers { permanent_uuid: "860bb2f3f9894039acefbed8180a0799" member_type: VOTER last_known_addr { host: "127.13.12.1" port: 41411 } } peers { permanent_uuid: "d05b0e50089540909003aef34ea2ac97" member_type: VOTER last_known_addr { host: "127.13.12.4" port: 38773 } } peers { permanent_uuid: "4b17fb721c944187b429733fcc9d6fca" member_type: VOTER last_known_addr { host: "127.13.12.2" port: 41727 } }
I20260630 12:16:51.200541 16577 raft_consensus.cc:493] T 17a8bb14481149b2bf9a2fdc86417d7e P 860bb2f3f9894039acefbed8180a0799 [term 0 FOLLOWER]: Starting pre-election (no leader contacted us within the election timeout)
I20260630 12:16:51.201130 16577 raft_consensus.cc:515] T 17a8bb14481149b2bf9a2fdc86417d7e P 860bb2f3f9894039acefbed8180a0799 [term 0 FOLLOWER]: Starting pre-election with config: opid_index: -1 OBSOLETE_local: false peers { permanent_uuid: "4b17fb721c944187b429733fcc9d6fca" member_type: VOTER last_known_addr { host: "127.13.12.2" port: 41727 } } peers { permanent_uuid: "d05b0e50089540909003aef34ea2ac97" member_type: VOTER last_known_addr { host: "127.13.12.4" port: 38773 } } peers { permanent_uuid: "860bb2f3f9894039acefbed8180a0799" member_type: VOTER last_known_addr { host: "127.13.12.1" port: 41411 } }
I20260630 12:16:51.201443 16702 leader_election.cc:290] T 3c8ad8ffa4e34accb2c5b144cdaa035e P d05b0e50089540909003aef34ea2ac97 [CANDIDATE]: Term 1 pre-election: Requested pre-vote from peers 860bb2f3f9894039acefbed8180a0799 (127.13.12.1:41411), 4b17fb721c944187b429733fcc9d6fca (127.13.12.2:41727)
I20260630 12:16:51.203691 16702 raft_consensus.cc:493] T 17a8bb14481149b2bf9a2fdc86417d7e P d05b0e50089540909003aef34ea2ac97 [term 0 FOLLOWER]: Starting pre-election (no leader contacted us within the election timeout)
I20260630 12:16:51.205107 16584 raft_consensus.cc:493] T b76e7d920faf4369afdf136e4860c479 P 860bb2f3f9894039acefbed8180a0799 [term 0 FOLLOWER]: Starting pre-election (no leader contacted us within the election timeout)
I20260630 12:16:51.210402 16584 raft_consensus.cc:515] T b76e7d920faf4369afdf136e4860c479 P 860bb2f3f9894039acefbed8180a0799 [term 0 FOLLOWER]: Starting pre-election with config: opid_index: -1 OBSOLETE_local: false peers { permanent_uuid: "d05b0e50089540909003aef34ea2ac97" member_type: VOTER last_known_addr { host: "127.13.12.4" port: 38773 } } peers { permanent_uuid: "859abe038d074efd9f334560efbae1ba" member_type: VOTER last_known_addr { host: "127.13.12.3" port: 45261 } } peers { permanent_uuid: "860bb2f3f9894039acefbed8180a0799" member_type: VOTER last_known_addr { host: "127.13.12.1" port: 41411 } }
I20260630 12:16:51.210212 16423 tablet_service.cc:1917] Received RequestConsensusVote() RPC: tablet_id: "f7d275a16a574fc2bac7faa82a04156d" candidate_uuid: "859abe038d074efd9f334560efbae1ba" candidate_term: 1 candidate_status { last_received { term: 0 index: 0 } } ignore_live_leader: false dest_uuid: "4b17fb721c944187b429733fcc9d6fca" is_pre_election: true
I20260630 12:16:51.219128 16423 raft_consensus.cc:2468] T f7d275a16a574fc2bac7faa82a04156d P 4b17fb721c944187b429733fcc9d6fca [term 0 FOLLOWER]: Leader pre-election vote request: Granting yes vote for candidate 859abe038d074efd9f334560efbae1ba in term 0.
I20260630 12:16:51.218560 16584 leader_election.cc:290] T b76e7d920faf4369afdf136e4860c479 P 860bb2f3f9894039acefbed8180a0799 [CANDIDATE]: Term 1 pre-election: Requested pre-vote from peers d05b0e50089540909003aef34ea2ac97 (127.13.12.4:38773), 859abe038d074efd9f334560efbae1ba (127.13.12.3:45261)
I20260630 12:16:51.219834 16424 tablet_service.cc:1917] Received RequestConsensusVote() RPC: tablet_id: "17a8bb14481149b2bf9a2fdc86417d7e" candidate_uuid: "860bb2f3f9894039acefbed8180a0799" candidate_term: 1 candidate_status { last_received { term: 0 index: 0 } } ignore_live_leader: false dest_uuid: "4b17fb721c944187b429733fcc9d6fca" is_pre_election: true
