[==========] Running 26 tests from 2 test suites.
[----------] Global test environment set-up.
[----------] 24 tests from AutoRebalancerTest
[ RUN      ] AutoRebalancerTest.OnlyLeaderDoesAutoRebalancing
WARNING: Logging before InitGoogleLogging() is written to STDERR
I20260630 12:15:24.034667 13357 internal_mini_cluster.cc:156] Creating distributed mini masters. Addrs: 127.13.11.126:33169,127.13.11.125:40251,127.13.11.124:43355
I20260630 12:15:24.036360 13357 env_posix.cc:2267] Not raising this process' open files per process limit of 1048576; it is already as high as it can go
I20260630 12:15:24.037268 13357 file_cache.cc:492] Constructed file cache file cache with capacity 419430
W20260630 12:15:24.053629 13363 instance_detector.cc:116] could not retrieve AWS instance metadata: Network error: curl error: HTTP response code said error: The requested URL returned error: 404
W20260630 12:15:24.054646 13366 instance_detector.cc:116] could not retrieve OpenStack instance metadata: Network error: curl error: HTTP response code said error: The requested URL returned error: 404
W20260630 12:15:24.053640 13364 instance_detector.cc:116] could not retrieve Azure instance metadata: Network error: curl error: HTTP response code said error: The requested URL returned error: 404
W20260630 12:15:25.261237 13365 instance_detector.cc:116] could not retrieve GCE instance metadata: Timed out: curl timeout: Timeout was reached: Connection time-out
I20260630 12:15:25.261339 13357 server_base.cc:1056] Not found: could not retrieve instance metadata: unable to detect cloud type of this node, probably running in non-cloud environment
I20260630 12:15:25.265645 13357 hybrid_clock.cc:584] initializing the hybrid clock with 'system_unsync' time source
W20260630 12:15:25.265874 13357 system_unsync_time.cc:38] NTP support is disabled. Clock error bounds will not be accurate. This configuration is not suitable for distributed clusters.
I20260630 12:15:25.266033 13357 hybrid_clock.cc:648] HybridClock initialized: now 1782821725266018 us; error 0 us; skew 500 ppm
I20260630 12:15:25.266774 13357 server_base.cc:861] Flag tcmalloc_max_total_thread_cache_bytes is not working since tcmalloc is not enabled.
I20260630 12:15:25.273118 13357 webserver.cc:533] Webserver started at http://127.13.11.126:46299/ using document root <none> and password file <none>
I20260630 12:15:25.273933 13357 fs_manager.cc:362] Metadata directory not provided
I20260630 12:15:25.274121 13357 fs_manager.cc:368] Using write-ahead log directory (fs_wal_dir) as metadata directory
I20260630 12:15:25.274511 13357 server_base.cc:909] This appears to be a new deployment of Kudu; creating new FS layout
I20260630 12:15:25.280256 13357 fs_manager.cc:1068] Generated new instance metadata in path /tmp/dist-test-taskH8HjJj/test-tmp/auto_rebalancer-test.0.AutoRebalancerTest.OnlyLeaderDoesAutoRebalancing.1782821723868785-13357-0/minicluster-data/master-0-root/instance:
uuid: "00763703287c430bace4f1f569fbedb0"
format_stamp: "Formatted at 2026-06-30 12:15:25 on dist-test-slave-3z5p"
I20260630 12:15:25.287864 13357 fs_manager.cc:696] Time spent creating directory manager: real 0.007s	user 0.009s	sys 0.000s
I20260630 12:15:25.292709 13372 log_block_manager.cc:4031] Time spent loading block containers with low live blocks: real 0.000s	user 0.000s	sys 0.000s
I20260630 12:15:25.293824 13357 fs_manager.cc:730] Time spent opening block manager: real 0.003s	user 0.003s	sys 0.000s
I20260630 12:15:25.294194 13357 fs_manager.cc:647] Opened local filesystem: /tmp/dist-test-taskH8HjJj/test-tmp/auto_rebalancer-test.0.AutoRebalancerTest.OnlyLeaderDoesAutoRebalancing.1782821723868785-13357-0/minicluster-data/master-0-root
uuid: "00763703287c430bace4f1f569fbedb0"
format_stamp: "Formatted at 2026-06-30 12:15:25 on dist-test-slave-3z5p"
I20260630 12:15:25.294509 13357 fs_report.cc:389] FS layout report
--------------------
wal directory: /tmp/dist-test-taskH8HjJj/test-tmp/auto_rebalancer-test.0.AutoRebalancerTest.OnlyLeaderDoesAutoRebalancing.1782821723868785-13357-0/minicluster-data/master-0-root
metadata directory: /tmp/dist-test-taskH8HjJj/test-tmp/auto_rebalancer-test.0.AutoRebalancerTest.OnlyLeaderDoesAutoRebalancing.1782821723868785-13357-0/minicluster-data/master-0-root
1 data directories: /tmp/dist-test-taskH8HjJj/test-tmp/auto_rebalancer-test.0.AutoRebalancerTest.OnlyLeaderDoesAutoRebalancing.1782821723868785-13357-0/minicluster-data/master-0-root/data
Total live blocks: 0
Total live bytes: 0
Total live bytes (after alignment): 0
Total number of LBM containers: 0 (0 full)
Did not check for missing blocks
Did not check for orphaned blocks
Total full LBM containers with extra space: 0 (0 repaired)
Total full LBM container extra space in bytes: 0 (0 repaired)
Total incomplete LBM containers: 0 (0 repaired)
Total LBM partial records: 0 (0 repaired)
Total corrupted LBM metadata records in RocksDB: 0 (0 repaired)
I20260630 12:15:25.354981 13357 rpc_server.cc:225] running with OpenSSL 1.1.1  11 Sep 2018
I20260630 12:15:25.356438 13357 env_posix.cc:2267] Not raising this process' running threads per effective uid limit of 18446744073709551615; it is already as high as it can go
I20260630 12:15:25.356894 13357 kserver.cc:163] Server-wide thread pool size limit: 3276
I20260630 12:15:25.430748 13357 rpc_server.cc:307] RPC server started. Bound to: 127.13.11.126:33169
I20260630 12:15:25.430817 13423 acceptor_pool.cc:272] collecting diagnostics on the listening RPC socket 127.13.11.126:33169 every 8 connection(s)
I20260630 12:15:25.436895 13357 file_cache.cc:492] Constructed file cache file cache with capacity 419430
I20260630 12:15:25.438637 13424 data_dirs.cc:400] Could only allocate 1 dirs of requested 3 for tablet 00000000000000000000000000000000. 1 dirs total, 0 dirs full, 0 dirs failed
W20260630 12:15:25.443369 13426 instance_detector.cc:116] could not retrieve AWS instance metadata: Network error: curl error: HTTP response code said error: The requested URL returned error: 404
W20260630 12:15:25.444422 13427 instance_detector.cc:116] could not retrieve Azure instance metadata: Network error: curl error: HTTP response code said error: The requested URL returned error: 404
W20260630 12:15:25.449723 13429 instance_detector.cc:116] could not retrieve OpenStack instance metadata: Network error: curl error: HTTP response code said error: The requested URL returned error: 404
I20260630 12:15:25.450233 13357 server_base.cc:1061] running on GCE node
I20260630 12:15:25.451383 13357 hybrid_clock.cc:584] initializing the hybrid clock with 'system_unsync' time source
W20260630 12:15:25.451658 13357 system_unsync_time.cc:38] NTP support is disabled. Clock error bounds will not be accurate. This configuration is not suitable for distributed clusters.
I20260630 12:15:25.451859 13357 hybrid_clock.cc:648] HybridClock initialized: now 1782821725451839 us; error 0 us; skew 500 ppm
I20260630 12:15:25.452615 13357 server_base.cc:861] Flag tcmalloc_max_total_thread_cache_bytes is not working since tcmalloc is not enabled.
I20260630 12:15:25.456648 13357 webserver.cc:533] Webserver started at http://127.13.11.125:40793/ using document root <none> and password file <none>
I20260630 12:15:25.457342 13357 fs_manager.cc:362] Metadata directory not provided
I20260630 12:15:25.457641 13357 fs_manager.cc:368] Using write-ahead log directory (fs_wal_dir) as metadata directory
I20260630 12:15:25.457986 13357 server_base.cc:909] This appears to be a new deployment of Kudu; creating new FS layout
I20260630 12:15:25.459408 13357 fs_manager.cc:1068] Generated new instance metadata in path /tmp/dist-test-taskH8HjJj/test-tmp/auto_rebalancer-test.0.AutoRebalancerTest.OnlyLeaderDoesAutoRebalancing.1782821723868785-13357-0/minicluster-data/master-1-root/instance:
uuid: "5069aedd7f8a45be8f4233539f226e7f"
format_stamp: "Formatted at 2026-06-30 12:15:25 on dist-test-slave-3z5p"
I20260630 12:15:25.465952 13357 fs_manager.cc:696] Time spent creating directory manager: real 0.006s	user 0.007s	sys 0.001s
I20260630 12:15:25.463718 13424 sys_catalog.cc:422] member_type: VOTER last_known_addr { host: "127.13.11.126" port: 33169 } has no permanent_uuid. Determining permanent_uuid...
I20260630 12:15:25.471489 13434 log_block_manager.cc:4031] Time spent loading block containers with low live blocks: real 0.000s	user 0.000s	sys 0.000s
I20260630 12:15:25.472431 13357 fs_manager.cc:730] Time spent opening block manager: real 0.004s	user 0.005s	sys 0.000s
I20260630 12:15:25.472772 13357 fs_manager.cc:647] Opened local filesystem: /tmp/dist-test-taskH8HjJj/test-tmp/auto_rebalancer-test.0.AutoRebalancerTest.OnlyLeaderDoesAutoRebalancing.1782821723868785-13357-0/minicluster-data/master-1-root
uuid: "5069aedd7f8a45be8f4233539f226e7f"
format_stamp: "Formatted at 2026-06-30 12:15:25 on dist-test-slave-3z5p"
I20260630 12:15:25.473178 13357 fs_report.cc:389] FS layout report
--------------------
wal directory: /tmp/dist-test-taskH8HjJj/test-tmp/auto_rebalancer-test.0.AutoRebalancerTest.OnlyLeaderDoesAutoRebalancing.1782821723868785-13357-0/minicluster-data/master-1-root
metadata directory: /tmp/dist-test-taskH8HjJj/test-tmp/auto_rebalancer-test.0.AutoRebalancerTest.OnlyLeaderDoesAutoRebalancing.1782821723868785-13357-0/minicluster-data/master-1-root
1 data directories: /tmp/dist-test-taskH8HjJj/test-tmp/auto_rebalancer-test.0.AutoRebalancerTest.OnlyLeaderDoesAutoRebalancing.1782821723868785-13357-0/minicluster-data/master-1-root/data
Total live blocks: 0
Total live bytes: 0
Total live bytes (after alignment): 0
Total number of LBM containers: 0 (0 full)
Did not check for missing blocks
Did not check for orphaned blocks
Total full LBM containers with extra space: 0 (0 repaired)
Total full LBM container extra space in bytes: 0 (0 repaired)
Total incomplete LBM containers: 0 (0 repaired)
Total LBM partial records: 0 (0 repaired)
Total corrupted LBM metadata records in RocksDB: 0 (0 repaired)
I20260630 12:15:25.494879 13357 rpc_server.cc:225] running with OpenSSL 1.1.1  11 Sep 2018
I20260630 12:15:25.494822 13424 sys_catalog.cc:422] member_type: VOTER last_known_addr { host: "127.13.11.125" port: 40251 } has no permanent_uuid. Determining permanent_uuid...
I20260630 12:15:25.496393 13357 kserver.cc:163] Server-wide thread pool size limit: 3276
W20260630 12:15:25.497749 13374 proxy.cc:239] Call had error, refreshing address and retrying: Network error: Client connection negotiation failed: client connection to 127.13.11.125:40251: connect: Connection refused (error 111)
W20260630 12:15:25.502856 13424 consensus_peers.cc:760] Error getting permanent uuid from config peer 127.13.11.125:40251: Network error: Client connection negotiation failed: client connection to 127.13.11.125:40251: connect: Connection refused (error 111)
I20260630 12:15:25.552368 13424 consensus_peers.cc:770] Retrying to get permanent uuid for remote peer: member_type: VOTER last_known_addr { host: "127.13.11.125" port: 40251 } attempt: 1
W20260630 12:15:25.556969 13424 consensus_peers.cc:760] Error getting permanent uuid from config peer 127.13.11.125:40251: Network error: Client connection negotiation failed: client connection to 127.13.11.125:40251: connect: Connection refused (error 111)
I20260630 12:15:25.565701 13357 rpc_server.cc:307] RPC server started. Bound to: 127.13.11.125:40251
I20260630 12:15:25.565869 13488 acceptor_pool.cc:272] collecting diagnostics on the listening RPC socket 127.13.11.125:40251 every 8 connection(s)
I20260630 12:15:25.570331 13489 data_dirs.cc:400] Could only allocate 1 dirs of requested 3 for tablet 00000000000000000000000000000000. 1 dirs total, 0 dirs full, 0 dirs failed
I20260630 12:15:25.571137 13357 file_cache.cc:492] Constructed file cache file cache with capacity 419430
I20260630 12:15:25.576071 13489 sys_catalog.cc:422] member_type: VOTER last_known_addr { host: "127.13.11.126" port: 33169 } has no permanent_uuid. Determining permanent_uuid...
W20260630 12:15:25.577836 13491 instance_detector.cc:116] could not retrieve AWS instance metadata: Network error: curl error: HTTP response code said error: The requested URL returned error: 404
W20260630 12:15:25.579627 13492 instance_detector.cc:116] could not retrieve Azure instance metadata: Network error: curl error: HTTP response code said error: The requested URL returned error: 404
I20260630 12:15:25.586241 13357 server_base.cc:1061] running on GCE node
W20260630 12:15:25.586649 13495 instance_detector.cc:116] could not retrieve OpenStack instance metadata: Network error: curl error: HTTP response code said error: The requested URL returned error: 404
I20260630 12:15:25.587509 13357 hybrid_clock.cc:584] initializing the hybrid clock with 'system_unsync' time source
W20260630 12:15:25.587743 13357 system_unsync_time.cc:38] NTP support is disabled. Clock error bounds will not be accurate. This configuration is not suitable for distributed clusters.
I20260630 12:15:25.587929 13357 hybrid_clock.cc:648] HybridClock initialized: now 1782821725587907 us; error 0 us; skew 500 ppm
I20260630 12:15:25.588459 13357 server_base.cc:861] Flag tcmalloc_max_total_thread_cache_bytes is not working since tcmalloc is not enabled.
I20260630 12:15:25.592180 13357 webserver.cc:533] Webserver started at http://127.13.11.124:45709/ using document root <none> and password file <none>
I20260630 12:15:25.592464 13489 sys_catalog.cc:422] member_type: VOTER last_known_addr { host: "127.13.11.125" port: 40251 } has no permanent_uuid. Determining permanent_uuid...
I20260630 12:15:25.592834 13357 fs_manager.cc:362] Metadata directory not provided
I20260630 12:15:25.593079 13357 fs_manager.cc:368] Using write-ahead log directory (fs_wal_dir) as metadata directory
I20260630 12:15:25.593437 13357 server_base.cc:909] This appears to be a new deployment of Kudu; creating new FS layout
I20260630 12:15:25.595165 13357 fs_manager.cc:1068] Generated new instance metadata in path /tmp/dist-test-taskH8HjJj/test-tmp/auto_rebalancer-test.0.AutoRebalancerTest.OnlyLeaderDoesAutoRebalancing.1782821723868785-13357-0/minicluster-data/master-2-root/instance:
uuid: "cf72805a7bd04b368d1ce02a83a2a600"
format_stamp: "Formatted at 2026-06-30 12:15:25 on dist-test-slave-3z5p"
I20260630 12:15:25.600914 13357 fs_manager.cc:696] Time spent creating directory manager: real 0.005s	user 0.007s	sys 0.000s
I20260630 12:15:25.605803 13489 sys_catalog.cc:422] member_type: VOTER last_known_addr { host: "127.13.11.124" port: 43355 } has no permanent_uuid. Determining permanent_uuid...
I20260630 12:15:25.606236 13501 log_block_manager.cc:4031] Time spent loading block containers with low live blocks: real 0.000s	user 0.000s	sys 0.000s
I20260630 12:15:25.607048 13357 fs_manager.cc:730] Time spent opening block manager: real 0.003s	user 0.004s	sys 0.000s
I20260630 12:15:25.607335 13357 fs_manager.cc:647] Opened local filesystem: /tmp/dist-test-taskH8HjJj/test-tmp/auto_rebalancer-test.0.AutoRebalancerTest.OnlyLeaderDoesAutoRebalancing.1782821723868785-13357-0/minicluster-data/master-2-root
uuid: "cf72805a7bd04b368d1ce02a83a2a600"
format_stamp: "Formatted at 2026-06-30 12:15:25 on dist-test-slave-3z5p"
I20260630 12:15:25.607620 13357 fs_report.cc:389] FS layout report
--------------------
wal directory: /tmp/dist-test-taskH8HjJj/test-tmp/auto_rebalancer-test.0.AutoRebalancerTest.OnlyLeaderDoesAutoRebalancing.1782821723868785-13357-0/minicluster-data/master-2-root
metadata directory: /tmp/dist-test-taskH8HjJj/test-tmp/auto_rebalancer-test.0.AutoRebalancerTest.OnlyLeaderDoesAutoRebalancing.1782821723868785-13357-0/minicluster-data/master-2-root
1 data directories: /tmp/dist-test-taskH8HjJj/test-tmp/auto_rebalancer-test.0.AutoRebalancerTest.OnlyLeaderDoesAutoRebalancing.1782821723868785-13357-0/minicluster-data/master-2-root/data
Total live blocks: 0
Total live bytes: 0
Total live bytes (after alignment): 0
Total number of LBM containers: 0 (0 full)
Did not check for missing blocks
Did not check for orphaned blocks
Total full LBM containers with extra space: 0 (0 repaired)
Total full LBM container extra space in bytes: 0 (0 repaired)
Total incomplete LBM containers: 0 (0 repaired)
Total LBM partial records: 0 (0 repaired)
Total corrupted LBM metadata records in RocksDB: 0 (0 repaired)
W20260630 12:15:25.611393 13489 consensus_peers.cc:760] Error getting permanent uuid from config peer 127.13.11.124:43355: Network error: Client connection negotiation failed: client connection to 127.13.11.124:43355: connect: Connection refused (error 111)
I20260630 12:15:25.622114 13357 rpc_server.cc:225] running with OpenSSL 1.1.1  11 Sep 2018
I20260630 12:15:25.623443 13357 kserver.cc:163] Server-wide thread pool size limit: 3276
I20260630 12:15:25.625511 13424 consensus_peers.cc:770] Retrying to get permanent uuid for remote peer: member_type: VOTER last_known_addr { host: "127.13.11.125" port: 40251 } attempt: 2
I20260630 12:15:25.635835 13424 sys_catalog.cc:422] member_type: VOTER last_known_addr { host: "127.13.11.124" port: 43355 } has no permanent_uuid. Determining permanent_uuid...
W20260630 12:15:25.640503 13424 consensus_peers.cc:760] Error getting permanent uuid from config peer 127.13.11.124:43355: Network error: Client connection negotiation failed: client connection to 127.13.11.124:43355: connect: Connection refused (error 111)
I20260630 12:15:25.655223 13489 consensus_peers.cc:770] Retrying to get permanent uuid for remote peer: member_type: VOTER last_known_addr { host: "127.13.11.124" port: 43355 } attempt: 1
W20260630 12:15:25.661461 13489 consensus_peers.cc:760] Error getting permanent uuid from config peer 127.13.11.124:43355: Network error: Client connection negotiation failed: client connection to 127.13.11.124:43355: connect: Connection refused (error 111)
I20260630 12:15:25.672278 13424 consensus_peers.cc:770] Retrying to get permanent uuid for remote peer: member_type: VOTER last_known_addr { host: "127.13.11.124" port: 43355 } attempt: 1
W20260630 12:15:25.678222 13424 consensus_peers.cc:760] Error getting permanent uuid from config peer 127.13.11.124:43355: Network error: Client connection negotiation failed: client connection to 127.13.11.124:43355: connect: Connection refused (error 111)
I20260630 12:15:25.695940 13357 rpc_server.cc:307] RPC server started. Bound to: 127.13.11.124:43355
I20260630 12:15:25.696038 13553 acceptor_pool.cc:272] collecting diagnostics on the listening RPC socket 127.13.11.124:43355 every 8 connection(s)
I20260630 12:15:25.699843 13357 internal_mini_cluster.cc:184] Waiting to initialize catalog manager on master 0
I20260630 12:15:25.700737 13554 data_dirs.cc:400] Could only allocate 1 dirs of requested 3 for tablet 00000000000000000000000000000000. 1 dirs total, 0 dirs full, 0 dirs failed
I20260630 12:15:25.705864 13554 sys_catalog.cc:422] member_type: VOTER last_known_addr { host: "127.13.11.126" port: 33169 } has no permanent_uuid. Determining permanent_uuid...
I20260630 12:15:25.717569 13554 sys_catalog.cc:422] member_type: VOTER last_known_addr { host: "127.13.11.125" port: 40251 } has no permanent_uuid. Determining permanent_uuid...
I20260630 12:15:25.726987 13554 sys_catalog.cc:422] member_type: VOTER last_known_addr { host: "127.13.11.124" port: 43355 } has no permanent_uuid. Determining permanent_uuid...
I20260630 12:15:25.737100 13489 consensus_peers.cc:770] Retrying to get permanent uuid for remote peer: member_type: VOTER last_known_addr { host: "127.13.11.124" port: 43355 } attempt: 2
I20260630 12:15:25.745692 13424 consensus_peers.cc:770] Retrying to get permanent uuid for remote peer: member_type: VOTER last_known_addr { host: "127.13.11.124" port: 43355 } attempt: 2
I20260630 12:15:25.747262 13554 tablet_bootstrap.cc:492] T 00000000000000000000000000000000 P cf72805a7bd04b368d1ce02a83a2a600: Bootstrap starting.
I20260630 12:15:25.754338 13489 tablet_bootstrap.cc:492] T 00000000000000000000000000000000 P 5069aedd7f8a45be8f4233539f226e7f: Bootstrap starting.
I20260630 12:15:25.754691 13554 tablet_bootstrap.cc:654] T 00000000000000000000000000000000 P cf72805a7bd04b368d1ce02a83a2a600: Neither blocks nor log segments found. Creating new log.
I20260630 12:15:25.757035 13554 log.cc:826] T 00000000000000000000000000000000 P cf72805a7bd04b368d1ce02a83a2a600: Log is configured to *not* fsync() on all Append() calls
I20260630 12:15:25.761433 13489 tablet_bootstrap.cc:654] T 00000000000000000000000000000000 P 5069aedd7f8a45be8f4233539f226e7f: Neither blocks nor log segments found. Creating new log.
I20260630 12:15:25.762554 13554 tablet_bootstrap.cc:492] T 00000000000000000000000000000000 P cf72805a7bd04b368d1ce02a83a2a600: No bootstrap required, opened a new log
I20260630 12:15:25.764581 13424 tablet_bootstrap.cc:492] T 00000000000000000000000000000000 P 00763703287c430bace4f1f569fbedb0: Bootstrap starting.
I20260630 12:15:25.767522 13489 tablet_bootstrap.cc:492] T 00000000000000000000000000000000 P 5069aedd7f8a45be8f4233539f226e7f: No bootstrap required, opened a new log
I20260630 12:15:25.770478 13424 tablet_bootstrap.cc:654] T 00000000000000000000000000000000 P 00763703287c430bace4f1f569fbedb0: Neither blocks nor log segments found. Creating new log.
I20260630 12:15:25.776696 13424 tablet_bootstrap.cc:492] T 00000000000000000000000000000000 P 00763703287c430bace4f1f569fbedb0: No bootstrap required, opened a new log
I20260630 12:15:25.783001 13424 raft_consensus.cc:359] T 00000000000000000000000000000000 P 00763703287c430bace4f1f569fbedb0 [term 0 FOLLOWER]: Replica starting. Triggering 0 pending ops. Active config: opid_index: -1 OBSOLETE_local: false peers { permanent_uuid: "00763703287c430bace4f1f569fbedb0" member_type: VOTER last_known_addr { host: "127.13.11.126" port: 33169 } } peers { permanent_uuid: "5069aedd7f8a45be8f4233539f226e7f" member_type: VOTER last_known_addr { host: "127.13.11.125" port: 40251 } } peers { permanent_uuid: "cf72805a7bd04b368d1ce02a83a2a600" member_type: VOTER last_known_addr { host: "127.13.11.124" port: 43355 } }
I20260630 12:15:25.782990 13554 raft_consensus.cc:359] T 00000000000000000000000000000000 P cf72805a7bd04b368d1ce02a83a2a600 [term 0 FOLLOWER]: Replica starting. Triggering 0 pending ops. Active config: opid_index: -1 OBSOLETE_local: false peers { permanent_uuid: "00763703287c430bace4f1f569fbedb0" member_type: VOTER last_known_addr { host: "127.13.11.126" port: 33169 } } peers { permanent_uuid: "5069aedd7f8a45be8f4233539f226e7f" member_type: VOTER last_known_addr { host: "127.13.11.125" port: 40251 } } peers { permanent_uuid: "cf72805a7bd04b368d1ce02a83a2a600" member_type: VOTER last_known_addr { host: "127.13.11.124" port: 43355 } }
I20260630 12:15:25.782990 13489 raft_consensus.cc:359] T 00000000000000000000000000000000 P 5069aedd7f8a45be8f4233539f226e7f [term 0 FOLLOWER]: Replica starting. Triggering 0 pending ops. Active config: opid_index: -1 OBSOLETE_local: false peers { permanent_uuid: "00763703287c430bace4f1f569fbedb0" member_type: VOTER last_known_addr { host: "127.13.11.126" port: 33169 } } peers { permanent_uuid: "5069aedd7f8a45be8f4233539f226e7f" member_type: VOTER last_known_addr { host: "127.13.11.125" port: 40251 } } peers { permanent_uuid: "cf72805a7bd04b368d1ce02a83a2a600" member_type: VOTER last_known_addr { host: "127.13.11.124" port: 43355 } }
I20260630 12:15:25.783900 13424 raft_consensus.cc:385] T 00000000000000000000000000000000 P 00763703287c430bace4f1f569fbedb0 [term 0 FOLLOWER]: Consensus starting up: Expiring failure detector timer to make a prompt election more likely
I20260630 12:15:25.784032 13489 raft_consensus.cc:385] T 00000000000000000000000000000000 P 5069aedd7f8a45be8f4233539f226e7f [term 0 FOLLOWER]: Consensus starting up: Expiring failure detector timer to make a prompt election more likely
I20260630 12:15:25.784006 13554 raft_consensus.cc:385] T 00000000000000000000000000000000 P cf72805a7bd04b368d1ce02a83a2a600 [term 0 FOLLOWER]: Consensus starting up: Expiring failure detector timer to make a prompt election more likely
I20260630 12:15:25.784282 13424 raft_consensus.cc:740] T 00000000000000000000000000000000 P 00763703287c430bace4f1f569fbedb0 [term 0 FOLLOWER]: Becoming Follower/Learner. State: Replica: 00763703287c430bace4f1f569fbedb0, State: Initialized, Role: FOLLOWER
I20260630 12:15:25.784467 13554 raft_consensus.cc:740] T 00000000000000000000000000000000 P cf72805a7bd04b368d1ce02a83a2a600 [term 0 FOLLOWER]: Becoming Follower/Learner. State: Replica: cf72805a7bd04b368d1ce02a83a2a600, State: Initialized, Role: FOLLOWER
I20260630 12:15:25.784426 13489 raft_consensus.cc:740] T 00000000000000000000000000000000 P 5069aedd7f8a45be8f4233539f226e7f [term 0 FOLLOWER]: Becoming Follower/Learner. State: Replica: 5069aedd7f8a45be8f4233539f226e7f, State: Initialized, Role: FOLLOWER
I20260630 12:15:25.785490 13424 consensus_queue.cc:260] T 00000000000000000000000000000000 P 00763703287c430bace4f1f569fbedb0 [NON_LEADER]: Queue going to NON_LEADER mode. State: All replicated index: 0, Majority replicated index: 0, Committed index: 0, Last appended: 0.0, Last appended by leader: 0, Current term: 0, Majority size: -1, State: 0, Mode: NON_LEADER, active raft config: opid_index: -1 OBSOLETE_local: false peers { permanent_uuid: "00763703287c430bace4f1f569fbedb0" member_type: VOTER last_known_addr { host: "127.13.11.126" port: 33169 } } peers { permanent_uuid: "5069aedd7f8a45be8f4233539f226e7f" member_type: VOTER last_known_addr { host: "127.13.11.125" port: 40251 } } peers { permanent_uuid: "cf72805a7bd04b368d1ce02a83a2a600" member_type: VOTER last_known_addr { host: "127.13.11.124" port: 43355 } }
I20260630 12:15:25.785496 13489 consensus_queue.cc:260] T 00000000000000000000000000000000 P 5069aedd7f8a45be8f4233539f226e7f [NON_LEADER]: Queue going to NON_LEADER mode. State: All replicated index: 0, Majority replicated index: 0, Committed index: 0, Last appended: 0.0, Last appended by leader: 0, Current term: 0, Majority size: -1, State: 0, Mode: NON_LEADER, active raft config: opid_index: -1 OBSOLETE_local: false peers { permanent_uuid: "00763703287c430bace4f1f569fbedb0" member_type: VOTER last_known_addr { host: "127.13.11.126" port: 33169 } } peers { permanent_uuid: "5069aedd7f8a45be8f4233539f226e7f" member_type: VOTER last_known_addr { host: "127.13.11.125" port: 40251 } } peers { permanent_uuid: "cf72805a7bd04b368d1ce02a83a2a600" member_type: VOTER last_known_addr { host: "127.13.11.124" port: 43355 } }
I20260630 12:15:25.785496 13554 consensus_queue.cc:260] T 00000000000000000000000000000000 P cf72805a7bd04b368d1ce02a83a2a600 [NON_LEADER]: Queue going to NON_LEADER mode. State: All replicated index: 0, Majority replicated index: 0, Committed index: 0, Last appended: 0.0, Last appended by leader: 0, Current term: 0, Majority size: -1, State: 0, Mode: NON_LEADER, active raft config: opid_index: -1 OBSOLETE_local: false peers { permanent_uuid: "00763703287c430bace4f1f569fbedb0" member_type: VOTER last_known_addr { host: "127.13.11.126" port: 33169 } } peers { permanent_uuid: "5069aedd7f8a45be8f4233539f226e7f" member_type: VOTER last_known_addr { host: "127.13.11.125" port: 40251 } } peers { permanent_uuid: "cf72805a7bd04b368d1ce02a83a2a600" member_type: VOTER last_known_addr { host: "127.13.11.124" port: 43355 } }
I20260630 12:15:25.789778 13561 sys_catalog.cc:455] T 00000000000000000000000000000000 P 00763703287c430bace4f1f569fbedb0 [sys.catalog]: SysCatalogTable state changed. Reason: RaftConsensus started. Latest consensus state: current_term: 0 committed_config { opid_index: -1 OBSOLETE_local: false peers { permanent_uuid: "00763703287c430bace4f1f569fbedb0" member_type: VOTER last_known_addr { host: "127.13.11.126" port: 33169 } } peers { permanent_uuid: "5069aedd7f8a45be8f4233539f226e7f" member_type: VOTER last_known_addr { host: "127.13.11.125" port: 40251 } } peers { permanent_uuid: "cf72805a7bd04b368d1ce02a83a2a600" member_type: VOTER last_known_addr { host: "127.13.11.124" port: 43355 } } }
I20260630 12:15:25.790671 13561 sys_catalog.cc:458] T 00000000000000000000000000000000 P 00763703287c430bace4f1f569fbedb0 [sys.catalog]: This master's current role is: FOLLOWER
I20260630 12:15:25.792182 13424 sys_catalog.cc:565] T 00000000000000000000000000000000 P 00763703287c430bace4f1f569fbedb0 [sys.catalog]: configured and running, proceeding with master startup.
I20260630 12:15:25.792274 13563 sys_catalog.cc:455] T 00000000000000000000000000000000 P 5069aedd7f8a45be8f4233539f226e7f [sys.catalog]: SysCatalogTable state changed. Reason: RaftConsensus started. Latest consensus state: current_term: 0 committed_config { opid_index: -1 OBSOLETE_local: false peers { permanent_uuid: "00763703287c430bace4f1f569fbedb0" member_type: VOTER last_known_addr { host: "127.13.11.126" port: 33169 } } peers { permanent_uuid: "5069aedd7f8a45be8f4233539f226e7f" member_type: VOTER last_known_addr { host: "127.13.11.125" port: 40251 } } peers { permanent_uuid: "cf72805a7bd04b368d1ce02a83a2a600" member_type: VOTER last_known_addr { host: "127.13.11.124" port: 43355 } } }
I20260630 12:15:25.793061 13563 sys_catalog.cc:458] T 00000000000000000000000000000000 P 5069aedd7f8a45be8f4233539f226e7f [sys.catalog]: This master's current role is: FOLLOWER
I20260630 12:15:25.794420 13489 sys_catalog.cc:565] T 00000000000000000000000000000000 P 5069aedd7f8a45be8f4233539f226e7f [sys.catalog]: configured and running, proceeding with master startup.
I20260630 12:15:25.794430 13562 sys_catalog.cc:455] T 00000000000000000000000000000000 P cf72805a7bd04b368d1ce02a83a2a600 [sys.catalog]: SysCatalogTable state changed. Reason: RaftConsensus started. Latest consensus state: current_term: 0 committed_config { opid_index: -1 OBSOLETE_local: false peers { permanent_uuid: "00763703287c430bace4f1f569fbedb0" member_type: VOTER last_known_addr { host: "127.13.11.126" port: 33169 } } peers { permanent_uuid: "5069aedd7f8a45be8f4233539f226e7f" member_type: VOTER last_known_addr { host: "127.13.11.125" port: 40251 } } peers { permanent_uuid: "cf72805a7bd04b368d1ce02a83a2a600" member_type: VOTER last_known_addr { host: "127.13.11.124" port: 43355 } } }
I20260630 12:15:25.795346 13562 sys_catalog.cc:458] T 00000000000000000000000000000000 P cf72805a7bd04b368d1ce02a83a2a600 [sys.catalog]: This master's current role is: FOLLOWER
I20260630 12:15:25.795779 13554 sys_catalog.cc:565] T 00000000000000000000000000000000 P cf72805a7bd04b368d1ce02a83a2a600 [sys.catalog]: configured and running, proceeding with master startup.
I20260630 12:15:25.830960 13357 internal_mini_cluster.cc:184] Waiting to initialize catalog manager on master 1
I20260630 12:15:25.834273 13357 internal_mini_cluster.cc:184] Waiting to initialize catalog manager on master 2
I20260630 12:15:25.834885 13596 catalog_manager.cc:805] Waiting for catalog manager background task thread to start: Service unavailable: Catalog manager is not initialized. State: Starting
I20260630 12:15:25.836606 13357 file_cache.cc:492] Constructed file cache file cache with capacity 419430
W20260630 12:15:25.841235 13595 catalog_manager.cc:1594] T 00000000000000000000000000000000 P 5069aedd7f8a45be8f4233539f226e7f: loading cluster ID for follower catalog manager: Not found: cluster ID entry not found
W20260630 12:15:25.841248 13593 catalog_manager.cc:1594] T 00000000000000000000000000000000 P 00763703287c430bace4f1f569fbedb0: loading cluster ID for follower catalog manager: Not found: cluster ID entry not found
W20260630 12:15:25.841665 13595 catalog_manager.cc:883] Not found: cluster ID entry not found: failed to prepare follower catalog manager, will retry
W20260630 12:15:25.841699 13593 catalog_manager.cc:883] Not found: cluster ID entry not found: failed to prepare follower catalog manager, will retry
W20260630 12:15:25.846881 13598 instance_detector.cc:116] could not retrieve AWS instance metadata: Network error: curl error: HTTP response code said error: The requested URL returned error: 404
W20260630 12:15:25.848240 13599 instance_detector.cc:116] could not retrieve Azure instance metadata: Network error: curl error: HTTP response code said error: The requested URL returned error: 404
I20260630 12:15:25.856173 13357 server_base.cc:1061] running on GCE node
W20260630 12:15:25.856698 13601 instance_detector.cc:116] could not retrieve OpenStack instance metadata: Network error: curl error: HTTP response code said error: The requested URL returned error: 404
I20260630 12:15:25.857676 13357 hybrid_clock.cc:584] initializing the hybrid clock with 'system_unsync' time source
W20260630 12:15:25.857937 13357 system_unsync_time.cc:38] NTP support is disabled. Clock error bounds will not be accurate. This configuration is not suitable for distributed clusters.
I20260630 12:15:25.858136 13357 hybrid_clock.cc:648] HybridClock initialized: now 1782821725858104 us; error 0 us; skew 500 ppm
I20260630 12:15:25.858685 13357 server_base.cc:861] Flag tcmalloc_max_total_thread_cache_bytes is not working since tcmalloc is not enabled.
I20260630 12:15:25.861177 13357 webserver.cc:533] Webserver started at http://127.13.11.65:40865/ using document root <none> and password file <none>
I20260630 12:15:25.861771 13357 fs_manager.cc:362] Metadata directory not provided
I20260630 12:15:25.861943 13357 fs_manager.cc:368] Using write-ahead log directory (fs_wal_dir) as metadata directory
W20260630 12:15:25.861943 13378 tablet.cc:2406] T 00000000000000000000000000000000 P 00763703287c430bace4f1f569fbedb0: Can't schedule compaction. Clean time has not been advanced past its initial value.
I20260630 12:15:25.862442 13357 server_base.cc:909] This appears to be a new deployment of Kudu; creating new FS layout
I20260630 12:15:25.863572 13357 fs_manager.cc:1068] Generated new instance metadata in path /tmp/dist-test-taskH8HjJj/test-tmp/auto_rebalancer-test.0.AutoRebalancerTest.OnlyLeaderDoesAutoRebalancing.1782821723868785-13357-0/minicluster-data/ts-0-root/instance:
uuid: "59c811c9237c4574aae76b518edfde26"
format_stamp: "Formatted at 2026-06-30 12:15:25 on dist-test-slave-3z5p"
I20260630 12:15:25.868427 13357 fs_manager.cc:696] Time spent creating directory manager: real 0.004s	user 0.005s	sys 0.000s
I20260630 12:15:25.872078 13606 log_block_manager.cc:4031] Time spent loading block containers with low live blocks: real 0.000s	user 0.000s	sys 0.000s
I20260630 12:15:25.872891 13357 fs_manager.cc:730] Time spent opening block manager: real 0.003s	user 0.002s	sys 0.000s
I20260630 12:15:25.873180 13357 fs_manager.cc:647] Opened local filesystem: /tmp/dist-test-taskH8HjJj/test-tmp/auto_rebalancer-test.0.AutoRebalancerTest.OnlyLeaderDoesAutoRebalancing.1782821723868785-13357-0/minicluster-data/ts-0-root
uuid: "59c811c9237c4574aae76b518edfde26"
format_stamp: "Formatted at 2026-06-30 12:15:25 on dist-test-slave-3z5p"
I20260630 12:15:25.873513 13357 fs_report.cc:389] FS layout report
--------------------
wal directory: /tmp/dist-test-taskH8HjJj/test-tmp/auto_rebalancer-test.0.AutoRebalancerTest.OnlyLeaderDoesAutoRebalancing.1782821723868785-13357-0/minicluster-data/ts-0-root
metadata directory: /tmp/dist-test-taskH8HjJj/test-tmp/auto_rebalancer-test.0.AutoRebalancerTest.OnlyLeaderDoesAutoRebalancing.1782821723868785-13357-0/minicluster-data/ts-0-root
1 data directories: /tmp/dist-test-taskH8HjJj/test-tmp/auto_rebalancer-test.0.AutoRebalancerTest.OnlyLeaderDoesAutoRebalancing.1782821723868785-13357-0/minicluster-data/ts-0-root/data
Total live blocks: 0
Total live bytes: 0
Total live bytes (after alignment): 0
Total number of LBM containers: 0 (0 full)
Did not check for missing blocks
Did not check for orphaned blocks
Total full LBM containers with extra space: 0 (0 repaired)
Total full LBM container extra space in bytes: 0 (0 repaired)
Total incomplete LBM containers: 0 (0 repaired)
Total LBM partial records: 0 (0 repaired)
Total corrupted LBM metadata records in RocksDB: 0 (0 repaired)
I20260630 12:15:25.894506 13357 rpc_server.cc:225] running with OpenSSL 1.1.1  11 Sep 2018
I20260630 12:15:25.895887 13357 kserver.cc:163] Server-wide thread pool size limit: 3276
I20260630 12:15:25.898274 13357 txn_system_client.cc:432] TxnSystemClient initialization is disabled...
I20260630 12:15:25.902455 13357 ts_tablet_manager.cc:585] Loaded tablet metadata (0 total tablets, 0 live tablets)
I20260630 12:15:25.902679 13357 ts_tablet_manager.cc:531] Time spent load tablet metadata: real 0.000s	user 0.000s	sys 0.000s
I20260630 12:15:25.902998 13357 ts_tablet_manager.cc:616] Registered 0 tablets
I20260630 12:15:25.903141 13357 ts_tablet_manager.cc:595] Time spent register tablets: real 0.000s	user 0.000s	sys 0.000s
I20260630 12:15:25.914096 13561 raft_consensus.cc:493] T 00000000000000000000000000000000 P 00763703287c430bace4f1f569fbedb0 [term 0 FOLLOWER]: Starting pre-election (no leader contacted us within the election timeout)
I20260630 12:15:25.914706 13561 raft_consensus.cc:515] T 00000000000000000000000000000000 P 00763703287c430bace4f1f569fbedb0 [term 0 FOLLOWER]: Starting pre-election with config: opid_index: -1 OBSOLETE_local: false peers { permanent_uuid: "00763703287c430bace4f1f569fbedb0" member_type: VOTER last_known_addr { host: "127.13.11.126" port: 33169 } } peers { permanent_uuid: "5069aedd7f8a45be8f4233539f226e7f" member_type: VOTER last_known_addr { host: "127.13.11.125" port: 40251 } } peers { permanent_uuid: "cf72805a7bd04b368d1ce02a83a2a600" member_type: VOTER last_known_addr { host: "127.13.11.124" port: 43355 } }
I20260630 12:15:25.918614 13464 tablet_service.cc:1917] Received RequestConsensusVote() RPC: tablet_id: "00000000000000000000000000000000" candidate_uuid: "00763703287c430bace4f1f569fbedb0" candidate_term: 1 candidate_status { last_received { term: 0 index: 0 } } ignore_live_leader: false dest_uuid: "5069aedd7f8a45be8f4233539f226e7f" is_pre_election: true
I20260630 12:15:25.919485 13464 raft_consensus.cc:2468] T 00000000000000000000000000000000 P 5069aedd7f8a45be8f4233539f226e7f [term 0 FOLLOWER]: Leader pre-election vote request: Granting yes vote for candidate 00763703287c430bace4f1f569fbedb0 in term 0.
I20260630 12:15:25.920881 13374 leader_election.cc:304] T 00000000000000000000000000000000 P 00763703287c430bace4f1f569fbedb0 [CANDIDATE]: Term 1 pre-election: Election decided. Result: candidate won. Election summary: received 2 responses out of 3 voters: 2 yes votes; 0 no votes. yes voters: 00763703287c430bace4f1f569fbedb0, 5069aedd7f8a45be8f4233539f226e7f; no voters: 
I20260630 12:15:25.921892 13529 tablet_service.cc:1917] Received RequestConsensusVote() RPC: tablet_id: "00000000000000000000000000000000" candidate_uuid: "00763703287c430bace4f1f569fbedb0" candidate_term: 1 candidate_status { last_received { term: 0 index: 0 } } ignore_live_leader: false dest_uuid: "cf72805a7bd04b368d1ce02a83a2a600" is_pre_election: true
I20260630 12:15:25.922806 13529 raft_consensus.cc:2468] T 00000000000000000000000000000000 P cf72805a7bd04b368d1ce02a83a2a600 [term 0 FOLLOWER]: Leader pre-election vote request: Granting yes vote for candidate 00763703287c430bace4f1f569fbedb0 in term 0.
I20260630 12:15:25.924691 13561 leader_election.cc:290] T 00000000000000000000000000000000 P 00763703287c430bace4f1f569fbedb0 [CANDIDATE]: Term 1 pre-election: Requested pre-vote from peers 5069aedd7f8a45be8f4233539f226e7f (127.13.11.125:40251), cf72805a7bd04b368d1ce02a83a2a600 (127.13.11.124:43355)
I20260630 12:15:25.925452 13561 raft_consensus.cc:2804] T 00000000000000000000000000000000 P 00763703287c430bace4f1f569fbedb0 [term 0 FOLLOWER]: Leader pre-election won for term 1
I20260630 12:15:25.925964 13561 raft_consensus.cc:493] T 00000000000000000000000000000000 P 00763703287c430bace4f1f569fbedb0 [term 0 FOLLOWER]: Starting leader election (no leader contacted us within the election timeout)
I20260630 12:15:25.926471 13561 raft_consensus.cc:3060] T 00000000000000000000000000000000 P 00763703287c430bace4f1f569fbedb0 [term 0 FOLLOWER]: Advancing to term 1
I20260630 12:15:25.936156 13561 raft_consensus.cc:515] T 00000000000000000000000000000000 P 00763703287c430bace4f1f569fbedb0 [term 1 FOLLOWER]: Starting leader election with config: opid_index: -1 OBSOLETE_local: false peers { permanent_uuid: "00763703287c430bace4f1f569fbedb0" member_type: VOTER last_known_addr { host: "127.13.11.126" port: 33169 } } peers { permanent_uuid: "5069aedd7f8a45be8f4233539f226e7f" member_type: VOTER last_known_addr { host: "127.13.11.125" port: 40251 } } peers { permanent_uuid: "cf72805a7bd04b368d1ce02a83a2a600" member_type: VOTER last_known_addr { host: "127.13.11.124" port: 43355 } }
I20260630 12:15:25.939378 13464 tablet_service.cc:1917] Received RequestConsensusVote() RPC: tablet_id: "00000000000000000000000000000000" candidate_uuid: "00763703287c430bace4f1f569fbedb0" candidate_term: 1 candidate_status { last_received { term: 0 index: 0 } } ignore_live_leader: false dest_uuid: "5069aedd7f8a45be8f4233539f226e7f"
I20260630 12:15:25.939939 13464 raft_consensus.cc:3060] T 00000000000000000000000000000000 P 5069aedd7f8a45be8f4233539f226e7f [term 0 FOLLOWER]: Advancing to term 1
I20260630 12:15:25.940718 13529 tablet_service.cc:1917] Received RequestConsensusVote() RPC: tablet_id: "00000000000000000000000000000000" candidate_uuid: "00763703287c430bace4f1f569fbedb0" candidate_term: 1 candidate_status { last_received { term: 0 index: 0 } } ignore_live_leader: false dest_uuid: "cf72805a7bd04b368d1ce02a83a2a600"
I20260630 12:15:25.941694 13529 raft_consensus.cc:3060] T 00000000000000000000000000000000 P cf72805a7bd04b368d1ce02a83a2a600 [term 0 FOLLOWER]: Advancing to term 1
I20260630 12:15:25.946785 13464 raft_consensus.cc:2468] T 00000000000000000000000000000000 P 5069aedd7f8a45be8f4233539f226e7f [term 1 FOLLOWER]: Leader election vote request: Granting yes vote for candidate 00763703287c430bace4f1f569fbedb0 in term 1.
I20260630 12:15:25.947983 13374 leader_election.cc:304] T 00000000000000000000000000000000 P 00763703287c430bace4f1f569fbedb0 [CANDIDATE]: Term 1 election: Election decided. Result: candidate won. Election summary: received 2 responses out of 3 voters: 2 yes votes; 0 no votes. yes voters: 00763703287c430bace4f1f569fbedb0, 5069aedd7f8a45be8f4233539f226e7f; no voters: 
I20260630 12:15:25.948951 13619 raft_consensus.cc:2804] T 00000000000000000000000000000000 P 00763703287c430bace4f1f569fbedb0 [term 1 FOLLOWER]: Leader election won for term 1
I20260630 12:15:25.950941 13561 leader_election.cc:290] T 00000000000000000000000000000000 P 00763703287c430bace4f1f569fbedb0 [CANDIDATE]: Term 1 election: Requested vote from peers 5069aedd7f8a45be8f4233539f226e7f (127.13.11.125:40251), cf72805a7bd04b368d1ce02a83a2a600 (127.13.11.124:43355)
I20260630 12:15:25.952694 13529 raft_consensus.cc:2468] T 00000000000000000000000000000000 P cf72805a7bd04b368d1ce02a83a2a600 [term 1 FOLLOWER]: Leader election vote request: Granting yes vote for candidate 00763703287c430bace4f1f569fbedb0 in term 1.
I20260630 12:15:25.957160 13619 raft_consensus.cc:697] T 00000000000000000000000000000000 P 00763703287c430bace4f1f569fbedb0 [term 1 LEADER]: Becoming Leader. State: Replica: 00763703287c430bace4f1f569fbedb0, State: Running, Role: LEADER
I20260630 12:15:25.958276 13619 consensus_queue.cc:237] T 00000000000000000000000000000000 P 00763703287c430bace4f1f569fbedb0 [LEADER]: Queue going to LEADER mode. State: All replicated index: 0, Majority replicated index: 0, Committed index: 0, Last appended: 0.0, Last appended by leader: 0, Current term: 1, Majority size: 2, State: 0, Mode: LEADER, active raft config: opid_index: -1 OBSOLETE_local: false peers { permanent_uuid: "00763703287c430bace4f1f569fbedb0" member_type: VOTER last_known_addr { host: "127.13.11.126" port: 33169 } } peers { permanent_uuid: "5069aedd7f8a45be8f4233539f226e7f" member_type: VOTER last_known_addr { host: "127.13.11.125" port: 40251 } } peers { permanent_uuid: "cf72805a7bd04b368d1ce02a83a2a600" member_type: VOTER last_known_addr { host: "127.13.11.124" port: 43355 } }
I20260630 12:15:25.972658 13561 sys_catalog.cc:455] T 00000000000000000000000000000000 P 00763703287c430bace4f1f569fbedb0 [sys.catalog]: SysCatalogTable state changed. Reason: New leader 00763703287c430bace4f1f569fbedb0. Latest consensus state: current_term: 1 leader_uuid: "00763703287c430bace4f1f569fbedb0" committed_config { opid_index: -1 OBSOLETE_local: false peers { permanent_uuid: "00763703287c430bace4f1f569fbedb0" member_type: VOTER last_known_addr { host: "127.13.11.126" port: 33169 } } peers { permanent_uuid: "5069aedd7f8a45be8f4233539f226e7f" member_type: VOTER last_known_addr { host: "127.13.11.125" port: 40251 } } peers { permanent_uuid: "cf72805a7bd04b368d1ce02a83a2a600" member_type: VOTER last_known_addr { host: "127.13.11.124" port: 43355 } } }
I20260630 12:15:25.973495 13561 sys_catalog.cc:458] T 00000000000000000000000000000000 P 00763703287c430bace4f1f569fbedb0 [sys.catalog]: This master's current role is: LEADER
I20260630 12:15:25.977829 13633 catalog_manager.cc:1511] Loading table and tablet metadata into memory...
I20260630 12:15:25.986399 13633 catalog_manager.cc:1520] Initializing Kudu cluster ID...
I20260630 12:15:26.007421 13529 raft_consensus.cc:1275] T 00000000000000000000000000000000 P cf72805a7bd04b368d1ce02a83a2a600 [term 1 FOLLOWER]: Refusing update from remote peer 00763703287c430bace4f1f569fbedb0: Log matching property violated. Preceding OpId in replica: term: 0 index: 0. Preceding OpId from leader: term: 1 index: 2. (index mismatch)
I20260630 12:15:26.007515 13464 raft_consensus.cc:1275] T 00000000000000000000000000000000 P 5069aedd7f8a45be8f4233539f226e7f [term 1 FOLLOWER]: Refusing update from remote peer 00763703287c430bace4f1f569fbedb0: Log matching property violated. Preceding OpId in replica: term: 0 index: 0. Preceding OpId from leader: term: 1 index: 2. (index mismatch)
I20260630 12:15:26.009438 13561 consensus_queue.cc:1048] T 00000000000000000000000000000000 P 00763703287c430bace4f1f569fbedb0 [LEADER]: Connected to new peer: Peer: permanent_uuid: "5069aedd7f8a45be8f4233539f226e7f" member_type: VOTER last_known_addr { host: "127.13.11.125" port: 40251 }, Status: LMP_MISMATCH, Last received: 0.0, Next index: 1, Last known committed idx: 0, Time since last communication: 0.000s
I20260630 12:15:26.010457 13619 consensus_queue.cc:1048] T 00000000000000000000000000000000 P 00763703287c430bace4f1f569fbedb0 [LEADER]: Connected to new peer: Peer: permanent_uuid: "cf72805a7bd04b368d1ce02a83a2a600" member_type: VOTER last_known_addr { host: "127.13.11.124" port: 43355 }, Status: LMP_MISMATCH, Last received: 0.0, Next index: 1, Last known committed idx: 0, Time since last communication: 0.000s
I20260630 12:15:26.030792 13563 sys_catalog.cc:455] T 00000000000000000000000000000000 P 5069aedd7f8a45be8f4233539f226e7f [sys.catalog]: SysCatalogTable state changed. Reason: New leader 00763703287c430bace4f1f569fbedb0. Latest consensus state: current_term: 1 leader_uuid: "00763703287c430bace4f1f569fbedb0" committed_config { opid_index: -1 OBSOLETE_local: false peers { permanent_uuid: "00763703287c430bace4f1f569fbedb0" member_type: VOTER last_known_addr { host: "127.13.11.126" port: 33169 } } peers { permanent_uuid: "5069aedd7f8a45be8f4233539f226e7f" member_type: VOTER last_known_addr { host: "127.13.11.125" port: 40251 } } peers { permanent_uuid: "cf72805a7bd04b368d1ce02a83a2a600" member_type: VOTER last_known_addr { host: "127.13.11.124" port: 43355 } } }
I20260630 12:15:26.031769 13563 sys_catalog.cc:458] T 00000000000000000000000000000000 P 5069aedd7f8a45be8f4233539f226e7f [sys.catalog]: This master's current role is: FOLLOWER
I20260630 12:15:26.045884 13649 mvcc.cc:204] Tried to move back new op lower bound from 7302437789707493376 to 7302437789537660928. Current Snapshot: MvccSnapshot[applied={T|T < 7302437789707493376}]
I20260630 12:15:26.063979 13562 sys_catalog.cc:455] T 00000000000000000000000000000000 P cf72805a7bd04b368d1ce02a83a2a600 [sys.catalog]: SysCatalogTable state changed. Reason: New leader 00763703287c430bace4f1f569fbedb0. Latest consensus state: current_term: 1 leader_uuid: "00763703287c430bace4f1f569fbedb0" committed_config { opid_index: -1 OBSOLETE_local: false peers { permanent_uuid: "00763703287c430bace4f1f569fbedb0" member_type: VOTER last_known_addr { host: "127.13.11.126" port: 33169 } } peers { permanent_uuid: "5069aedd7f8a45be8f4233539f226e7f" member_type: VOTER last_known_addr { host: "127.13.11.125" port: 40251 } } peers { permanent_uuid: "cf72805a7bd04b368d1ce02a83a2a600" member_type: VOTER last_known_addr { host: "127.13.11.124" port: 43355 } } }
I20260630 12:15:26.064991 13562 sys_catalog.cc:458] T 00000000000000000000000000000000 P cf72805a7bd04b368d1ce02a83a2a600 [sys.catalog]: This master's current role is: FOLLOWER
I20260630 12:15:26.065457 13561 sys_catalog.cc:455] T 00000000000000000000000000000000 P 00763703287c430bace4f1f569fbedb0 [sys.catalog]: SysCatalogTable state changed. Reason: Peer health change. Latest consensus state: current_term: 1 leader_uuid: "00763703287c430bace4f1f569fbedb0" committed_config { opid_index: -1 OBSOLETE_local: false peers { permanent_uuid: "00763703287c430bace4f1f569fbedb0" member_type: VOTER last_known_addr { host: "127.13.11.126" port: 33169 } } peers { permanent_uuid: "5069aedd7f8a45be8f4233539f226e7f" member_type: VOTER last_known_addr { host: "127.13.11.125" port: 40251 } } peers { permanent_uuid: "cf72805a7bd04b368d1ce02a83a2a600" member_type: VOTER last_known_addr { host: "127.13.11.124" port: 43355 } } }
I20260630 12:15:26.066154 13561 sys_catalog.cc:458] T 00000000000000000000000000000000 P 00763703287c430bace4f1f569fbedb0 [sys.catalog]: This master's current role is: LEADER
