I20260630 12:15:50.366680 13489 ts_tablet_manager.cc:595] Time spent register tablets: real 0.000s	user 0.001s	sys 0.000s
I20260630 12:15:50.404968 13489 rpc_server.cc:307] RPC server started. Bound to: 127.13.44.67:41667
I20260630 12:15:50.405066 15407 acceptor_pool.cc:272] collecting diagnostics on the listening RPC socket 127.13.44.67:41667 every 8 connection(s)
I20260630 12:15:50.419333 15408 heartbeater.cc:344] Connected to a master server at 127.13.44.126:37545
I20260630 12:15:50.419742 15408 heartbeater.cc:461] Registering TS with master...
I20260630 12:15:50.420437 15408 heartbeater.cc:507] Master 127.13.44.126:37545 requested a full tablet report, sending...
I20260630 12:15:50.422452 15132 ts_manager.cc:194] Registered new tserver with Master: 50193c1db44841e6bc1dfa8bda4d482d (127.13.44.67:41667)
I20260630 12:15:50.423401 13489 internal_mini_cluster.cc:371] 3 TS(s) registered with all masters after 0.01486911s
I20260630 12:15:50.424165 15132 master_service.cc:502] Signed X509 certificate for tserver {username='slave'} at 127.0.0.1:46332
I20260630 12:15:51.250741 15259 heartbeater.cc:499] Master 127.13.44.126:37545 was elected leader, sending a full tablet report...
I20260630 12:15:51.338143 15334 heartbeater.cc:499] Master 127.13.44.126:37545 was elected leader, sending a full tablet report...
I20260630 12:15:51.427107 15408 heartbeater.cc:499] Master 127.13.44.126:37545 was elected leader, sending a full tablet report...
I20260630 12:15:51.479439 15132 catalog_manager.cc:2283] Servicing CreateTable request from {username='slave'} at 127.0.0.1:46338:
name: "test-workload"
schema {
  columns {
    name: "key"
    type: INT32
    is_key: true
    is_nullable: false
    encoding: AUTO_ENCODING
    compression: DEFAULT_COMPRESSION
    cfile_block_size: 0
    immutable: false
  }
  columns {
    name: "int_val"
    type: INT32
    is_key: false
    is_nullable: false
    encoding: AUTO_ENCODING
    compression: DEFAULT_COMPRESSION
    cfile_block_size: 0
    immutable: false
  }
  columns {
    name: "string_val"
    type: STRING
    is_key: false
    is_nullable: true
    encoding: AUTO_ENCODING
    compression: DEFAULT_COMPRESSION
    cfile_block_size: 0
    immutable: false
  }
}
num_replicas: 3
split_rows_range_bounds {
  rows: "\004\001\000\377\377\377?""\004\001\000\377\377\377?"
  indirect_data: """"
}
partition_schema {
  range_schema {
    columns {
      name: "key"
    }
  }
}
W20260630 12:15:51.481387 15132 catalog_manager.cc:7077] The number of live tablet servers is not enough to re-replicate a tablet replica of the newly created table test-workload in case of a server failure: 4 tablet servers would be needed, 3 are available. Consider bringing up more tablet servers.
I20260630 12:15:51.525516 15224 tablet_service.cc:1511] Processing CreateTablet for tablet c032484812c64309be78fbec51ed1d26 (DEFAULT_TABLE table=test-workload [id=4dfc943c35624430a411cdfe0a75e847]), partition=RANGE (key) PARTITION VALUES < 1073741823
I20260630 12:15:51.525746 15223 tablet_service.cc:1511] Processing CreateTablet for tablet fbdc1f4e86654f30bc68903978e8d011 (DEFAULT_TABLE table=test-workload [id=4dfc943c35624430a411cdfe0a75e847]), partition=RANGE (key) PARTITION 1073741823 <= VALUES
I20260630 12:15:51.527113 15224 data_dirs.cc:400] Could only allocate 1 dirs of requested 3 for tablet c032484812c64309be78fbec51ed1d26. 1 dirs total, 0 dirs full, 0 dirs failed
I20260630 12:15:51.530232 15223 data_dirs.cc:400] Could only allocate 1 dirs of requested 3 for tablet fbdc1f4e86654f30bc68903978e8d011. 1 dirs total, 0 dirs full, 0 dirs failed
I20260630 12:15:51.532138 15373 tablet_service.cc:1511] Processing CreateTablet for tablet c032484812c64309be78fbec51ed1d26 (DEFAULT_TABLE table=test-workload [id=4dfc943c35624430a411cdfe0a75e847]), partition=RANGE (key) PARTITION VALUES < 1073741823
I20260630 12:15:51.532778 15372 tablet_service.cc:1511] Processing CreateTablet for tablet fbdc1f4e86654f30bc68903978e8d011 (DEFAULT_TABLE table=test-workload [id=4dfc943c35624430a411cdfe0a75e847]), partition=RANGE (key) PARTITION 1073741823 <= VALUES
I20260630 12:15:51.533458 15373 data_dirs.cc:400] Could only allocate 1 dirs of requested 3 for tablet c032484812c64309be78fbec51ed1d26. 1 dirs total, 0 dirs full, 0 dirs failed
I20260630 12:15:51.534129 15372 data_dirs.cc:400] Could only allocate 1 dirs of requested 3 for tablet fbdc1f4e86654f30bc68903978e8d011. 1 dirs total, 0 dirs full, 0 dirs failed
I20260630 12:15:51.547719 15298 tablet_service.cc:1511] Processing CreateTablet for tablet fbdc1f4e86654f30bc68903978e8d011 (DEFAULT_TABLE table=test-workload [id=4dfc943c35624430a411cdfe0a75e847]), partition=RANGE (key) PARTITION 1073741823 <= VALUES
I20260630 12:15:51.549065 15298 data_dirs.cc:400] Could only allocate 1 dirs of requested 3 for tablet fbdc1f4e86654f30bc68903978e8d011. 1 dirs total, 0 dirs full, 0 dirs failed
I20260630 12:15:51.551313 15299 tablet_service.cc:1511] Processing CreateTablet for tablet c032484812c64309be78fbec51ed1d26 (DEFAULT_TABLE table=test-workload [id=4dfc943c35624430a411cdfe0a75e847]), partition=RANGE (key) PARTITION VALUES < 1073741823
I20260630 12:15:51.552695 15299 data_dirs.cc:400] Could only allocate 1 dirs of requested 3 for tablet c032484812c64309be78fbec51ed1d26. 1 dirs total, 0 dirs full, 0 dirs failed
I20260630 12:15:51.580255 15429 tablet_bootstrap.cc:492] T fbdc1f4e86654f30bc68903978e8d011 P 50193c1db44841e6bc1dfa8bda4d482d: Bootstrap starting.
I20260630 12:15:51.581789 15428 tablet_bootstrap.cc:492] T c032484812c64309be78fbec51ed1d26 P 6f91b5fbb88b4bcc8dcd2cdf8a00ccb3: Bootstrap starting.
I20260630 12:15:51.581841 15430 tablet_bootstrap.cc:492] T c032484812c64309be78fbec51ed1d26 P 3601683111ad4c858e2c1727fb913456: Bootstrap starting.
I20260630 12:15:51.586580 15428 tablet_bootstrap.cc:654] T c032484812c64309be78fbec51ed1d26 P 6f91b5fbb88b4bcc8dcd2cdf8a00ccb3: Neither blocks nor log segments found. Creating new log.
I20260630 12:15:51.587283 15429 tablet_bootstrap.cc:654] T fbdc1f4e86654f30bc68903978e8d011 P 50193c1db44841e6bc1dfa8bda4d482d: Neither blocks nor log segments found. Creating new log.
I20260630 12:15:51.588668 15430 tablet_bootstrap.cc:654] T c032484812c64309be78fbec51ed1d26 P 3601683111ad4c858e2c1727fb913456: Neither blocks nor log segments found. Creating new log.
I20260630 12:15:51.591286 15428 tablet_bootstrap.cc:492] T c032484812c64309be78fbec51ed1d26 P 6f91b5fbb88b4bcc8dcd2cdf8a00ccb3: No bootstrap required, opened a new log
I20260630 12:15:51.591737 15428 ts_tablet_manager.cc:1403] T c032484812c64309be78fbec51ed1d26 P 6f91b5fbb88b4bcc8dcd2cdf8a00ccb3: Time spent bootstrapping tablet: real 0.010s	user 0.009s	sys 0.000s
I20260630 12:15:51.592314 15429 tablet_bootstrap.cc:492] T fbdc1f4e86654f30bc68903978e8d011 P 50193c1db44841e6bc1dfa8bda4d482d: No bootstrap required, opened a new log
I20260630 12:15:51.592811 15429 ts_tablet_manager.cc:1403] T fbdc1f4e86654f30bc68903978e8d011 P 50193c1db44841e6bc1dfa8bda4d482d: Time spent bootstrapping tablet: real 0.013s	user 0.012s	sys 0.000s
I20260630 12:15:51.594772 15428 raft_consensus.cc:359] T c032484812c64309be78fbec51ed1d26 P 6f91b5fbb88b4bcc8dcd2cdf8a00ccb3 [term 0 FOLLOWER]: Replica starting. Triggering 0 pending ops. Active config: opid_index: -1 OBSOLETE_local: false peers { permanent_uuid: "6f91b5fbb88b4bcc8dcd2cdf8a00ccb3" member_type: VOTER last_known_addr { host: "127.13.44.65" port: 44565 } } peers { permanent_uuid: "50193c1db44841e6bc1dfa8bda4d482d" member_type: VOTER last_known_addr { host: "127.13.44.67" port: 41667 } } peers { permanent_uuid: "3601683111ad4c858e2c1727fb913456" member_type: VOTER last_known_addr { host: "127.13.44.66" port: 33065 } }
I20260630 12:15:51.595568 15428 raft_consensus.cc:385] T c032484812c64309be78fbec51ed1d26 P 6f91b5fbb88b4bcc8dcd2cdf8a00ccb3 [term 0 FOLLOWER]: Consensus starting up: Expiring failure detector timer to make a prompt election more likely
I20260630 12:15:51.595412 15429 raft_consensus.cc:359] T fbdc1f4e86654f30bc68903978e8d011 P 50193c1db44841e6bc1dfa8bda4d482d [term 0 FOLLOWER]: Replica starting. Triggering 0 pending ops. Active config: opid_index: -1 OBSOLETE_local: false peers { permanent_uuid: "6f91b5fbb88b4bcc8dcd2cdf8a00ccb3" member_type: VOTER last_known_addr { host: "127.13.44.65" port: 44565 } } peers { permanent_uuid: "3601683111ad4c858e2c1727fb913456" member_type: VOTER last_known_addr { host: "127.13.44.66" port: 33065 } } peers { permanent_uuid: "50193c1db44841e6bc1dfa8bda4d482d" member_type: VOTER last_known_addr { host: "127.13.44.67" port: 41667 } }
I20260630 12:15:51.595988 15430 tablet_bootstrap.cc:492] T c032484812c64309be78fbec51ed1d26 P 3601683111ad4c858e2c1727fb913456: No bootstrap required, opened a new log
I20260630 12:15:51.595974 15428 raft_consensus.cc:740] T c032484812c64309be78fbec51ed1d26 P 6f91b5fbb88b4bcc8dcd2cdf8a00ccb3 [term 0 FOLLOWER]: Becoming Follower/Learner. State: Replica: 6f91b5fbb88b4bcc8dcd2cdf8a00ccb3, State: Initialized, Role: FOLLOWER
I20260630 12:15:51.596230 15429 raft_consensus.cc:385] T fbdc1f4e86654f30bc68903978e8d011 P 50193c1db44841e6bc1dfa8bda4d482d [term 0 FOLLOWER]: Consensus starting up: Expiring failure detector timer to make a prompt election more likely
I20260630 12:15:51.596698 15430 ts_tablet_manager.cc:1403] T c032484812c64309be78fbec51ed1d26 P 3601683111ad4c858e2c1727fb913456: Time spent bootstrapping tablet: real 0.015s	user 0.007s	sys 0.005s
I20260630 12:15:51.596712 15429 raft_consensus.cc:740] T fbdc1f4e86654f30bc68903978e8d011 P 50193c1db44841e6bc1dfa8bda4d482d [term 0 FOLLOWER]: Becoming Follower/Learner. State: Replica: 50193c1db44841e6bc1dfa8bda4d482d, State: Initialized, Role: FOLLOWER
I20260630 12:15:51.596974 15428 consensus_queue.cc:260] T c032484812c64309be78fbec51ed1d26 P 6f91b5fbb88b4bcc8dcd2cdf8a00ccb3 [NON_LEADER]: Queue going to NON_LEADER mode. State: All replicated index: 0, Majority replicated index: 0, Committed index: 0, Last appended: 0.0, Last appended by leader: 0, Current term: 0, Majority size: -1, State: 0, Mode: NON_LEADER, active raft config: opid_index: -1 OBSOLETE_local: false peers { permanent_uuid: "6f91b5fbb88b4bcc8dcd2cdf8a00ccb3" member_type: VOTER last_known_addr { host: "127.13.44.65" port: 44565 } } peers { permanent_uuid: "50193c1db44841e6bc1dfa8bda4d482d" member_type: VOTER last_known_addr { host: "127.13.44.67" port: 41667 } } peers { permanent_uuid: "3601683111ad4c858e2c1727fb913456" member_type: VOTER last_known_addr { host: "127.13.44.66" port: 33065 } }
I20260630 12:15:51.597831 15429 consensus_queue.cc:260] T fbdc1f4e86654f30bc68903978e8d011 P 50193c1db44841e6bc1dfa8bda4d482d [NON_LEADER]: Queue going to NON_LEADER mode. State: All replicated index: 0, Majority replicated index: 0, Committed index: 0, Last appended: 0.0, Last appended by leader: 0, Current term: 0, Majority size: -1, State: 0, Mode: NON_LEADER, active raft config: opid_index: -1 OBSOLETE_local: false peers { permanent_uuid: "6f91b5fbb88b4bcc8dcd2cdf8a00ccb3" member_type: VOTER last_known_addr { host: "127.13.44.65" port: 44565 } } peers { permanent_uuid: "3601683111ad4c858e2c1727fb913456" member_type: VOTER last_known_addr { host: "127.13.44.66" port: 33065 } } peers { permanent_uuid: "50193c1db44841e6bc1dfa8bda4d482d" member_type: VOTER last_known_addr { host: "127.13.44.67" port: 41667 } }
I20260630 12:15:51.600085 15428 ts_tablet_manager.cc:1434] T c032484812c64309be78fbec51ed1d26 P 6f91b5fbb88b4bcc8dcd2cdf8a00ccb3: Time spent starting tablet: real 0.008s	user 0.005s	sys 0.002s
I20260630 12:15:51.599790 15430 raft_consensus.cc:359] T c032484812c64309be78fbec51ed1d26 P 3601683111ad4c858e2c1727fb913456 [term 0 FOLLOWER]: Replica starting. Triggering 0 pending ops. Active config: opid_index: -1 OBSOLETE_local: false peers { permanent_uuid: "6f91b5fbb88b4bcc8dcd2cdf8a00ccb3" member_type: VOTER last_known_addr { host: "127.13.44.65" port: 44565 } } peers { permanent_uuid: "50193c1db44841e6bc1dfa8bda4d482d" member_type: VOTER last_known_addr { host: "127.13.44.67" port: 41667 } } peers { permanent_uuid: "3601683111ad4c858e2c1727fb913456" member_type: VOTER last_known_addr { host: "127.13.44.66" port: 33065 } }
I20260630 12:15:51.600564 15430 raft_consensus.cc:385] T c032484812c64309be78fbec51ed1d26 P 3601683111ad4c858e2c1727fb913456 [term 0 FOLLOWER]: Consensus starting up: Expiring failure detector timer to make a prompt election more likely
I20260630 12:15:51.600929 15430 raft_consensus.cc:740] T c032484812c64309be78fbec51ed1d26 P 3601683111ad4c858e2c1727fb913456 [term 0 FOLLOWER]: Becoming Follower/Learner. State: Replica: 3601683111ad4c858e2c1727fb913456, State: Initialized, Role: FOLLOWER
I20260630 12:15:51.601429 15428 tablet_bootstrap.cc:492] T fbdc1f4e86654f30bc68903978e8d011 P 6f91b5fbb88b4bcc8dcd2cdf8a00ccb3: Bootstrap starting.
I20260630 12:15:51.601728 15430 consensus_queue.cc:260] T c032484812c64309be78fbec51ed1d26 P 3601683111ad4c858e2c1727fb913456 [NON_LEADER]: Queue going to NON_LEADER mode. State: All replicated index: 0, Majority replicated index: 0, Committed index: 0, Last appended: 0.0, Last appended by leader: 0, Current term: 0, Majority size: -1, State: 0, Mode: NON_LEADER, active raft config: opid_index: -1 OBSOLETE_local: false peers { permanent_uuid: "6f91b5fbb88b4bcc8dcd2cdf8a00ccb3" member_type: VOTER last_known_addr { host: "127.13.44.65" port: 44565 } } peers { permanent_uuid: "50193c1db44841e6bc1dfa8bda4d482d" member_type: VOTER last_known_addr { host: "127.13.44.67" port: 41667 } } peers { permanent_uuid: "3601683111ad4c858e2c1727fb913456" member_type: VOTER last_known_addr { host: "127.13.44.66" port: 33065 } }
I20260630 12:15:51.607229 15429 ts_tablet_manager.cc:1434] T fbdc1f4e86654f30bc68903978e8d011 P 50193c1db44841e6bc1dfa8bda4d482d: Time spent starting tablet: real 0.014s	user 0.013s	sys 0.000s
I20260630 12:15:51.612082 15428 tablet_bootstrap.cc:654] T fbdc1f4e86654f30bc68903978e8d011 P 6f91b5fbb88b4bcc8dcd2cdf8a00ccb3: Neither blocks nor log segments found. Creating new log.
I20260630 12:15:51.614087 15429 tablet_bootstrap.cc:492] T c032484812c64309be78fbec51ed1d26 P 50193c1db44841e6bc1dfa8bda4d482d: Bootstrap starting.
I20260630 12:15:51.620891 15429 tablet_bootstrap.cc:654] T c032484812c64309be78fbec51ed1d26 P 50193c1db44841e6bc1dfa8bda4d482d: Neither blocks nor log segments found. Creating new log.
I20260630 12:15:51.624650 15430 ts_tablet_manager.cc:1434] T c032484812c64309be78fbec51ed1d26 P 3601683111ad4c858e2c1727fb913456: Time spent starting tablet: real 0.027s	user 0.009s	sys 0.018s
I20260630 12:15:51.626343 15428 tablet_bootstrap.cc:492] T fbdc1f4e86654f30bc68903978e8d011 P 6f91b5fbb88b4bcc8dcd2cdf8a00ccb3: No bootstrap required, opened a new log
I20260630 12:15:51.626902 15428 ts_tablet_manager.cc:1403] T fbdc1f4e86654f30bc68903978e8d011 P 6f91b5fbb88b4bcc8dcd2cdf8a00ccb3: Time spent bootstrapping tablet: real 0.026s	user 0.016s	sys 0.007s
I20260630 12:15:51.626953 15430 tablet_bootstrap.cc:492] T fbdc1f4e86654f30bc68903978e8d011 P 3601683111ad4c858e2c1727fb913456: Bootstrap starting.
I20260630 12:15:51.627454 15429 tablet_bootstrap.cc:492] T c032484812c64309be78fbec51ed1d26 P 50193c1db44841e6bc1dfa8bda4d482d: No bootstrap required, opened a new log
I20260630 12:15:51.627951 15429 ts_tablet_manager.cc:1403] T c032484812c64309be78fbec51ed1d26 P 50193c1db44841e6bc1dfa8bda4d482d: Time spent bootstrapping tablet: real 0.014s	user 0.011s	sys 0.000s
I20260630 12:15:51.630014 15428 raft_consensus.cc:359] T fbdc1f4e86654f30bc68903978e8d011 P 6f91b5fbb88b4bcc8dcd2cdf8a00ccb3 [term 0 FOLLOWER]: Replica starting. Triggering 0 pending ops. Active config: opid_index: -1 OBSOLETE_local: false peers { permanent_uuid: "6f91b5fbb88b4bcc8dcd2cdf8a00ccb3" member_type: VOTER last_known_addr { host: "127.13.44.65" port: 44565 } } peers { permanent_uuid: "3601683111ad4c858e2c1727fb913456" member_type: VOTER last_known_addr { host: "127.13.44.66" port: 33065 } } peers { permanent_uuid: "50193c1db44841e6bc1dfa8bda4d482d" member_type: VOTER last_known_addr { host: "127.13.44.67" port: 41667 } }
I20260630 12:15:51.630839 15428 raft_consensus.cc:385] T fbdc1f4e86654f30bc68903978e8d011 P 6f91b5fbb88b4bcc8dcd2cdf8a00ccb3 [term 0 FOLLOWER]: Consensus starting up: Expiring failure detector timer to make a prompt election more likely
I20260630 12:15:51.630719 15429 raft_consensus.cc:359] T c032484812c64309be78fbec51ed1d26 P 50193c1db44841e6bc1dfa8bda4d482d [term 0 FOLLOWER]: Replica starting. Triggering 0 pending ops. Active config: opid_index: -1 OBSOLETE_local: false peers { permanent_uuid: "6f91b5fbb88b4bcc8dcd2cdf8a00ccb3" member_type: VOTER last_known_addr { host: "127.13.44.65" port: 44565 } } peers { permanent_uuid: "50193c1db44841e6bc1dfa8bda4d482d" member_type: VOTER last_known_addr { host: "127.13.44.67" port: 41667 } } peers { permanent_uuid: "3601683111ad4c858e2c1727fb913456" member_type: VOTER last_known_addr { host: "127.13.44.66" port: 33065 } }
I20260630 12:15:51.631242 15428 raft_consensus.cc:740] T fbdc1f4e86654f30bc68903978e8d011 P 6f91b5fbb88b4bcc8dcd2cdf8a00ccb3 [term 0 FOLLOWER]: Becoming Follower/Learner. State: Replica: 6f91b5fbb88b4bcc8dcd2cdf8a00ccb3, State: Initialized, Role: FOLLOWER
I20260630 12:15:51.631562 15429 raft_consensus.cc:385] T c032484812c64309be78fbec51ed1d26 P 50193c1db44841e6bc1dfa8bda4d482d [term 0 FOLLOWER]: Consensus starting up: Expiring failure detector timer to make a prompt election more likely
I20260630 12:15:51.631726 15430 tablet_bootstrap.cc:654] T fbdc1f4e86654f30bc68903978e8d011 P 3601683111ad4c858e2c1727fb913456: Neither blocks nor log segments found. Creating new log.
I20260630 12:15:51.631930 15429 raft_consensus.cc:740] T c032484812c64309be78fbec51ed1d26 P 50193c1db44841e6bc1dfa8bda4d482d [term 0 FOLLOWER]: Becoming Follower/Learner. State: Replica: 50193c1db44841e6bc1dfa8bda4d482d, State: Initialized, Role: FOLLOWER
I20260630 12:15:51.632184 15428 consensus_queue.cc:260] T fbdc1f4e86654f30bc68903978e8d011 P 6f91b5fbb88b4bcc8dcd2cdf8a00ccb3 [NON_LEADER]: Queue going to NON_LEADER mode. State: All replicated index: 0, Majority replicated index: 0, Committed index: 0, Last appended: 0.0, Last appended by leader: 0, Current term: 0, Majority size: -1, State: 0, Mode: NON_LEADER, active raft config: opid_index: -1 OBSOLETE_local: false peers { permanent_uuid: "6f91b5fbb88b4bcc8dcd2cdf8a00ccb3" member_type: VOTER last_known_addr { host: "127.13.44.65" port: 44565 } } peers { permanent_uuid: "3601683111ad4c858e2c1727fb913456" member_type: VOTER last_known_addr { host: "127.13.44.66" port: 33065 } } peers { permanent_uuid: "50193c1db44841e6bc1dfa8bda4d482d" member_type: VOTER last_known_addr { host: "127.13.44.67" port: 41667 } }
I20260630 12:15:51.632807 15429 consensus_queue.cc:260] T c032484812c64309be78fbec51ed1d26 P 50193c1db44841e6bc1dfa8bda4d482d [NON_LEADER]: Queue going to NON_LEADER mode. State: All replicated index: 0, Majority replicated index: 0, Committed index: 0, Last appended: 0.0, Last appended by leader: 0, Current term: 0, Majority size: -1, State: 0, Mode: NON_LEADER, active raft config: opid_index: -1 OBSOLETE_local: false peers { permanent_uuid: "6f91b5fbb88b4bcc8dcd2cdf8a00ccb3" member_type: VOTER last_known_addr { host: "127.13.44.65" port: 44565 } } peers { permanent_uuid: "50193c1db44841e6bc1dfa8bda4d482d" member_type: VOTER last_known_addr { host: "127.13.44.67" port: 41667 } } peers { permanent_uuid: "3601683111ad4c858e2c1727fb913456" member_type: VOTER last_known_addr { host: "127.13.44.66" port: 33065 } }
I20260630 12:15:51.635241 15429 ts_tablet_manager.cc:1434] T c032484812c64309be78fbec51ed1d26 P 50193c1db44841e6bc1dfa8bda4d482d: Time spent starting tablet: real 0.007s	user 0.007s	sys 0.001s
I20260630 12:15:51.636750 15428 ts_tablet_manager.cc:1434] T fbdc1f4e86654f30bc68903978e8d011 P 6f91b5fbb88b4bcc8dcd2cdf8a00ccb3: Time spent starting tablet: real 0.009s	user 0.006s	sys 0.000s
I20260630 12:15:51.640781 15430 tablet_bootstrap.cc:492] T fbdc1f4e86654f30bc68903978e8d011 P 3601683111ad4c858e2c1727fb913456: No bootstrap required, opened a new log
I20260630 12:15:51.641322 15430 ts_tablet_manager.cc:1403] T fbdc1f4e86654f30bc68903978e8d011 P 3601683111ad4c858e2c1727fb913456: Time spent bootstrapping tablet: real 0.015s	user 0.009s	sys 0.003s
I20260630 12:15:51.644060 15430 raft_consensus.cc:359] T fbdc1f4e86654f30bc68903978e8d011 P 3601683111ad4c858e2c1727fb913456 [term 0 FOLLOWER]: Replica starting. Triggering 0 pending ops. Active config: opid_index: -1 OBSOLETE_local: false peers { permanent_uuid: "6f91b5fbb88b4bcc8dcd2cdf8a00ccb3" member_type: VOTER last_known_addr { host: "127.13.44.65" port: 44565 } } peers { permanent_uuid: "3601683111ad4c858e2c1727fb913456" member_type: VOTER last_known_addr { host: "127.13.44.66" port: 33065 } } peers { permanent_uuid: "50193c1db44841e6bc1dfa8bda4d482d" member_type: VOTER last_known_addr { host: "127.13.44.67" port: 41667 } }
I20260630 12:15:51.644801 15430 raft_consensus.cc:385] T fbdc1f4e86654f30bc68903978e8d011 P 3601683111ad4c858e2c1727fb913456 [term 0 FOLLOWER]: Consensus starting up: Expiring failure detector timer to make a prompt election more likely
I20260630 12:15:51.645118 15430 raft_consensus.cc:740] T fbdc1f4e86654f30bc68903978e8d011 P 3601683111ad4c858e2c1727fb913456 [term 0 FOLLOWER]: Becoming Follower/Learner. State: Replica: 3601683111ad4c858e2c1727fb913456, State: Initialized, Role: FOLLOWER
I20260630 12:15:51.645841 15430 consensus_queue.cc:260] T fbdc1f4e86654f30bc68903978e8d011 P 3601683111ad4c858e2c1727fb913456 [NON_LEADER]: Queue going to NON_LEADER mode. State: All replicated index: 0, Majority replicated index: 0, Committed index: 0, Last appended: 0.0, Last appended by leader: 0, Current term: 0, Majority size: -1, State: 0, Mode: NON_LEADER, active raft config: opid_index: -1 OBSOLETE_local: false peers { permanent_uuid: "6f91b5fbb88b4bcc8dcd2cdf8a00ccb3" member_type: VOTER last_known_addr { host: "127.13.44.65" port: 44565 } } peers { permanent_uuid: "3601683111ad4c858e2c1727fb913456" member_type: VOTER last_known_addr { host: "127.13.44.66" port: 33065 } } peers { permanent_uuid: "50193c1db44841e6bc1dfa8bda4d482d" member_type: VOTER last_known_addr { host: "127.13.44.67" port: 41667 } }
I20260630 12:15:51.647826 15430 ts_tablet_manager.cc:1434] T fbdc1f4e86654f30bc68903978e8d011 P 3601683111ad4c858e2c1727fb913456: Time spent starting tablet: real 0.006s	user 0.005s	sys 0.000s
I20260630 12:15:51.778889 15434 raft_consensus.cc:493] T c032484812c64309be78fbec51ed1d26 P 6f91b5fbb88b4bcc8dcd2cdf8a00ccb3 [term 0 FOLLOWER]: Starting pre-election (no leader contacted us within the election timeout)
I20260630 12:15:51.779424 15434 raft_consensus.cc:515] T c032484812c64309be78fbec51ed1d26 P 6f91b5fbb88b4bcc8dcd2cdf8a00ccb3 [term 0 FOLLOWER]: Starting pre-election with config: opid_index: -1 OBSOLETE_local: false peers { permanent_uuid: "6f91b5fbb88b4bcc8dcd2cdf8a00ccb3" member_type: VOTER last_known_addr { host: "127.13.44.65" port: 44565 } } peers { permanent_uuid: "50193c1db44841e6bc1dfa8bda4d482d" member_type: VOTER last_known_addr { host: "127.13.44.67" port: 41667 } } peers { permanent_uuid: "3601683111ad4c858e2c1727fb913456" member_type: VOTER last_known_addr { host: "127.13.44.66" port: 33065 } }
I20260630 12:15:51.781944 15434 leader_election.cc:290] T c032484812c64309be78fbec51ed1d26 P 6f91b5fbb88b4bcc8dcd2cdf8a00ccb3 [CANDIDATE]: Term 1 pre-election: Requested pre-vote from peers 50193c1db44841e6bc1dfa8bda4d482d (127.13.44.67:41667), 3601683111ad4c858e2c1727fb913456 (127.13.44.66:33065)
I20260630 12:15:51.793918 15383 tablet_service.cc:1917] Received RequestConsensusVote() RPC: tablet_id: "c032484812c64309be78fbec51ed1d26" candidate_uuid: "6f91b5fbb88b4bcc8dcd2cdf8a00ccb3" candidate_term: 1 candidate_status { last_received { term: 0 index: 0 } } ignore_live_leader: false dest_uuid: "50193c1db44841e6bc1dfa8bda4d482d" is_pre_election: true
I20260630 12:15:51.794708 15383 raft_consensus.cc:2468] T c032484812c64309be78fbec51ed1d26 P 50193c1db44841e6bc1dfa8bda4d482d [term 0 FOLLOWER]: Leader pre-election vote request: Granting yes vote for candidate 6f91b5fbb88b4bcc8dcd2cdf8a00ccb3 in term 0.
I20260630 12:15:51.795765 15200 leader_election.cc:304] T c032484812c64309be78fbec51ed1d26 P 6f91b5fbb88b4bcc8dcd2cdf8a00ccb3 [CANDIDATE]: Term 1 pre-election: Election decided. Result: candidate won. Election summary: received 2 responses out of 3 voters: 2 yes votes; 0 no votes. yes voters: 50193c1db44841e6bc1dfa8bda4d482d, 6f91b5fbb88b4bcc8dcd2cdf8a00ccb3; no voters: 
I20260630 12:15:51.796434 15309 tablet_service.cc:1917] Received RequestConsensusVote() RPC: tablet_id: "c032484812c64309be78fbec51ed1d26" candidate_uuid: "6f91b5fbb88b4bcc8dcd2cdf8a00ccb3" candidate_term: 1 candidate_status { last_received { term: 0 index: 0 } } ignore_live_leader: false dest_uuid: "3601683111ad4c858e2c1727fb913456" is_pre_election: true
I20260630 12:15:51.796613 15434 raft_consensus.cc:2804] T c032484812c64309be78fbec51ed1d26 P 6f91b5fbb88b4bcc8dcd2cdf8a00ccb3 [term 0 FOLLOWER]: Leader pre-election won for term 1
I20260630 12:15:51.796990 15434 raft_consensus.cc:493] T c032484812c64309be78fbec51ed1d26 P 6f91b5fbb88b4bcc8dcd2cdf8a00ccb3 [term 0 FOLLOWER]: Starting leader election (no leader contacted us within the election timeout)
I20260630 12:15:51.797019 15309 raft_consensus.cc:2468] T c032484812c64309be78fbec51ed1d26 P 3601683111ad4c858e2c1727fb913456 [term 0 FOLLOWER]: Leader pre-election vote request: Granting yes vote for candidate 6f91b5fbb88b4bcc8dcd2cdf8a00ccb3 in term 0.
I20260630 12:15:51.797333 15434 raft_consensus.cc:3060] T c032484812c64309be78fbec51ed1d26 P 6f91b5fbb88b4bcc8dcd2cdf8a00ccb3 [term 0 FOLLOWER]: Advancing to term 1
I20260630 12:15:51.802029 15434 raft_consensus.cc:515] T c032484812c64309be78fbec51ed1d26 P 6f91b5fbb88b4bcc8dcd2cdf8a00ccb3 [term 1 FOLLOWER]: Starting leader election with config: opid_index: -1 OBSOLETE_local: false peers { permanent_uuid: "6f91b5fbb88b4bcc8dcd2cdf8a00ccb3" member_type: VOTER last_known_addr { host: "127.13.44.65" port: 44565 } } peers { permanent_uuid: "50193c1db44841e6bc1dfa8bda4d482d" member_type: VOTER last_known_addr { host: "127.13.44.67" port: 41667 } } peers { permanent_uuid: "3601683111ad4c858e2c1727fb913456" member_type: VOTER last_known_addr { host: "127.13.44.66" port: 33065 } }
I20260630 12:15:51.803722 15434 leader_election.cc:290] T c032484812c64309be78fbec51ed1d26 P 6f91b5fbb88b4bcc8dcd2cdf8a00ccb3 [CANDIDATE]: Term 1 election: Requested vote from peers 50193c1db44841e6bc1dfa8bda4d482d (127.13.44.67:41667), 3601683111ad4c858e2c1727fb913456 (127.13.44.66:33065)
I20260630 12:15:51.804314 15383 tablet_service.cc:1917] Received RequestConsensusVote() RPC: tablet_id: "c032484812c64309be78fbec51ed1d26" candidate_uuid: "6f91b5fbb88b4bcc8dcd2cdf8a00ccb3" candidate_term: 1 candidate_status { last_received { term: 0 index: 0 } } ignore_live_leader: false dest_uuid: "50193c1db44841e6bc1dfa8bda4d482d"
I20260630 12:15:51.804592 15309 tablet_service.cc:1917] Received RequestConsensusVote() RPC: tablet_id: "c032484812c64309be78fbec51ed1d26" candidate_uuid: "6f91b5fbb88b4bcc8dcd2cdf8a00ccb3" candidate_term: 1 candidate_status { last_received { term: 0 index: 0 } } ignore_live_leader: false dest_uuid: "3601683111ad4c858e2c1727fb913456"
I20260630 12:15:51.804828 15383 raft_consensus.cc:3060] T c032484812c64309be78fbec51ed1d26 P 50193c1db44841e6bc1dfa8bda4d482d [term 0 FOLLOWER]: Advancing to term 1
I20260630 12:15:51.805174 15309 raft_consensus.cc:3060] T c032484812c64309be78fbec51ed1d26 P 3601683111ad4c858e2c1727fb913456 [term 0 FOLLOWER]: Advancing to term 1
I20260630 12:15:51.806561 15434 raft_consensus.cc:493] T fbdc1f4e86654f30bc68903978e8d011 P 6f91b5fbb88b4bcc8dcd2cdf8a00ccb3 [term 0 FOLLOWER]: Starting pre-election (no leader contacted us within the election timeout)
I20260630 12:15:51.807039 15434 raft_consensus.cc:515] T fbdc1f4e86654f30bc68903978e8d011 P 6f91b5fbb88b4bcc8dcd2cdf8a00ccb3 [term 0 FOLLOWER]: Starting pre-election with config: opid_index: -1 OBSOLETE_local: false peers { permanent_uuid: "6f91b5fbb88b4bcc8dcd2cdf8a00ccb3" member_type: VOTER last_known_addr { host: "127.13.44.65" port: 44565 } } peers { permanent_uuid: "3601683111ad4c858e2c1727fb913456" member_type: VOTER last_known_addr { host: "127.13.44.66" port: 33065 } } peers { permanent_uuid: "50193c1db44841e6bc1dfa8bda4d482d" member_type: VOTER last_known_addr { host: "127.13.44.67" port: 41667 } }
I20260630 12:15:51.809052 15434 leader_election.cc:290] T fbdc1f4e86654f30bc68903978e8d011 P 6f91b5fbb88b4bcc8dcd2cdf8a00ccb3 [CANDIDATE]: Term 1 pre-election: Requested pre-vote from peers 3601683111ad4c858e2c1727fb913456 (127.13.44.66:33065), 50193c1db44841e6bc1dfa8bda4d482d (127.13.44.67:41667)
I20260630 12:15:51.809839 15308 tablet_service.cc:1917] Received RequestConsensusVote() RPC: tablet_id: "fbdc1f4e86654f30bc68903978e8d011" candidate_uuid: "6f91b5fbb88b4bcc8dcd2cdf8a00ccb3" candidate_term: 1 candidate_status { last_received { term: 0 index: 0 } } ignore_live_leader: false dest_uuid: "3601683111ad4c858e2c1727fb913456" is_pre_election: true
I20260630 12:15:51.810376 15383 raft_consensus.cc:2468] T c032484812c64309be78fbec51ed1d26 P 50193c1db44841e6bc1dfa8bda4d482d [term 1 FOLLOWER]: Leader election vote request: Granting yes vote for candidate 6f91b5fbb88b4bcc8dcd2cdf8a00ccb3 in term 1.
I20260630 12:15:51.810554 15308 raft_consensus.cc:2468] T fbdc1f4e86654f30bc68903978e8d011 P 3601683111ad4c858e2c1727fb913456 [term 0 FOLLOWER]: Leader pre-election vote request: Granting yes vote for candidate 6f91b5fbb88b4bcc8dcd2cdf8a00ccb3 in term 0.
I20260630 12:15:51.810712 15382 tablet_service.cc:1917] Received RequestConsensusVote() RPC: tablet_id: "fbdc1f4e86654f30bc68903978e8d011" candidate_uuid: "6f91b5fbb88b4bcc8dcd2cdf8a00ccb3" candidate_term: 1 candidate_status { last_received { term: 0 index: 0 } } ignore_live_leader: false dest_uuid: "50193c1db44841e6bc1dfa8bda4d482d" is_pre_election: true
I20260630 12:15:51.811530 15382 raft_consensus.cc:2468] T fbdc1f4e86654f30bc68903978e8d011 P 50193c1db44841e6bc1dfa8bda4d482d [term 0 FOLLOWER]: Leader pre-election vote request: Granting yes vote for candidate 6f91b5fbb88b4bcc8dcd2cdf8a00ccb3 in term 0.
I20260630 12:15:51.811695 15309 raft_consensus.cc:2468] T c032484812c64309be78fbec51ed1d26 P 3601683111ad4c858e2c1727fb913456 [term 1 FOLLOWER]: Leader election vote request: Granting yes vote for candidate 6f91b5fbb88b4bcc8dcd2cdf8a00ccb3 in term 1.
I20260630 12:15:51.811887 15200 leader_election.cc:304] T c032484812c64309be78fbec51ed1d26 P 6f91b5fbb88b4bcc8dcd2cdf8a00ccb3 [CANDIDATE]: Term 1 election: Election decided. Result: candidate won. Election summary: received 2 responses out of 3 voters: 2 yes votes; 0 no votes. yes voters: 50193c1db44841e6bc1dfa8bda4d482d, 6f91b5fbb88b4bcc8dcd2cdf8a00ccb3; no voters: 
I20260630 12:15:51.812671 15434 raft_consensus.cc:2804] T c032484812c64309be78fbec51ed1d26 P 6f91b5fbb88b4bcc8dcd2cdf8a00ccb3 [term 1 FOLLOWER]: Leader election won for term 1
I20260630 12:15:51.812749 15200 leader_election.cc:304] T fbdc1f4e86654f30bc68903978e8d011 P 6f91b5fbb88b4bcc8dcd2cdf8a00ccb3 [CANDIDATE]: Term 1 pre-election: Election decided. Result: candidate won. Election summary: received 2 responses out of 3 voters: 2 yes votes; 0 no votes. yes voters: 3601683111ad4c858e2c1727fb913456, 6f91b5fbb88b4bcc8dcd2cdf8a00ccb3; no voters: 
I20260630 12:15:51.814088 15434 raft_consensus.cc:697] T c032484812c64309be78fbec51ed1d26 P 6f91b5fbb88b4bcc8dcd2cdf8a00ccb3 [term 1 LEADER]: Becoming Leader. State: Replica: 6f91b5fbb88b4bcc8dcd2cdf8a00ccb3, State: Running, Role: LEADER
I20260630 12:15:51.814572 15443 raft_consensus.cc:2804] T fbdc1f4e86654f30bc68903978e8d011 P 6f91b5fbb88b4bcc8dcd2cdf8a00ccb3 [term 0 FOLLOWER]: Leader pre-election won for term 1
I20260630 12:15:51.815033 15443 raft_consensus.cc:493] T fbdc1f4e86654f30bc68903978e8d011 P 6f91b5fbb88b4bcc8dcd2cdf8a00ccb3 [term 0 FOLLOWER]: Starting leader election (no leader contacted us within the election timeout)
I20260630 12:15:51.815541 15443 raft_consensus.cc:3060] T fbdc1f4e86654f30bc68903978e8d011 P 6f91b5fbb88b4bcc8dcd2cdf8a00ccb3 [term 0 FOLLOWER]: Advancing to term 1
I20260630 12:15:51.815047 15434 consensus_queue.cc:237] T c032484812c64309be78fbec51ed1d26 P 6f91b5fbb88b4bcc8dcd2cdf8a00ccb3 [LEADER]: Queue going to LEADER mode. State: All replicated index: 0, Majority replicated index: 0, Committed index: 0, Last appended: 0.0, Last appended by leader: 0, Current term: 1, Majority size: 2, State: 0, Mode: LEADER, active raft config: opid_index: -1 OBSOLETE_local: false peers { permanent_uuid: "6f91b5fbb88b4bcc8dcd2cdf8a00ccb3" member_type: VOTER last_known_addr { host: "127.13.44.65" port: 44565 } } peers { permanent_uuid: "50193c1db44841e6bc1dfa8bda4d482d" member_type: VOTER last_known_addr { host: "127.13.44.67" port: 41667 } } peers { permanent_uuid: "3601683111ad4c858e2c1727fb913456" member_type: VOTER last_known_addr { host: "127.13.44.66" port: 33065 } }
I20260630 12:15:51.821568 15443 raft_consensus.cc:515] T fbdc1f4e86654f30bc68903978e8d011 P 6f91b5fbb88b4bcc8dcd2cdf8a00ccb3 [term 1 FOLLOWER]: Starting leader election with config: opid_index: -1 OBSOLETE_local: false peers { permanent_uuid: "6f91b5fbb88b4bcc8dcd2cdf8a00ccb3" member_type: VOTER last_known_addr { host: "127.13.44.65" port: 44565 } } peers { permanent_uuid: "3601683111ad4c858e2c1727fb913456" member_type: VOTER last_known_addr { host: "127.13.44.66" port: 33065 } } peers { permanent_uuid: "50193c1db44841e6bc1dfa8bda4d482d" member_type: VOTER last_known_addr { host: "127.13.44.67" port: 41667 } }
I20260630 12:15:51.823442 15443 leader_election.cc:290] T fbdc1f4e86654f30bc68903978e8d011 P 6f91b5fbb88b4bcc8dcd2cdf8a00ccb3 [CANDIDATE]: Term 1 election: Requested vote from peers 3601683111ad4c858e2c1727fb913456 (127.13.44.66:33065), 50193c1db44841e6bc1dfa8bda4d482d (127.13.44.67:41667)
I20260630 12:15:51.824038 15309 tablet_service.cc:1917] Received RequestConsensusVote() RPC: tablet_id: "fbdc1f4e86654f30bc68903978e8d011" candidate_uuid: "6f91b5fbb88b4bcc8dcd2cdf8a00ccb3" candidate_term: 1 candidate_status { last_received { term: 0 index: 0 } } ignore_live_leader: false dest_uuid: "3601683111ad4c858e2c1727fb913456"
I20260630 12:15:51.824611 15309 raft_consensus.cc:3060] T fbdc1f4e86654f30bc68903978e8d011 P 3601683111ad4c858e2c1727fb913456 [term 0 FOLLOWER]: Advancing to term 1
I20260630 12:15:51.824574 15382 tablet_service.cc:1917] Received RequestConsensusVote() RPC: tablet_id: "fbdc1f4e86654f30bc68903978e8d011" candidate_uuid: "6f91b5fbb88b4bcc8dcd2cdf8a00ccb3" candidate_term: 1 candidate_status { last_received { term: 0 index: 0 } } ignore_live_leader: false dest_uuid: "50193c1db44841e6bc1dfa8bda4d482d"
I20260630 12:15:51.825335 15382 raft_consensus.cc:3060] T fbdc1f4e86654f30bc68903978e8d011 P 50193c1db44841e6bc1dfa8bda4d482d [term 0 FOLLOWER]: Advancing to term 1
I20260630 12:15:51.825137 15130 catalog_manager.cc:5697] T c032484812c64309be78fbec51ed1d26 P 6f91b5fbb88b4bcc8dcd2cdf8a00ccb3 reported cstate change: term changed from 0 to 1, leader changed from <none> to 6f91b5fbb88b4bcc8dcd2cdf8a00ccb3 (127.13.44.65). New cstate: current_term: 1 leader_uuid: "6f91b5fbb88b4bcc8dcd2cdf8a00ccb3" committed_config { opid_index: -1 OBSOLETE_local: false peers { permanent_uuid: "6f91b5fbb88b4bcc8dcd2cdf8a00ccb3" member_type: VOTER last_known_addr { host: "127.13.44.65" port: 44565 } health_report { overall_health: HEALTHY } } peers { permanent_uuid: "50193c1db44841e6bc1dfa8bda4d482d" member_type: VOTER last_known_addr { host: "127.13.44.67" port: 41667 } health_report { overall_health: UNKNOWN } } peers { permanent_uuid: "3601683111ad4c858e2c1727fb913456" member_type: VOTER last_known_addr { host: "127.13.44.66" port: 33065 } health_report { overall_health: UNKNOWN } } }
I20260630 12:15:51.831609 15309 raft_consensus.cc:2468] T fbdc1f4e86654f30bc68903978e8d011 P 3601683111ad4c858e2c1727fb913456 [term 1 FOLLOWER]: Leader election vote request: Granting yes vote for candidate 6f91b5fbb88b4bcc8dcd2cdf8a00ccb3 in term 1.
I20260630 12:15:51.831965 15382 raft_consensus.cc:2468] T fbdc1f4e86654f30bc68903978e8d011 P 50193c1db44841e6bc1dfa8bda4d482d [term 1 FOLLOWER]: Leader election vote request: Granting yes vote for candidate 6f91b5fbb88b4bcc8dcd2cdf8a00ccb3 in term 1.
I20260630 12:15:51.832825 15200 leader_election.cc:304] T fbdc1f4e86654f30bc68903978e8d011 P 6f91b5fbb88b4bcc8dcd2cdf8a00ccb3 [CANDIDATE]: Term 1 election: Election decided. Result: candidate won. Election summary: received 2 responses out of 3 voters: 2 yes votes; 0 no votes. yes voters: 3601683111ad4c858e2c1727fb913456, 6f91b5fbb88b4bcc8dcd2cdf8a00ccb3; no voters: 
I20260630 12:15:51.833616 15443 raft_consensus.cc:2804] T fbdc1f4e86654f30bc68903978e8d011 P 6f91b5fbb88b4bcc8dcd2cdf8a00ccb3 [term 1 FOLLOWER]: Leader election won for term 1
I20260630 12:15:51.834021 15443 raft_consensus.cc:697] T fbdc1f4e86654f30bc68903978e8d011 P 6f91b5fbb88b4bcc8dcd2cdf8a00ccb3 [term 1 LEADER]: Becoming Leader. State: Replica: 6f91b5fbb88b4bcc8dcd2cdf8a00ccb3, State: Running, Role: LEADER
I20260630 12:15:51.834770 15443 consensus_queue.cc:237] T fbdc1f4e86654f30bc68903978e8d011 P 6f91b5fbb88b4bcc8dcd2cdf8a00ccb3 [LEADER]: Queue going to LEADER mode. State: All replicated index: 0, Majority replicated index: 0, Committed index: 0, Last appended: 0.0, Last appended by leader: 0, Current term: 1, Majority size: 2, State: 0, Mode: LEADER, active raft config: opid_index: -1 OBSOLETE_local: false peers { permanent_uuid: "6f91b5fbb88b4bcc8dcd2cdf8a00ccb3" member_type: VOTER last_known_addr { host: "127.13.44.65" port: 44565 } } peers { permanent_uuid: "3601683111ad4c858e2c1727fb913456" member_type: VOTER last_known_addr { host: "127.13.44.66" port: 33065 } } peers { permanent_uuid: "50193c1db44841e6bc1dfa8bda4d482d" member_type: VOTER last_known_addr { host: "127.13.44.67" port: 41667 } }
I20260630 12:15:51.841069 15130 catalog_manager.cc:5697] T fbdc1f4e86654f30bc68903978e8d011 P 6f91b5fbb88b4bcc8dcd2cdf8a00ccb3 reported cstate change: term changed from 0 to 1, leader changed from <none> to 6f91b5fbb88b4bcc8dcd2cdf8a00ccb3 (127.13.44.65). New cstate: current_term: 1 leader_uuid: "6f91b5fbb88b4bcc8dcd2cdf8a00ccb3" committed_config { opid_index: -1 OBSOLETE_local: false peers { permanent_uuid: "6f91b5fbb88b4bcc8dcd2cdf8a00ccb3" member_type: VOTER last_known_addr { host: "127.13.44.65" port: 44565 } health_report { overall_health: HEALTHY } } peers { permanent_uuid: "3601683111ad4c858e2c1727fb913456" member_type: VOTER last_known_addr { host: "127.13.44.66" port: 33065 } health_report { overall_health: UNKNOWN } } peers { permanent_uuid: "50193c1db44841e6bc1dfa8bda4d482d" member_type: VOTER last_known_addr { host: "127.13.44.67" port: 41667 } health_report { overall_health: UNKNOWN } } }
I20260630 12:15:52.069269 15185 auto_leader_rebalancer.cc:141] leader rebalance for table test-workload
I20260630 12:15:52.081820 15234 tablet_service.cc:2072] Received LeaderStepDown RPC: tablet_id: "fbdc1f4e86654f30bc68903978e8d011"
dest_uuid: "6f91b5fbb88b4bcc8dcd2cdf8a00ccb3"
mode: GRACEFUL
new_leader_uuid: "3601683111ad4c858e2c1727fb913456"
 from {username='slave'} at 127.0.0.1:57316
I20260630 12:15:52.082489 15234 raft_consensus.cc:606] T fbdc1f4e86654f30bc68903978e8d011 P 6f91b5fbb88b4bcc8dcd2cdf8a00ccb3 [term 1 LEADER]: Received request to transfer leadership to TS 3601683111ad4c858e2c1727fb913456
I20260630 12:15:52.083807 15185 auto_leader_rebalancer.cc:440] table: test-workload, leader rebalance finish, leader transfer count: 1
I20260630 12:15:52.084239 15185 auto_leader_rebalancer.cc:515] All tables' leader rebalancing finished this round
I20260630 12:15:52.221822 15443 consensus_queue.cc:1048] T c032484812c64309be78fbec51ed1d26 P 6f91b5fbb88b4bcc8dcd2cdf8a00ccb3 [LEADER]: Connected to new peer: Peer: permanent_uuid: "3601683111ad4c858e2c1727fb913456" member_type: VOTER last_known_addr { host: "127.13.44.66" port: 33065 }, Status: LMP_MISMATCH, Last received: 0.0, Next index: 1, Last known committed idx: 0, Time since last communication: 0.000s
I20260630 12:15:52.235049 15434 consensus_queue.cc:1048] T c032484812c64309be78fbec51ed1d26 P 6f91b5fbb88b4bcc8dcd2cdf8a00ccb3 [LEADER]: Connected to new peer: Peer: permanent_uuid: "50193c1db44841e6bc1dfa8bda4d482d" member_type: VOTER last_known_addr { host: "127.13.44.67" port: 41667 }, Status: LMP_MISMATCH, Last received: 0.0, Next index: 1, Last known committed idx: 0, Time since last communication: 0.000s
I20260630 12:15:52.245448 15434 consensus_queue.cc:1048] T fbdc1f4e86654f30bc68903978e8d011 P 6f91b5fbb88b4bcc8dcd2cdf8a00ccb3 [LEADER]: Connected to new peer: Peer: permanent_uuid: "50193c1db44841e6bc1dfa8bda4d482d" member_type: VOTER last_known_addr { host: "127.13.44.67" port: 41667 }, Status: LMP_MISMATCH, Last received: 0.0, Next index: 1, Last known committed idx: 0, Time since last communication: 0.000s
I20260630 12:15:52.259140 15456 consensus_queue.cc:1048] T fbdc1f4e86654f30bc68903978e8d011 P 6f91b5fbb88b4bcc8dcd2cdf8a00ccb3 [LEADER]: Connected to new peer: Peer: permanent_uuid: "3601683111ad4c858e2c1727fb913456" member_type: VOTER last_known_addr { host: "127.13.44.66" port: 33065 }, Status: LMP_MISMATCH, Last received: 0.0, Next index: 1, Last known committed idx: 0, Time since last communication: 0.000s
I20260630 12:15:52.267237 15443 raft_consensus.cc:993] T fbdc1f4e86654f30bc68903978e8d011 P 6f91b5fbb88b4bcc8dcd2cdf8a00ccb3: : Instructing follower 3601683111ad4c858e2c1727fb913456 to start an election
I20260630 12:15:52.267788 15456 raft_consensus.cc:1081] T fbdc1f4e86654f30bc68903978e8d011 P 6f91b5fbb88b4bcc8dcd2cdf8a00ccb3 [term 1 LEADER]: Signalling peer 3601683111ad4c858e2c1727fb913456 to start an election
I20260630 12:15:52.269510 15309 tablet_service.cc:2044] Received Run Leader Election RPC: tablet_id: "fbdc1f4e86654f30bc68903978e8d011"
dest_uuid: "3601683111ad4c858e2c1727fb913456"
 from {username='slave'} at 127.0.0.1:42374
I20260630 12:15:52.270102 15309 raft_consensus.cc:493] T fbdc1f4e86654f30bc68903978e8d011 P 3601683111ad4c858e2c1727fb913456 [term 1 FOLLOWER]: Starting forced leader election (received explicit request)
I20260630 12:15:52.270427 15309 raft_consensus.cc:3060] T fbdc1f4e86654f30bc68903978e8d011 P 3601683111ad4c858e2c1727fb913456 [term 1 FOLLOWER]: Advancing to term 2
I20260630 12:15:52.275082 15309 raft_consensus.cc:515] T fbdc1f4e86654f30bc68903978e8d011 P 3601683111ad4c858e2c1727fb913456 [term 2 FOLLOWER]: Starting forced leader election with config: opid_index: -1 OBSOLETE_local: false peers { permanent_uuid: "6f91b5fbb88b4bcc8dcd2cdf8a00ccb3" member_type: VOTER last_known_addr { host: "127.13.44.65" port: 44565 } } peers { permanent_uuid: "3601683111ad4c858e2c1727fb913456" member_type: VOTER last_known_addr { host: "127.13.44.66" port: 33065 } } peers { permanent_uuid: "50193c1db44841e6bc1dfa8bda4d482d" member_type: VOTER last_known_addr { host: "127.13.44.67" port: 41667 } }
I20260630 12:15:52.279587 15309 leader_election.cc:290] T fbdc1f4e86654f30bc68903978e8d011 P 3601683111ad4c858e2c1727fb913456 [CANDIDATE]: Term 2 election: Requested vote from peers 6f91b5fbb88b4bcc8dcd2cdf8a00ccb3 (127.13.44.65:44565), 50193c1db44841e6bc1dfa8bda4d482d (127.13.44.67:41667)
I20260630 12:15:52.288709 15234 tablet_service.cc:1917] Received RequestConsensusVote() RPC: tablet_id: "fbdc1f4e86654f30bc68903978e8d011" candidate_uuid: "3601683111ad4c858e2c1727fb913456" candidate_term: 2 candidate_status { last_received { term: 1 index: 1 } } ignore_live_leader: true dest_uuid: "6f91b5fbb88b4bcc8dcd2cdf8a00ccb3"
I20260630 12:15:52.289415 15234 raft_consensus.cc:3055] T fbdc1f4e86654f30bc68903978e8d011 P 6f91b5fbb88b4bcc8dcd2cdf8a00ccb3 [term 1 LEADER]: Stepping down as leader of term 1
I20260630 12:15:52.289731 15234 raft_consensus.cc:740] T fbdc1f4e86654f30bc68903978e8d011 P 6f91b5fbb88b4bcc8dcd2cdf8a00ccb3 [term 1 LEADER]: Becoming Follower/Learner. State: Replica: 6f91b5fbb88b4bcc8dcd2cdf8a00ccb3, State: Running, Role: LEADER
I20260630 12:15:52.289829 15382 tablet_service.cc:1917] Received RequestConsensusVote() RPC: tablet_id: "fbdc1f4e86654f30bc68903978e8d011" candidate_uuid: "3601683111ad4c858e2c1727fb913456" candidate_term: 2 candidate_status { last_received { term: 1 index: 1 } } ignore_live_leader: true dest_uuid: "50193c1db44841e6bc1dfa8bda4d482d"
I20260630 12:15:52.290407 15382 raft_consensus.cc:3060] T fbdc1f4e86654f30bc68903978e8d011 P 50193c1db44841e6bc1dfa8bda4d482d [term 1 FOLLOWER]: Advancing to term 2
I20260630 12:15:52.290486 15234 consensus_queue.cc:260] T fbdc1f4e86654f30bc68903978e8d011 P 6f91b5fbb88b4bcc8dcd2cdf8a00ccb3 [NON_LEADER]: Queue going to NON_LEADER mode. State: All replicated index: 0, Majority replicated index: 1, Committed index: 1, Last appended: 1.1, Last appended by leader: 1, Current term: 1, Majority size: -1, State: 0, Mode: NON_LEADER, active raft config: opid_index: -1 OBSOLETE_local: false peers { permanent_uuid: "6f91b5fbb88b4bcc8dcd2cdf8a00ccb3" member_type: VOTER last_known_addr { host: "127.13.44.65" port: 44565 } } peers { permanent_uuid: "3601683111ad4c858e2c1727fb913456" member_type: VOTER last_known_addr { host: "127.13.44.66" port: 33065 } } peers { permanent_uuid: "50193c1db44841e6bc1dfa8bda4d482d" member_type: VOTER last_known_addr { host: "127.13.44.67" port: 41667 } }
I20260630 12:15:52.291618 15234 raft_consensus.cc:3060] T fbdc1f4e86654f30bc68903978e8d011 P 6f91b5fbb88b4bcc8dcd2cdf8a00ccb3 [term 1 FOLLOWER]: Advancing to term 2
I20260630 12:15:52.295919 15382 raft_consensus.cc:2468] T fbdc1f4e86654f30bc68903978e8d011 P 50193c1db44841e6bc1dfa8bda4d482d [term 2 FOLLOWER]: Leader election vote request: Granting yes vote for candidate 3601683111ad4c858e2c1727fb913456 in term 2.
I20260630 12:15:52.296571 15234 raft_consensus.cc:2468] T fbdc1f4e86654f30bc68903978e8d011 P 6f91b5fbb88b4bcc8dcd2cdf8a00ccb3 [term 2 FOLLOWER]: Leader election vote request: Granting yes vote for candidate 3601683111ad4c858e2c1727fb913456 in term 2.
I20260630 12:15:52.297240 15275 leader_election.cc:304] T fbdc1f4e86654f30bc68903978e8d011 P 3601683111ad4c858e2c1727fb913456 [CANDIDATE]: Term 2 election: Election decided. Result: candidate won. Election summary: received 2 responses out of 3 voters: 2 yes votes; 0 no votes. yes voters: 3601683111ad4c858e2c1727fb913456, 50193c1db44841e6bc1dfa8bda4d482d; no voters: 
I20260630 12:15:52.298271 15448 raft_consensus.cc:2804] T fbdc1f4e86654f30bc68903978e8d011 P 3601683111ad4c858e2c1727fb913456 [term 2 FOLLOWER]: Leader election won for term 2
I20260630 12:15:52.299139 15448 raft_consensus.cc:697] T fbdc1f4e86654f30bc68903978e8d011 P 3601683111ad4c858e2c1727fb913456 [term 2 LEADER]: Becoming Leader. State: Replica: 3601683111ad4c858e2c1727fb913456, State: Running, Role: LEADER
I20260630 12:15:52.299777 15448 consensus_queue.cc:237] T fbdc1f4e86654f30bc68903978e8d011 P 3601683111ad4c858e2c1727fb913456 [LEADER]: Queue going to LEADER mode. State: All replicated index: 0, Majority replicated index: 1, Committed index: 1, Last appended: 1.1, Last appended by leader: 1, Current term: 2, Majority size: 2, State: 0, Mode: LEADER, active raft config: opid_index: -1 OBSOLETE_local: false peers { permanent_uuid: "6f91b5fbb88b4bcc8dcd2cdf8a00ccb3" member_type: VOTER last_known_addr { host: "127.13.44.65" port: 44565 } } peers { permanent_uuid: "3601683111ad4c858e2c1727fb913456" member_type: VOTER last_known_addr { host: "127.13.44.66" port: 33065 } } peers { permanent_uuid: "50193c1db44841e6bc1dfa8bda4d482d" member_type: VOTER last_known_addr { host: "127.13.44.67" port: 41667 } }
I20260630 12:15:52.305573 15130 catalog_manager.cc:5697] T fbdc1f4e86654f30bc68903978e8d011 P 3601683111ad4c858e2c1727fb913456 reported cstate change: term changed from 1 to 2, leader changed from 6f91b5fbb88b4bcc8dcd2cdf8a00ccb3 (127.13.44.65) to 3601683111ad4c858e2c1727fb913456 (127.13.44.66). New cstate: current_term: 2 leader_uuid: "3601683111ad4c858e2c1727fb913456" committed_config { opid_index: -1 OBSOLETE_local: false peers { permanent_uuid: "6f91b5fbb88b4bcc8dcd2cdf8a00ccb3" member_type: VOTER last_known_addr { host: "127.13.44.65" port: 44565 } health_report { overall_health: UNKNOWN } } peers { permanent_uuid: "3601683111ad4c858e2c1727fb913456" member_type: VOTER last_known_addr { host: "127.13.44.66" port: 33065 } health_report { overall_health: HEALTHY } } peers { permanent_uuid: "50193c1db44841e6bc1dfa8bda4d482d" member_type: VOTER last_known_addr { host: "127.13.44.67" port: 41667 } health_report { overall_health: UNKNOWN } } }
I20260630 12:15:52.687567 15234 raft_consensus.cc:1275] T fbdc1f4e86654f30bc68903978e8d011 P 6f91b5fbb88b4bcc8dcd2cdf8a00ccb3 [term 2 FOLLOWER]: Refusing update from remote peer 3601683111ad4c858e2c1727fb913456: Log matching property violated. Preceding OpId in replica: term: 1 index: 1. Preceding OpId from leader: term: 2 index: 2. (index mismatch)
I20260630 12:15:52.688930 15448 consensus_queue.cc:1048] T fbdc1f4e86654f30bc68903978e8d011 P 3601683111ad4c858e2c1727fb913456 [LEADER]: Connected to new peer: Peer: permanent_uuid: "6f91b5fbb88b4bcc8dcd2cdf8a00ccb3" member_type: VOTER last_known_addr { host: "127.13.44.65" port: 44565 }, Status: LMP_MISMATCH, Last received: 0.0, Next index: 2, Last known committed idx: 1, Time since last communication: 0.000s
I20260630 12:15:52.696501 15382 raft_consensus.cc:1275] T fbdc1f4e86654f30bc68903978e8d011 P 50193c1db44841e6bc1dfa8bda4d482d [term 2 FOLLOWER]: Refusing update from remote peer 3601683111ad4c858e2c1727fb913456: Log matching property violated. Preceding OpId in replica: term: 1 index: 1. Preceding OpId from leader: term: 2 index: 2. (index mismatch)
