W20260630 12:11:20.822141  1730 catalog_manager.cc:1594] T 00000000000000000000000000000000 P c6c909d837be48fd8acde4f86677bc50: loading cluster ID for follower catalog manager: Not found: cluster ID entry not found
W20260630 12:11:20.822434  1730 catalog_manager.cc:883] Not found: cluster ID entry not found: failed to prepare follower catalog manager, will retry
W20260630 12:11:20.823366  1732 catalog_manager.cc:1594] T 00000000000000000000000000000000 P 651f32183d6f4292a9ec30c0471468a2: loading cluster ID for follower catalog manager: Not found: cluster ID entry not found
W20260630 12:11:20.823660  1732 catalog_manager.cc:883] Not found: cluster ID entry not found: failed to prepare follower catalog manager, will retry
W20260630 12:11:20.827994  1733 instance_detector.cc:116] could not retrieve AWS instance metadata: Network error: curl error: HTTP response code said error: The requested URL returned error: 404
W20260630 12:11:20.829262  1734 instance_detector.cc:116] could not retrieve Azure instance metadata: Network error: curl error: HTTP response code said error: The requested URL returned error: 404
I20260630 12:11:20.830804   431 server_base.cc:1061] running on GCE node
W20260630 12:11:20.831058  1736 instance_detector.cc:116] could not retrieve OpenStack instance metadata: Network error: curl error: HTTP response code said error: The requested URL returned error: 404
I20260630 12:11:20.831915   431 hybrid_clock.cc:584] initializing the hybrid clock with 'system_unsync' time source
W20260630 12:11:20.832146   431 system_unsync_time.cc:38] NTP support is disabled. Clock error bounds will not be accurate. This configuration is not suitable for distributed clusters.
I20260630 12:11:20.832372   431 hybrid_clock.cc:648] HybridClock initialized: now 1782821480832346 us; error 0 us; skew 500 ppm
I20260630 12:11:20.832854   431 server_base.cc:861] Flag tcmalloc_max_total_thread_cache_bytes is not working since tcmalloc is not enabled.
I20260630 12:11:20.834892   431 webserver.cc:533] Webserver started at http://127.0.107.193:37185/ using document root <none> and password file <none>
I20260630 12:11:20.835354   431 fs_manager.cc:362] Metadata directory not provided
I20260630 12:11:20.835568   431 fs_manager.cc:368] Using write-ahead log directory (fs_wal_dir) as metadata directory
I20260630 12:11:20.835860   431 server_base.cc:909] This appears to be a new deployment of Kudu; creating new FS layout
I20260630 12:11:20.837010   431 fs_manager.cc:1068] Generated new instance metadata in path /tmp/dist-test-taskkrdtOB/test-tmp/auto_rebalancer-test.0.AutoRebalancerTest.NextLeaderResumesAutoRebalancing.1782821464488220-431-0/minicluster-data/ts-0-root/instance:
uuid: "4a0c8d62f0fa4699b0f728ff1ebeb03b"
format_stamp: "Formatted at 2026-06-30 12:11:20 on dist-test-slave-hpb6"
I20260630 12:11:20.841022   431 fs_manager.cc:696] Time spent creating directory manager: real 0.004s	user 0.000s	sys 0.004s
I20260630 12:11:20.843935  1741 log_block_manager.cc:4031] Time spent loading block containers with low live blocks: real 0.000s	user 0.000s	sys 0.000s
I20260630 12:11:20.844736   431 fs_manager.cc:730] Time spent opening block manager: real 0.002s	user 0.001s	sys 0.002s
I20260630 12:11:20.845024   431 fs_manager.cc:647] Opened local filesystem: /tmp/dist-test-taskkrdtOB/test-tmp/auto_rebalancer-test.0.AutoRebalancerTest.NextLeaderResumesAutoRebalancing.1782821464488220-431-0/minicluster-data/ts-0-root
uuid: "4a0c8d62f0fa4699b0f728ff1ebeb03b"
format_stamp: "Formatted at 2026-06-30 12:11:20 on dist-test-slave-hpb6"
I20260630 12:11:20.845254   431 fs_report.cc:389] FS layout report
--------------------
wal directory: /tmp/dist-test-taskkrdtOB/test-tmp/auto_rebalancer-test.0.AutoRebalancerTest.NextLeaderResumesAutoRebalancing.1782821464488220-431-0/minicluster-data/ts-0-root
metadata directory: /tmp/dist-test-taskkrdtOB/test-tmp/auto_rebalancer-test.0.AutoRebalancerTest.NextLeaderResumesAutoRebalancing.1782821464488220-431-0/minicluster-data/ts-0-root
1 data directories: /tmp/dist-test-taskkrdtOB/test-tmp/auto_rebalancer-test.0.AutoRebalancerTest.NextLeaderResumesAutoRebalancing.1782821464488220-431-0/minicluster-data/ts-0-root/data
Total live blocks: 0
Total live bytes: 0
Total live bytes (after alignment): 0
Total number of LBM containers: 0 (0 full)
Did not check for missing blocks
Did not check for orphaned blocks
Total full LBM containers with extra space: 0 (0 repaired)
Total full LBM container extra space in bytes: 0 (0 repaired)
Total incomplete LBM containers: 0 (0 repaired)
Total LBM partial records: 0 (0 repaired)
Total corrupted LBM metadata records in RocksDB: 0 (0 repaired)
I20260630 12:11:20.877651   431 rpc_server.cc:225] running with OpenSSL 1.1.1  11 Sep 2018
I20260630 12:11:20.878804   431 kserver.cc:163] Server-wide thread pool size limit: 3276
I20260630 12:11:20.880200   431 txn_system_client.cc:432] TxnSystemClient initialization is disabled...
I20260630 12:11:20.882689   431 ts_tablet_manager.cc:585] Loaded tablet metadata (0 total tablets, 0 live tablets)
I20260630 12:11:20.882936   431 ts_tablet_manager.cc:531] Time spent load tablet metadata: real 0.000s	user 0.000s	sys 0.000s
I20260630 12:11:20.883239   431 ts_tablet_manager.cc:616] Registered 0 tablets
I20260630 12:11:20.883425   431 ts_tablet_manager.cc:595] Time spent register tablets: real 0.000s	user 0.000s	sys 0.000s
I20260630 12:11:20.921761   431 rpc_server.cc:307] RPC server started. Bound to: 127.0.107.193:44187
I20260630 12:11:20.921868  1803 acceptor_pool.cc:272] collecting diagnostics on the listening RPC socket 127.0.107.193:44187 every 8 connection(s)
I20260630 12:11:20.934381   431 file_cache.cc:492] Constructed file cache file cache with capacity 419430
I20260630 12:11:20.946573  1805 heartbeater.cc:344] Connected to a master server at 127.0.107.253:33885
I20260630 12:11:20.947085  1805 heartbeater.cc:461] Registering TS with master...
I20260630 12:11:20.948170  1805 heartbeater.cc:507] Master 127.0.107.253:33885 requested a full tablet report, sending...
I20260630 12:11:20.952232  1590 ts_manager.cc:194] Registered new tserver with Master: 4a0c8d62f0fa4699b0f728ff1ebeb03b (127.0.107.193:44187)
I20260630 12:11:20.957161  1804 heartbeater.cc:344] Connected to a master server at 127.0.107.252:43245
I20260630 12:11:20.957650  1804 heartbeater.cc:461] Registering TS with master...
W20260630 12:11:20.958468  1812 instance_detector.cc:116] could not retrieve Azure instance metadata: Network error: curl error: HTTP response code said error: The requested URL returned error: 404
I20260630 12:11:20.958676  1804 heartbeater.cc:507] Master 127.0.107.252:43245 requested a full tablet report, sending...
I20260630 12:11:20.962261  1806 heartbeater.cc:344] Connected to a master server at 127.0.107.254:42521
W20260630 12:11:20.962234  1811 instance_detector.cc:116] could not retrieve AWS instance metadata: Network error: curl error: HTTP response code said error: The requested URL returned error: 404
I20260630 12:11:20.962865  1806 heartbeater.cc:461] Registering TS with master...
I20260630 12:11:20.963021  1655 ts_manager.cc:194] Registered new tserver with Master: 4a0c8d62f0fa4699b0f728ff1ebeb03b (127.0.107.193:44187)
I20260630 12:11:20.963440   431 server_base.cc:1061] running on GCE node
I20260630 12:11:20.963793  1806 heartbeater.cc:507] Master 127.0.107.254:42521 requested a full tablet report, sending...
W20260630 12:11:20.963982  1814 instance_detector.cc:116] could not retrieve OpenStack instance metadata: Network error: curl error: HTTP response code said error: The requested URL returned error: 404
I20260630 12:11:20.965080   431 hybrid_clock.cc:584] initializing the hybrid clock with 'system_unsync' time source
W20260630 12:11:20.965358   431 system_unsync_time.cc:38] NTP support is disabled. Clock error bounds will not be accurate. This configuration is not suitable for distributed clusters.
I20260630 12:11:20.965600   431 hybrid_clock.cc:648] HybridClock initialized: now 1782821480965578 us; error 0 us; skew 500 ppm
I20260630 12:11:20.966174   431 server_base.cc:861] Flag tcmalloc_max_total_thread_cache_bytes is not working since tcmalloc is not enabled.
I20260630 12:11:20.966429  1525 ts_manager.cc:194] Registered new tserver with Master: 4a0c8d62f0fa4699b0f728ff1ebeb03b (127.0.107.193:44187)
I20260630 12:11:20.968595   431 webserver.cc:533] Webserver started at http://127.0.107.194:40049/ using document root <none> and password file <none>
I20260630 12:11:20.969076   431 fs_manager.cc:362] Metadata directory not provided
I20260630 12:11:20.969293   431 fs_manager.cc:368] Using write-ahead log directory (fs_wal_dir) as metadata directory
I20260630 12:11:20.969565   431 server_base.cc:909] This appears to be a new deployment of Kudu; creating new FS layout
I20260630 12:11:20.970548   431 fs_manager.cc:1068] Generated new instance metadata in path /tmp/dist-test-taskkrdtOB/test-tmp/auto_rebalancer-test.0.AutoRebalancerTest.NextLeaderResumesAutoRebalancing.1782821464488220-431-0/minicluster-data/ts-1-root/instance:
uuid: "6a53068adec64fa8bce119e7af7db723"
format_stamp: "Formatted at 2026-06-30 12:11:20 on dist-test-slave-hpb6"
I20260630 12:11:20.974855   431 fs_manager.cc:696] Time spent creating directory manager: real 0.004s	user 0.002s	sys 0.004s
I20260630 12:11:20.977926  1819 log_block_manager.cc:4031] Time spent loading block containers with low live blocks: real 0.000s	user 0.000s	sys 0.000s
I20260630 12:11:20.978771   431 fs_manager.cc:730] Time spent opening block manager: real 0.002s	user 0.001s	sys 0.000s
I20260630 12:11:20.978997   431 fs_manager.cc:647] Opened local filesystem: /tmp/dist-test-taskkrdtOB/test-tmp/auto_rebalancer-test.0.AutoRebalancerTest.NextLeaderResumesAutoRebalancing.1782821464488220-431-0/minicluster-data/ts-1-root
uuid: "6a53068adec64fa8bce119e7af7db723"
format_stamp: "Formatted at 2026-06-30 12:11:20 on dist-test-slave-hpb6"
I20260630 12:11:20.979213   431 fs_report.cc:389] FS layout report
--------------------
wal directory: /tmp/dist-test-taskkrdtOB/test-tmp/auto_rebalancer-test.0.AutoRebalancerTest.NextLeaderResumesAutoRebalancing.1782821464488220-431-0/minicluster-data/ts-1-root
metadata directory: /tmp/dist-test-taskkrdtOB/test-tmp/auto_rebalancer-test.0.AutoRebalancerTest.NextLeaderResumesAutoRebalancing.1782821464488220-431-0/minicluster-data/ts-1-root
1 data directories: /tmp/dist-test-taskkrdtOB/test-tmp/auto_rebalancer-test.0.AutoRebalancerTest.NextLeaderResumesAutoRebalancing.1782821464488220-431-0/minicluster-data/ts-1-root/data
Total live blocks: 0
Total live bytes: 0
Total live bytes (after alignment): 0
Total number of LBM containers: 0 (0 full)
Did not check for missing blocks
Did not check for orphaned blocks
Total full LBM containers with extra space: 0 (0 repaired)
Total full LBM container extra space in bytes: 0 (0 repaired)
Total incomplete LBM containers: 0 (0 repaired)
Total LBM partial records: 0 (0 repaired)
Total corrupted LBM metadata records in RocksDB: 0 (0 repaired)
I20260630 12:11:20.995301   431 rpc_server.cc:225] running with OpenSSL 1.1.1  11 Sep 2018
I20260630 12:11:20.996361   431 kserver.cc:163] Server-wide thread pool size limit: 3276
I20260630 12:11:20.997679   431 txn_system_client.cc:432] TxnSystemClient initialization is disabled...
I20260630 12:11:20.999672   431 ts_tablet_manager.cc:585] Loaded tablet metadata (0 total tablets, 0 live tablets)
I20260630 12:11:20.999833   431 ts_tablet_manager.cc:531] Time spent load tablet metadata: real 0.000s	user 0.000s	sys 0.000s
I20260630 12:11:21.000110   431 ts_tablet_manager.cc:616] Registered 0 tablets
I20260630 12:11:21.000283   431 ts_tablet_manager.cc:595] Time spent register tablets: real 0.000s	user 0.000s	sys 0.000s
I20260630 12:11:21.038035   431 rpc_server.cc:307] RPC server started. Bound to: 127.0.107.194:39501
I20260630 12:11:21.038148  1881 acceptor_pool.cc:272] collecting diagnostics on the listening RPC socket 127.0.107.194:39501 every 8 connection(s)
I20260630 12:11:21.056196   431 file_cache.cc:492] Constructed file cache file cache with capacity 419430
I20260630 12:11:21.058343  1882 heartbeater.cc:344] Connected to a master server at 127.0.107.252:43245
I20260630 12:11:21.058765  1882 heartbeater.cc:461] Registering TS with master...
I20260630 12:11:21.059631  1882 heartbeater.cc:507] Master 127.0.107.252:43245 requested a full tablet report, sending...
I20260630 12:11:21.060470  1883 heartbeater.cc:344] Connected to a master server at 127.0.107.253:33885
I20260630 12:11:21.060860  1883 heartbeater.cc:461] Registering TS with master...
I20260630 12:11:21.061995  1883 heartbeater.cc:507] Master 127.0.107.253:33885 requested a full tablet report, sending...
I20260630 12:11:21.062470  1655 ts_manager.cc:194] Registered new tserver with Master: 6a53068adec64fa8bce119e7af7db723 (127.0.107.194:39501)
I20260630 12:11:21.065860  1590 ts_manager.cc:194] Registered new tserver with Master: 6a53068adec64fa8bce119e7af7db723 (127.0.107.194:39501)
W20260630 12:11:21.066213  1889 instance_detector.cc:116] could not retrieve AWS instance metadata: Network error: curl error: HTTP response code said error: The requested URL returned error: 404
W20260630 12:11:21.069932  1890 instance_detector.cc:116] could not retrieve Azure instance metadata: Network error: curl error: HTTP response code said error: The requested URL returned error: 404
I20260630 12:11:21.071148   431 server_base.cc:1061] running on GCE node
W20260630 12:11:21.070909  1892 instance_detector.cc:116] could not retrieve OpenStack instance metadata: Network error: curl error: HTTP response code said error: The requested URL returned error: 404
I20260630 12:11:21.072542   431 hybrid_clock.cc:584] initializing the hybrid clock with 'system_unsync' time source
I20260630 12:11:21.072598  1884 heartbeater.cc:344] Connected to a master server at 127.0.107.254:42521
W20260630 12:11:21.072901   431 system_unsync_time.cc:38] NTP support is disabled. Clock error bounds will not be accurate. This configuration is not suitable for distributed clusters.
I20260630 12:11:21.073055  1884 heartbeater.cc:461] Registering TS with master...
I20260630 12:11:21.073160   431 hybrid_clock.cc:648] HybridClock initialized: now 1782821481073138 us; error 0 us; skew 500 ppm
I20260630 12:11:21.073935   431 server_base.cc:861] Flag tcmalloc_max_total_thread_cache_bytes is not working since tcmalloc is not enabled.
I20260630 12:11:21.073935  1884 heartbeater.cc:507] Master 127.0.107.254:42521 requested a full tablet report, sending...
I20260630 12:11:21.076751  1525 ts_manager.cc:194] Registered new tserver with Master: 6a53068adec64fa8bce119e7af7db723 (127.0.107.194:39501)
I20260630 12:11:21.076900   431 webserver.cc:533] Webserver started at http://127.0.107.195:44099/ using document root <none> and password file <none>
I20260630 12:11:21.077560   431 fs_manager.cc:362] Metadata directory not provided
I20260630 12:11:21.077802   431 fs_manager.cc:368] Using write-ahead log directory (fs_wal_dir) as metadata directory
I20260630 12:11:21.078083   431 server_base.cc:909] This appears to be a new deployment of Kudu; creating new FS layout
I20260630 12:11:21.078972  1709 raft_consensus.cc:493] T 00000000000000000000000000000000 P c6c909d837be48fd8acde4f86677bc50 [term 0 FOLLOWER]: Starting pre-election (no leader contacted us within the election timeout)
I20260630 12:11:21.079224   431 fs_manager.cc:1068] Generated new instance metadata in path /tmp/dist-test-taskkrdtOB/test-tmp/auto_rebalancer-test.0.AutoRebalancerTest.NextLeaderResumesAutoRebalancing.1782821464488220-431-0/minicluster-data/ts-2-root/instance:
uuid: "6abef05b5e054bb0b558fde64689eb72"
format_stamp: "Formatted at 2026-06-30 12:11:21 on dist-test-slave-hpb6"
I20260630 12:11:21.079303  1709 raft_consensus.cc:515] T 00000000000000000000000000000000 P c6c909d837be48fd8acde4f86677bc50 [term 0 FOLLOWER]: Starting pre-election with config: opid_index: -1 OBSOLETE_local: false peers { permanent_uuid: "c6c909d837be48fd8acde4f86677bc50" member_type: VOTER last_known_addr { host: "127.0.107.254" port: 42521 } } peers { permanent_uuid: "651f32183d6f4292a9ec30c0471468a2" member_type: VOTER last_known_addr { host: "127.0.107.253" port: 33885 } } peers { permanent_uuid: "b16f177995d64ca59cddc48352413551" member_type: VOTER last_known_addr { host: "127.0.107.252" port: 43245 } }
I20260630 12:11:21.081068  1709 leader_election.cc:290] T 00000000000000000000000000000000 P c6c909d837be48fd8acde4f86677bc50 [CANDIDATE]: Term 1 pre-election: Requested pre-vote from peers 651f32183d6f4292a9ec30c0471468a2 (127.0.107.253:33885), b16f177995d64ca59cddc48352413551 (127.0.107.252:43245)
I20260630 12:11:21.081714  1600 tablet_service.cc:1917] Received RequestConsensusVote() RPC: tablet_id: "00000000000000000000000000000000" candidate_uuid: "c6c909d837be48fd8acde4f86677bc50" candidate_term: 1 candidate_status { last_received { term: 0 index: 0 } } ignore_live_leader: false dest_uuid: "651f32183d6f4292a9ec30c0471468a2" is_pre_election: true
I20260630 12:11:21.082156  1665 tablet_service.cc:1917] Received RequestConsensusVote() RPC: tablet_id: "00000000000000000000000000000000" candidate_uuid: "c6c909d837be48fd8acde4f86677bc50" candidate_term: 1 candidate_status { last_received { term: 0 index: 0 } } ignore_live_leader: false dest_uuid: "b16f177995d64ca59cddc48352413551" is_pre_election: true
I20260630 12:11:21.082366  1600 raft_consensus.cc:2468] T 00000000000000000000000000000000 P 651f32183d6f4292a9ec30c0471468a2 [term 0 FOLLOWER]: Leader pre-election vote request: Granting yes vote for candidate c6c909d837be48fd8acde4f86677bc50 in term 0.
I20260630 12:11:21.082899  1665 raft_consensus.cc:2468] T 00000000000000000000000000000000 P b16f177995d64ca59cddc48352413551 [term 0 FOLLOWER]: Leader pre-election vote request: Granting yes vote for candidate c6c909d837be48fd8acde4f86677bc50 in term 0.
I20260630 12:11:21.083688  1509 leader_election.cc:304] T 00000000000000000000000000000000 P c6c909d837be48fd8acde4f86677bc50 [CANDIDATE]: Term 1 pre-election: Election decided. Result: candidate won. Election summary: received 2 responses out of 3 voters: 2 yes votes; 0 no votes. yes voters: 651f32183d6f4292a9ec30c0471468a2, c6c909d837be48fd8acde4f86677bc50; no voters: 
I20260630 12:11:21.084511  1709 raft_consensus.cc:2804] T 00000000000000000000000000000000 P c6c909d837be48fd8acde4f86677bc50 [term 0 FOLLOWER]: Leader pre-election won for term 1
I20260630 12:11:21.084831  1709 raft_consensus.cc:493] T 00000000000000000000000000000000 P c6c909d837be48fd8acde4f86677bc50 [term 0 FOLLOWER]: Starting leader election (no leader contacted us within the election timeout)
I20260630 12:11:21.085093   431 fs_manager.cc:696] Time spent creating directory manager: real 0.005s	user 0.007s	sys 0.000s
I20260630 12:11:21.085131  1709 raft_consensus.cc:3060] T 00000000000000000000000000000000 P c6c909d837be48fd8acde4f86677bc50 [term 0 FOLLOWER]: Advancing to term 1
I20260630 12:11:21.088614  1897 log_block_manager.cc:4031] Time spent loading block containers with low live blocks: real 0.000s	user 0.000s	sys 0.000s
I20260630 12:11:21.089416   431 fs_manager.cc:730] Time spent opening block manager: real 0.002s	user 0.001s	sys 0.002s
I20260630 12:11:21.089757   431 fs_manager.cc:647] Opened local filesystem: /tmp/dist-test-taskkrdtOB/test-tmp/auto_rebalancer-test.0.AutoRebalancerTest.NextLeaderResumesAutoRebalancing.1782821464488220-431-0/minicluster-data/ts-2-root
uuid: "6abef05b5e054bb0b558fde64689eb72"
format_stamp: "Formatted at 2026-06-30 12:11:21 on dist-test-slave-hpb6"
I20260630 12:11:21.090096   431 fs_report.cc:389] FS layout report
--------------------
wal directory: /tmp/dist-test-taskkrdtOB/test-tmp/auto_rebalancer-test.0.AutoRebalancerTest.NextLeaderResumesAutoRebalancing.1782821464488220-431-0/minicluster-data/ts-2-root
metadata directory: /tmp/dist-test-taskkrdtOB/test-tmp/auto_rebalancer-test.0.AutoRebalancerTest.NextLeaderResumesAutoRebalancing.1782821464488220-431-0/minicluster-data/ts-2-root
1 data directories: /tmp/dist-test-taskkrdtOB/test-tmp/auto_rebalancer-test.0.AutoRebalancerTest.NextLeaderResumesAutoRebalancing.1782821464488220-431-0/minicluster-data/ts-2-root/data
Total live blocks: 0
Total live bytes: 0
Total live bytes (after alignment): 0
Total number of LBM containers: 0 (0 full)
Did not check for missing blocks
Did not check for orphaned blocks
Total full LBM containers with extra space: 0 (0 repaired)
Total full LBM container extra space in bytes: 0 (0 repaired)
Total incomplete LBM containers: 0 (0 repaired)
Total LBM partial records: 0 (0 repaired)
Total corrupted LBM metadata records in RocksDB: 0 (0 repaired)
I20260630 12:11:21.090957  1709 raft_consensus.cc:515] T 00000000000000000000000000000000 P c6c909d837be48fd8acde4f86677bc50 [term 1 FOLLOWER]: Starting leader election with config: opid_index: -1 OBSOLETE_local: false peers { permanent_uuid: "c6c909d837be48fd8acde4f86677bc50" member_type: VOTER last_known_addr { host: "127.0.107.254" port: 42521 } } peers { permanent_uuid: "651f32183d6f4292a9ec30c0471468a2" member_type: VOTER last_known_addr { host: "127.0.107.253" port: 33885 } } peers { permanent_uuid: "b16f177995d64ca59cddc48352413551" member_type: VOTER last_known_addr { host: "127.0.107.252" port: 43245 } }
I20260630 12:11:21.093353  1709 leader_election.cc:290] T 00000000000000000000000000000000 P c6c909d837be48fd8acde4f86677bc50 [CANDIDATE]: Term 1 election: Requested vote from peers 651f32183d6f4292a9ec30c0471468a2 (127.0.107.253:33885), b16f177995d64ca59cddc48352413551 (127.0.107.252:43245)
I20260630 12:11:21.093772  1665 tablet_service.cc:1917] Received RequestConsensusVote() RPC: tablet_id: "00000000000000000000000000000000" candidate_uuid: "c6c909d837be48fd8acde4f86677bc50" candidate_term: 1 candidate_status { last_received { term: 0 index: 0 } } ignore_live_leader: false dest_uuid: "b16f177995d64ca59cddc48352413551"
I20260630 12:11:21.094506  1665 raft_consensus.cc:3060] T 00000000000000000000000000000000 P b16f177995d64ca59cddc48352413551 [term 0 FOLLOWER]: Advancing to term 1
I20260630 12:11:21.099606  1665 raft_consensus.cc:2468] T 00000000000000000000000000000000 P b16f177995d64ca59cddc48352413551 [term 1 FOLLOWER]: Leader election vote request: Granting yes vote for candidate c6c909d837be48fd8acde4f86677bc50 in term 1.
I20260630 12:11:21.093770  1600 tablet_service.cc:1917] Received RequestConsensusVote() RPC: tablet_id: "00000000000000000000000000000000" candidate_uuid: "c6c909d837be48fd8acde4f86677bc50" candidate_term: 1 candidate_status { last_received { term: 0 index: 0 } } ignore_live_leader: false dest_uuid: "651f32183d6f4292a9ec30c0471468a2"
I20260630 12:11:21.100170  1600 raft_consensus.cc:3060] T 00000000000000000000000000000000 P 651f32183d6f4292a9ec30c0471468a2 [term 0 FOLLOWER]: Advancing to term 1
I20260630 12:11:21.100569  1510 leader_election.cc:304] T 00000000000000000000000000000000 P c6c909d837be48fd8acde4f86677bc50 [CANDIDATE]: Term 1 election: Election decided. Result: candidate won. Election summary: received 2 responses out of 3 voters: 2 yes votes; 0 no votes. yes voters: b16f177995d64ca59cddc48352413551, c6c909d837be48fd8acde4f86677bc50; no voters: 
I20260630 12:11:21.101457  1709 raft_consensus.cc:2804] T 00000000000000000000000000000000 P c6c909d837be48fd8acde4f86677bc50 [term 1 FOLLOWER]: Leader election won for term 1
I20260630 12:11:21.102586  1709 raft_consensus.cc:697] T 00000000000000000000000000000000 P c6c909d837be48fd8acde4f86677bc50 [term 1 LEADER]: Becoming Leader. State: Replica: c6c909d837be48fd8acde4f86677bc50, State: Running, Role: LEADER
I20260630 12:11:21.103325  1709 consensus_queue.cc:237] T 00000000000000000000000000000000 P c6c909d837be48fd8acde4f86677bc50 [LEADER]: Queue going to LEADER mode. State: All replicated index: 0, Majority replicated index: 0, Committed index: 0, Last appended: 0.0, Last appended by leader: 0, Current term: 1, Majority size: 2, State: 0, Mode: LEADER, active raft config: opid_index: -1 OBSOLETE_local: false peers { permanent_uuid: "c6c909d837be48fd8acde4f86677bc50" member_type: VOTER last_known_addr { host: "127.0.107.254" port: 42521 } } peers { permanent_uuid: "651f32183d6f4292a9ec30c0471468a2" member_type: VOTER last_known_addr { host: "127.0.107.253" port: 33885 } } peers { permanent_uuid: "b16f177995d64ca59cddc48352413551" member_type: VOTER last_known_addr { host: "127.0.107.252" port: 43245 } }
I20260630 12:11:21.103977   431 rpc_server.cc:225] running with OpenSSL 1.1.1  11 Sep 2018
I20260630 12:11:21.105564   431 kserver.cc:163] Server-wide thread pool size limit: 3276
I20260630 12:11:21.106531  1600 raft_consensus.cc:2468] T 00000000000000000000000000000000 P 651f32183d6f4292a9ec30c0471468a2 [term 1 FOLLOWER]: Leader election vote request: Granting yes vote for candidate c6c909d837be48fd8acde4f86677bc50 in term 1.
I20260630 12:11:21.107023  1902 sys_catalog.cc:455] T 00000000000000000000000000000000 P c6c909d837be48fd8acde4f86677bc50 [sys.catalog]: SysCatalogTable state changed. Reason: New leader c6c909d837be48fd8acde4f86677bc50. Latest consensus state: current_term: 1 leader_uuid: "c6c909d837be48fd8acde4f86677bc50" committed_config { opid_index: -1 OBSOLETE_local: false peers { permanent_uuid: "c6c909d837be48fd8acde4f86677bc50" member_type: VOTER last_known_addr { host: "127.0.107.254" port: 42521 } } peers { permanent_uuid: "651f32183d6f4292a9ec30c0471468a2" member_type: VOTER last_known_addr { host: "127.0.107.253" port: 33885 } } peers { permanent_uuid: "b16f177995d64ca59cddc48352413551" member_type: VOTER last_known_addr { host: "127.0.107.252" port: 43245 } } }
I20260630 12:11:21.107884  1902 sys_catalog.cc:458] T 00000000000000000000000000000000 P c6c909d837be48fd8acde4f86677bc50 [sys.catalog]: This master's current role is: LEADER
I20260630 12:11:21.109187   431 txn_system_client.cc:432] TxnSystemClient initialization is disabled...
I20260630 12:11:21.110035  1905 catalog_manager.cc:1511] Loading table and tablet metadata into memory...
I20260630 12:11:21.111644   431 ts_tablet_manager.cc:585] Loaded tablet metadata (0 total tablets, 0 live tablets)
I20260630 12:11:21.111905   431 ts_tablet_manager.cc:531] Time spent load tablet metadata: real 0.000s	user 0.000s	sys 0.000s
I20260630 12:11:21.112176   431 ts_tablet_manager.cc:616] Registered 0 tablets
I20260630 12:11:21.112432   431 ts_tablet_manager.cc:595] Time spent register tablets: real 0.000s	user 0.001s	sys 0.000s
I20260630 12:11:21.115535  1905 catalog_manager.cc:1520] Initializing Kudu cluster ID...
I20260630 12:11:21.124842  1665 raft_consensus.cc:1275] T 00000000000000000000000000000000 P b16f177995d64ca59cddc48352413551 [term 1 FOLLOWER]: Refusing update from remote peer c6c909d837be48fd8acde4f86677bc50: Log matching property violated. Preceding OpId in replica: term: 0 index: 0. Preceding OpId from leader: term: 1 index: 2. (index mismatch)
I20260630 12:11:21.126183  1600 raft_consensus.cc:1275] T 00000000000000000000000000000000 P 651f32183d6f4292a9ec30c0471468a2 [term 1 FOLLOWER]: Refusing update from remote peer c6c909d837be48fd8acde4f86677bc50: Log matching property violated. Preceding OpId in replica: term: 0 index: 0. Preceding OpId from leader: term: 1 index: 2. (index mismatch)
I20260630 12:11:21.126703  1709 consensus_queue.cc:1048] T 00000000000000000000000000000000 P c6c909d837be48fd8acde4f86677bc50 [LEADER]: Connected to new peer: Peer: permanent_uuid: "b16f177995d64ca59cddc48352413551" member_type: VOTER last_known_addr { host: "127.0.107.252" port: 43245 }, Status: LMP_MISMATCH, Last received: 0.0, Next index: 1, Last known committed idx: 0, Time since last communication: 0.001s
I20260630 12:11:21.128422  1709 consensus_queue.cc:1048] T 00000000000000000000000000000000 P c6c909d837be48fd8acde4f86677bc50 [LEADER]: Connected to new peer: Peer: permanent_uuid: "651f32183d6f4292a9ec30c0471468a2" member_type: VOTER last_known_addr { host: "127.0.107.253" port: 33885 }, Status: LMP_MISMATCH, Last received: 0.0, Next index: 1, Last known committed idx: 0, Time since last communication: 0.000s
I20260630 12:11:21.134961  1695 sys_catalog.cc:455] T 00000000000000000000000000000000 P b16f177995d64ca59cddc48352413551 [sys.catalog]: SysCatalogTable state changed. Reason: New leader c6c909d837be48fd8acde4f86677bc50. Latest consensus state: current_term: 1 leader_uuid: "c6c909d837be48fd8acde4f86677bc50" committed_config { opid_index: -1 OBSOLETE_local: false peers { permanent_uuid: "c6c909d837be48fd8acde4f86677bc50" member_type: VOTER last_known_addr { host: "127.0.107.254" port: 42521 } } peers { permanent_uuid: "651f32183d6f4292a9ec30c0471468a2" member_type: VOTER last_known_addr { host: "127.0.107.253" port: 33885 } } peers { permanent_uuid: "b16f177995d64ca59cddc48352413551" member_type: VOTER last_known_addr { host: "127.0.107.252" port: 43245 } } }
I20260630 12:11:21.135675  1695 sys_catalog.cc:458] T 00000000000000000000000000000000 P b16f177995d64ca59cddc48352413551 [sys.catalog]: This master's current role is: FOLLOWER
I20260630 12:11:21.146447  1709 sys_catalog.cc:455] T 00000000000000000000000000000000 P c6c909d837be48fd8acde4f86677bc50 [sys.catalog]: SysCatalogTable state changed. Reason: Peer health change. Latest consensus state: current_term: 1 leader_uuid: "c6c909d837be48fd8acde4f86677bc50" committed_config { opid_index: -1 OBSOLETE_local: false peers { permanent_uuid: "c6c909d837be48fd8acde4f86677bc50" member_type: VOTER last_known_addr { host: "127.0.107.254" port: 42521 } } peers { permanent_uuid: "651f32183d6f4292a9ec30c0471468a2" member_type: VOTER last_known_addr { host: "127.0.107.253" port: 33885 } } peers { permanent_uuid: "b16f177995d64ca59cddc48352413551" member_type: VOTER last_known_addr { host: "127.0.107.252" port: 43245 } } }
I20260630 12:11:21.147426  1709 sys_catalog.cc:458] T 00000000000000000000000000000000 P c6c909d837be48fd8acde4f86677bc50 [sys.catalog]: This master's current role is: LEADER
I20260630 12:11:21.154505  1905 catalog_manager.cc:1383] Generated new cluster ID: edb2f69da1b644c9a90cbf6329f1ee10
I20260630 12:11:21.154958  1905 catalog_manager.cc:1531] Initializing Kudu internal certificate authority...
I20260630 12:11:21.156123  1710 sys_catalog.cc:455] T 00000000000000000000000000000000 P 651f32183d6f4292a9ec30c0471468a2 [sys.catalog]: SysCatalogTable state changed. Reason: New leader c6c909d837be48fd8acde4f86677bc50. Latest consensus state: current_term: 1 leader_uuid: "c6c909d837be48fd8acde4f86677bc50" committed_config { opid_index: -1 OBSOLETE_local: false peers { permanent_uuid: "c6c909d837be48fd8acde4f86677bc50" member_type: VOTER last_known_addr { host: "127.0.107.254" port: 42521 } } peers { permanent_uuid: "651f32183d6f4292a9ec30c0471468a2" member_type: VOTER last_known_addr { host: "127.0.107.253" port: 33885 } } peers { permanent_uuid: "b16f177995d64ca59cddc48352413551" member_type: VOTER last_known_addr { host: "127.0.107.252" port: 43245 } } }
I20260630 12:11:21.157116  1710 sys_catalog.cc:458] T 00000000000000000000000000000000 P 651f32183d6f4292a9ec30c0471468a2 [sys.catalog]: This master's current role is: FOLLOWER
I20260630 12:11:21.160569  1695 sys_catalog.cc:455] T 00000000000000000000000000000000 P b16f177995d64ca59cddc48352413551 [sys.catalog]: SysCatalogTable state changed. Reason: Replicated consensus-only round. Latest consensus state: current_term: 1 leader_uuid: "c6c909d837be48fd8acde4f86677bc50" committed_config { opid_index: -1 OBSOLETE_local: false peers { permanent_uuid: "c6c909d837be48fd8acde4f86677bc50" member_type: VOTER last_known_addr { host: "127.0.107.254" port: 42521 } } peers { permanent_uuid: "651f32183d6f4292a9ec30c0471468a2" member_type: VOTER last_known_addr { host: "127.0.107.253" port: 33885 } } peers { permanent_uuid: "b16f177995d64ca59cddc48352413551" member_type: VOTER last_known_addr { host: "127.0.107.252" port: 43245 } } }
I20260630 12:11:21.161814  1695 sys_catalog.cc:458] T 00000000000000000000000000000000 P b16f177995d64ca59cddc48352413551 [sys.catalog]: This master's current role is: FOLLOWER
I20260630 12:11:21.163246  1902 sys_catalog.cc:455] T 00000000000000000000000000000000 P c6c909d837be48fd8acde4f86677bc50 [sys.catalog]: SysCatalogTable state changed. Reason: Peer health change. Latest consensus state: current_term: 1 leader_uuid: "c6c909d837be48fd8acde4f86677bc50" committed_config { opid_index: -1 OBSOLETE_local: false peers { permanent_uuid: "c6c909d837be48fd8acde4f86677bc50" member_type: VOTER last_known_addr { host: "127.0.107.254" port: 42521 } } peers { permanent_uuid: "651f32183d6f4292a9ec30c0471468a2" member_type: VOTER last_known_addr { host: "127.0.107.253" port: 33885 } } peers { permanent_uuid: "b16f177995d64ca59cddc48352413551" member_type: VOTER last_known_addr { host: "127.0.107.252" port: 43245 } } }
I20260630 12:11:21.164005  1902 sys_catalog.cc:458] T 00000000000000000000000000000000 P c6c909d837be48fd8acde4f86677bc50 [sys.catalog]: This master's current role is: LEADER
I20260630 12:11:21.173492  1710 sys_catalog.cc:455] T 00000000000000000000000000000000 P 651f32183d6f4292a9ec30c0471468a2 [sys.catalog]: SysCatalogTable state changed. Reason: Replicated consensus-only round. Latest consensus state: current_term: 1 leader_uuid: "c6c909d837be48fd8acde4f86677bc50" committed_config { opid_index: -1 OBSOLETE_local: false peers { permanent_uuid: "c6c909d837be48fd8acde4f86677bc50" member_type: VOTER last_known_addr { host: "127.0.107.254" port: 42521 } } peers { permanent_uuid: "651f32183d6f4292a9ec30c0471468a2" member_type: VOTER last_known_addr { host: "127.0.107.253" port: 33885 } } peers { permanent_uuid: "b16f177995d64ca59cddc48352413551" member_type: VOTER last_known_addr { host: "127.0.107.252" port: 43245 } } }
I20260630 12:11:21.174189  1710 sys_catalog.cc:458] T 00000000000000000000000000000000 P 651f32183d6f4292a9ec30c0471468a2 [sys.catalog]: This master's current role is: FOLLOWER
I20260630 12:11:21.194836   431 rpc_server.cc:307] RPC server started. Bound to: 127.0.107.195:38165
I20260630 12:11:21.194950  1970 acceptor_pool.cc:272] collecting diagnostics on the listening RPC socket 127.0.107.195:38165 every 8 connection(s)
I20260630 12:11:21.204979  1905 catalog_manager.cc:1406] Generated new certificate authority record
I20260630 12:11:21.207104  1905 catalog_manager.cc:1540] Loading token signing keys...
I20260630 12:11:21.221203  1971 heartbeater.cc:344] Connected to a master server at 127.0.107.252:43245
I20260630 12:11:21.221791  1971 heartbeater.cc:461] Registering TS with master...
I20260630 12:11:21.222874  1971 heartbeater.cc:507] Master 127.0.107.252:43245 requested a full tablet report, sending...
I20260630 12:11:21.235765  1655 ts_manager.cc:194] Registered new tserver with Master: 6abef05b5e054bb0b558fde64689eb72 (127.0.107.195:38165)
I20260630 12:11:21.237982  1905 catalog_manager.cc:6070] T 00000000000000000000000000000000 P c6c909d837be48fd8acde4f86677bc50: Generated new TSK 0
I20260630 12:11:21.238651  1905 catalog_manager.cc:1550] Initializing in-progress tserver states...
I20260630 12:11:21.246793  1973 heartbeater.cc:344] Connected to a master server at 127.0.107.253:33885
I20260630 12:11:21.247215  1973 heartbeater.cc:461] Registering TS with master...
I20260630 12:11:21.248111  1973 heartbeater.cc:507] Master 127.0.107.253:33885 requested a full tablet report, sending...
I20260630 12:11:21.250540  1590 ts_manager.cc:194] Registered new tserver with Master: 6abef05b5e054bb0b558fde64689eb72 (127.0.107.195:38165)
I20260630 12:11:21.250869  1975 heartbeater.cc:344] Connected to a master server at 127.0.107.254:42521
I20260630 12:11:21.251305  1975 heartbeater.cc:461] Registering TS with master...
I20260630 12:11:21.252420  1975 heartbeater.cc:507] Master 127.0.107.254:42521 requested a full tablet report, sending...
I20260630 12:11:21.254861  1525 ts_manager.cc:194] Registered new tserver with Master: 6abef05b5e054bb0b558fde64689eb72 (127.0.107.195:38165)
I20260630 12:11:21.255532   431 internal_mini_cluster.cc:371] 3 TS(s) registered with all masters after 0.020192614s
I20260630 12:11:21.256570  1525 master_service.cc:502] Signed X509 certificate for tserver {username='slave'} at 127.0.0.1:52938
I20260630 12:11:21.805498  1708 catalog_manager.cc:1295] Loaded cluster ID: edb2f69da1b644c9a90cbf6329f1ee10
I20260630 12:11:21.805801  1708 catalog_manager.cc:1588] T 00000000000000000000000000000000 P b16f177995d64ca59cddc48352413551: loading cluster ID for follower catalog manager: success
I20260630 12:11:21.810134  1708 catalog_manager.cc:1610] T 00000000000000000000000000000000 P b16f177995d64ca59cddc48352413551: acquiring CA information for follower catalog manager: success
I20260630 12:11:21.813711  1708 catalog_manager.cc:1638] T 00000000000000000000000000000000 P b16f177995d64ca59cddc48352413551: importing token verification keys for follower catalog manager: success; most recent TSK sequence number 0
I20260630 12:11:21.827252  1732 catalog_manager.cc:1295] Loaded cluster ID: edb2f69da1b644c9a90cbf6329f1ee10
I20260630 12:11:21.827523  1732 catalog_manager.cc:1588] T 00000000000000000000000000000000 P 651f32183d6f4292a9ec30c0471468a2: loading cluster ID for follower catalog manager: success
I20260630 12:11:21.831802  1732 catalog_manager.cc:1610] T 00000000000000000000000000000000 P 651f32183d6f4292a9ec30c0471468a2: acquiring CA information for follower catalog manager: success
I20260630 12:11:21.834882  1732 catalog_manager.cc:1638] T 00000000000000000000000000000000 P 651f32183d6f4292a9ec30c0471468a2: importing token verification keys for follower catalog manager: success; most recent TSK sequence number 0
I20260630 12:11:22.075731  1525 master_service.cc:502] Signed X509 certificate for tserver {username='slave'} at 127.0.0.1:52914
I20260630 12:11:22.081023  1525 master_service.cc:502] Signed X509 certificate for tserver {username='slave'} at 127.0.0.1:52926
I20260630 12:11:22.258988  1975 heartbeater.cc:499] Master 127.0.107.254:42521 was elected leader, sending a full tablet report...
I20260630 12:11:23.078553  1806 heartbeater.cc:499] Master 127.0.107.254:42521 was elected leader, sending a full tablet report...
I20260630 12:11:23.083372  1884 heartbeater.cc:499] Master 127.0.107.254:42521 was elected leader, sending a full tablet report...
W20260630 12:11:23.342427  1621 debug-util.cc:398] Leaking SignalData structure 0x7b08001723c0 after lost signal to thread 434
W20260630 12:11:23.343605  1621 debug-util.cc:398] Leaking SignalData structure 0x7b0800172aa0 after lost signal to thread 1559
W20260630 12:11:23.344448  1621 debug-util.cc:398] Leaking SignalData structure 0x7b0800175220 after lost signal to thread 1624
W20260630 12:11:23.345319  1621 debug-util.cc:398] Leaking SignalData structure 0x7b08000713c0 after lost signal to thread 1689
W20260630 12:11:23.346837  1621 debug-util.cc:398] Leaking SignalData structure 0x7b08000dd2e0 after lost signal to thread 1803
W20260630 12:11:23.347873  1621 debug-util.cc:398] Leaking SignalData structure 0x7b08000d9de0 after lost signal to thread 1881
W20260630 12:11:23.348918  1621 debug-util.cc:398] Leaking SignalData structure 0x7b08000c0c80 after lost signal to thread 1970
I20260630 12:11:23.381323  1728 auto_leader_rebalancer.cc:515] All tables' leader rebalancing finished this round
I20260630 12:11:23.573190  1982 raft_consensus.cc:493] T 00000000000000000000000000000000 P 651f32183d6f4292a9ec30c0471468a2 [term 1 FOLLOWER]: Starting pre-election (detected failure of leader c6c909d837be48fd8acde4f86677bc50)
I20260630 12:11:23.576563  1982 raft_consensus.cc:515] T 00000000000000000000000000000000 P 651f32183d6f4292a9ec30c0471468a2 [term 1 FOLLOWER]: Starting pre-election with config: opid_index: -1 OBSOLETE_local: false peers { permanent_uuid: "c6c909d837be48fd8acde4f86677bc50" member_type: VOTER last_known_addr { host: "127.0.107.254" port: 42521 } } peers { permanent_uuid: "651f32183d6f4292a9ec30c0471468a2" member_type: VOTER last_known_addr { host: "127.0.107.253" port: 33885 } } peers { permanent_uuid: "b16f177995d64ca59cddc48352413551" member_type: VOTER last_known_addr { host: "127.0.107.252" port: 43245 } }
I20260630 12:11:23.583595  1535 tablet_service.cc:1917] Received RequestConsensusVote() RPC: tablet_id: "00000000000000000000000000000000" candidate_uuid: "651f32183d6f4292a9ec30c0471468a2" candidate_term: 2 candidate_status { last_received { term: 1 index: 4 } } ignore_live_leader: false dest_uuid: "c6c909d837be48fd8acde4f86677bc50" is_pre_election: true
I20260630 12:11:23.588572  1665 tablet_service.cc:1917] Received RequestConsensusVote() RPC: tablet_id: "00000000000000000000000000000000" candidate_uuid: "651f32183d6f4292a9ec30c0471468a2" candidate_term: 2 candidate_status { last_received { term: 1 index: 4 } } ignore_live_leader: false dest_uuid: "b16f177995d64ca59cddc48352413551" is_pre_election: true
I20260630 12:11:23.590364  1575 leader_election.cc:304] T 00000000000000000000000000000000 P 651f32183d6f4292a9ec30c0471468a2 [CANDIDATE]: Term 2 pre-election: Election decided. Result: candidate lost. Election summary: received 3 responses out of 3 voters: 1 yes votes; 2 no votes. yes voters: 651f32183d6f4292a9ec30c0471468a2; no voters: b16f177995d64ca59cddc48352413551, c6c909d837be48fd8acde4f86677bc50
I20260630 12:11:23.596520  1982 leader_election.cc:290] T 00000000000000000000000000000000 P 651f32183d6f4292a9ec30c0471468a2 [CANDIDATE]: Term 2 pre-election: Requested pre-vote from peers c6c909d837be48fd8acde4f86677bc50 (127.0.107.254:42521), b16f177995d64ca59cddc48352413551 (127.0.107.252:43245)
I20260630 12:11:23.598934  1982 raft_consensus.cc:2749] T 00000000000000000000000000000000 P 651f32183d6f4292a9ec30c0471468a2 [term 1 FOLLOWER]: Leader pre-election lost for term 2. Reason: could not achieve majority
W20260630 12:11:24.102164   431 thread.cc:641] rpc reactor (reactor) Time spent creating pthread: real 0.584s	user 0.032s	sys 0.129s
W20260630 12:11:24.106640   431 thread.cc:608] rpc reactor (reactor) Time spent starting thread: real 0.589s	user 0.033s	sys 0.129s
I20260630 12:11:24.597259  1525 catalog_manager.cc:2283] Servicing CreateTable request from {username='slave'} at 127.0.0.1:52950:
name: "test-workload"
schema {
  columns {
    name: "key"
    type: INT32
    is_key: true
    is_nullable: false
    encoding: AUTO_ENCODING
    compression: DEFAULT_COMPRESSION
    cfile_block_size: 0
    immutable: false
  }
  columns {
    name: "int_val"
    type: INT32
    is_key: false
    is_nullable: false
    encoding: AUTO_ENCODING
    compression: DEFAULT_COMPRESSION
    cfile_block_size: 0
    immutable: false
  }
  columns {
    name: "string_val"
    type: STRING
    is_key: false
    is_nullable: true
    encoding: AUTO_ENCODING
    compression: DEFAULT_COMPRESSION
    cfile_block_size: 0
    immutable: false
  }
}
num_replicas: 1
split_rows_range_bounds {
  rows: "\004\001\000\252\252\252*\004\001\000TUUU""\004\001\000\252\252\252*\004\001\000TUUU"
  indirect_data: """"
}
partition_schema {
  range_schema {
    columns {
      name: "key"
    }
  }
}
I20260630 12:11:24.780887  1847 tablet_service.cc:1511] Processing CreateTablet for tablet 76ca7c01bbdc47ddac92b9bc45ed64e0 (DEFAULT_TABLE table=test-workload [id=75512997859f4d028096a9420ef219b2]), partition=RANGE (key) PARTITION VALUES < 715827882
I20260630 12:11:24.784385  1847 data_dirs.cc:400] Could only allocate 1 dirs of requested 3 for tablet 76ca7c01bbdc47ddac92b9bc45ed64e0. 1 dirs total, 0 dirs full, 0 dirs failed
I20260630 12:11:24.785581  1769 tablet_service.cc:1511] Processing CreateTablet for tablet 323fcb4e09cd415eb8f69ce2289f87fc (DEFAULT_TABLE table=test-workload [id=75512997859f4d028096a9420ef219b2]), partition=RANGE (key) PARTITION 715827882 <= VALUES < 1431655764
I20260630 12:11:24.787853  1769 data_dirs.cc:400] Could only allocate 1 dirs of requested 3 for tablet 323fcb4e09cd415eb8f69ce2289f87fc. 1 dirs total, 0 dirs full, 0 dirs failed
I20260630 12:11:24.821893  1935 tablet_service.cc:1511] Processing CreateTablet for tablet 1b26fa433baa4ad389180e5fa3237240 (DEFAULT_TABLE table=test-workload [id=75512997859f4d028096a9420ef219b2]), partition=RANGE (key) PARTITION 1431655764 <= VALUES
I20260630 12:11:24.823555  1935 data_dirs.cc:400] Could only allocate 1 dirs of requested 3 for tablet 1b26fa433baa4ad389180e5fa3237240. 1 dirs total, 0 dirs full, 0 dirs failed
I20260630 12:11:24.829458  2010 tablet_bootstrap.cc:492] T 76ca7c01bbdc47ddac92b9bc45ed64e0 P 6a53068adec64fa8bce119e7af7db723: Bootstrap starting.
I20260630 12:11:24.838901  2010 tablet_bootstrap.cc:654] T 76ca7c01bbdc47ddac92b9bc45ed64e0 P 6a53068adec64fa8bce119e7af7db723: Neither blocks nor log segments found. Creating new log.
I20260630 12:11:24.842682  2011 tablet_bootstrap.cc:492] T 323fcb4e09cd415eb8f69ce2289f87fc P 4a0c8d62f0fa4699b0f728ff1ebeb03b: Bootstrap starting.
I20260630 12:11:24.844760  2012 tablet_bootstrap.cc:492] T 1b26fa433baa4ad389180e5fa3237240 P 6abef05b5e054bb0b558fde64689eb72: Bootstrap starting.
I20260630 12:11:24.850802  2011 tablet_bootstrap.cc:654] T 323fcb4e09cd415eb8f69ce2289f87fc P 4a0c8d62f0fa4699b0f728ff1ebeb03b: Neither blocks nor log segments found. Creating new log.
I20260630 12:11:24.854154  2012 tablet_bootstrap.cc:654] T 1b26fa433baa4ad389180e5fa3237240 P 6abef05b5e054bb0b558fde64689eb72: Neither blocks nor log segments found. Creating new log.
I20260630 12:11:24.858533  2010 tablet_bootstrap.cc:492] T 76ca7c01bbdc47ddac92b9bc45ed64e0 P 6a53068adec64fa8bce119e7af7db723: No bootstrap required, opened a new log
I20260630 12:11:24.859162  2010 ts_tablet_manager.cc:1403] T 76ca7c01bbdc47ddac92b9bc45ed64e0 P 6a53068adec64fa8bce119e7af7db723: Time spent bootstrapping tablet: real 0.030s	user 0.012s	sys 0.008s
I20260630 12:11:24.868966  2012 tablet_bootstrap.cc:492] T 1b26fa433baa4ad389180e5fa3237240 P 6abef05b5e054bb0b558fde64689eb72: No bootstrap required, opened a new log
I20260630 12:11:24.869760  2012 ts_tablet_manager.cc:1403] T 1b26fa433baa4ad389180e5fa3237240 P 6abef05b5e054bb0b558fde64689eb72: Time spent bootstrapping tablet: real 0.025s	user 0.010s	sys 0.010s
I20260630 12:11:24.863960  2010 raft_consensus.cc:359] T 76ca7c01bbdc47ddac92b9bc45ed64e0 P 6a53068adec64fa8bce119e7af7db723 [term 0 FOLLOWER]: Replica starting. Triggering 0 pending ops. Active config: opid_index: -1 OBSOLETE_local: true peers { permanent_uuid: "6a53068adec64fa8bce119e7af7db723" member_type: VOTER last_known_addr { host: "127.0.107.194" port: 39501 } }
I20260630 12:11:24.870391  2010 raft_consensus.cc:385] T 76ca7c01bbdc47ddac92b9bc45ed64e0 P 6a53068adec64fa8bce119e7af7db723 [term 0 FOLLOWER]: Consensus starting up: Expiring failure detector timer to make a prompt election more likely
I20260630 12:11:24.870896  2010 raft_consensus.cc:740] T 76ca7c01bbdc47ddac92b9bc45ed64e0 P 6a53068adec64fa8bce119e7af7db723 [term 0 FOLLOWER]: Becoming Follower/Learner. State: Replica: 6a53068adec64fa8bce119e7af7db723, State: Initialized, Role: FOLLOWER
I20260630 12:11:24.869074  2011 tablet_bootstrap.cc:492] T 323fcb4e09cd415eb8f69ce2289f87fc P 4a0c8d62f0fa4699b0f728ff1ebeb03b: No bootstrap required, opened a new log
I20260630 12:11:24.872282  2011 ts_tablet_manager.cc:1403] T 323fcb4e09cd415eb8f69ce2289f87fc P 4a0c8d62f0fa4699b0f728ff1ebeb03b: Time spent bootstrapping tablet: real 0.030s	user 0.011s	sys 0.005s
I20260630 12:11:24.872049  2010 consensus_queue.cc:260] T 76ca7c01bbdc47ddac92b9bc45ed64e0 P 6a53068adec64fa8bce119e7af7db723 [NON_LEADER]: Queue going to NON_LEADER mode. State: All replicated index: 0, Majority replicated index: 0, Committed index: 0, Last appended: 0.0, Last appended by leader: 0, Current term: 0, Majority size: -1, State: 0, Mode: NON_LEADER, active raft config: opid_index: -1 OBSOLETE_local: true peers { permanent_uuid: "6a53068adec64fa8bce119e7af7db723" member_type: VOTER last_known_addr { host: "127.0.107.194" port: 39501 } }
I20260630 12:11:24.873039  2010 raft_consensus.cc:399] T 76ca7c01bbdc47ddac92b9bc45ed64e0 P 6a53068adec64fa8bce119e7af7db723 [term 0 FOLLOWER]: Only one voter in the Raft config. Triggering election immediately
I20260630 12:11:24.873485  2010 raft_consensus.cc:493] T 76ca7c01bbdc47ddac92b9bc45ed64e0 P 6a53068adec64fa8bce119e7af7db723 [term 0 FOLLOWER]: Starting leader election (initial election of a single-replica configuration)
I20260630 12:11:24.873988  2010 raft_consensus.cc:3060] T 76ca7c01bbdc47ddac92b9bc45ed64e0 P 6a53068adec64fa8bce119e7af7db723 [term 0 FOLLOWER]: Advancing to term 1
I20260630 12:11:24.875597  2011 raft_consensus.cc:359] T 323fcb4e09cd415eb8f69ce2289f87fc P 4a0c8d62f0fa4699b0f728ff1ebeb03b [term 0 FOLLOWER]: Replica starting. Triggering 0 pending ops. Active config: opid_index: -1 OBSOLETE_local: true peers { permanent_uuid: "4a0c8d62f0fa4699b0f728ff1ebeb03b" member_type: VOTER last_known_addr { host: "127.0.107.193" port: 44187 } }
I20260630 12:11:24.876230  2011 raft_consensus.cc:385] T 323fcb4e09cd415eb8f69ce2289f87fc P 4a0c8d62f0fa4699b0f728ff1ebeb03b [term 0 FOLLOWER]: Consensus starting up: Expiring failure detector timer to make a prompt election more likely
I20260630 12:11:24.876566  2011 raft_consensus.cc:740] T 323fcb4e09cd415eb8f69ce2289f87fc P 4a0c8d62f0fa4699b0f728ff1ebeb03b [term 0 FOLLOWER]: Becoming Follower/Learner. State: Replica: 4a0c8d62f0fa4699b0f728ff1ebeb03b, State: Initialized, Role: FOLLOWER
I20260630 12:11:24.877349  2011 consensus_queue.cc:260] T 323fcb4e09cd415eb8f69ce2289f87fc P 4a0c8d62f0fa4699b0f728ff1ebeb03b [NON_LEADER]: Queue going to NON_LEADER mode. State: All replicated index: 0, Majority replicated index: 0, Committed index: 0, Last appended: 0.0, Last appended by leader: 0, Current term: 0, Majority size: -1, State: 0, Mode: NON_LEADER, active raft config: opid_index: -1 OBSOLETE_local: true peers { permanent_uuid: "4a0c8d62f0fa4699b0f728ff1ebeb03b" member_type: VOTER last_known_addr { host: "127.0.107.193" port: 44187 } }
