I20260630 12:16:46.700711 16534 consensus_queue.cc:237] T 4e64c7dac4024c07a95828bd482b7ab6 P 854b4ab8a80349abb60b99542fea4d0f [LEADER]: Queue going to LEADER mode. State: All replicated index: 0, Majority replicated index: 1, Committed index: 1, Last appended: 1.1, Last appended by leader: 1, Current term: 2, Majority size: 2, State: 0, Mode: LEADER, active raft config: opid_index: -1 OBSOLETE_local: false peers { permanent_uuid: "3d05cab65ae44903a2f361bf75f3a0af" member_type: VOTER last_known_addr { host: "127.13.10.193" port: 37415 } } peers { permanent_uuid: "e178354d3dbd48009980dac2949560f5" member_type: VOTER last_known_addr { host: "127.13.10.194" port: 34795 } } peers { permanent_uuid: "854b4ab8a80349abb60b99542fea4d0f" member_type: VOTER last_known_addr { host: "127.13.10.195" port: 35405 } }
I20260630 12:16:46.707402 16228 catalog_manager.cc:5697] T 4e64c7dac4024c07a95828bd482b7ab6 P 854b4ab8a80349abb60b99542fea4d0f reported cstate change: term changed from 1 to 2, leader changed from e178354d3dbd48009980dac2949560f5 (127.13.10.194) to 854b4ab8a80349abb60b99542fea4d0f (127.13.10.195). New cstate: current_term: 2 leader_uuid: "854b4ab8a80349abb60b99542fea4d0f" committed_config { opid_index: -1 OBSOLETE_local: false peers { permanent_uuid: "3d05cab65ae44903a2f361bf75f3a0af" member_type: VOTER last_known_addr { host: "127.13.10.193" port: 37415 } health_report { overall_health: UNKNOWN } } peers { permanent_uuid: "e178354d3dbd48009980dac2949560f5" member_type: VOTER last_known_addr { host: "127.13.10.194" port: 34795 } health_report { overall_health: UNKNOWN } } peers { permanent_uuid: "854b4ab8a80349abb60b99542fea4d0f" member_type: VOTER last_known_addr { host: "127.13.10.195" port: 35405 } health_report { overall_health: HEALTHY } } }
I20260630 12:16:46.804270 16533 raft_consensus.cc:993] T 01468e84ade2426fa976ef00adee1a69 P e178354d3dbd48009980dac2949560f5: : Instructing follower 3d05cab65ae44903a2f361bf75f3a0af to start an election
I20260630 12:16:46.804685 16570 raft_consensus.cc:1081] T 01468e84ade2426fa976ef00adee1a69 P e178354d3dbd48009980dac2949560f5 [term 1 LEADER]: Signalling peer 3d05cab65ae44903a2f361bf75f3a0af to start an election
I20260630 12:16:46.805924 16328 tablet_service.cc:2044] Received Run Leader Election RPC: tablet_id: "01468e84ade2426fa976ef00adee1a69"
dest_uuid: "3d05cab65ae44903a2f361bf75f3a0af"
 from {username='slave'} at 127.0.0.1:43112
I20260630 12:16:46.806401 16328 raft_consensus.cc:493] T 01468e84ade2426fa976ef00adee1a69 P 3d05cab65ae44903a2f361bf75f3a0af [term 1 FOLLOWER]: Starting forced leader election (received explicit request)
I20260630 12:16:46.806682 16328 raft_consensus.cc:3060] T 01468e84ade2426fa976ef00adee1a69 P 3d05cab65ae44903a2f361bf75f3a0af [term 1 FOLLOWER]: Advancing to term 2
I20260630 12:16:46.811879 16328 raft_consensus.cc:515] T 01468e84ade2426fa976ef00adee1a69 P 3d05cab65ae44903a2f361bf75f3a0af [term 2 FOLLOWER]: Starting forced leader election with config: opid_index: -1 OBSOLETE_local: false peers { permanent_uuid: "3d05cab65ae44903a2f361bf75f3a0af" member_type: VOTER last_known_addr { host: "127.13.10.193" port: 37415 } } peers { permanent_uuid: "e178354d3dbd48009980dac2949560f5" member_type: VOTER last_known_addr { host: "127.13.10.194" port: 34795 } } peers { permanent_uuid: "0a8c87ce4d0b412d8bbad3cdb9a9dcb5" member_type: VOTER last_known_addr { host: "127.13.10.196" port: 40387 } }
I20260630 12:16:46.813591 16328 leader_election.cc:290] T 01468e84ade2426fa976ef00adee1a69 P 3d05cab65ae44903a2f361bf75f3a0af [CANDIDATE]: Term 2 election: Requested vote from peers e178354d3dbd48009980dac2949560f5 (127.13.10.194:34795), 0a8c87ce4d0b412d8bbad3cdb9a9dcb5 (127.13.10.196:40387)
I20260630 12:16:46.814452 16406 tablet_service.cc:1917] Received RequestConsensusVote() RPC: tablet_id: "01468e84ade2426fa976ef00adee1a69" candidate_uuid: "3d05cab65ae44903a2f361bf75f3a0af" candidate_term: 2 candidate_status { last_received { term: 1 index: 1 } } ignore_live_leader: true dest_uuid: "e178354d3dbd48009980dac2949560f5"
I20260630 12:16:46.814776 16631 tablet_service.cc:1917] Received RequestConsensusVote() RPC: tablet_id: "01468e84ade2426fa976ef00adee1a69" candidate_uuid: "3d05cab65ae44903a2f361bf75f3a0af" candidate_term: 2 candidate_status { last_received { term: 1 index: 1 } } ignore_live_leader: true dest_uuid: "0a8c87ce4d0b412d8bbad3cdb9a9dcb5"
I20260630 12:16:46.815034 16406 raft_consensus.cc:3055] T 01468e84ade2426fa976ef00adee1a69 P e178354d3dbd48009980dac2949560f5 [term 1 LEADER]: Stepping down as leader of term 1
I20260630 12:16:46.815306 16631 raft_consensus.cc:3060] T 01468e84ade2426fa976ef00adee1a69 P 0a8c87ce4d0b412d8bbad3cdb9a9dcb5 [term 1 FOLLOWER]: Advancing to term 2
I20260630 12:16:46.815341 16406 raft_consensus.cc:740] T 01468e84ade2426fa976ef00adee1a69 P e178354d3dbd48009980dac2949560f5 [term 1 LEADER]: Becoming Follower/Learner. State: Replica: e178354d3dbd48009980dac2949560f5, State: Running, Role: LEADER
I20260630 12:16:46.816175 16406 consensus_queue.cc:260] T 01468e84ade2426fa976ef00adee1a69 P e178354d3dbd48009980dac2949560f5 [NON_LEADER]: Queue going to NON_LEADER mode. State: All replicated index: 0, Majority replicated index: 1, Committed index: 1, Last appended: 1.1, Last appended by leader: 1, Current term: 1, Majority size: -1, State: 0, Mode: NON_LEADER, active raft config: opid_index: -1 OBSOLETE_local: false peers { permanent_uuid: "3d05cab65ae44903a2f361bf75f3a0af" member_type: VOTER last_known_addr { host: "127.13.10.193" port: 37415 } } peers { permanent_uuid: "e178354d3dbd48009980dac2949560f5" member_type: VOTER last_known_addr { host: "127.13.10.194" port: 34795 } } peers { permanent_uuid: "0a8c87ce4d0b412d8bbad3cdb9a9dcb5" member_type: VOTER last_known_addr { host: "127.13.10.196" port: 40387 } }
I20260630 12:16:46.817318 16406 raft_consensus.cc:3060] T 01468e84ade2426fa976ef00adee1a69 P e178354d3dbd48009980dac2949560f5 [term 1 FOLLOWER]: Advancing to term 2
I20260630 12:16:46.821667 16631 raft_consensus.cc:2468] T 01468e84ade2426fa976ef00adee1a69 P 0a8c87ce4d0b412d8bbad3cdb9a9dcb5 [term 2 FOLLOWER]: Leader election vote request: Granting yes vote for candidate 3d05cab65ae44903a2f361bf75f3a0af in term 2.
I20260630 12:16:46.822815 16296 leader_election.cc:304] T 01468e84ade2426fa976ef00adee1a69 P 3d05cab65ae44903a2f361bf75f3a0af [CANDIDATE]: Term 2 election: Election decided. Result: candidate won. Election summary: received 2 responses out of 3 voters: 2 yes votes; 0 no votes. yes voters: 0a8c87ce4d0b412d8bbad3cdb9a9dcb5, 3d05cab65ae44903a2f361bf75f3a0af; no voters: 
I20260630 12:16:46.823437 16406 raft_consensus.cc:2468] T 01468e84ade2426fa976ef00adee1a69 P e178354d3dbd48009980dac2949560f5 [term 2 FOLLOWER]: Leader election vote request: Granting yes vote for candidate 3d05cab65ae44903a2f361bf75f3a0af in term 2.
I20260630 12:16:46.823537 16562 raft_consensus.cc:2804] T 01468e84ade2426fa976ef00adee1a69 P 3d05cab65ae44903a2f361bf75f3a0af [term 2 FOLLOWER]: Leader election won for term 2
I20260630 12:16:46.824090 16562 raft_consensus.cc:697] T 01468e84ade2426fa976ef00adee1a69 P 3d05cab65ae44903a2f361bf75f3a0af [term 2 LEADER]: Becoming Leader. State: Replica: 3d05cab65ae44903a2f361bf75f3a0af, State: Running, Role: LEADER
I20260630 12:16:46.824808 16562 consensus_queue.cc:237] T 01468e84ade2426fa976ef00adee1a69 P 3d05cab65ae44903a2f361bf75f3a0af [LEADER]: Queue going to LEADER mode. State: All replicated index: 0, Majority replicated index: 1, Committed index: 1, Last appended: 1.1, Last appended by leader: 1, Current term: 2, Majority size: 2, State: 0, Mode: LEADER, active raft config: opid_index: -1 OBSOLETE_local: false peers { permanent_uuid: "3d05cab65ae44903a2f361bf75f3a0af" member_type: VOTER last_known_addr { host: "127.13.10.193" port: 37415 } } peers { permanent_uuid: "e178354d3dbd48009980dac2949560f5" member_type: VOTER last_known_addr { host: "127.13.10.194" port: 34795 } } peers { permanent_uuid: "0a8c87ce4d0b412d8bbad3cdb9a9dcb5" member_type: VOTER last_known_addr { host: "127.13.10.196" port: 40387 } }
I20260630 12:16:46.831825 16228 catalog_manager.cc:5697] T 01468e84ade2426fa976ef00adee1a69 P 3d05cab65ae44903a2f361bf75f3a0af reported cstate change: term changed from 1 to 2, leader changed from e178354d3dbd48009980dac2949560f5 (127.13.10.194) to 3d05cab65ae44903a2f361bf75f3a0af (127.13.10.193). New cstate: current_term: 2 leader_uuid: "3d05cab65ae44903a2f361bf75f3a0af" committed_config { opid_index: -1 OBSOLETE_local: false peers { permanent_uuid: "3d05cab65ae44903a2f361bf75f3a0af" member_type: VOTER last_known_addr { host: "127.13.10.193" port: 37415 } health_report { overall_health: HEALTHY } } peers { permanent_uuid: "e178354d3dbd48009980dac2949560f5" member_type: VOTER last_known_addr { host: "127.13.10.194" port: 34795 } health_report { overall_health: UNKNOWN } } peers { permanent_uuid: "0a8c87ce4d0b412d8bbad3cdb9a9dcb5" member_type: VOTER last_known_addr { host: "127.13.10.196" port: 40387 } health_report { overall_health: UNKNOWN } } }
I20260630 12:16:46.877686 16777 ts_tablet_manager.cc:933] T 96ce81d15b834f5ba7bced3174dea01f P 0a8c87ce4d0b412d8bbad3cdb9a9dcb5: Initiating tablet copy from peer 3d05cab65ae44903a2f361bf75f3a0af (127.13.10.193:37415)
I20260630 12:16:46.879185 16777 tablet_copy_client.cc:323] T 96ce81d15b834f5ba7bced3174dea01f P 0a8c87ce4d0b412d8bbad3cdb9a9dcb5: tablet copy: Beginning tablet copy session from remote peer at address 127.13.10.193:37415
I20260630 12:16:46.880666 16342 tablet_copy_service.cc:140] P 3d05cab65ae44903a2f361bf75f3a0af: Received BeginTabletCopySession request for tablet 96ce81d15b834f5ba7bced3174dea01f from peer 0a8c87ce4d0b412d8bbad3cdb9a9dcb5 ({username='slave'} at 127.0.0.1:58602)
I20260630 12:16:46.881090 16342 tablet_copy_service.cc:161] P 3d05cab65ae44903a2f361bf75f3a0af: Beginning new tablet copy session on tablet 96ce81d15b834f5ba7bced3174dea01f from peer 0a8c87ce4d0b412d8bbad3cdb9a9dcb5 at {username='slave'} at 127.0.0.1:58602: session id = 0a8c87ce4d0b412d8bbad3cdb9a9dcb5-96ce81d15b834f5ba7bced3174dea01f
I20260630 12:16:46.885859 16342 tablet_copy_source_session.cc:215] T 96ce81d15b834f5ba7bced3174dea01f P 3d05cab65ae44903a2f361bf75f3a0af: Tablet Copy: opened 0 blocks and 1 log segments
I20260630 12:16:46.888082 16777 data_dirs.cc:400] Could only allocate 1 dirs of requested 3 for tablet 96ce81d15b834f5ba7bced3174dea01f. 1 dirs total, 0 dirs full, 0 dirs failed
I20260630 12:16:46.893163 16779 ts_tablet_manager.cc:933] T 20bae23902694b9ea89b3089718fd86b P 0a8c87ce4d0b412d8bbad3cdb9a9dcb5: Initiating tablet copy from peer e178354d3dbd48009980dac2949560f5 (127.13.10.194:34795)
I20260630 12:16:46.894816 16779 tablet_copy_client.cc:323] T 20bae23902694b9ea89b3089718fd86b P 0a8c87ce4d0b412d8bbad3cdb9a9dcb5: tablet copy: Beginning tablet copy session from remote peer at address 127.13.10.194:34795
I20260630 12:16:46.896500 16417 tablet_copy_service.cc:140] P e178354d3dbd48009980dac2949560f5: Received BeginTabletCopySession request for tablet 20bae23902694b9ea89b3089718fd86b from peer 0a8c87ce4d0b412d8bbad3cdb9a9dcb5 ({username='slave'} at 127.0.0.1:38754)
I20260630 12:16:46.897019 16417 tablet_copy_service.cc:161] P e178354d3dbd48009980dac2949560f5: Beginning new tablet copy session on tablet 20bae23902694b9ea89b3089718fd86b from peer 0a8c87ce4d0b412d8bbad3cdb9a9dcb5 at {username='slave'} at 127.0.0.1:38754: session id = 0a8c87ce4d0b412d8bbad3cdb9a9dcb5-20bae23902694b9ea89b3089718fd86b
I20260630 12:16:46.899416 16777 tablet_copy_client.cc:806] T 96ce81d15b834f5ba7bced3174dea01f P 0a8c87ce4d0b412d8bbad3cdb9a9dcb5: tablet copy: Starting download of 0 data blocks...
I20260630 12:16:46.899933 16777 tablet_copy_client.cc:670] T 96ce81d15b834f5ba7bced3174dea01f P 0a8c87ce4d0b412d8bbad3cdb9a9dcb5: tablet copy: Starting download of 1 WAL segments...
I20260630 12:16:46.903162 16777 tablet_copy_client.cc:538] T 96ce81d15b834f5ba7bced3174dea01f P 0a8c87ce4d0b412d8bbad3cdb9a9dcb5: tablet copy: Tablet Copy complete. Replacing tablet superblock.
I20260630 12:16:46.904455 16417 tablet_copy_source_session.cc:215] T 20bae23902694b9ea89b3089718fd86b P e178354d3dbd48009980dac2949560f5: Tablet Copy: opened 0 blocks and 1 log segments
I20260630 12:16:46.907436 16779 data_dirs.cc:400] Could only allocate 1 dirs of requested 3 for tablet 20bae23902694b9ea89b3089718fd86b. 1 dirs total, 0 dirs full, 0 dirs failed
I20260630 12:16:46.909368 16777 tablet_bootstrap.cc:492] T 96ce81d15b834f5ba7bced3174dea01f P 0a8c87ce4d0b412d8bbad3cdb9a9dcb5: Bootstrap starting.
I20260630 12:16:46.921861 16779 tablet_copy_client.cc:806] T 20bae23902694b9ea89b3089718fd86b P 0a8c87ce4d0b412d8bbad3cdb9a9dcb5: tablet copy: Starting download of 0 data blocks...
I20260630 12:16:46.922417 16779 tablet_copy_client.cc:670] T 20bae23902694b9ea89b3089718fd86b P 0a8c87ce4d0b412d8bbad3cdb9a9dcb5: tablet copy: Starting download of 1 WAL segments...
I20260630 12:16:46.926299 16779 tablet_copy_client.cc:538] T 20bae23902694b9ea89b3089718fd86b P 0a8c87ce4d0b412d8bbad3cdb9a9dcb5: tablet copy: Tablet Copy complete. Replacing tablet superblock.
I20260630 12:16:46.928481 16777 tablet_bootstrap.cc:492] T 96ce81d15b834f5ba7bced3174dea01f P 0a8c87ce4d0b412d8bbad3cdb9a9dcb5: Bootstrap replayed 1/1 log segments. Stats: ops{read=2 overwritten=0 applied=2 ignored=0} inserts{seen=0 ignored=0} mutations{seen=0 ignored=0} orphaned_commits=0. Pending: 0 replicates
I20260630 12:16:46.929351 16777 tablet_bootstrap.cc:492] T 96ce81d15b834f5ba7bced3174dea01f P 0a8c87ce4d0b412d8bbad3cdb9a9dcb5: Bootstrap complete.
I20260630 12:16:46.929975 16777 ts_tablet_manager.cc:1403] T 96ce81d15b834f5ba7bced3174dea01f P 0a8c87ce4d0b412d8bbad3cdb9a9dcb5: Time spent bootstrapping tablet: real 0.021s	user 0.018s	sys 0.001s
I20260630 12:16:46.932601 16777 raft_consensus.cc:359] T 96ce81d15b834f5ba7bced3174dea01f P 0a8c87ce4d0b412d8bbad3cdb9a9dcb5 [term 1 LEARNER]: Replica starting. Triggering 0 pending ops. Active config: opid_index: 2 OBSOLETE_local: false peers { permanent_uuid: "e178354d3dbd48009980dac2949560f5" member_type: VOTER last_known_addr { host: "127.13.10.194" port: 34795 } attrs { replace: true } } peers { permanent_uuid: "3d05cab65ae44903a2f361bf75f3a0af" member_type: VOTER last_known_addr { host: "127.13.10.193" port: 37415 } } peers { permanent_uuid: "854b4ab8a80349abb60b99542fea4d0f" member_type: VOTER last_known_addr { host: "127.13.10.195" port: 35405 } } peers { permanent_uuid: "0a8c87ce4d0b412d8bbad3cdb9a9dcb5" member_type: NON_VOTER last_known_addr { host: "127.13.10.196" port: 40387 } attrs { promote: true } }
I20260630 12:16:46.933399 16777 raft_consensus.cc:740] T 96ce81d15b834f5ba7bced3174dea01f P 0a8c87ce4d0b412d8bbad3cdb9a9dcb5 [term 1 LEARNER]: Becoming Follower/Learner. State: Replica: 0a8c87ce4d0b412d8bbad3cdb9a9dcb5, State: Initialized, Role: LEARNER
I20260630 12:16:46.934365 16779 tablet_bootstrap.cc:492] T 20bae23902694b9ea89b3089718fd86b P 0a8c87ce4d0b412d8bbad3cdb9a9dcb5: Bootstrap starting.
I20260630 12:16:46.934005 16777 consensus_queue.cc:260] T 96ce81d15b834f5ba7bced3174dea01f P 0a8c87ce4d0b412d8bbad3cdb9a9dcb5 [NON_LEADER]: Queue going to NON_LEADER mode. State: All replicated index: 0, Majority replicated index: 0, Committed index: 2, Last appended: 1.2, Last appended by leader: 2, Current term: 0, Majority size: -1, State: 0, Mode: NON_LEADER, active raft config: opid_index: 2 OBSOLETE_local: false peers { permanent_uuid: "e178354d3dbd48009980dac2949560f5" member_type: VOTER last_known_addr { host: "127.13.10.194" port: 34795 } attrs { replace: true } } peers { permanent_uuid: "3d05cab65ae44903a2f361bf75f3a0af" member_type: VOTER last_known_addr { host: "127.13.10.193" port: 37415 } } peers { permanent_uuid: "854b4ab8a80349abb60b99542fea4d0f" member_type: VOTER last_known_addr { host: "127.13.10.195" port: 35405 } } peers { permanent_uuid: "0a8c87ce4d0b412d8bbad3cdb9a9dcb5" member_type: NON_VOTER last_known_addr { host: "127.13.10.196" port: 40387 } attrs { promote: true } }
I20260630 12:16:46.936611 16777 ts_tablet_manager.cc:1434] T 96ce81d15b834f5ba7bced3174dea01f P 0a8c87ce4d0b412d8bbad3cdb9a9dcb5: Time spent starting tablet: real 0.006s	user 0.005s	sys 0.000s
I20260630 12:16:46.938992 16342 tablet_copy_service.cc:342] P 3d05cab65ae44903a2f361bf75f3a0af: Request end of tablet copy session 0a8c87ce4d0b412d8bbad3cdb9a9dcb5-96ce81d15b834f5ba7bced3174dea01f received from {username='slave'} at 127.0.0.1:58602
I20260630 12:16:46.939419 16342 tablet_copy_service.cc:434] P 3d05cab65ae44903a2f361bf75f3a0af: ending tablet copy session 0a8c87ce4d0b412d8bbad3cdb9a9dcb5-96ce81d15b834f5ba7bced3174dea01f on tablet 96ce81d15b834f5ba7bced3174dea01f with peer 0a8c87ce4d0b412d8bbad3cdb9a9dcb5
I20260630 12:16:46.957372 16779 tablet_bootstrap.cc:492] T 20bae23902694b9ea89b3089718fd86b P 0a8c87ce4d0b412d8bbad3cdb9a9dcb5: Bootstrap replayed 1/1 log segments. Stats: ops{read=2 overwritten=0 applied=2 ignored=0} inserts{seen=0 ignored=0} mutations{seen=0 ignored=0} orphaned_commits=0. Pending: 0 replicates
I20260630 12:16:46.958074 16779 tablet_bootstrap.cc:492] T 20bae23902694b9ea89b3089718fd86b P 0a8c87ce4d0b412d8bbad3cdb9a9dcb5: Bootstrap complete.
I20260630 12:16:46.958617 16779 ts_tablet_manager.cc:1403] T 20bae23902694b9ea89b3089718fd86b P 0a8c87ce4d0b412d8bbad3cdb9a9dcb5: Time spent bootstrapping tablet: real 0.025s	user 0.022s	sys 0.001s
I20260630 12:16:46.960793 16779 raft_consensus.cc:359] T 20bae23902694b9ea89b3089718fd86b P 0a8c87ce4d0b412d8bbad3cdb9a9dcb5 [term 1 LEARNER]: Replica starting. Triggering 0 pending ops. Active config: opid_index: 2 OBSOLETE_local: false peers { permanent_uuid: "e178354d3dbd48009980dac2949560f5" member_type: VOTER last_known_addr { host: "127.13.10.194" port: 34795 } } peers { permanent_uuid: "3d05cab65ae44903a2f361bf75f3a0af" member_type: VOTER last_known_addr { host: "127.13.10.193" port: 37415 } } peers { permanent_uuid: "854b4ab8a80349abb60b99542fea4d0f" member_type: VOTER last_known_addr { host: "127.13.10.195" port: 35405 } attrs { replace: true } } peers { permanent_uuid: "0a8c87ce4d0b412d8bbad3cdb9a9dcb5" member_type: NON_VOTER last_known_addr { host: "127.13.10.196" port: 40387 } attrs { promote: true } }
I20260630 12:16:46.961372 16779 raft_consensus.cc:740] T 20bae23902694b9ea89b3089718fd86b P 0a8c87ce4d0b412d8bbad3cdb9a9dcb5 [term 1 LEARNER]: Becoming Follower/Learner. State: Replica: 0a8c87ce4d0b412d8bbad3cdb9a9dcb5, State: Initialized, Role: LEARNER
I20260630 12:16:46.961817 16779 consensus_queue.cc:260] T 20bae23902694b9ea89b3089718fd86b P 0a8c87ce4d0b412d8bbad3cdb9a9dcb5 [NON_LEADER]: Queue going to NON_LEADER mode. State: All replicated index: 0, Majority replicated index: 0, Committed index: 2, Last appended: 1.2, Last appended by leader: 2, Current term: 0, Majority size: -1, State: 0, Mode: NON_LEADER, active raft config: opid_index: 2 OBSOLETE_local: false peers { permanent_uuid: "e178354d3dbd48009980dac2949560f5" member_type: VOTER last_known_addr { host: "127.13.10.194" port: 34795 } } peers { permanent_uuid: "3d05cab65ae44903a2f361bf75f3a0af" member_type: VOTER last_known_addr { host: "127.13.10.193" port: 37415 } } peers { permanent_uuid: "854b4ab8a80349abb60b99542fea4d0f" member_type: VOTER last_known_addr { host: "127.13.10.195" port: 35405 } attrs { replace: true } } peers { permanent_uuid: "0a8c87ce4d0b412d8bbad3cdb9a9dcb5" member_type: NON_VOTER last_known_addr { host: "127.13.10.196" port: 40387 } attrs { promote: true } }
I20260630 12:16:46.963421 16779 ts_tablet_manager.cc:1434] T 20bae23902694b9ea89b3089718fd86b P 0a8c87ce4d0b412d8bbad3cdb9a9dcb5: Time spent starting tablet: real 0.005s	user 0.004s	sys 0.000s
I20260630 12:16:46.965140 16417 tablet_copy_service.cc:342] P e178354d3dbd48009980dac2949560f5: Request end of tablet copy session 0a8c87ce4d0b412d8bbad3cdb9a9dcb5-20bae23902694b9ea89b3089718fd86b received from {username='slave'} at 127.0.0.1:38754
I20260630 12:16:46.965467 16417 tablet_copy_service.cc:434] P e178354d3dbd48009980dac2949560f5: ending tablet copy session 0a8c87ce4d0b412d8bbad3cdb9a9dcb5-20bae23902694b9ea89b3089718fd86b on tablet 20bae23902694b9ea89b3089718fd86b with peer 0a8c87ce4d0b412d8bbad3cdb9a9dcb5
I20260630 12:16:47.038560 16477 raft_consensus.cc:1275] T a4f070f6bd9f48c7858d0d36f0dace25 P 854b4ab8a80349abb60b99542fea4d0f [term 2 FOLLOWER]: Refusing update from remote peer 3d05cab65ae44903a2f361bf75f3a0af: Log matching property violated. Preceding OpId in replica: term: 1 index: 1. Preceding OpId from leader: term: 2 index: 2. (index mismatch)
I20260630 12:16:47.039852 16577 consensus_queue.cc:1048] T a4f070f6bd9f48c7858d0d36f0dace25 P 3d05cab65ae44903a2f361bf75f3a0af [LEADER]: Connected to new peer: Peer: permanent_uuid: "854b4ab8a80349abb60b99542fea4d0f" member_type: VOTER last_known_addr { host: "127.13.10.195" port: 35405 }, Status: LMP_MISMATCH, Last received: 0.0, Next index: 2, Last known committed idx: 1, Time since last communication: 0.000s
I20260630 12:16:47.050745 16406 raft_consensus.cc:1275] T a4f070f6bd9f48c7858d0d36f0dace25 P e178354d3dbd48009980dac2949560f5 [term 2 FOLLOWER]: Refusing update from remote peer 3d05cab65ae44903a2f361bf75f3a0af: Log matching property violated. Preceding OpId in replica: term: 1 index: 1. Preceding OpId from leader: term: 2 index: 2. (index mismatch)
I20260630 12:16:47.054170 16577 consensus_queue.cc:1048] T a4f070f6bd9f48c7858d0d36f0dace25 P 3d05cab65ae44903a2f361bf75f3a0af [LEADER]: Connected to new peer: Peer: permanent_uuid: "e178354d3dbd48009980dac2949560f5" member_type: VOTER last_known_addr { host: "127.13.10.194" port: 34795 }, Status: LMP_MISMATCH, Last received: 0.0, Next index: 2, Last known committed idx: 1, Time since last communication: 0.000s
I20260630 12:16:47.121536 16328 raft_consensus.cc:1275] T 4e64c7dac4024c07a95828bd482b7ab6 P 3d05cab65ae44903a2f361bf75f3a0af [term 2 FOLLOWER]: Refusing update from remote peer 854b4ab8a80349abb60b99542fea4d0f: Log matching property violated. Preceding OpId in replica: term: 1 index: 1. Preceding OpId from leader: term: 2 index: 2. (index mismatch)
I20260630 12:16:47.122879 16688 consensus_queue.cc:1048] T 4e64c7dac4024c07a95828bd482b7ab6 P 854b4ab8a80349abb60b99542fea4d0f [LEADER]: Connected to new peer: Peer: permanent_uuid: "3d05cab65ae44903a2f361bf75f3a0af" member_type: VOTER last_known_addr { host: "127.13.10.193" port: 37415 }, Status: LMP_MISMATCH, Last received: 0.0, Next index: 2, Last known committed idx: 1, Time since last communication: 0.000s
I20260630 12:16:47.131568 16406 raft_consensus.cc:1275] T 4e64c7dac4024c07a95828bd482b7ab6 P e178354d3dbd48009980dac2949560f5 [term 2 FOLLOWER]: Refusing update from remote peer 854b4ab8a80349abb60b99542fea4d0f: Log matching property violated. Preceding OpId in replica: term: 1 index: 1. Preceding OpId from leader: term: 2 index: 2. (index mismatch)
I20260630 12:16:47.132943 16534 consensus_queue.cc:1048] T 4e64c7dac4024c07a95828bd482b7ab6 P 854b4ab8a80349abb60b99542fea4d0f [LEADER]: Connected to new peer: Peer: permanent_uuid: "e178354d3dbd48009980dac2949560f5" member_type: VOTER last_known_addr { host: "127.13.10.194" port: 34795 }, Status: LMP_MISMATCH, Last received: 0.0, Next index: 2, Last known committed idx: 1, Time since last communication: 0.000s
I20260630 12:16:47.316478 16406 raft_consensus.cc:1275] T 01468e84ade2426fa976ef00adee1a69 P e178354d3dbd48009980dac2949560f5 [term 2 FOLLOWER]: Refusing update from remote peer 3d05cab65ae44903a2f361bf75f3a0af: Log matching property violated. Preceding OpId in replica: term: 1 index: 1. Preceding OpId from leader: term: 2 index: 2. (index mismatch)
I20260630 12:16:47.317601 16577 consensus_queue.cc:1048] T 01468e84ade2426fa976ef00adee1a69 P 3d05cab65ae44903a2f361bf75f3a0af [LEADER]: Connected to new peer: Peer: permanent_uuid: "e178354d3dbd48009980dac2949560f5" member_type: VOTER last_known_addr { host: "127.13.10.194" port: 34795 }, Status: LMP_MISMATCH, Last received: 0.0, Next index: 2, Last known committed idx: 1, Time since last communication: 0.000s
I20260630 12:16:47.326206 16631 raft_consensus.cc:1275] T 01468e84ade2426fa976ef00adee1a69 P 0a8c87ce4d0b412d8bbad3cdb9a9dcb5 [term 2 FOLLOWER]: Refusing update from remote peer 3d05cab65ae44903a2f361bf75f3a0af: Log matching property violated. Preceding OpId in replica: term: 1 index: 1. Preceding OpId from leader: term: 2 index: 2. (index mismatch)
I20260630 12:16:47.327762 16577 consensus_queue.cc:1048] T 01468e84ade2426fa976ef00adee1a69 P 3d05cab65ae44903a2f361bf75f3a0af [LEADER]: Connected to new peer: Peer: permanent_uuid: "0a8c87ce4d0b412d8bbad3cdb9a9dcb5" member_type: VOTER last_known_addr { host: "127.13.10.196" port: 40387 }, Status: LMP_MISMATCH, Last received: 0.0, Next index: 2, Last known committed idx: 1, Time since last communication: 0.000s
I20260630 12:16:47.393071 16631 raft_consensus.cc:1217] T 96ce81d15b834f5ba7bced3174dea01f P 0a8c87ce4d0b412d8bbad3cdb9a9dcb5 [term 1 LEARNER]: Deduplicated request from leader. Original: 1.1->[1.2-1.2]   Dedup: 1.2->[]
I20260630 12:16:47.465087 16631 raft_consensus.cc:1217] T 20bae23902694b9ea89b3089718fd86b P 0a8c87ce4d0b412d8bbad3cdb9a9dcb5 [term 1 LEARNER]: Deduplicated request from leader. Original: 1.1->[1.2-1.2]   Dedup: 1.2->[]
I20260630 12:16:47.838881 16717 raft_consensus.cc:1064] T 96ce81d15b834f5ba7bced3174dea01f P 3d05cab65ae44903a2f361bf75f3a0af: attempting to promote NON_VOTER 0a8c87ce4d0b412d8bbad3cdb9a9dcb5 to VOTER
I20260630 12:16:47.841240 16717 consensus_queue.cc:237] T 96ce81d15b834f5ba7bced3174dea01f P 3d05cab65ae44903a2f361bf75f3a0af [LEADER]: Queue going to LEADER mode. State: All replicated index: 0, Majority replicated index: 2, Committed index: 2, Last appended: 1.2, Last appended by leader: 0, Current term: 1, Majority size: 3, State: 0, Mode: LEADER, active raft config: opid_index: 3 OBSOLETE_local: false peers { permanent_uuid: "e178354d3dbd48009980dac2949560f5" member_type: VOTER last_known_addr { host: "127.13.10.194" port: 34795 } attrs { replace: true } } peers { permanent_uuid: "3d05cab65ae44903a2f361bf75f3a0af" member_type: VOTER last_known_addr { host: "127.13.10.193" port: 37415 } } peers { permanent_uuid: "854b4ab8a80349abb60b99542fea4d0f" member_type: VOTER last_known_addr { host: "127.13.10.195" port: 35405 } } peers { permanent_uuid: "0a8c87ce4d0b412d8bbad3cdb9a9dcb5" member_type: VOTER last_known_addr { host: "127.13.10.196" port: 40387 } attrs { promote: false } }
I20260630 12:16:47.848534 16406 raft_consensus.cc:1275] T 96ce81d15b834f5ba7bced3174dea01f P e178354d3dbd48009980dac2949560f5 [term 1 FOLLOWER]: Refusing update from remote peer 3d05cab65ae44903a2f361bf75f3a0af: Log matching property violated. Preceding OpId in replica: term: 1 index: 2. Preceding OpId from leader: term: 1 index: 3. (index mismatch)
I20260630 12:16:47.848770 16631 raft_consensus.cc:1275] T 96ce81d15b834f5ba7bced3174dea01f P 0a8c87ce4d0b412d8bbad3cdb9a9dcb5 [term 1 LEARNER]: Refusing update from remote peer 3d05cab65ae44903a2f361bf75f3a0af: Log matching property violated. Preceding OpId in replica: term: 1 index: 2. Preceding OpId from leader: term: 1 index: 3. (index mismatch)
I20260630 12:16:47.849871 16717 consensus_queue.cc:1048] T 96ce81d15b834f5ba7bced3174dea01f P 3d05cab65ae44903a2f361bf75f3a0af [LEADER]: Connected to new peer: Peer: permanent_uuid: "e178354d3dbd48009980dac2949560f5" member_type: VOTER last_known_addr { host: "127.13.10.194" port: 34795 } attrs { replace: true }, Status: LMP_MISMATCH, Last received: 0.0, Next index: 3, Last known committed idx: 2, Time since last communication: 0.000s
I20260630 12:16:47.850118 16477 raft_consensus.cc:1275] T 96ce81d15b834f5ba7bced3174dea01f P 854b4ab8a80349abb60b99542fea4d0f [term 1 FOLLOWER]: Refusing update from remote peer 3d05cab65ae44903a2f361bf75f3a0af: Log matching property violated. Preceding OpId in replica: term: 1 index: 2. Preceding OpId from leader: term: 1 index: 3. (index mismatch)
I20260630 12:16:47.850744 16577 consensus_queue.cc:1048] T 96ce81d15b834f5ba7bced3174dea01f P 3d05cab65ae44903a2f361bf75f3a0af [LEADER]: Connected to new peer: Peer: permanent_uuid: "0a8c87ce4d0b412d8bbad3cdb9a9dcb5" member_type: VOTER last_known_addr { host: "127.13.10.196" port: 40387 } attrs { promote: false }, Status: LMP_MISMATCH, Last received: 0.0, Next index: 3, Last known committed idx: 2, Time since last communication: 0.000s
I20260630 12:16:47.852727 16785 consensus_queue.cc:1048] T 96ce81d15b834f5ba7bced3174dea01f P 3d05cab65ae44903a2f361bf75f3a0af [LEADER]: Connected to new peer: Peer: permanent_uuid: "854b4ab8a80349abb60b99542fea4d0f" member_type: VOTER last_known_addr { host: "127.13.10.195" port: 35405 }, Status: LMP_MISMATCH, Last received: 0.0, Next index: 3, Last known committed idx: 2, Time since last communication: 0.000s
I20260630 12:16:47.864447 16785 raft_consensus.cc:2955] T 96ce81d15b834f5ba7bced3174dea01f P 3d05cab65ae44903a2f361bf75f3a0af [term 1 LEADER]: Committing config change with OpId 1.3: config changed from index 2 to 3, 0a8c87ce4d0b412d8bbad3cdb9a9dcb5 (127.13.10.196) changed from NON_VOTER to VOTER. New config: { opid_index: 3 OBSOLETE_local: false peers { permanent_uuid: "e178354d3dbd48009980dac2949560f5" member_type: VOTER last_known_addr { host: "127.13.10.194" port: 34795 } attrs { replace: true } } peers { permanent_uuid: "3d05cab65ae44903a2f361bf75f3a0af" member_type: VOTER last_known_addr { host: "127.13.10.193" port: 37415 } } peers { permanent_uuid: "854b4ab8a80349abb60b99542fea4d0f" member_type: VOTER last_known_addr { host: "127.13.10.195" port: 35405 } } peers { permanent_uuid: "0a8c87ce4d0b412d8bbad3cdb9a9dcb5" member_type: VOTER last_known_addr { host: "127.13.10.196" port: 40387 } attrs { promote: false } } }
I20260630 12:16:47.866818 16477 raft_consensus.cc:2955] T 96ce81d15b834f5ba7bced3174dea01f P 854b4ab8a80349abb60b99542fea4d0f [term 1 FOLLOWER]: Committing config change with OpId 1.3: config changed from index 2 to 3, 0a8c87ce4d0b412d8bbad3cdb9a9dcb5 (127.13.10.196) changed from NON_VOTER to VOTER. New config: { opid_index: 3 OBSOLETE_local: false peers { permanent_uuid: "e178354d3dbd48009980dac2949560f5" member_type: VOTER last_known_addr { host: "127.13.10.194" port: 34795 } attrs { replace: true } } peers { permanent_uuid: "3d05cab65ae44903a2f361bf75f3a0af" member_type: VOTER last_known_addr { host: "127.13.10.193" port: 37415 } } peers { permanent_uuid: "854b4ab8a80349abb60b99542fea4d0f" member_type: VOTER last_known_addr { host: "127.13.10.195" port: 35405 } } peers { permanent_uuid: "0a8c87ce4d0b412d8bbad3cdb9a9dcb5" member_type: VOTER last_known_addr { host: "127.13.10.196" port: 40387 } attrs { promote: false } } }
I20260630 12:16:47.867393 16406 raft_consensus.cc:2955] T 96ce81d15b834f5ba7bced3174dea01f P e178354d3dbd48009980dac2949560f5 [term 1 FOLLOWER]: Committing config change with OpId 1.3: config changed from index 2 to 3, 0a8c87ce4d0b412d8bbad3cdb9a9dcb5 (127.13.10.196) changed from NON_VOTER to VOTER. New config: { opid_index: 3 OBSOLETE_local: false peers { permanent_uuid: "e178354d3dbd48009980dac2949560f5" member_type: VOTER last_known_addr { host: "127.13.10.194" port: 34795 } attrs { replace: true } } peers { permanent_uuid: "3d05cab65ae44903a2f361bf75f3a0af" member_type: VOTER last_known_addr { host: "127.13.10.193" port: 37415 } } peers { permanent_uuid: "854b4ab8a80349abb60b99542fea4d0f" member_type: VOTER last_known_addr { host: "127.13.10.195" port: 35405 } } peers { permanent_uuid: "0a8c87ce4d0b412d8bbad3cdb9a9dcb5" member_type: VOTER last_known_addr { host: "127.13.10.196" port: 40387 } attrs { promote: false } } }
I20260630 12:16:47.885941 16228 catalog_manager.cc:5697] T 96ce81d15b834f5ba7bced3174dea01f P e178354d3dbd48009980dac2949560f5 reported cstate change: config changed from index 2 to 3, 0a8c87ce4d0b412d8bbad3cdb9a9dcb5 (127.13.10.196) changed from NON_VOTER to VOTER. New cstate: current_term: 1 leader_uuid: "3d05cab65ae44903a2f361bf75f3a0af" committed_config { opid_index: 3 OBSOLETE_local: false peers { permanent_uuid: "e178354d3dbd48009980dac2949560f5" member_type: VOTER last_known_addr { host: "127.13.10.194" port: 34795 } attrs { replace: true } } peers { permanent_uuid: "3d05cab65ae44903a2f361bf75f3a0af" member_type: VOTER last_known_addr { host: "127.13.10.193" port: 37415 } } peers { permanent_uuid: "854b4ab8a80349abb60b99542fea4d0f" member_type: VOTER last_known_addr { host: "127.13.10.195" port: 35405 } } peers { permanent_uuid: "0a8c87ce4d0b412d8bbad3cdb9a9dcb5" member_type: VOTER last_known_addr { host: "127.13.10.196" port: 40387 } attrs { promote: false } } }
I20260630 12:16:47.890432 16631 raft_consensus.cc:2955] T 96ce81d15b834f5ba7bced3174dea01f P 0a8c87ce4d0b412d8bbad3cdb9a9dcb5 [term 1 FOLLOWER]: Committing config change with OpId 1.3: config changed from index 2 to 3, 0a8c87ce4d0b412d8bbad3cdb9a9dcb5 (127.13.10.196) changed from NON_VOTER to VOTER. New config: { opid_index: 3 OBSOLETE_local: false peers { permanent_uuid: "e178354d3dbd48009980dac2949560f5" member_type: VOTER last_known_addr { host: "127.13.10.194" port: 34795 } attrs { replace: true } } peers { permanent_uuid: "3d05cab65ae44903a2f361bf75f3a0af" member_type: VOTER last_known_addr { host: "127.13.10.193" port: 37415 } } peers { permanent_uuid: "854b4ab8a80349abb60b99542fea4d0f" member_type: VOTER last_known_addr { host: "127.13.10.195" port: 35405 } } peers { permanent_uuid: "0a8c87ce4d0b412d8bbad3cdb9a9dcb5" member_type: VOTER last_known_addr { host: "127.13.10.196" port: 40387 } attrs { promote: false } } }
I20260630 12:16:47.896836 16570 raft_consensus.cc:1064] T 20bae23902694b9ea89b3089718fd86b P e178354d3dbd48009980dac2949560f5: attempting to promote NON_VOTER 0a8c87ce4d0b412d8bbad3cdb9a9dcb5 to VOTER
I20260630 12:16:47.907740 16570 consensus_queue.cc:237] T 20bae23902694b9ea89b3089718fd86b P e178354d3dbd48009980dac2949560f5 [LEADER]: Queue going to LEADER mode. State: All replicated index: 0, Majority replicated index: 2, Committed index: 2, Last appended: 1.2, Last appended by leader: 0, Current term: 1, Majority size: 3, State: 0, Mode: LEADER, active raft config: opid_index: 3 OBSOLETE_local: false peers { permanent_uuid: "e178354d3dbd48009980dac2949560f5" member_type: VOTER last_known_addr { host: "127.13.10.194" port: 34795 } } peers { permanent_uuid: "3d05cab65ae44903a2f361bf75f3a0af" member_type: VOTER last_known_addr { host: "127.13.10.193" port: 37415 } } peers { permanent_uuid: "854b4ab8a80349abb60b99542fea4d0f" member_type: VOTER last_known_addr { host: "127.13.10.195" port: 35405 } attrs { replace: true } } peers { permanent_uuid: "0a8c87ce4d0b412d8bbad3cdb9a9dcb5" member_type: VOTER last_known_addr { host: "127.13.10.196" port: 40387 } attrs { promote: false } }
I20260630 12:16:47.914505 16631 raft_consensus.cc:1275] T 20bae23902694b9ea89b3089718fd86b P 0a8c87ce4d0b412d8bbad3cdb9a9dcb5 [term 1 LEARNER]: Refusing update from remote peer e178354d3dbd48009980dac2949560f5: Log matching property violated. Preceding OpId in replica: term: 1 index: 2. Preceding OpId from leader: term: 1 index: 3. (index mismatch)
I20260630 12:16:47.915568 16477 raft_consensus.cc:1275] T 20bae23902694b9ea89b3089718fd86b P 854b4ab8a80349abb60b99542fea4d0f [term 1 FOLLOWER]: Refusing update from remote peer e178354d3dbd48009980dac2949560f5: Log matching property violated. Preceding OpId in replica: term: 1 index: 2. Preceding OpId from leader: term: 1 index: 3. (index mismatch)
I20260630 12:16:47.916128 16533 consensus_queue.cc:1048] T 20bae23902694b9ea89b3089718fd86b P e178354d3dbd48009980dac2949560f5 [LEADER]: Connected to new peer: Peer: permanent_uuid: "0a8c87ce4d0b412d8bbad3cdb9a9dcb5" member_type: VOTER last_known_addr { host: "127.13.10.196" port: 40387 } attrs { promote: false }, Status: LMP_MISMATCH, Last received: 0.0, Next index: 3, Last known committed idx: 2, Time since last communication: 0.000s
I20260630 12:16:47.916908 16328 raft_consensus.cc:1275] T 20bae23902694b9ea89b3089718fd86b P 3d05cab65ae44903a2f361bf75f3a0af [term 1 FOLLOWER]: Refusing update from remote peer e178354d3dbd48009980dac2949560f5: Log matching property violated. Preceding OpId in replica: term: 1 index: 2. Preceding OpId from leader: term: 1 index: 3. (index mismatch)
I20260630 12:16:47.918673 16794 consensus_queue.cc:1048] T 20bae23902694b9ea89b3089718fd86b P e178354d3dbd48009980dac2949560f5 [LEADER]: Connected to new peer: Peer: permanent_uuid: "3d05cab65ae44903a2f361bf75f3a0af" member_type: VOTER last_known_addr { host: "127.13.10.193" port: 37415 }, Status: LMP_MISMATCH, Last received: 0.0, Next index: 3, Last known committed idx: 2, Time since last communication: 0.000s
I20260630 12:16:47.920320 16794 consensus_queue.cc:1048] T 20bae23902694b9ea89b3089718fd86b P e178354d3dbd48009980dac2949560f5 [LEADER]: Connected to new peer: Peer: permanent_uuid: "854b4ab8a80349abb60b99542fea4d0f" member_type: VOTER last_known_addr { host: "127.13.10.195" port: 35405 } attrs { replace: true }, Status: LMP_MISMATCH, Last received: 0.0, Next index: 3, Last known committed idx: 2, Time since last communication: 0.000s
I20260630 12:16:47.947836 16533 raft_consensus.cc:2955] T 20bae23902694b9ea89b3089718fd86b P e178354d3dbd48009980dac2949560f5 [term 1 LEADER]: Committing config change with OpId 1.3: config changed from index 2 to 3, 0a8c87ce4d0b412d8bbad3cdb9a9dcb5 (127.13.10.196) changed from NON_VOTER to VOTER. New config: { opid_index: 3 OBSOLETE_local: false peers { permanent_uuid: "e178354d3dbd48009980dac2949560f5" member_type: VOTER last_known_addr { host: "127.13.10.194" port: 34795 } } peers { permanent_uuid: "3d05cab65ae44903a2f361bf75f3a0af" member_type: VOTER last_known_addr { host: "127.13.10.193" port: 37415 } } peers { permanent_uuid: "854b4ab8a80349abb60b99542fea4d0f" member_type: VOTER last_known_addr { host: "127.13.10.195" port: 35405 } attrs { replace: true } } peers { permanent_uuid: "0a8c87ce4d0b412d8bbad3cdb9a9dcb5" member_type: VOTER last_known_addr { host: "127.13.10.196" port: 40387 } attrs { promote: false } } }
I20260630 12:16:47.952538 16631 raft_consensus.cc:2955] T 20bae23902694b9ea89b3089718fd86b P 0a8c87ce4d0b412d8bbad3cdb9a9dcb5 [term 1 FOLLOWER]: Committing config change with OpId 1.3: config changed from index 2 to 3, 0a8c87ce4d0b412d8bbad3cdb9a9dcb5 (127.13.10.196) changed from NON_VOTER to VOTER. New config: { opid_index: 3 OBSOLETE_local: false peers { permanent_uuid: "e178354d3dbd48009980dac2949560f5" member_type: VOTER last_known_addr { host: "127.13.10.194" port: 34795 } } peers { permanent_uuid: "3d05cab65ae44903a2f361bf75f3a0af" member_type: VOTER last_known_addr { host: "127.13.10.193" port: 37415 } } peers { permanent_uuid: "854b4ab8a80349abb60b99542fea4d0f" member_type: VOTER last_known_addr { host: "127.13.10.195" port: 35405 } attrs { replace: true } } peers { permanent_uuid: "0a8c87ce4d0b412d8bbad3cdb9a9dcb5" member_type: VOTER last_known_addr { host: "127.13.10.196" port: 40387 } attrs { promote: false } } }
I20260630 12:16:47.959568 16477 raft_consensus.cc:2955] T 20bae23902694b9ea89b3089718fd86b P 854b4ab8a80349abb60b99542fea4d0f [term 1 FOLLOWER]: Committing config change with OpId 1.3: config changed from index 2 to 3, 0a8c87ce4d0b412d8bbad3cdb9a9dcb5 (127.13.10.196) changed from NON_VOTER to VOTER. New config: { opid_index: 3 OBSOLETE_local: false peers { permanent_uuid: "e178354d3dbd48009980dac2949560f5" member_type: VOTER last_known_addr { host: "127.13.10.194" port: 34795 } } peers { permanent_uuid: "3d05cab65ae44903a2f361bf75f3a0af" member_type: VOTER last_known_addr { host: "127.13.10.193" port: 37415 } } peers { permanent_uuid: "854b4ab8a80349abb60b99542fea4d0f" member_type: VOTER last_known_addr { host: "127.13.10.195" port: 35405 } attrs { replace: true } } peers { permanent_uuid: "0a8c87ce4d0b412d8bbad3cdb9a9dcb5" member_type: VOTER last_known_addr { host: "127.13.10.196" port: 40387 } attrs { promote: false } } }
I20260630 12:16:47.962981 16328 consensus_queue.cc:237] T 96ce81d15b834f5ba7bced3174dea01f P 3d05cab65ae44903a2f361bf75f3a0af [LEADER]: Queue going to LEADER mode. State: All replicated index: 0, Majority replicated index: 3, Committed index: 3, Last appended: 1.3, Last appended by leader: 0, Current term: 1, Majority size: 2, State: 0, Mode: LEADER, active raft config: opid_index: 4 OBSOLETE_local: false peers { permanent_uuid: "3d05cab65ae44903a2f361bf75f3a0af" member_type: VOTER last_known_addr { host: "127.13.10.193" port: 37415 } } peers { permanent_uuid: "854b4ab8a80349abb60b99542fea4d0f" member_type: VOTER last_known_addr { host: "127.13.10.195" port: 35405 } } peers { permanent_uuid: "0a8c87ce4d0b412d8bbad3cdb9a9dcb5" member_type: VOTER last_known_addr { host: "127.13.10.196" port: 40387 } attrs { promote: false } }
I20260630 12:16:47.970654 16632 raft_consensus.cc:1275] T 96ce81d15b834f5ba7bced3174dea01f P 0a8c87ce4d0b412d8bbad3cdb9a9dcb5 [term 1 FOLLOWER]: Refusing update from remote peer 3d05cab65ae44903a2f361bf75f3a0af: Log matching property violated. Preceding OpId in replica: term: 1 index: 3. Preceding OpId from leader: term: 1 index: 4. (index mismatch)
I20260630 12:16:47.972258 16577 consensus_queue.cc:1048] T 96ce81d15b834f5ba7bced3174dea01f P 3d05cab65ae44903a2f361bf75f3a0af [LEADER]: Connected to new peer: Peer: permanent_uuid: "0a8c87ce4d0b412d8bbad3cdb9a9dcb5" member_type: VOTER last_known_addr { host: "127.13.10.196" port: 40387 } attrs { promote: false }, Status: LMP_MISMATCH, Last received: 0.0, Next index: 4, Last known committed idx: 3, Time since last communication: 0.000s
I20260630 12:16:47.980631 16229 catalog_manager.cc:5697] T 20bae23902694b9ea89b3089718fd86b P 0a8c87ce4d0b412d8bbad3cdb9a9dcb5 reported cstate change: config changed from index 2 to 3, 0a8c87ce4d0b412d8bbad3cdb9a9dcb5 (127.13.10.196) changed from NON_VOTER to VOTER. New cstate: current_term: 1 leader_uuid: "e178354d3dbd48009980dac2949560f5" committed_config { opid_index: 3 OBSOLETE_local: false peers { permanent_uuid: "e178354d3dbd48009980dac2949560f5" member_type: VOTER last_known_addr { host: "127.13.10.194" port: 34795 } } peers { permanent_uuid: "3d05cab65ae44903a2f361bf75f3a0af" member_type: VOTER last_known_addr { host: "127.13.10.193" port: 37415 } } peers { permanent_uuid: "854b4ab8a80349abb60b99542fea4d0f" member_type: VOTER last_known_addr { host: "127.13.10.195" port: 35405 } attrs { replace: true } } peers { permanent_uuid: "0a8c87ce4d0b412d8bbad3cdb9a9dcb5" member_type: VOTER last_known_addr { host: "127.13.10.196" port: 40387 } attrs { promote: false } } }
I20260630 12:16:47.986323 16717 raft_consensus.cc:2955] T 96ce81d15b834f5ba7bced3174dea01f P 3d05cab65ae44903a2f361bf75f3a0af [term 1 LEADER]: Committing config change with OpId 1.4: config changed from index 3 to 4, VOTER e178354d3dbd48009980dac2949560f5 (127.13.10.194) evicted. New config: { opid_index: 4 OBSOLETE_local: false peers { permanent_uuid: "3d05cab65ae44903a2f361bf75f3a0af" member_type: VOTER last_known_addr { host: "127.13.10.193" port: 37415 } } peers { permanent_uuid: "854b4ab8a80349abb60b99542fea4d0f" member_type: VOTER last_known_addr { host: "127.13.10.195" port: 35405 } } peers { permanent_uuid: "0a8c87ce4d0b412d8bbad3cdb9a9dcb5" member_type: VOTER last_known_addr { host: "127.13.10.196" port: 40387 } attrs { promote: false } } }
I20260630 12:16:47.989380 16632 raft_consensus.cc:2955] T 96ce81d15b834f5ba7bced3174dea01f P 0a8c87ce4d0b412d8bbad3cdb9a9dcb5 [term 1 FOLLOWER]: Committing config change with OpId 1.4: config changed from index 3 to 4, VOTER e178354d3dbd48009980dac2949560f5 (127.13.10.194) evicted. New config: { opid_index: 4 OBSOLETE_local: false peers { permanent_uuid: "3d05cab65ae44903a2f361bf75f3a0af" member_type: VOTER last_known_addr { host: "127.13.10.193" port: 37415 } } peers { permanent_uuid: "854b4ab8a80349abb60b99542fea4d0f" member_type: VOTER last_known_addr { host: "127.13.10.195" port: 35405 } } peers { permanent_uuid: "0a8c87ce4d0b412d8bbad3cdb9a9dcb5" member_type: VOTER last_known_addr { host: "127.13.10.196" port: 40387 } attrs { promote: false } } }
I20260630 12:16:47.995062 16477 raft_consensus.cc:1275] T 96ce81d15b834f5ba7bced3174dea01f P 854b4ab8a80349abb60b99542fea4d0f [term 1 FOLLOWER]: Refusing update from remote peer 3d05cab65ae44903a2f361bf75f3a0af: Log matching property violated. Preceding OpId in replica: term: 1 index: 3. Preceding OpId from leader: term: 1 index: 4. (index mismatch)
I20260630 12:16:47.996769 16577 consensus_queue.cc:1048] T 96ce81d15b834f5ba7bced3174dea01f P 3d05cab65ae44903a2f361bf75f3a0af [LEADER]: Connected to new peer: Peer: permanent_uuid: "854b4ab8a80349abb60b99542fea4d0f" member_type: VOTER last_known_addr { host: "127.13.10.195" port: 35405 }, Status: LMP_MISMATCH, Last received: 0.0, Next index: 4, Last known committed idx: 3, Time since last communication: 0.000s
I20260630 12:16:48.001207 16406 consensus_queue.cc:237] T 20bae23902694b9ea89b3089718fd86b P e178354d3dbd48009980dac2949560f5 [LEADER]: Queue going to LEADER mode. State: All replicated index: 0, Majority replicated index: 3, Committed index: 3, Last appended: 1.3, Last appended by leader: 0, Current term: 1, Majority size: 2, State: 0, Mode: LEADER, active raft config: opid_index: 4 OBSOLETE_local: false peers { permanent_uuid: "e178354d3dbd48009980dac2949560f5" member_type: VOTER last_known_addr { host: "127.13.10.194" port: 34795 } } peers { permanent_uuid: "3d05cab65ae44903a2f361bf75f3a0af" member_type: VOTER last_known_addr { host: "127.13.10.193" port: 37415 } } peers { permanent_uuid: "0a8c87ce4d0b412d8bbad3cdb9a9dcb5" member_type: VOTER last_known_addr { host: "127.13.10.196" port: 40387 } attrs { promote: false } }
I20260630 12:16:48.001713 16481 raft_consensus.cc:2955] T 96ce81d15b834f5ba7bced3174dea01f P 854b4ab8a80349abb60b99542fea4d0f [term 1 FOLLOWER]: Committing config change with OpId 1.4: config changed from index 3 to 4, VOTER e178354d3dbd48009980dac2949560f5 (127.13.10.194) evicted. New config: { opid_index: 4 OBSOLETE_local: false peers { permanent_uuid: "3d05cab65ae44903a2f361bf75f3a0af" member_type: VOTER last_known_addr { host: "127.13.10.193" port: 37415 } } peers { permanent_uuid: "854b4ab8a80349abb60b99542fea4d0f" member_type: VOTER last_known_addr { host: "127.13.10.195" port: 35405 } } peers { permanent_uuid: "0a8c87ce4d0b412d8bbad3cdb9a9dcb5" member_type: VOTER last_known_addr { host: "127.13.10.196" port: 40387 } attrs { promote: false } } }
I20260630 12:16:48.009675 16330 raft_consensus.cc:1275] T 20bae23902694b9ea89b3089718fd86b P 3d05cab65ae44903a2f361bf75f3a0af [term 1 FOLLOWER]: Refusing update from remote peer e178354d3dbd48009980dac2949560f5: Log matching property violated. Preceding OpId in replica: term: 1 index: 3. Preceding OpId from leader: term: 1 index: 4. (index mismatch)
I20260630 12:16:48.011006 16533 consensus_queue.cc:1048] T 20bae23902694b9ea89b3089718fd86b P e178354d3dbd48009980dac2949560f5 [LEADER]: Connected to new peer: Peer: permanent_uuid: "3d05cab65ae44903a2f361bf75f3a0af" member_type: VOTER last_known_addr { host: "127.13.10.193" port: 37415 }, Status: LMP_MISMATCH, Last received: 0.0, Next index: 4, Last known committed idx: 2, Time since last communication: 0.000s
I20260630 12:16:48.012622 16230 catalog_manager.cc:5697] T 96ce81d15b834f5ba7bced3174dea01f P 0a8c87ce4d0b412d8bbad3cdb9a9dcb5 reported cstate change: config changed from index 3 to 4, VOTER e178354d3dbd48009980dac2949560f5 (127.13.10.194) evicted. New cstate: current_term: 1 leader_uuid: "3d05cab65ae44903a2f361bf75f3a0af" committed_config { opid_index: 4 OBSOLETE_local: false peers { permanent_uuid: "3d05cab65ae44903a2f361bf75f3a0af" member_type: VOTER last_known_addr { host: "127.13.10.193" port: 37415 } } peers { permanent_uuid: "854b4ab8a80349abb60b99542fea4d0f" member_type: VOTER last_known_addr { host: "127.13.10.195" port: 35405 } } peers { permanent_uuid: "0a8c87ce4d0b412d8bbad3cdb9a9dcb5" member_type: VOTER last_known_addr { host: "127.13.10.196" port: 40387 } attrs { promote: false } } }
I20260630 12:16:48.015056 16632 raft_consensus.cc:1275] T 20bae23902694b9ea89b3089718fd86b P 0a8c87ce4d0b412d8bbad3cdb9a9dcb5 [term 1 FOLLOWER]: Refusing update from remote peer e178354d3dbd48009980dac2949560f5: Log matching property violated. Preceding OpId in replica: term: 1 index: 3. Preceding OpId from leader: term: 1 index: 4. (index mismatch)
I20260630 12:16:48.014143 16330 raft_consensus.cc:2955] T 20bae23902694b9ea89b3089718fd86b P 3d05cab65ae44903a2f361bf75f3a0af [term 1 FOLLOWER]: Committing config change with OpId 1.3: config changed from index 2 to 3, 0a8c87ce4d0b412d8bbad3cdb9a9dcb5 (127.13.10.196) changed from NON_VOTER to VOTER. New config: { opid_index: 3 OBSOLETE_local: false peers { permanent_uuid: "e178354d3dbd48009980dac2949560f5" member_type: VOTER last_known_addr { host: "127.13.10.194" port: 34795 } } peers { permanent_uuid: "3d05cab65ae44903a2f361bf75f3a0af" member_type: VOTER last_known_addr { host: "127.13.10.193" port: 37415 } } peers { permanent_uuid: "854b4ab8a80349abb60b99542fea4d0f" member_type: VOTER last_known_addr { host: "127.13.10.195" port: 35405 } attrs { replace: true } } peers { permanent_uuid: "0a8c87ce4d0b412d8bbad3cdb9a9dcb5" member_type: VOTER last_known_addr { host: "127.13.10.196" port: 40387 } attrs { promote: false } } }
I20260630 12:16:48.017066 16216 catalog_manager.cc:5210] ChangeConfig:REMOVE_PEER RPC for tablet 96ce81d15b834f5ba7bced3174dea01f with cas_config_opid_index 3: ChangeConfig:REMOVE_PEER succeeded (attempt 1)
I20260630 12:16:48.017213 16533 consensus_queue.cc:1048] T 20bae23902694b9ea89b3089718fd86b P e178354d3dbd48009980dac2949560f5 [LEADER]: Connected to new peer: Peer: permanent_uuid: "0a8c87ce4d0b412d8bbad3cdb9a9dcb5" member_type: VOTER last_known_addr { host: "127.13.10.196" port: 40387 } attrs { promote: false }, Status: LMP_MISMATCH, Last received: 0.0, Next index: 4, Last known committed idx: 3, Time since last communication: 0.000s
