I20260630 12:15:31.057195 14221 tablet_bootstrap.cc:492] T 5b4674c6d1834d17b459a9fbd59ccd8e P 481a7a5efa3745b5b9bb426617f58f3f: No bootstrap required, opened a new log
I20260630 12:15:31.057788 14221 ts_tablet_manager.cc:1403] T 5b4674c6d1834d17b459a9fbd59ccd8e P 481a7a5efa3745b5b9bb426617f58f3f: Time spent bootstrapping tablet: real 0.028s	user 0.025s	sys 0.000s
I20260630 12:15:31.058233 14217 ts_tablet_manager.cc:1403] T d1b539eee752469c90eb1c29065fc53b P 451885a4ab5d4987a46611f760517146: Time spent bootstrapping tablet: real 0.022s	user 0.008s	sys 0.009s
I20260630 12:15:31.059976 14215 tablet_bootstrap.cc:492] T 6e005a295e9d44868e8207bd841875cd P 5cb5a0abe6c04570b3941171711cd63e: No bootstrap required, opened a new log
I20260630 12:15:31.060415 14215 ts_tablet_manager.cc:1403] T 6e005a295e9d44868e8207bd841875cd P 5cb5a0abe6c04570b3941171711cd63e: Time spent bootstrapping tablet: real 0.019s	user 0.015s	sys 0.000s
I20260630 12:15:31.060370 14221 raft_consensus.cc:359] T 5b4674c6d1834d17b459a9fbd59ccd8e P 481a7a5efa3745b5b9bb426617f58f3f [term 0 FOLLOWER]: Replica starting. Triggering 0 pending ops. Active config: opid_index: -1 OBSOLETE_local: false peers { permanent_uuid: "451885a4ab5d4987a46611f760517146" member_type: VOTER last_known_addr { host: "127.13.10.193" port: 32923 } } peers { permanent_uuid: "5cb5a0abe6c04570b3941171711cd63e" member_type: VOTER last_known_addr { host: "127.13.10.195" port: 39013 } } peers { permanent_uuid: "481a7a5efa3745b5b9bb426617f58f3f" member_type: VOTER last_known_addr { host: "127.13.10.194" port: 41155 } }
I20260630 12:15:31.060668 14217 raft_consensus.cc:359] T d1b539eee752469c90eb1c29065fc53b P 451885a4ab5d4987a46611f760517146 [term 0 FOLLOWER]: Replica starting. Triggering 0 pending ops. Active config: opid_index: -1 OBSOLETE_local: false peers { permanent_uuid: "451885a4ab5d4987a46611f760517146" member_type: VOTER last_known_addr { host: "127.13.10.193" port: 32923 } } peers { permanent_uuid: "481a7a5efa3745b5b9bb426617f58f3f" member_type: VOTER last_known_addr { host: "127.13.10.194" port: 41155 } } peers { permanent_uuid: "5cb5a0abe6c04570b3941171711cd63e" member_type: VOTER last_known_addr { host: "127.13.10.195" port: 39013 } }
I20260630 12:15:31.061298 14221 raft_consensus.cc:385] T 5b4674c6d1834d17b459a9fbd59ccd8e P 481a7a5efa3745b5b9bb426617f58f3f [term 0 FOLLOWER]: Consensus starting up: Expiring failure detector timer to make a prompt election more likely
I20260630 12:15:31.061409 14217 raft_consensus.cc:385] T d1b539eee752469c90eb1c29065fc53b P 451885a4ab5d4987a46611f760517146 [term 0 FOLLOWER]: Consensus starting up: Expiring failure detector timer to make a prompt election more likely
I20260630 12:15:31.061679 14221 raft_consensus.cc:740] T 5b4674c6d1834d17b459a9fbd59ccd8e P 481a7a5efa3745b5b9bb426617f58f3f [term 0 FOLLOWER]: Becoming Follower/Learner. State: Replica: 481a7a5efa3745b5b9bb426617f58f3f, State: Initialized, Role: FOLLOWER
I20260630 12:15:31.061765 14217 raft_consensus.cc:740] T d1b539eee752469c90eb1c29065fc53b P 451885a4ab5d4987a46611f760517146 [term 0 FOLLOWER]: Becoming Follower/Learner. State: Replica: 451885a4ab5d4987a46611f760517146, State: Initialized, Role: FOLLOWER
I20260630 12:15:31.062533 14221 consensus_queue.cc:260] T 5b4674c6d1834d17b459a9fbd59ccd8e P 481a7a5efa3745b5b9bb426617f58f3f [NON_LEADER]: Queue going to NON_LEADER mode. State: All replicated index: 0, Majority replicated index: 0, Committed index: 0, Last appended: 0.0, Last appended by leader: 0, Current term: 0, Majority size: -1, State: 0, Mode: NON_LEADER, active raft config: opid_index: -1 OBSOLETE_local: false peers { permanent_uuid: "451885a4ab5d4987a46611f760517146" member_type: VOTER last_known_addr { host: "127.13.10.193" port: 32923 } } peers { permanent_uuid: "5cb5a0abe6c04570b3941171711cd63e" member_type: VOTER last_known_addr { host: "127.13.10.195" port: 39013 } } peers { permanent_uuid: "481a7a5efa3745b5b9bb426617f58f3f" member_type: VOTER last_known_addr { host: "127.13.10.194" port: 41155 } }
I20260630 12:15:31.062692 14215 raft_consensus.cc:359] T 6e005a295e9d44868e8207bd841875cd P 5cb5a0abe6c04570b3941171711cd63e [term 0 FOLLOWER]: Replica starting. Triggering 0 pending ops. Active config: opid_index: -1 OBSOLETE_local: false peers { permanent_uuid: "451885a4ab5d4987a46611f760517146" member_type: VOTER last_known_addr { host: "127.13.10.193" port: 32923 } } peers { permanent_uuid: "481a7a5efa3745b5b9bb426617f58f3f" member_type: VOTER last_known_addr { host: "127.13.10.194" port: 41155 } } peers { permanent_uuid: "5cb5a0abe6c04570b3941171711cd63e" member_type: VOTER last_known_addr { host: "127.13.10.195" port: 39013 } }
I20260630 12:15:31.062727 14217 consensus_queue.cc:260] T d1b539eee752469c90eb1c29065fc53b P 451885a4ab5d4987a46611f760517146 [NON_LEADER]: Queue going to NON_LEADER mode. State: All replicated index: 0, Majority replicated index: 0, Committed index: 0, Last appended: 0.0, Last appended by leader: 0, Current term: 0, Majority size: -1, State: 0, Mode: NON_LEADER, active raft config: opid_index: -1 OBSOLETE_local: false peers { permanent_uuid: "451885a4ab5d4987a46611f760517146" member_type: VOTER last_known_addr { host: "127.13.10.193" port: 32923 } } peers { permanent_uuid: "481a7a5efa3745b5b9bb426617f58f3f" member_type: VOTER last_known_addr { host: "127.13.10.194" port: 41155 } } peers { permanent_uuid: "5cb5a0abe6c04570b3941171711cd63e" member_type: VOTER last_known_addr { host: "127.13.10.195" port: 39013 } }
I20260630 12:15:31.063400 14215 raft_consensus.cc:385] T 6e005a295e9d44868e8207bd841875cd P 5cb5a0abe6c04570b3941171711cd63e [term 0 FOLLOWER]: Consensus starting up: Expiring failure detector timer to make a prompt election more likely
I20260630 12:15:31.063724 14215 raft_consensus.cc:740] T 6e005a295e9d44868e8207bd841875cd P 5cb5a0abe6c04570b3941171711cd63e [term 0 FOLLOWER]: Becoming Follower/Learner. State: Replica: 5cb5a0abe6c04570b3941171711cd63e, State: Initialized, Role: FOLLOWER
I20260630 12:15:31.064865 14217 ts_tablet_manager.cc:1434] T d1b539eee752469c90eb1c29065fc53b P 451885a4ab5d4987a46611f760517146: Time spent starting tablet: real 0.006s	user 0.005s	sys 0.000s
I20260630 12:15:31.064553 14215 consensus_queue.cc:260] T 6e005a295e9d44868e8207bd841875cd P 5cb5a0abe6c04570b3941171711cd63e [NON_LEADER]: Queue going to NON_LEADER mode. State: All replicated index: 0, Majority replicated index: 0, Committed index: 0, Last appended: 0.0, Last appended by leader: 0, Current term: 0, Majority size: -1, State: 0, Mode: NON_LEADER, active raft config: opid_index: -1 OBSOLETE_local: false peers { permanent_uuid: "451885a4ab5d4987a46611f760517146" member_type: VOTER last_known_addr { host: "127.13.10.193" port: 32923 } } peers { permanent_uuid: "481a7a5efa3745b5b9bb426617f58f3f" member_type: VOTER last_known_addr { host: "127.13.10.194" port: 41155 } } peers { permanent_uuid: "5cb5a0abe6c04570b3941171711cd63e" member_type: VOTER last_known_addr { host: "127.13.10.195" port: 39013 } }
I20260630 12:15:31.065883 14217 tablet_bootstrap.cc:492] T 350af7f934ed4953b399df508daebc96 P 451885a4ab5d4987a46611f760517146: Bootstrap starting.
I20260630 12:15:31.071986 14217 tablet_bootstrap.cc:654] T 350af7f934ed4953b399df508daebc96 P 451885a4ab5d4987a46611f760517146: Neither blocks nor log segments found. Creating new log.
I20260630 12:15:31.072644 14215 ts_tablet_manager.cc:1434] T 6e005a295e9d44868e8207bd841875cd P 5cb5a0abe6c04570b3941171711cd63e: Time spent starting tablet: real 0.012s	user 0.004s	sys 0.000s
I20260630 12:15:31.075690 14215 tablet_bootstrap.cc:492] T 350af7f934ed4953b399df508daebc96 P 5cb5a0abe6c04570b3941171711cd63e: Bootstrap starting.
I20260630 12:15:31.076114 14221 ts_tablet_manager.cc:1434] T 5b4674c6d1834d17b459a9fbd59ccd8e P 481a7a5efa3745b5b9bb426617f58f3f: Time spent starting tablet: real 0.018s	user 0.010s	sys 0.008s
I20260630 12:15:31.077021 14221 tablet_bootstrap.cc:492] T c4d20939b38a490a831d5598c5940d3e P 481a7a5efa3745b5b9bb426617f58f3f: Bootstrap starting.
I20260630 12:15:31.080542 14215 tablet_bootstrap.cc:654] T 350af7f934ed4953b399df508daebc96 P 5cb5a0abe6c04570b3941171711cd63e: Neither blocks nor log segments found. Creating new log.
I20260630 12:15:31.082207 14221 tablet_bootstrap.cc:654] T c4d20939b38a490a831d5598c5940d3e P 481a7a5efa3745b5b9bb426617f58f3f: Neither blocks nor log segments found. Creating new log.
I20260630 12:15:31.084755 14218 raft_consensus.cc:493] T ebcce58740634a199b9a3bc14190a5b8 P 5cb5a0abe6c04570b3941171711cd63e [term 0 FOLLOWER]: Starting pre-election (no leader contacted us within the election timeout)
I20260630 12:15:31.085256 14218 raft_consensus.cc:515] T ebcce58740634a199b9a3bc14190a5b8 P 5cb5a0abe6c04570b3941171711cd63e [term 0 FOLLOWER]: Starting pre-election with config: opid_index: -1 OBSOLETE_local: false peers { permanent_uuid: "451885a4ab5d4987a46611f760517146" member_type: VOTER last_known_addr { host: "127.13.10.193" port: 32923 } } peers { permanent_uuid: "481a7a5efa3745b5b9bb426617f58f3f" member_type: VOTER last_known_addr { host: "127.13.10.194" port: 41155 } } peers { permanent_uuid: "5cb5a0abe6c04570b3941171711cd63e" member_type: VOTER last_known_addr { host: "127.13.10.195" port: 39013 } }
I20260630 12:15:31.089270 14221 tablet_bootstrap.cc:492] T c4d20939b38a490a831d5598c5940d3e P 481a7a5efa3745b5b9bb426617f58f3f: No bootstrap required, opened a new log
I20260630 12:15:31.089736 14221 ts_tablet_manager.cc:1403] T c4d20939b38a490a831d5598c5940d3e P 481a7a5efa3745b5b9bb426617f58f3f: Time spent bootstrapping tablet: real 0.013s	user 0.003s	sys 0.008s
I20260630 12:15:31.091112 14218 leader_election.cc:290] T ebcce58740634a199b9a3bc14190a5b8 P 5cb5a0abe6c04570b3941171711cd63e [CANDIDATE]: Term 1 pre-election: Requested pre-vote from peers 451885a4ab5d4987a46611f760517146 (127.13.10.193:32923), 481a7a5efa3745b5b9bb426617f58f3f (127.13.10.194:41155)
I20260630 12:15:31.092439 14226 raft_consensus.cc:493] T 5b4674c6d1834d17b459a9fbd59ccd8e P 481a7a5efa3745b5b9bb426617f58f3f [term 0 FOLLOWER]: Starting pre-election (no leader contacted us within the election timeout)
I20260630 12:15:31.092223 14221 raft_consensus.cc:359] T c4d20939b38a490a831d5598c5940d3e P 481a7a5efa3745b5b9bb426617f58f3f [term 0 FOLLOWER]: Replica starting. Triggering 0 pending ops. Active config: opid_index: -1 OBSOLETE_local: false peers { permanent_uuid: "451885a4ab5d4987a46611f760517146" member_type: VOTER last_known_addr { host: "127.13.10.193" port: 32923 } } peers { permanent_uuid: "481a7a5efa3745b5b9bb426617f58f3f" member_type: VOTER last_known_addr { host: "127.13.10.194" port: 41155 } } peers { permanent_uuid: "5cb5a0abe6c04570b3941171711cd63e" member_type: VOTER last_known_addr { host: "127.13.10.195" port: 39013 } }
I20260630 12:15:31.092901 14221 raft_consensus.cc:385] T c4d20939b38a490a831d5598c5940d3e P 481a7a5efa3745b5b9bb426617f58f3f [term 0 FOLLOWER]: Consensus starting up: Expiring failure detector timer to make a prompt election more likely
I20260630 12:15:31.093253 14221 raft_consensus.cc:740] T c4d20939b38a490a831d5598c5940d3e P 481a7a5efa3745b5b9bb426617f58f3f [term 0 FOLLOWER]: Becoming Follower/Learner. State: Replica: 481a7a5efa3745b5b9bb426617f58f3f, State: Initialized, Role: FOLLOWER
I20260630 12:15:31.092844 14226 raft_consensus.cc:515] T 5b4674c6d1834d17b459a9fbd59ccd8e P 481a7a5efa3745b5b9bb426617f58f3f [term 0 FOLLOWER]: Starting pre-election with config: opid_index: -1 OBSOLETE_local: false peers { permanent_uuid: "451885a4ab5d4987a46611f760517146" member_type: VOTER last_known_addr { host: "127.13.10.193" port: 32923 } } peers { permanent_uuid: "5cb5a0abe6c04570b3941171711cd63e" member_type: VOTER last_known_addr { host: "127.13.10.195" port: 39013 } } peers { permanent_uuid: "481a7a5efa3745b5b9bb426617f58f3f" member_type: VOTER last_known_addr { host: "127.13.10.194" port: 41155 } }
I20260630 12:15:31.095460 14226 leader_election.cc:290] T 5b4674c6d1834d17b459a9fbd59ccd8e P 481a7a5efa3745b5b9bb426617f58f3f [CANDIDATE]: Term 1 pre-election: Requested pre-vote from peers 451885a4ab5d4987a46611f760517146 (127.13.10.193:32923), 5cb5a0abe6c04570b3941171711cd63e (127.13.10.195:39013)
I20260630 12:15:31.097113 14221 consensus_queue.cc:260] T c4d20939b38a490a831d5598c5940d3e P 481a7a5efa3745b5b9bb426617f58f3f [NON_LEADER]: Queue going to NON_LEADER mode. State: All replicated index: 0, Majority replicated index: 0, Committed index: 0, Last appended: 0.0, Last appended by leader: 0, Current term: 0, Majority size: -1, State: 0, Mode: NON_LEADER, active raft config: opid_index: -1 OBSOLETE_local: false peers { permanent_uuid: "451885a4ab5d4987a46611f760517146" member_type: VOTER last_known_addr { host: "127.13.10.193" port: 32923 } } peers { permanent_uuid: "481a7a5efa3745b5b9bb426617f58f3f" member_type: VOTER last_known_addr { host: "127.13.10.194" port: 41155 } } peers { permanent_uuid: "5cb5a0abe6c04570b3941171711cd63e" member_type: VOTER last_known_addr { host: "127.13.10.195" port: 39013 } }
I20260630 12:15:31.099488 14221 ts_tablet_manager.cc:1434] T c4d20939b38a490a831d5598c5940d3e P 481a7a5efa3745b5b9bb426617f58f3f: Time spent starting tablet: real 0.009s	user 0.006s	sys 0.001s
I20260630 12:15:31.100458 14221 tablet_bootstrap.cc:492] T d1b539eee752469c90eb1c29065fc53b P 481a7a5efa3745b5b9bb426617f58f3f: Bootstrap starting.
I20260630 12:15:31.096444 14215 tablet_bootstrap.cc:492] T 350af7f934ed4953b399df508daebc96 P 5cb5a0abe6c04570b3941171711cd63e: No bootstrap required, opened a new log
I20260630 12:15:31.096640 14217 tablet_bootstrap.cc:492] T 350af7f934ed4953b399df508daebc96 P 451885a4ab5d4987a46611f760517146: No bootstrap required, opened a new log
I20260630 12:15:31.104382 14217 ts_tablet_manager.cc:1403] T 350af7f934ed4953b399df508daebc96 P 451885a4ab5d4987a46611f760517146: Time spent bootstrapping tablet: real 0.039s	user 0.011s	sys 0.005s
I20260630 12:15:31.106923 14217 raft_consensus.cc:359] T 350af7f934ed4953b399df508daebc96 P 451885a4ab5d4987a46611f760517146 [term 0 FOLLOWER]: Replica starting. Triggering 0 pending ops. Active config: opid_index: -1 OBSOLETE_local: false peers { permanent_uuid: "451885a4ab5d4987a46611f760517146" member_type: VOTER last_known_addr { host: "127.13.10.193" port: 32923 } } peers { permanent_uuid: "481a7a5efa3745b5b9bb426617f58f3f" member_type: VOTER last_known_addr { host: "127.13.10.194" port: 41155 } } peers { permanent_uuid: "5cb5a0abe6c04570b3941171711cd63e" member_type: VOTER last_known_addr { host: "127.13.10.195" port: 39013 } }
I20260630 12:15:31.107580 14217 raft_consensus.cc:385] T 350af7f934ed4953b399df508daebc96 P 451885a4ab5d4987a46611f760517146 [term 0 FOLLOWER]: Consensus starting up: Expiring failure detector timer to make a prompt election more likely
I20260630 12:15:31.107928 14217 raft_consensus.cc:740] T 350af7f934ed4953b399df508daebc96 P 451885a4ab5d4987a46611f760517146 [term 0 FOLLOWER]: Becoming Follower/Learner. State: Replica: 451885a4ab5d4987a46611f760517146, State: Initialized, Role: FOLLOWER
I20260630 12:15:31.107656 14221 tablet_bootstrap.cc:654] T d1b539eee752469c90eb1c29065fc53b P 481a7a5efa3745b5b9bb426617f58f3f: Neither blocks nor log segments found. Creating new log.
I20260630 12:15:31.108640 14217 consensus_queue.cc:260] T 350af7f934ed4953b399df508daebc96 P 451885a4ab5d4987a46611f760517146 [NON_LEADER]: Queue going to NON_LEADER mode. State: All replicated index: 0, Majority replicated index: 0, Committed index: 0, Last appended: 0.0, Last appended by leader: 0, Current term: 0, Majority size: -1, State: 0, Mode: NON_LEADER, active raft config: opid_index: -1 OBSOLETE_local: false peers { permanent_uuid: "451885a4ab5d4987a46611f760517146" member_type: VOTER last_known_addr { host: "127.13.10.193" port: 32923 } } peers { permanent_uuid: "481a7a5efa3745b5b9bb426617f58f3f" member_type: VOTER last_known_addr { host: "127.13.10.194" port: 41155 } } peers { permanent_uuid: "5cb5a0abe6c04570b3941171711cd63e" member_type: VOTER last_known_addr { host: "127.13.10.195" port: 39013 } }
I20260630 12:15:31.110841 14217 ts_tablet_manager.cc:1434] T 350af7f934ed4953b399df508daebc96 P 451885a4ab5d4987a46611f760517146: Time spent starting tablet: real 0.006s	user 0.006s	sys 0.000s
I20260630 12:15:31.111881 14217 tablet_bootstrap.cc:492] T ebcce58740634a199b9a3bc14190a5b8 P 451885a4ab5d4987a46611f760517146: Bootstrap starting.
I20260630 12:15:31.117372 14217 tablet_bootstrap.cc:654] T ebcce58740634a199b9a3bc14190a5b8 P 451885a4ab5d4987a46611f760517146: Neither blocks nor log segments found. Creating new log.
I20260630 12:15:31.117955 14215 ts_tablet_manager.cc:1403] T 350af7f934ed4953b399df508daebc96 P 5cb5a0abe6c04570b3941171711cd63e: Time spent bootstrapping tablet: real 0.042s	user 0.011s	sys 0.005s
I20260630 12:15:31.125293 14022 tablet_service.cc:1917] Received RequestConsensusVote() RPC: tablet_id: "ebcce58740634a199b9a3bc14190a5b8" candidate_uuid: "5cb5a0abe6c04570b3941171711cd63e" candidate_term: 1 candidate_status { last_received { term: 0 index: 0 } } ignore_live_leader: false dest_uuid: "451885a4ab5d4987a46611f760517146" is_pre_election: true
W20260630 12:15:31.127233 14135 leader_election.cc:343] T ebcce58740634a199b9a3bc14190a5b8 P 5cb5a0abe6c04570b3941171711cd63e [CANDIDATE]: Term 1 pre-election: Tablet error from VoteRequest() call to peer 451885a4ab5d4987a46611f760517146 (127.13.10.193:32923): Illegal state: must be running to vote when last-logged opid is not known
I20260630 12:15:31.122023 14097 tablet_service.cc:1917] Received RequestConsensusVote() RPC: tablet_id: "ebcce58740634a199b9a3bc14190a5b8" candidate_uuid: "5cb5a0abe6c04570b3941171711cd63e" candidate_term: 1 candidate_status { last_received { term: 0 index: 0 } } ignore_live_leader: false dest_uuid: "481a7a5efa3745b5b9bb426617f58f3f" is_pre_election: true
I20260630 12:15:31.127956 14215 raft_consensus.cc:359] T 350af7f934ed4953b399df508daebc96 P 5cb5a0abe6c04570b3941171711cd63e [term 0 FOLLOWER]: Replica starting. Triggering 0 pending ops. Active config: opid_index: -1 OBSOLETE_local: false peers { permanent_uuid: "451885a4ab5d4987a46611f760517146" member_type: VOTER last_known_addr { host: "127.13.10.193" port: 32923 } } peers { permanent_uuid: "481a7a5efa3745b5b9bb426617f58f3f" member_type: VOTER last_known_addr { host: "127.13.10.194" port: 41155 } } peers { permanent_uuid: "5cb5a0abe6c04570b3941171711cd63e" member_type: VOTER last_known_addr { host: "127.13.10.195" port: 39013 } }
W20260630 12:15:31.128904 14135 leader_election.cc:343] T ebcce58740634a199b9a3bc14190a5b8 P 5cb5a0abe6c04570b3941171711cd63e [CANDIDATE]: Term 1 pre-election: Tablet error from VoteRequest() call to peer 481a7a5efa3745b5b9bb426617f58f3f (127.13.10.194:41155): Illegal state: must be running to vote when last-logged opid is not known
I20260630 12:15:31.129825 14215 raft_consensus.cc:385] T 350af7f934ed4953b399df508daebc96 P 5cb5a0abe6c04570b3941171711cd63e [term 0 FOLLOWER]: Consensus starting up: Expiring failure detector timer to make a prompt election more likely
I20260630 12:15:31.130198 14215 raft_consensus.cc:740] T 350af7f934ed4953b399df508daebc96 P 5cb5a0abe6c04570b3941171711cd63e [term 0 FOLLOWER]: Becoming Follower/Learner. State: Replica: 5cb5a0abe6c04570b3941171711cd63e, State: Initialized, Role: FOLLOWER
I20260630 12:15:31.129968 14135 leader_election.cc:304] T ebcce58740634a199b9a3bc14190a5b8 P 5cb5a0abe6c04570b3941171711cd63e [CANDIDATE]: Term 1 pre-election: Election decided. Result: candidate lost. Election summary: received 3 responses out of 3 voters: 1 yes votes; 2 no votes. yes voters: 5cb5a0abe6c04570b3941171711cd63e; no voters: 451885a4ab5d4987a46611f760517146, 481a7a5efa3745b5b9bb426617f58f3f
I20260630 12:15:31.123718 14221 tablet_bootstrap.cc:492] T d1b539eee752469c90eb1c29065fc53b P 481a7a5efa3745b5b9bb426617f58f3f: No bootstrap required, opened a new log
I20260630 12:15:31.132442 14221 ts_tablet_manager.cc:1403] T d1b539eee752469c90eb1c29065fc53b P 481a7a5efa3745b5b9bb426617f58f3f: Time spent bootstrapping tablet: real 0.032s	user 0.006s	sys 0.014s
I20260630 12:15:31.132377 14215 consensus_queue.cc:260] T 350af7f934ed4953b399df508daebc96 P 5cb5a0abe6c04570b3941171711cd63e [NON_LEADER]: Queue going to NON_LEADER mode. State: All replicated index: 0, Majority replicated index: 0, Committed index: 0, Last appended: 0.0, Last appended by leader: 0, Current term: 0, Majority size: -1, State: 0, Mode: NON_LEADER, active raft config: opid_index: -1 OBSOLETE_local: false peers { permanent_uuid: "451885a4ab5d4987a46611f760517146" member_type: VOTER last_known_addr { host: "127.13.10.193" port: 32923 } } peers { permanent_uuid: "481a7a5efa3745b5b9bb426617f58f3f" member_type: VOTER last_known_addr { host: "127.13.10.194" port: 41155 } } peers { permanent_uuid: "5cb5a0abe6c04570b3941171711cd63e" member_type: VOTER last_known_addr { host: "127.13.10.195" port: 39013 } }
I20260630 12:15:31.135377 14221 raft_consensus.cc:359] T d1b539eee752469c90eb1c29065fc53b P 481a7a5efa3745b5b9bb426617f58f3f [term 0 FOLLOWER]: Replica starting. Triggering 0 pending ops. Active config: opid_index: -1 OBSOLETE_local: false peers { permanent_uuid: "451885a4ab5d4987a46611f760517146" member_type: VOTER last_known_addr { host: "127.13.10.193" port: 32923 } } peers { permanent_uuid: "481a7a5efa3745b5b9bb426617f58f3f" member_type: VOTER last_known_addr { host: "127.13.10.194" port: 41155 } } peers { permanent_uuid: "5cb5a0abe6c04570b3941171711cd63e" member_type: VOTER last_known_addr { host: "127.13.10.195" port: 39013 } }
I20260630 12:15:31.136121 14221 raft_consensus.cc:385] T d1b539eee752469c90eb1c29065fc53b P 481a7a5efa3745b5b9bb426617f58f3f [term 0 FOLLOWER]: Consensus starting up: Expiring failure detector timer to make a prompt election more likely
I20260630 12:15:31.136396 14221 raft_consensus.cc:740] T d1b539eee752469c90eb1c29065fc53b P 481a7a5efa3745b5b9bb426617f58f3f [term 0 FOLLOWER]: Becoming Follower/Learner. State: Replica: 481a7a5efa3745b5b9bb426617f58f3f, State: Initialized, Role: FOLLOWER
I20260630 12:15:31.137194 14218 raft_consensus.cc:2749] T ebcce58740634a199b9a3bc14190a5b8 P 5cb5a0abe6c04570b3941171711cd63e [term 0 FOLLOWER]: Leader pre-election lost for term 1. Reason: could not achieve majority
I20260630 12:15:31.140090 14221 consensus_queue.cc:260] T d1b539eee752469c90eb1c29065fc53b P 481a7a5efa3745b5b9bb426617f58f3f [NON_LEADER]: Queue going to NON_LEADER mode. State: All replicated index: 0, Majority replicated index: 0, Committed index: 0, Last appended: 0.0, Last appended by leader: 0, Current term: 0, Majority size: -1, State: 0, Mode: NON_LEADER, active raft config: opid_index: -1 OBSOLETE_local: false peers { permanent_uuid: "451885a4ab5d4987a46611f760517146" member_type: VOTER last_known_addr { host: "127.13.10.193" port: 32923 } } peers { permanent_uuid: "481a7a5efa3745b5b9bb426617f58f3f" member_type: VOTER last_known_addr { host: "127.13.10.194" port: 41155 } } peers { permanent_uuid: "5cb5a0abe6c04570b3941171711cd63e" member_type: VOTER last_known_addr { host: "127.13.10.195" port: 39013 } }
I20260630 12:15:31.142216 14215 ts_tablet_manager.cc:1434] T 350af7f934ed4953b399df508daebc96 P 5cb5a0abe6c04570b3941171711cd63e: Time spent starting tablet: real 0.017s	user 0.009s	sys 0.000s
I20260630 12:15:31.142555 14221 ts_tablet_manager.cc:1434] T d1b539eee752469c90eb1c29065fc53b P 481a7a5efa3745b5b9bb426617f58f3f: Time spent starting tablet: real 0.010s	user 0.006s	sys 0.000s
I20260630 12:15:31.143560 14215 tablet_bootstrap.cc:492] T 47c38aafee854ea88abc198552545a3b P 5cb5a0abe6c04570b3941171711cd63e: Bootstrap starting.
I20260630 12:15:31.143810 14221 tablet_bootstrap.cc:492] T 350af7f934ed4953b399df508daebc96 P 481a7a5efa3745b5b9bb426617f58f3f: Bootstrap starting.
I20260630 12:15:31.146468 14022 tablet_service.cc:1917] Received RequestConsensusVote() RPC: tablet_id: "5b4674c6d1834d17b459a9fbd59ccd8e" candidate_uuid: "481a7a5efa3745b5b9bb426617f58f3f" candidate_term: 1 candidate_status { last_received { term: 0 index: 0 } } ignore_live_leader: false dest_uuid: "451885a4ab5d4987a46611f760517146" is_pre_election: true
I20260630 12:15:31.147246 14217 tablet_bootstrap.cc:492] T ebcce58740634a199b9a3bc14190a5b8 P 451885a4ab5d4987a46611f760517146: No bootstrap required, opened a new log
I20260630 12:15:31.147683 14217 ts_tablet_manager.cc:1403] T ebcce58740634a199b9a3bc14190a5b8 P 451885a4ab5d4987a46611f760517146: Time spent bootstrapping tablet: real 0.036s	user 0.024s	sys 0.000s
W20260630 12:15:31.150548 14061 leader_election.cc:343] T 5b4674c6d1834d17b459a9fbd59ccd8e P 481a7a5efa3745b5b9bb426617f58f3f [CANDIDATE]: Term 1 pre-election: Tablet error from VoteRequest() call to peer 451885a4ab5d4987a46611f760517146 (127.13.10.193:32923): Illegal state: must be running to vote when last-logged opid is not known
I20260630 12:15:31.150327 14217 raft_consensus.cc:359] T ebcce58740634a199b9a3bc14190a5b8 P 451885a4ab5d4987a46611f760517146 [term 0 FOLLOWER]: Replica starting. Triggering 0 pending ops. Active config: opid_index: -1 OBSOLETE_local: false peers { permanent_uuid: "451885a4ab5d4987a46611f760517146" member_type: VOTER last_known_addr { host: "127.13.10.193" port: 32923 } } peers { permanent_uuid: "481a7a5efa3745b5b9bb426617f58f3f" member_type: VOTER last_known_addr { host: "127.13.10.194" port: 41155 } } peers { permanent_uuid: "5cb5a0abe6c04570b3941171711cd63e" member_type: VOTER last_known_addr { host: "127.13.10.195" port: 39013 } }
I20260630 12:15:31.150815 14221 tablet_bootstrap.cc:654] T 350af7f934ed4953b399df508daebc96 P 481a7a5efa3745b5b9bb426617f58f3f: Neither blocks nor log segments found. Creating new log.
I20260630 12:15:31.151087 14217 raft_consensus.cc:385] T ebcce58740634a199b9a3bc14190a5b8 P 451885a4ab5d4987a46611f760517146 [term 0 FOLLOWER]: Consensus starting up: Expiring failure detector timer to make a prompt election more likely
I20260630 12:15:31.151489 14217 raft_consensus.cc:740] T ebcce58740634a199b9a3bc14190a5b8 P 451885a4ab5d4987a46611f760517146 [term 0 FOLLOWER]: Becoming Follower/Learner. State: Replica: 451885a4ab5d4987a46611f760517146, State: Initialized, Role: FOLLOWER
I20260630 12:15:31.152303 14217 consensus_queue.cc:260] T ebcce58740634a199b9a3bc14190a5b8 P 451885a4ab5d4987a46611f760517146 [NON_LEADER]: Queue going to NON_LEADER mode. State: All replicated index: 0, Majority replicated index: 0, Committed index: 0, Last appended: 0.0, Last appended by leader: 0, Current term: 0, Majority size: -1, State: 0, Mode: NON_LEADER, active raft config: opid_index: -1 OBSOLETE_local: false peers { permanent_uuid: "451885a4ab5d4987a46611f760517146" member_type: VOTER last_known_addr { host: "127.13.10.193" port: 32923 } } peers { permanent_uuid: "481a7a5efa3745b5b9bb426617f58f3f" member_type: VOTER last_known_addr { host: "127.13.10.194" port: 41155 } } peers { permanent_uuid: "5cb5a0abe6c04570b3941171711cd63e" member_type: VOTER last_known_addr { host: "127.13.10.195" port: 39013 } }
I20260630 12:15:31.150815 14215 tablet_bootstrap.cc:654] T 47c38aafee854ea88abc198552545a3b P 5cb5a0abe6c04570b3941171711cd63e: Neither blocks nor log segments found. Creating new log.
I20260630 12:15:31.155068 14226 raft_consensus.cc:493] T d1b539eee752469c90eb1c29065fc53b P 481a7a5efa3745b5b9bb426617f58f3f [term 0 FOLLOWER]: Starting pre-election (no leader contacted us within the election timeout)
I20260630 12:15:31.155493 14226 raft_consensus.cc:515] T d1b539eee752469c90eb1c29065fc53b P 481a7a5efa3745b5b9bb426617f58f3f [term 0 FOLLOWER]: Starting pre-election with config: opid_index: -1 OBSOLETE_local: false peers { permanent_uuid: "451885a4ab5d4987a46611f760517146" member_type: VOTER last_known_addr { host: "127.13.10.193" port: 32923 } } peers { permanent_uuid: "481a7a5efa3745b5b9bb426617f58f3f" member_type: VOTER last_known_addr { host: "127.13.10.194" port: 41155 } } peers { permanent_uuid: "5cb5a0abe6c04570b3941171711cd63e" member_type: VOTER last_known_addr { host: "127.13.10.195" port: 39013 } }
I20260630 12:15:31.156565 14217 ts_tablet_manager.cc:1434] T ebcce58740634a199b9a3bc14190a5b8 P 451885a4ab5d4987a46611f760517146: Time spent starting tablet: real 0.009s	user 0.002s	sys 0.003s
I20260630 12:15:31.157348 14226 leader_election.cc:290] T d1b539eee752469c90eb1c29065fc53b P 481a7a5efa3745b5b9bb426617f58f3f [CANDIDATE]: Term 1 pre-election: Requested pre-vote from peers 451885a4ab5d4987a46611f760517146 (127.13.10.193:32923), 5cb5a0abe6c04570b3941171711cd63e (127.13.10.195:39013)
I20260630 12:15:31.158787 14022 tablet_service.cc:1917] Received RequestConsensusVote() RPC: tablet_id: "d1b539eee752469c90eb1c29065fc53b" candidate_uuid: "481a7a5efa3745b5b9bb426617f58f3f" candidate_term: 1 candidate_status { last_received { term: 0 index: 0 } } ignore_live_leader: false dest_uuid: "451885a4ab5d4987a46611f760517146" is_pre_election: true
I20260630 12:15:31.159366 14022 raft_consensus.cc:2468] T d1b539eee752469c90eb1c29065fc53b P 451885a4ab5d4987a46611f760517146 [term 0 FOLLOWER]: Leader pre-election vote request: Granting yes vote for candidate 481a7a5efa3745b5b9bb426617f58f3f in term 0.
I20260630 12:15:31.160876 14061 leader_election.cc:304] T d1b539eee752469c90eb1c29065fc53b P 481a7a5efa3745b5b9bb426617f58f3f [CANDIDATE]: Term 1 pre-election: Election decided. Result: candidate won. Election summary: received 2 responses out of 3 voters: 2 yes votes; 0 no votes. yes voters: 451885a4ab5d4987a46611f760517146, 481a7a5efa3745b5b9bb426617f58f3f; no voters: 
I20260630 12:15:31.162432 14226 raft_consensus.cc:2804] T d1b539eee752469c90eb1c29065fc53b P 481a7a5efa3745b5b9bb426617f58f3f [term 0 FOLLOWER]: Leader pre-election won for term 1
I20260630 12:15:31.162859 14226 raft_consensus.cc:493] T d1b539eee752469c90eb1c29065fc53b P 481a7a5efa3745b5b9bb426617f58f3f [term 0 FOLLOWER]: Starting leader election (no leader contacted us within the election timeout)
I20260630 12:15:31.163213 14226 raft_consensus.cc:3060] T d1b539eee752469c90eb1c29065fc53b P 481a7a5efa3745b5b9bb426617f58f3f [term 0 FOLLOWER]: Advancing to term 1
I20260630 12:15:31.157491 14217 tablet_bootstrap.cc:492] T c4d20939b38a490a831d5598c5940d3e P 451885a4ab5d4987a46611f760517146: Bootstrap starting.
I20260630 12:15:31.171370 14217 tablet_bootstrap.cc:654] T c4d20939b38a490a831d5598c5940d3e P 451885a4ab5d4987a46611f760517146: Neither blocks nor log segments found. Creating new log.
I20260630 12:15:31.172871 14215 tablet_bootstrap.cc:492] T 47c38aafee854ea88abc198552545a3b P 5cb5a0abe6c04570b3941171711cd63e: No bootstrap required, opened a new log
I20260630 12:15:31.173241 14221 tablet_bootstrap.cc:492] T 350af7f934ed4953b399df508daebc96 P 481a7a5efa3745b5b9bb426617f58f3f: No bootstrap required, opened a new log
I20260630 12:15:31.173560 14215 ts_tablet_manager.cc:1403] T 47c38aafee854ea88abc198552545a3b P 5cb5a0abe6c04570b3941171711cd63e: Time spent bootstrapping tablet: real 0.030s	user 0.022s	sys 0.003s
I20260630 12:15:31.173731 14221 ts_tablet_manager.cc:1403] T 350af7f934ed4953b399df508daebc96 P 481a7a5efa3745b5b9bb426617f58f3f: Time spent bootstrapping tablet: real 0.030s	user 0.008s	sys 0.010s
I20260630 12:15:31.174428 14171 tablet_service.cc:1917] Received RequestConsensusVote() RPC: tablet_id: "5b4674c6d1834d17b459a9fbd59ccd8e" candidate_uuid: "481a7a5efa3745b5b9bb426617f58f3f" candidate_term: 1 candidate_status { last_received { term: 0 index: 0 } } ignore_live_leader: false dest_uuid: "5cb5a0abe6c04570b3941171711cd63e" is_pre_election: true
I20260630 12:15:31.176367 14215 raft_consensus.cc:359] T 47c38aafee854ea88abc198552545a3b P 5cb5a0abe6c04570b3941171711cd63e [term 0 FOLLOWER]: Replica starting. Triggering 0 pending ops. Active config: opid_index: -1 OBSOLETE_local: false peers { permanent_uuid: "451885a4ab5d4987a46611f760517146" member_type: VOTER last_known_addr { host: "127.13.10.193" port: 32923 } } peers { permanent_uuid: "481a7a5efa3745b5b9bb426617f58f3f" member_type: VOTER last_known_addr { host: "127.13.10.194" port: 41155 } } peers { permanent_uuid: "5cb5a0abe6c04570b3941171711cd63e" member_type: VOTER last_known_addr { host: "127.13.10.195" port: 39013 } }
I20260630 12:15:31.176630 14171 tablet_service.cc:1917] Received RequestConsensusVote() RPC: tablet_id: "d1b539eee752469c90eb1c29065fc53b" candidate_uuid: "481a7a5efa3745b5b9bb426617f58f3f" candidate_term: 1 candidate_status { last_received { term: 0 index: 0 } } ignore_live_leader: false dest_uuid: "5cb5a0abe6c04570b3941171711cd63e" is_pre_election: true
I20260630 12:15:31.176535 14221 raft_consensus.cc:359] T 350af7f934ed4953b399df508daebc96 P 481a7a5efa3745b5b9bb426617f58f3f [term 0 FOLLOWER]: Replica starting. Triggering 0 pending ops. Active config: opid_index: -1 OBSOLETE_local: false peers { permanent_uuid: "451885a4ab5d4987a46611f760517146" member_type: VOTER last_known_addr { host: "127.13.10.193" port: 32923 } } peers { permanent_uuid: "481a7a5efa3745b5b9bb426617f58f3f" member_type: VOTER last_known_addr { host: "127.13.10.194" port: 41155 } } peers { permanent_uuid: "5cb5a0abe6c04570b3941171711cd63e" member_type: VOTER last_known_addr { host: "127.13.10.195" port: 39013 } }
I20260630 12:15:31.177134 14215 raft_consensus.cc:385] T 47c38aafee854ea88abc198552545a3b P 5cb5a0abe6c04570b3941171711cd63e [term 0 FOLLOWER]: Consensus starting up: Expiring failure detector timer to make a prompt election more likely
I20260630 12:15:31.177317 14221 raft_consensus.cc:385] T 350af7f934ed4953b399df508daebc96 P 481a7a5efa3745b5b9bb426617f58f3f [term 0 FOLLOWER]: Consensus starting up: Expiring failure detector timer to make a prompt election more likely
I20260630 12:15:31.177465 14215 raft_consensus.cc:740] T 47c38aafee854ea88abc198552545a3b P 5cb5a0abe6c04570b3941171711cd63e [term 0 FOLLOWER]: Becoming Follower/Learner. State: Replica: 5cb5a0abe6c04570b3941171711cd63e, State: Initialized, Role: FOLLOWER
I20260630 12:15:31.177647 14221 raft_consensus.cc:740] T 350af7f934ed4953b399df508daebc96 P 481a7a5efa3745b5b9bb426617f58f3f [term 0 FOLLOWER]: Becoming Follower/Learner. State: Replica: 481a7a5efa3745b5b9bb426617f58f3f, State: Initialized, Role: FOLLOWER
I20260630 12:15:31.178393 14215 consensus_queue.cc:260] T 47c38aafee854ea88abc198552545a3b P 5cb5a0abe6c04570b3941171711cd63e [NON_LEADER]: Queue going to NON_LEADER mode. State: All replicated index: 0, Majority replicated index: 0, Committed index: 0, Last appended: 0.0, Last appended by leader: 0, Current term: 0, Majority size: -1, State: 0, Mode: NON_LEADER, active raft config: opid_index: -1 OBSOLETE_local: false peers { permanent_uuid: "451885a4ab5d4987a46611f760517146" member_type: VOTER last_known_addr { host: "127.13.10.193" port: 32923 } } peers { permanent_uuid: "481a7a5efa3745b5b9bb426617f58f3f" member_type: VOTER last_known_addr { host: "127.13.10.194" port: 41155 } } peers { permanent_uuid: "5cb5a0abe6c04570b3941171711cd63e" member_type: VOTER last_known_addr { host: "127.13.10.195" port: 39013 } }
I20260630 12:15:31.178488 14221 consensus_queue.cc:260] T 350af7f934ed4953b399df508daebc96 P 481a7a5efa3745b5b9bb426617f58f3f [NON_LEADER]: Queue going to NON_LEADER mode. State: All replicated index: 0, Majority replicated index: 0, Committed index: 0, Last appended: 0.0, Last appended by leader: 0, Current term: 0, Majority size: -1, State: 0, Mode: NON_LEADER, active raft config: opid_index: -1 OBSOLETE_local: false peers { permanent_uuid: "451885a4ab5d4987a46611f760517146" member_type: VOTER last_known_addr { host: "127.13.10.193" port: 32923 } } peers { permanent_uuid: "481a7a5efa3745b5b9bb426617f58f3f" member_type: VOTER last_known_addr { host: "127.13.10.194" port: 41155 } } peers { permanent_uuid: "5cb5a0abe6c04570b3941171711cd63e" member_type: VOTER last_known_addr { host: "127.13.10.195" port: 39013 } }
I20260630 12:15:31.172909 14226 raft_consensus.cc:515] T d1b539eee752469c90eb1c29065fc53b P 481a7a5efa3745b5b9bb426617f58f3f [term 1 FOLLOWER]: Starting leader election with config: opid_index: -1 OBSOLETE_local: false peers { permanent_uuid: "451885a4ab5d4987a46611f760517146" member_type: VOTER last_known_addr { host: "127.13.10.193" port: 32923 } } peers { permanent_uuid: "481a7a5efa3745b5b9bb426617f58f3f" member_type: VOTER last_known_addr { host: "127.13.10.194" port: 41155 } } peers { permanent_uuid: "5cb5a0abe6c04570b3941171711cd63e" member_type: VOTER last_known_addr { host: "127.13.10.195" port: 39013 } }
I20260630 12:15:31.181079 14215 ts_tablet_manager.cc:1434] T 47c38aafee854ea88abc198552545a3b P 5cb5a0abe6c04570b3941171711cd63e: Time spent starting tablet: real 0.007s	user 0.006s	sys 0.001s
I20260630 12:15:31.182137 14215 tablet_bootstrap.cc:492] T d1b539eee752469c90eb1c29065fc53b P 5cb5a0abe6c04570b3941171711cd63e: Bootstrap starting.
I20260630 12:15:31.182571 14217 tablet_bootstrap.cc:492] T c4d20939b38a490a831d5598c5940d3e P 451885a4ab5d4987a46611f760517146: No bootstrap required, opened a new log
I20260630 12:15:31.183090 14217 ts_tablet_manager.cc:1403] T c4d20939b38a490a831d5598c5940d3e P 451885a4ab5d4987a46611f760517146: Time spent bootstrapping tablet: real 0.026s	user 0.017s	sys 0.000s
I20260630 12:15:31.185668 14217 raft_consensus.cc:359] T c4d20939b38a490a831d5598c5940d3e P 451885a4ab5d4987a46611f760517146 [term 0 FOLLOWER]: Replica starting. Triggering 0 pending ops. Active config: opid_index: -1 OBSOLETE_local: false peers { permanent_uuid: "451885a4ab5d4987a46611f760517146" member_type: VOTER last_known_addr { host: "127.13.10.193" port: 32923 } } peers { permanent_uuid: "481a7a5efa3745b5b9bb426617f58f3f" member_type: VOTER last_known_addr { host: "127.13.10.194" port: 41155 } } peers { permanent_uuid: "5cb5a0abe6c04570b3941171711cd63e" member_type: VOTER last_known_addr { host: "127.13.10.195" port: 39013 } }
I20260630 12:15:31.186368 14217 raft_consensus.cc:385] T c4d20939b38a490a831d5598c5940d3e P 451885a4ab5d4987a46611f760517146 [term 0 FOLLOWER]: Consensus starting up: Expiring failure detector timer to make a prompt election more likely
I20260630 12:15:31.186690 14217 raft_consensus.cc:740] T c4d20939b38a490a831d5598c5940d3e P 451885a4ab5d4987a46611f760517146 [term 0 FOLLOWER]: Becoming Follower/Learner. State: Replica: 451885a4ab5d4987a46611f760517146, State: Initialized, Role: FOLLOWER
I20260630 12:15:31.187484 14217 consensus_queue.cc:260] T c4d20939b38a490a831d5598c5940d3e P 451885a4ab5d4987a46611f760517146 [NON_LEADER]: Queue going to NON_LEADER mode. State: All replicated index: 0, Majority replicated index: 0, Committed index: 0, Last appended: 0.0, Last appended by leader: 0, Current term: 0, Majority size: -1, State: 0, Mode: NON_LEADER, active raft config: opid_index: -1 OBSOLETE_local: false peers { permanent_uuid: "451885a4ab5d4987a46611f760517146" member_type: VOTER last_known_addr { host: "127.13.10.193" port: 32923 } } peers { permanent_uuid: "481a7a5efa3745b5b9bb426617f58f3f" member_type: VOTER last_known_addr { host: "127.13.10.194" port: 41155 } } peers { permanent_uuid: "5cb5a0abe6c04570b3941171711cd63e" member_type: VOTER last_known_addr { host: "127.13.10.195" port: 39013 } }
I20260630 12:15:31.188113 14215 tablet_bootstrap.cc:654] T d1b539eee752469c90eb1c29065fc53b P 5cb5a0abe6c04570b3941171711cd63e: Neither blocks nor log segments found. Creating new log.
I20260630 12:15:31.189868 14217 ts_tablet_manager.cc:1434] T c4d20939b38a490a831d5598c5940d3e P 451885a4ab5d4987a46611f760517146: Time spent starting tablet: real 0.006s	user 0.005s	sys 0.000s
I20260630 12:15:31.190215 14221 ts_tablet_manager.cc:1434] T 350af7f934ed4953b399df508daebc96 P 481a7a5efa3745b5b9bb426617f58f3f: Time spent starting tablet: real 0.016s	user 0.007s	sys 0.007s
I20260630 12:15:31.190773 14217 tablet_bootstrap.cc:492] T 5b4674c6d1834d17b459a9fbd59ccd8e P 451885a4ab5d4987a46611f760517146: Bootstrap starting.
W20260630 12:15:31.178280 14061 leader_election.cc:343] T 5b4674c6d1834d17b459a9fbd59ccd8e P 481a7a5efa3745b5b9bb426617f58f3f [CANDIDATE]: Term 1 pre-election: Tablet error from VoteRequest() call to peer 5cb5a0abe6c04570b3941171711cd63e (127.13.10.195:39013): Illegal state: must be running to vote when last-logged opid is not known
I20260630 12:15:31.192386 14061 leader_election.cc:304] T 5b4674c6d1834d17b459a9fbd59ccd8e P 481a7a5efa3745b5b9bb426617f58f3f [CANDIDATE]: Term 1 pre-election: Election decided. Result: candidate lost. Election summary: received 3 responses out of 3 voters: 1 yes votes; 2 no votes. yes voters: 481a7a5efa3745b5b9bb426617f58f3f; no voters: 451885a4ab5d4987a46611f760517146, 5cb5a0abe6c04570b3941171711cd63e
I20260630 12:15:31.193519 14226 leader_election.cc:290] T d1b539eee752469c90eb1c29065fc53b P 481a7a5efa3745b5b9bb426617f58f3f [CANDIDATE]: Term 1 election: Requested vote from peers 451885a4ab5d4987a46611f760517146 (127.13.10.193:32923), 5cb5a0abe6c04570b3941171711cd63e (127.13.10.195:39013)
I20260630 12:15:31.194094 14226 raft_consensus.cc:2749] T 5b4674c6d1834d17b459a9fbd59ccd8e P 481a7a5efa3745b5b9bb426617f58f3f [term 0 FOLLOWER]: Leader pre-election lost for term 1. Reason: could not achieve majority
I20260630 12:15:31.196869 14217 tablet_bootstrap.cc:654] T 5b4674c6d1834d17b459a9fbd59ccd8e P 451885a4ab5d4987a46611f760517146: Neither blocks nor log segments found. Creating new log.
W20260630 12:15:31.197568 14061 leader_election.cc:343] T d1b539eee752469c90eb1c29065fc53b P 481a7a5efa3745b5b9bb426617f58f3f [CANDIDATE]: Term 1 pre-election: Tablet error from VoteRequest() call to peer 5cb5a0abe6c04570b3941171711cd63e (127.13.10.195:39013): Illegal state: must be running to vote when last-logged opid is not known
I20260630 12:15:31.198909 14221 tablet_bootstrap.cc:492] T 6e005a295e9d44868e8207bd841875cd P 481a7a5efa3745b5b9bb426617f58f3f: Bootstrap starting.
I20260630 12:15:31.199254 14022 tablet_service.cc:1917] Received RequestConsensusVote() RPC: tablet_id: "d1b539eee752469c90eb1c29065fc53b" candidate_uuid: "481a7a5efa3745b5b9bb426617f58f3f" candidate_term: 1 candidate_status { last_received { term: 0 index: 0 } } ignore_live_leader: false dest_uuid: "451885a4ab5d4987a46611f760517146"
I20260630 12:15:31.199829 14022 raft_consensus.cc:3060] T d1b539eee752469c90eb1c29065fc53b P 451885a4ab5d4987a46611f760517146 [term 0 FOLLOWER]: Advancing to term 1
I20260630 12:15:31.205700 14221 tablet_bootstrap.cc:654] T 6e005a295e9d44868e8207bd841875cd P 481a7a5efa3745b5b9bb426617f58f3f: Neither blocks nor log segments found. Creating new log.
I20260630 12:15:31.206808 14022 raft_consensus.cc:2468] T d1b539eee752469c90eb1c29065fc53b P 451885a4ab5d4987a46611f760517146 [term 1 FOLLOWER]: Leader election vote request: Granting yes vote for candidate 481a7a5efa3745b5b9bb426617f58f3f in term 1.
I20260630 12:15:31.207968 14217 tablet_bootstrap.cc:492] T 5b4674c6d1834d17b459a9fbd59ccd8e P 451885a4ab5d4987a46611f760517146: No bootstrap required, opened a new log
I20260630 12:15:31.208454 14217 ts_tablet_manager.cc:1403] T 5b4674c6d1834d17b459a9fbd59ccd8e P 451885a4ab5d4987a46611f760517146: Time spent bootstrapping tablet: real 0.018s	user 0.009s	sys 0.008s
I20260630 12:15:31.210487 14241 raft_consensus.cc:493] T c4d20939b38a490a831d5598c5940d3e P 481a7a5efa3745b5b9bb426617f58f3f [term 0 FOLLOWER]: Starting pre-election (no leader contacted us within the election timeout)
I20260630 12:15:31.210435 14171 tablet_service.cc:1917] Received RequestConsensusVote() RPC: tablet_id: "d1b539eee752469c90eb1c29065fc53b" candidate_uuid: "481a7a5efa3745b5b9bb426617f58f3f" candidate_term: 1 candidate_status { last_received { term: 0 index: 0 } } ignore_live_leader: false dest_uuid: "5cb5a0abe6c04570b3941171711cd63e"
I20260630 12:15:31.211129 14217 raft_consensus.cc:359] T 5b4674c6d1834d17b459a9fbd59ccd8e P 451885a4ab5d4987a46611f760517146 [term 0 FOLLOWER]: Replica starting. Triggering 0 pending ops. Active config: opid_index: -1 OBSOLETE_local: false peers { permanent_uuid: "451885a4ab5d4987a46611f760517146" member_type: VOTER last_known_addr { host: "127.13.10.193" port: 32923 } } peers { permanent_uuid: "5cb5a0abe6c04570b3941171711cd63e" member_type: VOTER last_known_addr { host: "127.13.10.195" port: 39013 } } peers { permanent_uuid: "481a7a5efa3745b5b9bb426617f58f3f" member_type: VOTER last_known_addr { host: "127.13.10.194" port: 41155 } }
I20260630 12:15:31.211860 14217 raft_consensus.cc:385] T 5b4674c6d1834d17b459a9fbd59ccd8e P 451885a4ab5d4987a46611f760517146 [term 0 FOLLOWER]: Consensus starting up: Expiring failure detector timer to make a prompt election more likely
I20260630 12:15:31.211074 14241 raft_consensus.cc:515] T c4d20939b38a490a831d5598c5940d3e P 481a7a5efa3745b5b9bb426617f58f3f [term 0 FOLLOWER]: Starting pre-election with config: opid_index: -1 OBSOLETE_local: false peers { permanent_uuid: "451885a4ab5d4987a46611f760517146" member_type: VOTER last_known_addr { host: "127.13.10.193" port: 32923 } } peers { permanent_uuid: "481a7a5efa3745b5b9bb426617f58f3f" member_type: VOTER last_known_addr { host: "127.13.10.194" port: 41155 } } peers { permanent_uuid: "5cb5a0abe6c04570b3941171711cd63e" member_type: VOTER last_known_addr { host: "127.13.10.195" port: 39013 } }
I20260630 12:15:31.212155 14215 tablet_bootstrap.cc:492] T d1b539eee752469c90eb1c29065fc53b P 5cb5a0abe6c04570b3941171711cd63e: No bootstrap required, opened a new log
I20260630 12:15:31.212164 14217 raft_consensus.cc:740] T 5b4674c6d1834d17b459a9fbd59ccd8e P 451885a4ab5d4987a46611f760517146 [term 0 FOLLOWER]: Becoming Follower/Learner. State: Replica: 451885a4ab5d4987a46611f760517146, State: Initialized, Role: FOLLOWER
I20260630 12:15:31.212750 14215 ts_tablet_manager.cc:1403] T d1b539eee752469c90eb1c29065fc53b P 5cb5a0abe6c04570b3941171711cd63e: Time spent bootstrapping tablet: real 0.031s	user 0.017s	sys 0.000s
I20260630 12:15:31.213348 14241 leader_election.cc:290] T c4d20939b38a490a831d5598c5940d3e P 481a7a5efa3745b5b9bb426617f58f3f [CANDIDATE]: Term 1 pre-election: Requested pre-vote from peers 451885a4ab5d4987a46611f760517146 (127.13.10.193:32923), 5cb5a0abe6c04570b3941171711cd63e (127.13.10.195:39013)
I20260630 12:15:31.213052 14217 consensus_queue.cc:260] T 5b4674c6d1834d17b459a9fbd59ccd8e P 451885a4ab5d4987a46611f760517146 [NON_LEADER]: Queue going to NON_LEADER mode. State: All replicated index: 0, Majority replicated index: 0, Committed index: 0, Last appended: 0.0, Last appended by leader: 0, Current term: 0, Majority size: -1, State: 0, Mode: NON_LEADER, active raft config: opid_index: -1 OBSOLETE_local: false peers { permanent_uuid: "451885a4ab5d4987a46611f760517146" member_type: VOTER last_known_addr { host: "127.13.10.193" port: 32923 } } peers { permanent_uuid: "5cb5a0abe6c04570b3941171711cd63e" member_type: VOTER last_known_addr { host: "127.13.10.195" port: 39013 } } peers { permanent_uuid: "481a7a5efa3745b5b9bb426617f58f3f" member_type: VOTER last_known_addr { host: "127.13.10.194" port: 41155 } }
I20260630 12:15:31.214645 14022 tablet_service.cc:1917] Received RequestConsensusVote() RPC: tablet_id: "c4d20939b38a490a831d5598c5940d3e" candidate_uuid: "481a7a5efa3745b5b9bb426617f58f3f" candidate_term: 1 candidate_status { last_received { term: 0 index: 0 } } ignore_live_leader: false dest_uuid: "451885a4ab5d4987a46611f760517146" is_pre_election: true
I20260630 12:15:31.215160 14217 ts_tablet_manager.cc:1434] T 5b4674c6d1834d17b459a9fbd59ccd8e P 451885a4ab5d4987a46611f760517146: Time spent starting tablet: real 0.006s	user 0.003s	sys 0.002s
I20260630 12:15:31.215381 14215 raft_consensus.cc:359] T d1b539eee752469c90eb1c29065fc53b P 5cb5a0abe6c04570b3941171711cd63e [term 0 FOLLOWER]: Replica starting. Triggering 0 pending ops. Active config: opid_index: -1 OBSOLETE_local: false peers { permanent_uuid: "451885a4ab5d4987a46611f760517146" member_type: VOTER last_known_addr { host: "127.13.10.193" port: 32923 } } peers { permanent_uuid: "481a7a5efa3745b5b9bb426617f58f3f" member_type: VOTER last_known_addr { host: "127.13.10.194" port: 41155 } } peers { permanent_uuid: "5cb5a0abe6c04570b3941171711cd63e" member_type: VOTER last_known_addr { host: "127.13.10.195" port: 39013 } }
I20260630 12:15:31.216048 14215 raft_consensus.cc:385] T d1b539eee752469c90eb1c29065fc53b P 5cb5a0abe6c04570b3941171711cd63e [term 0 FOLLOWER]: Consensus starting up: Expiring failure detector timer to make a prompt election more likely
I20260630 12:15:31.216197 14217 tablet_bootstrap.cc:492] T 5ef21d9bec5d4c1da1b56a6a61e89385 P 451885a4ab5d4987a46611f760517146: Bootstrap starting.
I20260630 12:15:31.216320 14171 tablet_service.cc:1917] Received RequestConsensusVote() RPC: tablet_id: "c4d20939b38a490a831d5598c5940d3e" candidate_uuid: "481a7a5efa3745b5b9bb426617f58f3f" candidate_term: 1 candidate_status { last_received { term: 0 index: 0 } } ignore_live_leader: false dest_uuid: "5cb5a0abe6c04570b3941171711cd63e" is_pre_election: true
I20260630 12:15:31.216931 14171 raft_consensus.cc:2468] T c4d20939b38a490a831d5598c5940d3e P 5cb5a0abe6c04570b3941171711cd63e [term 0 FOLLOWER]: Leader pre-election vote request: Granting yes vote for candidate 481a7a5efa3745b5b9bb426617f58f3f in term 0.
I20260630 12:15:31.215211 14022 raft_consensus.cc:2468] T c4d20939b38a490a831d5598c5940d3e P 451885a4ab5d4987a46611f760517146 [term 0 FOLLOWER]: Leader pre-election vote request: Granting yes vote for candidate 481a7a5efa3745b5b9bb426617f58f3f in term 0.
W20260630 12:15:31.218976 14061 leader_election.cc:343] T d1b539eee752469c90eb1c29065fc53b P 481a7a5efa3745b5b9bb426617f58f3f [CANDIDATE]: Term 1 election: Tablet error from VoteRequest() call to peer 5cb5a0abe6c04570b3941171711cd63e (127.13.10.195:39013): Illegal state: must be running to vote when last-logged opid is not known
I20260630 12:15:31.219872 14061 leader_election.cc:304] T c4d20939b38a490a831d5598c5940d3e P 481a7a5efa3745b5b9bb426617f58f3f [CANDIDATE]: Term 1 pre-election: Election decided. Result: candidate won. Election summary: received 2 responses out of 3 voters: 2 yes votes; 0 no votes. yes voters: 481a7a5efa3745b5b9bb426617f58f3f, 5cb5a0abe6c04570b3941171711cd63e; no voters: 
